[INFO] cloning repository https://github.com/LCrossman/advent-of-code-2025
[INFO] running `Command { std: "git" "-c" "credential.helper=" "-c" "credential.helper=/workspace/cargo-home/bin/git-credential-null" "clone" "--bare" "https://github.com/LCrossman/advent-of-code-2025" "/workspace/cache/git-repos/https%3A%2F%2Fgithub.com%2FLCrossman%2Fadvent-of-code-2025", kill_on_drop: false }`
[INFO] [stderr] Cloning into bare repository '/workspace/cache/git-repos/https%3A%2F%2Fgithub.com%2FLCrossman%2Fadvent-of-code-2025'...
[INFO] running `Command { std: "git" "rev-parse" "HEAD", kill_on_drop: false }`
[INFO] [stdout] 23f289567d227b5d1b1f10ddd0627fd563467475
[INFO] checking LCrossman/advent-of-code-2025 against be3da1e8c043bb6f1f335463d3b1335cdf50b03c for pr-162597
[INFO] running `Command { std: "git" "clone" "/workspace/cache/git-repos/https%3A%2F%2Fgithub.com%2FLCrossman%2Fadvent-of-code-2025" "/workspace/builds/worker-5-tc2/source", kill_on_drop: false }`
[INFO] [stderr] Cloning into '/workspace/builds/worker-5-tc2/source'...
[INFO] [stderr] done.
[INFO] started tweaking git repo https://github.com/LCrossman/advent-of-code-2025
[INFO] finished tweaking git repo https://github.com/LCrossman/advent-of-code-2025
[INFO] tweaked toml for git repo https://github.com/LCrossman/advent-of-code-2025 written to /workspace/builds/worker-5-tc2/source/Cargo.toml
[INFO] validating manifest of git repo https://github.com/LCrossman/advent-of-code-2025 on toolchain be3da1e8c043bb6f1f335463d3b1335cdf50b03c
[INFO] running `Command { std: CARGO_HOME="/workspace/cargo-home" RUSTUP_HOME="/workspace/rustup-home" "/workspace/cargo-home/bin/cargo" "+be3da1e8c043bb6f1f335463d3b1335cdf50b03c" "metadata" "--manifest-path" "Cargo.toml" "--no-deps", kill_on_drop: false }`
[INFO] crate git repo https://github.com/LCrossman/advent-of-code-2025 already has a lockfile, it will not be regenerated
[INFO] running `Command { std: CARGO_HOME="/workspace/cargo-home" RUSTUP_HOME="/workspace/rustup-home" "/workspace/cargo-home/bin/cargo" "+be3da1e8c043bb6f1f335463d3b1335cdf50b03c" "fetch" "--manifest-path" "Cargo.toml", kill_on_drop: false }`
[INFO] [stderr] warning: binary `day6_2` should have a kebab-case name
[INFO] [stderr]   |
[INFO] [stderr] 1 | /workspace/builds/worker-5-tc2/source/target/.../day6_2
[INFO] [stderr]   |                                                  ^^^^^^
[INFO] [stderr]   |
[INFO] [stderr] help: to change the binary name to `day6-2`, convert the file stem
[INFO] [stderr]   |
[INFO] [stderr] 1 - src/bin/day6_2.rs
[INFO] [stderr] 1 + src/bin/day6-2.rs
[INFO] [stderr]   |
[INFO] [stderr] warning: `advent-of-code-2025` (manifest) generated 1 warning
[INFO] [stderr]     Blocking waiting for file lock on package cache
[INFO] [stderr]     Updating crates.io index
[INFO] [stderr]     Blocking waiting for file lock on package cache
[INFO] [stderr]  Downloading crates ...
[INFO] [stderr]   Downloaded impl-new-derive v0.1.3
[INFO] running `Command { std: "docker" "create" "-v" "/var/lib/crater-agent-workspace/builds/worker-5-tc2/source:/opt/rustwide/workdir:ro,Z" "-v" "/var/lib/crater-agent-workspace/builds/worker-5-tc2/target:/opt/rustwide/target:rw,Z" "-v" "/var/lib/crater-agent-workspace/cargo-home:/opt/rustwide/cargo-home:ro,Z" "-v" "/var/lib/crater-agent-workspace/rustup-home:/opt/rustwide/rustup-home:ro,Z" "-m" "1610612736" "--network" "none" "ghcr.io/rust-lang/crates-build-env/linux@sha256:8683fc1fc2eb5c9ac98e0d076ab094b2ffac7f99da555d2b6a2e27f346de2ec7" "sleep" "infinity", kill_on_drop: false }`
[INFO] [stdout] ec22610c864811946dbdddeabf420c4193b911c6cb34df5794012838de584168
[INFO] running `Command { std: "docker" "start" "ec22610c864811946dbdddeabf420c4193b911c6cb34df5794012838de584168", kill_on_drop: false }`
[INFO] running `Command { std: "docker" "inspect" "ec22610c864811946dbdddeabf420c4193b911c6cb34df5794012838de584168", kill_on_drop: false }`
[INFO] running `Command { std: "docker" "exec" "-e" "SOURCE_DIR=/opt/rustwide/workdir" "-e" "CARGO_HOME=/opt/rustwide/cargo-home" "-e" "RUSTUP_HOME=/opt/rustwide/rustup-home" "-e" "CARGO_TARGET_DIR=/opt/rustwide/target" "-w" "/opt/rustwide/workdir" "--user" "0:0" "ec22610c864811946dbdddeabf420c4193b911c6cb34df5794012838de584168" "/opt/rustwide/cargo-home/bin/cargo" "+be3da1e8c043bb6f1f335463d3b1335cdf50b03c" "metadata" "--no-deps" "--format-version=1", kill_on_drop: false }`
[INFO] running `Command { std: "docker" "inspect" "ec22610c864811946dbdddeabf420c4193b911c6cb34df5794012838de584168", kill_on_drop: false }`
[INFO] running `Command { std: "docker" "exec" "-e" "SOURCE_DIR=/opt/rustwide/workdir" "-e" "CARGO_HOME=/opt/rustwide/cargo-home" "-e" "RUSTUP_HOME=/opt/rustwide/rustup-home" "-e" "CARGO_TARGET_DIR=/opt/rustwide/target" "-e" "CARGO_INCREMENTAL=0" "-e" "RUST_BACKTRACE=full" "-e" "RUSTFLAGS=--cap-lints=forbid" "-e" "RUSTDOCFLAGS=--cap-lints=forbid" "-w" "/opt/rustwide/workdir" "--user" "0:0" "ec22610c864811946dbdddeabf420c4193b911c6cb34df5794012838de584168" "/opt/rustwide/cargo-home/bin/cargo" "+be3da1e8c043bb6f1f335463d3b1335cdf50b03c" "check" "--frozen" "--all" "--all-targets" "--message-format=json", kill_on_drop: false }`
[INFO] [stderr] warning: binary `day6_2` should have a kebab-case name
[INFO] [stderr]   |
[INFO] [stderr] 1 | /opt/rustwide/target/.../day6_2
[INFO] [stderr]   |                          ^^^^^^
[INFO] [stderr]   |
[INFO] [stderr] help: to change the binary name to `day6-2`, convert the file stem
[INFO] [stderr]   |
[INFO] [stderr] 1 - src/bin/day6_2.rs
[INFO] [stderr] 1 + src/bin/day6-2.rs
[INFO] [stderr]   |
[INFO] [stderr] warning: `advent-of-code-2025` (manifest) generated 1 warning
[INFO] [stderr]    Compiling proc-macro2 v1.0.103
[INFO] [stderr]    Compiling quote v1.0.42
[INFO] [stderr]    Compiling unicode-ident v1.0.22
[INFO] [stderr]    Compiling syn v2.0.111
[INFO] [stderr]    Compiling impl-new-derive v0.1.3
[INFO] [stderr]     Checking advent-of-code-2025 v0.1.0 (/opt/rustwide/workdir)
[INFO] [stdout] error[E0432]: unresolved import `itertools`
[INFO] [stdout]  --> src/bin/day3.rs:7:5
[INFO] [stdout]   |
[INFO] [stdout] 7 | use itertools::Itertools;
[INFO] [stdout]   |     ^^^^^^^^^ use of unresolved module or unlinked crate `itertools`
[INFO] [stdout]   |
[INFO] [stdout]   = help: if you wanted to use a crate named `itertools`, use `cargo add itertools` to add it to your `Cargo.toml`
[INFO] [stdout] 
[INFO] [stdout] 
[INFO] [stdout] warning: unused imports: `Ordering` and `self`
[INFO] [stdout]  --> src/bin/day3.rs:2:16
[INFO] [stdout]   |
[INFO] [stdout] 2 | use std::cmp::{self, Ordering};
[INFO] [stdout]   |                ^^^^  ^^^^^^^^
[INFO] [stdout]   |
[INFO] [stdout]   = note: `#[warn(unused_imports)]` (part of `#[warn(unused)]`) on by default
[INFO] [stdout] 
[INFO] [stdout] 
[INFO] [stdout] warning: unused import: `std::str::FromStr`
[INFO] [stdout]  --> src/bin/day3.rs:4:5
[INFO] [stdout]   |
[INFO] [stdout] 4 | use std::str::FromStr;
[INFO] [stdout]   |     ^^^^^^^^^^^^^^^^^
[INFO] [stdout] 
[INFO] [stdout] 
[INFO] [stdout] error[E0432]: unresolved import `itertools`
[INFO] [stdout]  --> src/bin/day7.rs:8:5
[INFO] [stdout]   |
[INFO] [stdout] 8 | use itertools::Itertools;
[INFO] [stdout]   |     ^^^^^^^^^ use of unresolved module or unlinked crate `itertools`
[INFO] [stdout]   |
[INFO] [stdout]   = help: if you wanted to use a crate named `itertools`, use `cargo add itertools` to add it to your `Cargo.toml`
[INFO] [stdout] 
[INFO] [stdout] 
[INFO] [stdout] error[E0432]: unresolved import `itertools`
[INFO] [stdout]  --> src/bin/day8.rs:9:5
[INFO] [stdout]   |
[INFO] [stdout] 9 | use itertools::Itertools;
[INFO] [stdout]   |     ^^^^^^^^^ use of unresolved module or unlinked crate `itertools`
[INFO] [stdout]   |
[INFO] [stdout]   = help: if you wanted to use a crate named `itertools`, use `cargo add itertools` to add it to your `Cargo.toml`
[INFO] [stdout] 
[INFO] [stdout] 
[INFO] [stdout] warning: unused imports: `Add` and `Sub`
[INFO] [stdout]  --> src/bin/day8.rs:1:16
[INFO] [stdout]   |
[INFO] [stdout] 1 | use std::ops::{Add, Sub};
[INFO] [stdout]   |                ^^^  ^^^
[INFO] [stdout]   |
[INFO] [stdout]   = note: `#[warn(unused_imports)]` (part of `#[warn(unused)]`) on by default
[INFO] [stdout] 
[INFO] [stdout] 
[INFO] [stdout] warning: unused imports: `Add` and `Sub`
[INFO] [stdout]  --> src/bin/day7.rs:1:16
[INFO] [stdout]   |
[INFO] [stdout] 1 | use std::ops::{Add, Sub};
[INFO] [stdout]   |                ^^^  ^^^
[INFO] [stdout]   |
[INFO] [stdout]   = note: `#[warn(unused_imports)]` (part of `#[warn(unused)]`) on by default
[INFO] [stdout] 
[INFO] [stdout] 
[INFO] [stdout] warning: unused import: `self`
[INFO] [stdout]  --> src/bin/day8.rs:3:16
[INFO] [stdout]   |
[INFO] [stdout] 3 | use std::cmp::{self, Ordering};
[INFO] [stdout]   |                ^^^^
[INFO] [stdout] 
[INFO] [stdout] 
[INFO] [stdout] warning: unused import: `std::str::FromStr`
[INFO] [stdout]  --> src/bin/day8.rs:6:5
[INFO] [stdout]   |
[INFO] [stdout] 6 | use std::str::FromStr;
[INFO] [stdout]   |     ^^^^^^^^^^^^^^^^^
[INFO] [stdout] 
[INFO] [stdout] 
[INFO] [stdout] warning: unused imports: `Ordering` and `self`
[INFO] [stdout]  --> src/bin/day7.rs:3:16
[INFO] [stdout]   |
[INFO] [stdout] 3 | use std::cmp::{self, Ordering};
[INFO] [stdout]   |                ^^^^  ^^^^^^^^
[INFO] [stdout] 
[INFO] [stdout] 
[INFO] [stdout] warning: unused import: `std::num`
[INFO] [stdout]   --> src/bin/day8.rs:10:5
[INFO] [stdout]    |
[INFO] [stdout] 10 | use std::num;
[INFO] [stdout]    |     ^^^^^^^^
[INFO] [stdout] 
[INFO] [stdout] 
[INFO] [stdout] warning: unused import: `std::collections::HashMap`
[INFO] [stdout]  --> src/bin/day7.rs:4:5
[INFO] [stdout]   |
[INFO] [stdout] 4 | use std::collections::HashMap;
[INFO] [stdout]   |     ^^^^^^^^^^^^^^^^^^^^^^^^^
[INFO] [stdout] 
[INFO] [stdout] 
[INFO] [stdout] warning: unused import: `std::str::FromStr`
[INFO] [stdout]  --> src/bin/day7.rs:5:5
[INFO] [stdout]   |
[INFO] [stdout] 5 | use std::str::FromStr;
[INFO] [stdout]   |     ^^^^^^^^^^^^^^^^^
[INFO] [stdout] 
[INFO] [stdout] 
[INFO] [stdout] warning: unused import: `std::num`
[INFO] [stdout]  --> src/bin/day7.rs:9:5
[INFO] [stdout]   |
[INFO] [stdout] 9 | use std::num;
[INFO] [stdout]   |     ^^^^^^^^
[INFO] [stdout] 
[INFO] [stdout] 
[INFO] [stdout] warning: variable does not need to be mutable
[INFO] [stdout]   --> src/bin/day7.rs:22:9
[INFO] [stdout]    |
[INFO] [stdout] 22 |     let mut total_access = 0;
[INFO] [stdout]    |         ----^^^^^^^^^^^^
[INFO] [stdout]    |         |
[INFO] [stdout]    |         help: remove this `mut`
[INFO] [stdout]    |
[INFO] [stdout]    = note: `#[warn(unused_mut)]` (part of `#[warn(unused)]`) on by default
[INFO] [stdout] 
[INFO] [stdout] 
[INFO] [stdout] warning: unused variable: `total_access`
[INFO] [stdout]   --> src/bin/day7.rs:22:9
[INFO] [stdout]    |
[INFO] [stdout] 22 |     let mut total_access = 0;
[INFO] [stdout]    |         ^^^^^^^^^^^^^^^^ help: if this is intentional, prefix it with an underscore: `_total_access`
[INFO] [stdout]    |
[INFO] [stdout]    = note: `#[warn(unused_variables)]` (part of `#[warn(unused)]`) on by default
[INFO] [stdout] 
[INFO] [stdout] 
[INFO] [stdout] error[E0432]: unresolved import `itertools`
[INFO] [stdout]  --> src/bin/day3.rs:7:5
[INFO] [stdout]   |
[INFO] [stdout] 7 | use itertools::Itertools;
[INFO] [stdout]   |     ^^^^^^^^^ use of unresolved module or unlinked crate `itertools`
[INFO] [stdout]   |
[INFO] [stdout]   = help: if you wanted to use a crate named `itertools`, use `cargo add itertools` to add it to your `Cargo.toml`
[INFO] [stdout] 
[INFO] [stdout] 
[INFO] [stdout] For more information about this error, try `rustc --explain E0432`.
[INFO] [stdout] 
[INFO] [stdout] warning: unused imports: `Ordering` and `self`
[INFO] [stdout]  --> src/bin/day3.rs:2:16
[INFO] [stdout]   |
[INFO] [stdout] 2 | use std::cmp::{self, Ordering};
[INFO] [stdout]   |                ^^^^  ^^^^^^^^
[INFO] [stdout]   |
[INFO] [stdout]   = note: `#[warn(unused_imports)]` (part of `#[warn(unused)]`) on by default
[INFO] [stdout] 
[INFO] [stdout] 
[INFO] [stdout] warning: unused import: `std::str::FromStr`
[INFO] [stdout]  --> src/bin/day3.rs:4:5
[INFO] [stdout]   |
[INFO] [stdout] 4 | use std::str::FromStr;
[INFO] [stdout]   |     ^^^^^^^^^^^^^^^^^
[INFO] [stdout] 
[INFO] [stdout] 
[INFO] [stdout] warning: unused variable: `joltage`
[INFO] [stdout]    --> src/bin/day3.rs:123:9
[INFO] [stdout]     |
[INFO] [stdout] 123 |     let joltage = Joltage::new();
[INFO] [stdout]     |         ^^^^^^^ help: if this is intentional, prefix it with an underscore: `_joltage`
[INFO] [stdout]     |
[INFO] [stdout]     = note: `#[warn(unused_variables)]` (part of `#[warn(unused)]`) on by default
[INFO] [stdout] 
[INFO] [stdout] 
[INFO] [stdout] error[E0432]: unresolved import `itertools`
[INFO] [stdout]  --> src/bin/day7.rs:8:5
[INFO] [stdout]   |
[INFO] [stdout] 8 | use itertools::Itertools;
[INFO] [stdout]   |     ^^^^^^^^^ use of unresolved module or unlinked crate `itertools`
[INFO] [stdout]   |
[INFO] [stdout]   = help: if you wanted to use a crate named `itertools`, use `cargo add itertools` to add it to your `Cargo.toml`
[INFO] [stdout] 
[INFO] [stdout] 
[INFO] [stdout] For more information about this error, try `rustc --explain E0432`.
[INFO] [stdout] 
[INFO] [stdout] error[E0432]: unresolved import `counter`
[INFO] [stdout]  --> src/bin/day2.rs:4:5
[INFO] [stdout]   |
[INFO] [stdout] 4 | use counter::Counter;
[INFO] [stdout]   |     ^^^^^^^ use of unresolved module or unlinked crate `counter`
[INFO] [stdout]   |
[INFO] [stdout]   = help: if you wanted to use a crate named `counter`, use `cargo add counter` to add it to your `Cargo.toml`
[INFO] [stdout] 
[INFO] [stdout] 
[INFO] [stdout] warning: unused imports: `Add` and `Sub`
[INFO] [stdout]  --> src/bin/day7.rs:1:16
[INFO] [stdout]   |
[INFO] [stdout] 1 | use std::ops::{Add, Sub};
[INFO] [stdout]   |                ^^^  ^^^
[INFO] [stdout]   |
[INFO] [stdout]   = note: `#[warn(unused_imports)]` (part of `#[warn(unused)]`) on by default
[INFO] [stdout] 
[INFO] [stdout] 
[INFO] [stdout] warning: unused imports: `Ordering` and `self`
[INFO] [stdout]  --> src/bin/day7.rs:3:16
[INFO] [stdout]   |
[INFO] [stdout] 3 | use std::cmp::{self, Ordering};
[INFO] [stdout]   |                ^^^^  ^^^^^^^^
[INFO] [stdout] 
[INFO] [stdout] 
[INFO] [stdout] warning: unused import: `std::collections::HashMap`
[INFO] [stdout]  --> src/bin/day2.rs:5:5
[INFO] [stdout]   |
[INFO] [stdout] 5 | use std::collections::HashMap;
[INFO] [stdout]   |     ^^^^^^^^^^^^^^^^^^^^^^^^^
[INFO] [stdout]   |
[INFO] [stdout]   = note: `#[warn(unused_imports)]` (part of `#[warn(unused)]`) on by default
[INFO] [stdout] 
[INFO] [stdout] 
[INFO] [stdout] warning: unused import: `std::collections::HashMap`
[INFO] [stdout]  --> src/bin/day7.rs:4:5
[INFO] [stdout]   |
[INFO] [stdout] 4 | use std::collections::HashMap;
[INFO] [stdout]   |     ^^^^^^^^^^^^^^^^^^^^^^^^^
[INFO] [stdout] 
[INFO] [stdout] 
[INFO] [stdout] warning: unused import: `std::str::FromStr`
[INFO] [stdout]  --> src/bin/day7.rs:5:5
[INFO] [stdout]   |
[INFO] [stdout] 5 | use std::str::FromStr;
[INFO] [stdout]   |     ^^^^^^^^^^^^^^^^^
[INFO] [stdout] 
[INFO] [stdout] 
[INFO] [stderr] error: could not compile `advent-of-code-2025` (bin "day7") due to 1 previous error; 7 warnings emitted
[INFO] [stderr] warning: build failed, waiting for other jobs to finish...
[INFO] [stdout] warning: unused import: `std::num`
[INFO] [stdout]  --> src/bin/day7.rs:9:5
[INFO] [stdout]   |
[INFO] [stdout] 9 | use std::num;
[INFO] [stdout]   |     ^^^^^^^^
[INFO] [stdout] 
[INFO] [stdout] 
[INFO] [stderr] error: could not compile `advent-of-code-2025` (bin "day3" test) due to 1 previous error; 3 warnings emitted
[INFO] [stdout] warning: unused variable: `joltage`
[INFO] [stdout]    --> src/bin/day3.rs:123:9
[INFO] [stdout]     |
[INFO] [stdout] 123 |     let joltage = Joltage::new();
[INFO] [stdout]     |         ^^^^^^^ help: if this is intentional, prefix it with an underscore: `_joltage`
[INFO] [stdout]     |
[INFO] [stdout]     = note: `#[warn(unused_variables)]` (part of `#[warn(unused)]`) on by default
[INFO] [stdout] 
[INFO] [stdout] 
[INFO] [stdout] For more information about this error, try `rustc --explain E0432`.
[INFO] [stdout] 
[INFO] [stdout] error[E0432]: unresolved import `counter`
[INFO] [stdout]  --> src/bin/day2.rs:4:5
[INFO] [stdout]   |
[INFO] [stdout] 4 | use counter::Counter;
[INFO] [stdout]   |     ^^^^^^^ use of unresolved module or unlinked crate `counter`
[INFO] [stdout]   |
[INFO] [stdout]   = help: if you wanted to use a crate named `counter`, use `cargo add counter` to add it to your `Cargo.toml`
[INFO] [stdout] 
[INFO] [stdout] 
[INFO] [stdout] For more information about this error, try `rustc --explain E0432`.
[INFO] [stdout] 
[INFO] [stdout] warning: unused import: `std::collections::HashMap`
[INFO] [stdout]  --> src/bin/day2.rs:5:5
[INFO] [stdout]   |
[INFO] [stdout] 5 | use std::collections::HashMap;
[INFO] [stdout]   |     ^^^^^^^^^^^^^^^^^^^^^^^^^
[INFO] [stdout]   |
[INFO] [stdout]   = note: `#[warn(unused_imports)]` (part of `#[warn(unused)]`) on by default
[INFO] [stdout] 
[INFO] [stdout] 
[INFO] [stdout] warning: variable does not need to be mutable
[INFO] [stdout]   --> src/bin/day7.rs:22:9
[INFO] [stdout]    |
[INFO] [stdout] 22 |     let mut total_access = 0;
[INFO] [stdout]    |         ----^^^^^^^^^^^^
[INFO] [stdout]    |         |
[INFO] [stdout]    |         help: remove this `mut`
[INFO] [stdout]    |
[INFO] [stdout]    = note: `#[warn(unused_mut)]` (part of `#[warn(unused)]`) on by default
[INFO] [stdout] 
[INFO] [stdout] 
[INFO] [stdout] warning: unused variable: `total_access`
[INFO] [stdout]   --> src/bin/day7.rs:22:9
[INFO] [stdout]    |
[INFO] [stdout] 22 |     let mut total_access = 0;
[INFO] [stdout]    |         ^^^^^^^^^^^^^^^^ help: if this is intentional, prefix it with an underscore: `_total_access`
[INFO] [stdout]    |
[INFO] [stdout]    = note: `#[warn(unused_variables)]` (part of `#[warn(unused)]`) on by default
[INFO] [stdout] 
[INFO] [stdout] 
[INFO] [stdout] For more information about this error, try `rustc --explain E0432`.
[INFO] [stdout] 
[INFO] [stderr] error: could not compile `advent-of-code-2025` (bin "day3") due to 1 previous error; 3 warnings emitted
[INFO] [stderr] error: could not compile `advent-of-code-2025` (bin "day8") due to 1 previous error; 4 warnings emitted
[INFO] [stderr] error: could not compile `advent-of-code-2025` (bin "day7" test) due to 1 previous error; 7 warnings emitted
[INFO] [stdout] For more information about this error, try `rustc --explain E0432`.
[INFO] [stdout] 
[INFO] [stderr] error: could not compile `advent-of-code-2025` (bin "day2") due to 1 previous error; 1 warning emitted
[INFO] [stdout] For more information about this error, try `rustc --explain E0432`.
[INFO] [stdout] 
[INFO] [stderr] error: could not compile `advent-of-code-2025` (bin "day2" test) due to 1 previous error; 1 warning emitted
[INFO] running `Command { std: "docker" "inspect" "ec22610c864811946dbdddeabf420c4193b911c6cb34df5794012838de584168", kill_on_drop: false }`
[INFO] running `Command { std: "docker" "rm" "-f" "ec22610c864811946dbdddeabf420c4193b911c6cb34df5794012838de584168", kill_on_drop: false }`
[INFO] [stdout] ec22610c864811946dbdddeabf420c4193b911c6cb34df5794012838de584168
