[INFO] cloning repository https://github.com/KwachOjunga/mod-passes
[INFO] running `Command { std: "git" "-c" "credential.helper=" "-c" "credential.helper=/workspace/cargo-home/bin/git-credential-null" "clone" "--bare" "https://github.com/KwachOjunga/mod-passes" "/workspace/cache/git-repos/https%3A%2F%2Fgithub.com%2FKwachOjunga%2Fmod-passes", kill_on_drop: false }`
[INFO] [stderr] Cloning into bare repository '/workspace/cache/git-repos/https%3A%2F%2Fgithub.com%2FKwachOjunga%2Fmod-passes'...
[INFO] running `Command { std: "git" "rev-parse" "HEAD", kill_on_drop: false }`
[INFO] [stdout] 5e8dd0c915c006147b77454f1001b6a8489318b7
[INFO] checking KwachOjunga/mod-passes against be3da1e8c043bb6f1f335463d3b1335cdf50b03c for pr-162597
[INFO] running `Command { std: "git" "clone" "/workspace/cache/git-repos/https%3A%2F%2Fgithub.com%2FKwachOjunga%2Fmod-passes" "/workspace/builds/worker-6-tc2/source", kill_on_drop: false }`
[INFO] [stderr] Cloning into '/workspace/builds/worker-6-tc2/source'...
[INFO] [stderr] done.
[INFO] removed /workspace/builds/worker-6-tc2/source/rust-toolchain.toml
[INFO] started tweaking git repo https://github.com/KwachOjunga/mod-passes
[INFO] finished tweaking git repo https://github.com/KwachOjunga/mod-passes
[INFO] tweaked toml for git repo https://github.com/KwachOjunga/mod-passes written to /workspace/builds/worker-6-tc2/source/Cargo.toml
[INFO] validating manifest of git repo https://github.com/KwachOjunga/mod-passes on toolchain be3da1e8c043bb6f1f335463d3b1335cdf50b03c
[INFO] running `Command { std: CARGO_HOME="/workspace/cargo-home" RUSTUP_HOME="/workspace/rustup-home" "/workspace/cargo-home/bin/cargo" "+be3da1e8c043bb6f1f335463d3b1335cdf50b03c" "metadata" "--manifest-path" "Cargo.toml" "--no-deps", kill_on_drop: false }`
[INFO] crate git repo https://github.com/KwachOjunga/mod-passes already has a lockfile, it will not be regenerated
[INFO] running `Command { std: CARGO_HOME="/workspace/cargo-home" RUSTUP_HOME="/workspace/rustup-home" "/workspace/cargo-home/bin/cargo" "+be3da1e8c043bb6f1f335463d3b1335cdf50b03c" "fetch" "--manifest-path" "Cargo.toml", kill_on_drop: false }`
[INFO] [stderr] warning: Cargo.toml: unused manifest key: package.author
[INFO] [stderr] warning: binary `multi_array_list` should have a kebab-case name
[INFO] [stderr]   |
[INFO] [stderr] 1 | /workspace/builds/worker-6-tc2/source/target/.../multi_array_list
[INFO] [stderr]   |                                                  ^^^^^^^^^^^^^^^^
[INFO] [stderr]   |
[INFO] [stderr] help: to change the binary name to `multi-array-list`, convert `bin.name`
[INFO] [stderr]  --> Cargo.toml:5:8
[INFO] [stderr]   |
[INFO] [stderr] 5 - name = "multi_array_list"
[INFO] [stderr] 5 + name = "multi-array-list"
[INFO] [stderr]   |
[INFO] [stderr] warning: binary `typical_array` should have a kebab-case name
[INFO] [stderr]   |
[INFO] [stderr] 1 | /workspace/builds/worker-6-tc2/source/target/.../typical_array
[INFO] [stderr]   |                                                  ^^^^^^^^^^^^^
[INFO] [stderr]   |
[INFO] [stderr] help: to change the binary name to `typical-array`, convert `bin.name`
[INFO] [stderr]  --> Cargo.toml:8:8
[INFO] [stderr]   |
[INFO] [stderr] 8 - name = "typical_array"
[INFO] [stderr] 8 + name = "typical-array"
[INFO] [stderr]   |
[INFO] [stderr] warning: `mod-passes` (manifest) generated 3 warnings
[INFO] [stderr]     Blocking waiting for file lock on package cache
[INFO] [stderr]     Updating git repository `https://github.com/KwachOjunga/multi-array-list.git`
[INFO] [stderr]     Blocking waiting for file lock on package cache
[ERROR] error running command: no output for 300 seconds
[INFO] checking KwachOjunga/mod-passes against be3da1e8c043bb6f1f335463d3b1335cdf50b03c for pr-162597
[INFO] running `Command { std: "git" "clone" "/workspace/cache/git-repos/https%3A%2F%2Fgithub.com%2FKwachOjunga%2Fmod-passes" "/workspace/builds/worker-6-tc2/source", kill_on_drop: false }`
[INFO] [stderr] Cloning into '/workspace/builds/worker-6-tc2/source'...
[INFO] [stderr] done.
[INFO] removed /workspace/builds/worker-6-tc2/source/rust-toolchain.toml
[INFO] started tweaking git repo https://github.com/KwachOjunga/mod-passes
[INFO] finished tweaking git repo https://github.com/KwachOjunga/mod-passes
[INFO] tweaked toml for git repo https://github.com/KwachOjunga/mod-passes written to /workspace/builds/worker-6-tc2/source/Cargo.toml
[INFO] validating manifest of git repo https://github.com/KwachOjunga/mod-passes on toolchain be3da1e8c043bb6f1f335463d3b1335cdf50b03c
[INFO] running `Command { std: CARGO_HOME="/workspace/cargo-home" RUSTUP_HOME="/workspace/rustup-home" "/workspace/cargo-home/bin/cargo" "+be3da1e8c043bb6f1f335463d3b1335cdf50b03c" "metadata" "--manifest-path" "Cargo.toml" "--no-deps", kill_on_drop: false }`
[INFO] crate git repo https://github.com/KwachOjunga/mod-passes already has a lockfile, it will not be regenerated
[INFO] running `Command { std: CARGO_HOME="/workspace/cargo-home" RUSTUP_HOME="/workspace/rustup-home" "/workspace/cargo-home/bin/cargo" "+be3da1e8c043bb6f1f335463d3b1335cdf50b03c" "fetch" "--manifest-path" "Cargo.toml", kill_on_drop: false }`
[INFO] [stderr] warning: Cargo.toml: unused manifest key: package.author
[INFO] [stderr] warning: binary `multi_array_list` should have a kebab-case name
[INFO] [stderr]   |
[INFO] [stderr] 1 | /workspace/builds/worker-6-tc2/source/target/.../multi_array_list
[INFO] [stderr]   |                                                  ^^^^^^^^^^^^^^^^
[INFO] [stderr]   |
[INFO] [stderr] help: to change the binary name to `multi-array-list`, convert `bin.name`
[INFO] [stderr]  --> Cargo.toml:5:8
[INFO] [stderr]   |
[INFO] [stderr] 5 - name = "multi_array_list"
[INFO] [stderr] 5 + name = "multi-array-list"
[INFO] [stderr]   |
[INFO] [stderr] warning: binary `typical_array` should have a kebab-case name
[INFO] [stderr]   |
[INFO] [stderr] 1 | /workspace/builds/worker-6-tc2/source/target/.../typical_array
[INFO] [stderr]   |                                                  ^^^^^^^^^^^^^
[INFO] [stderr]   |
[INFO] [stderr] help: to change the binary name to `typical-array`, convert `bin.name`
[INFO] [stderr]  --> Cargo.toml:8:8
[INFO] [stderr]   |
[INFO] [stderr] 8 - name = "typical_array"
[INFO] [stderr] 8 + name = "typical-array"
[INFO] [stderr]   |
[INFO] [stderr] warning: `mod-passes` (manifest) generated 3 warnings
[INFO] [stderr]     Blocking waiting for file lock on package cache
[INFO] [stderr]     Blocking waiting for file lock on package cache
[INFO] running `Command { std: "docker" "create" "-v" "/var/lib/crater-agent-workspace/builds/worker-6-tc2/source:/opt/rustwide/workdir:ro,Z" "-v" "/var/lib/crater-agent-workspace/builds/worker-6-tc2/target:/opt/rustwide/target:rw,Z" "-v" "/var/lib/crater-agent-workspace/cargo-home:/opt/rustwide/cargo-home:ro,Z" "-v" "/var/lib/crater-agent-workspace/rustup-home:/opt/rustwide/rustup-home:ro,Z" "-m" "1610612736" "--network" "none" "ghcr.io/rust-lang/crates-build-env/linux@sha256:8683fc1fc2eb5c9ac98e0d076ab094b2ffac7f99da555d2b6a2e27f346de2ec7" "sleep" "infinity", kill_on_drop: false }`
[INFO] [stdout] 7d02fecab1a719df43861e12178de4b63df1fd7d2f8a72e7c7f643e6d5a10295
[INFO] running `Command { std: "docker" "start" "7d02fecab1a719df43861e12178de4b63df1fd7d2f8a72e7c7f643e6d5a10295", kill_on_drop: false }`
[INFO] running `Command { std: "docker" "inspect" "7d02fecab1a719df43861e12178de4b63df1fd7d2f8a72e7c7f643e6d5a10295", kill_on_drop: false }`
[INFO] running `Command { std: "docker" "exec" "-e" "SOURCE_DIR=/opt/rustwide/workdir" "-e" "CARGO_HOME=/opt/rustwide/cargo-home" "-e" "RUSTUP_HOME=/opt/rustwide/rustup-home" "-e" "CARGO_TARGET_DIR=/opt/rustwide/target" "-w" "/opt/rustwide/workdir" "--user" "0:0" "7d02fecab1a719df43861e12178de4b63df1fd7d2f8a72e7c7f643e6d5a10295" "/opt/rustwide/cargo-home/bin/cargo" "+be3da1e8c043bb6f1f335463d3b1335cdf50b03c" "metadata" "--no-deps" "--format-version=1", kill_on_drop: false }`
[INFO] running `Command { std: "docker" "inspect" "7d02fecab1a719df43861e12178de4b63df1fd7d2f8a72e7c7f643e6d5a10295", kill_on_drop: false }`
[INFO] running `Command { std: "docker" "exec" "-e" "SOURCE_DIR=/opt/rustwide/workdir" "-e" "CARGO_HOME=/opt/rustwide/cargo-home" "-e" "RUSTUP_HOME=/opt/rustwide/rustup-home" "-e" "CARGO_TARGET_DIR=/opt/rustwide/target" "-e" "CARGO_INCREMENTAL=0" "-e" "RUST_BACKTRACE=full" "-e" "RUSTFLAGS=--cap-lints=forbid" "-e" "RUSTDOCFLAGS=--cap-lints=forbid" "-w" "/opt/rustwide/workdir" "--user" "0:0" "7d02fecab1a719df43861e12178de4b63df1fd7d2f8a72e7c7f643e6d5a10295" "/opt/rustwide/cargo-home/bin/cargo" "+be3da1e8c043bb6f1f335463d3b1335cdf50b03c" "check" "--frozen" "--all" "--all-targets" "--message-format=json", kill_on_drop: false }`
[INFO] [stderr] warning: Cargo.toml: unused manifest key: package.author
[INFO] [stderr] warning: binary `multi_array_list` should have a kebab-case name
[INFO] [stderr]   |
[INFO] [stderr] 1 | /opt/rustwide/target/.../multi_array_list
[INFO] [stderr]   |                          ^^^^^^^^^^^^^^^^
[INFO] [stderr]   |
[INFO] [stderr] help: to change the binary name to `multi-array-list`, convert `bin.name`
[INFO] [stderr]  --> Cargo.toml:5:8
[INFO] [stderr]   |
[INFO] [stderr] 5 - name = "multi_array_list"
[INFO] [stderr] 5 + name = "multi-array-list"
[INFO] [stderr]   |
[INFO] [stderr] warning: binary `typical_array` should have a kebab-case name
[INFO] [stderr]   |
[INFO] [stderr] 1 | /opt/rustwide/target/.../typical_array
[INFO] [stderr]   |                          ^^^^^^^^^^^^^
[INFO] [stderr]   |
[INFO] [stderr] help: to change the binary name to `typical-array`, convert `bin.name`
[INFO] [stderr]  --> Cargo.toml:8:8
[INFO] [stderr]   |
[INFO] [stderr] 8 - name = "typical_array"
[INFO] [stderr] 8 + name = "typical-array"
[INFO] [stderr]   |
[INFO] [stderr] warning: `mod-passes` (manifest) generated 3 warnings
[INFO] [stderr]     Checking aho-corasick v1.1.4
[INFO] [stderr]     Checking regex-syntax v0.8.10
[INFO] [stderr]     Checking jiff v0.2.23
[INFO] [stderr]     Checking multi-array-list v0.1.0 (https://github.com/KwachOjunga/multi-array-list.git#8c7f48d3)
[INFO] [stderr]     Checking anstream v1.0.0
[INFO] [stdout] error[E0432]: unresolved import `std::mem::type_info::Field`
[INFO] [stdout]   --> /opt/rustwide/cargo-home/git/checkouts/multi-array-list-ee244bf2e5896dce/8c7f48d/src/lib.rs:56:27
[INFO] [stdout]    |
[INFO] [stdout] 56 | use std::mem::type_info::{Field, Type, TypeKind};
[INFO] [stdout]    |                           ^^^^^ no `Field` in `mem::type_info`
[INFO] [stdout]    |
[INFO] [stdout]    = help: consider importing this trait instead:
[INFO] [stdout]            std::field::Field
[INFO] [stdout] 
[INFO] [stdout] 
[INFO] [stdout] error[E0532]: expected tuple struct or tuple variant, found unit variant `Int`
[INFO] [stdout]   --> /opt/rustwide/cargo-home/git/checkouts/multi-array-list-ee244bf2e5896dce/8c7f48d/src/lib.rs:68:9
[INFO] [stdout]    |
[INFO] [stdout] 68 |         Int(int) => (int.bits / 8) as usize,
[INFO] [stdout]    |         ^^^^^^^^ help: use this syntax instead: `Int`
[INFO] [stdout]    |
[INFO] [stdout]   --> /rustc/be3da1e8c043bb6f1f335463d3b1335cdf50b03c/library/core/src/mem/type_info.rs:97:4
[INFO] [stdout]    |
[INFO] [stdout]    = note: `Int` defined here
[INFO] [stdout] 
[INFO] [stdout] 
[INFO] [stdout] error[E0532]: expected tuple struct or tuple variant, found unit variant `Float`
[INFO] [stdout]   --> /opt/rustwide/cargo-home/git/checkouts/multi-array-list-ee244bf2e5896dce/8c7f48d/src/lib.rs:69:9
[INFO] [stdout]    |
[INFO] [stdout] 69 |         Float(float) => (float.bits / 8) as usize,
[INFO] [stdout]    |         ^^^^^^^^^^^^ help: use this syntax instead: `Float`
[INFO] [stdout]    |
[INFO] [stdout]   --> /rustc/be3da1e8c043bb6f1f335463d3b1335cdf50b03c/library/core/src/mem/type_info.rs:99:4
[INFO] [stdout]    |
[INFO] [stdout]    = note: `Float` defined here
[INFO] [stdout] 
[INFO] [stdout] 
[INFO] [stdout] error[E0532]: expected tuple struct or tuple variant, found unit variant `Char`
[INFO] [stdout]   --> /opt/rustwide/cargo-home/git/checkouts/multi-array-list-ee244bf2e5896dce/8c7f48d/src/lib.rs:70:9
[INFO] [stdout]    |
[INFO] [stdout] 70 |         Char(_) => 4,
[INFO] [stdout]    |         ^^^^^^^ help: use this syntax instead: `Char`
[INFO] [stdout]    |
[INFO] [stdout]   --> /rustc/be3da1e8c043bb6f1f335463d3b1335cdf50b03c/library/core/src/mem/type_info.rs:95:4
[INFO] [stdout]    |
[INFO] [stdout]    = note: `Char` defined here
[INFO] [stdout] 
[INFO] [stdout] 
[INFO] [stdout] error[E0532]: expected tuple struct or tuple variant, found unit variant `Bool`
[INFO] [stdout]   --> /opt/rustwide/cargo-home/git/checkouts/multi-array-list-ee244bf2e5896dce/8c7f48d/src/lib.rs:71:9
[INFO] [stdout]    |
[INFO] [stdout] 71 |         Bool(_) => 1,
[INFO] [stdout]    |         ^^^^^^^ help: use this syntax instead: `Bool`
[INFO] [stdout]    |
[INFO] [stdout]   --> /rustc/be3da1e8c043bb6f1f335463d3b1335cdf50b03c/library/core/src/mem/type_info.rs:93:4
[INFO] [stdout]    |
[INFO] [stdout]    = note: `Bool` defined here
[INFO] [stdout] 
[INFO] [stdout] 
[INFO] [stdout] error[E0532]: expected tuple struct or tuple variant, found unit variant `TypeKind::Struct`
[INFO] [stdout]    --> /opt/rustwide/cargo-home/git/checkouts/multi-array-list-ee244bf2e5896dce/8c7f48d/src/lib.rs:116:17
[INFO] [stdout]     |
[INFO] [stdout] 116 |             let TypeKind::Struct(struct_info) = typeinfo.kind else {
[INFO] [stdout]     |                 ^^^^^^^^^^^^^^^^^^^^^^^^^^^^^ help: use this syntax instead: `TypeKind::Struct`
[INFO] [stdout]     |
[INFO] [stdout]    --> /rustc/be3da1e8c043bb6f1f335463d3b1335cdf50b03c/library/core/src/mem/type_info.rs:87:4
[INFO] [stdout]     |
[INFO] [stdout]     = note: `TypeKind::Struct` defined here
[INFO] [stdout] 
[INFO] [stdout] 
[INFO] [stdout] error[E0532]: expected tuple struct or tuple variant, found unit variant `TypeKind::Bool`
[INFO] [stdout]    --> /opt/rustwide/cargo-home/git/checkouts/multi-array-list-ee244bf2e5896dce/8c7f48d/src/lib.rs:131:21
[INFO] [stdout]     |
[INFO] [stdout] 131 |                     TypeKind::Bool(_)
[INFO] [stdout]     |                     ^^^^^^^^^^^^^^^^^ help: use this syntax instead: `TypeKind::Bool`
[INFO] [stdout]     |
[INFO] [stdout]    --> /rustc/be3da1e8c043bb6f1f335463d3b1335cdf50b03c/library/core/src/mem/type_info.rs:93:4
[INFO] [stdout]     |
[INFO] [stdout]     = note: `TypeKind::Bool` defined here
[INFO] [stdout] 
[INFO] [stdout] 
[INFO] [stdout] error[E0532]: expected tuple struct or tuple variant, found unit variant `TypeKind::Int`
[INFO] [stdout]    --> /opt/rustwide/cargo-home/git/checkouts/multi-array-list-ee244bf2e5896dce/8c7f48d/src/lib.rs:132:27
[INFO] [stdout]     |
[INFO] [stdout] 132 |                         | TypeKind::Int(_)
[INFO] [stdout]     |                           ^^^^^^^^^^^^^^^^ help: use this syntax instead: `TypeKind::Int`
[INFO] [stdout]     |
[INFO] [stdout]    --> /rustc/be3da1e8c043bb6f1f335463d3b1335cdf50b03c/library/core/src/mem/type_info.rs:97:4
[INFO] [stdout]     |
[INFO] [stdout]     = note: `TypeKind::Int` defined here
[INFO] [stdout] 
[INFO] [stdout] 
[INFO] [stdout] error[E0532]: expected tuple struct or tuple variant, found unit variant `TypeKind::Char`
[INFO] [stdout]    --> /opt/rustwide/cargo-home/git/checkouts/multi-array-list-ee244bf2e5896dce/8c7f48d/src/lib.rs:133:27
[INFO] [stdout]     |
[INFO] [stdout] 133 |                         | TypeKind::Char(_)
[INFO] [stdout]     |                           ^^^^^^^^^^^^^^^^^ help: use this syntax instead: `TypeKind::Char`
[INFO] [stdout]     |
[INFO] [stdout]    --> /rustc/be3da1e8c043bb6f1f335463d3b1335cdf50b03c/library/core/src/mem/type_info.rs:95:4
[INFO] [stdout]     |
[INFO] [stdout]     = note: `TypeKind::Char` defined here
[INFO] [stdout] 
[INFO] [stdout] 
[INFO] [stdout] error[E0532]: expected tuple struct or tuple variant, found unit variant `TypeKind::Float`
[INFO] [stdout]    --> /opt/rustwide/cargo-home/git/checkouts/multi-array-list-ee244bf2e5896dce/8c7f48d/src/lib.rs:134:27
[INFO] [stdout]     |
[INFO] [stdout] 134 |                         | TypeKind::Float(_)
[INFO] [stdout]     |                           ^^^^^^^^^^^^^^^^^^ help: use this syntax instead: `TypeKind::Float`
[INFO] [stdout]     |
[INFO] [stdout]    --> /rustc/be3da1e8c043bb6f1f335463d3b1335cdf50b03c/library/core/src/mem/type_info.rs:99:4
[INFO] [stdout]     |
[INFO] [stdout]     = note: `TypeKind::Float` defined here
[INFO] [stdout] 
[INFO] [stdout] 
[INFO] [stdout] error[E0532]: expected tuple struct or tuple variant, found unit variant `TypeKind::Tuple`
[INFO] [stdout]    --> /opt/rustwide/cargo-home/git/checkouts/multi-array-list-ee244bf2e5896dce/8c7f48d/src/lib.rs:135:27
[INFO] [stdout]     |
[INFO] [stdout] 135 |                         | TypeKind::Tuple(_)
[INFO] [stdout]     |                           ^^^^^^^^^^^^^^^^^^ help: use this syntax instead: `TypeKind::Tuple`
[INFO] [stdout]     |
[INFO] [stdout]    --> /rustc/be3da1e8c043bb6f1f335463d3b1335cdf50b03c/library/core/src/mem/type_info.rs:79:4
[INFO] [stdout]     |
[INFO] [stdout]     = note: `TypeKind::Tuple` defined here
[INFO] [stdout] 
[INFO] [stdout] 
[INFO] [stdout] error[E0532]: expected tuple struct or tuple variant, found unit variant `TypeKind::Struct`
[INFO] [stdout]    --> /opt/rustwide/cargo-home/git/checkouts/multi-array-list-ee244bf2e5896dce/8c7f48d/src/lib.rs:136:27
[INFO] [stdout]     |
[INFO] [stdout] 136 |                         | TypeKind::Struct(_)
[INFO] [stdout]     |                           ^^^^^^^^^^^^^^^^^^^ help: use this syntax instead: `TypeKind::Struct`
[INFO] [stdout]     |
[INFO] [stdout]    --> /rustc/be3da1e8c043bb6f1f335463d3b1335cdf50b03c/library/core/src/mem/type_info.rs:87:4
[INFO] [stdout]     |
[INFO] [stdout]     = note: `TypeKind::Struct` defined here
[INFO] [stdout] 
[INFO] [stdout] 
[INFO] [stdout] error[E0532]: expected tuple struct or tuple variant, found unit variant `TypeKind::Enum`
[INFO] [stdout]    --> /opt/rustwide/cargo-home/git/checkouts/multi-array-list-ee244bf2e5896dce/8c7f48d/src/lib.rs:137:27
[INFO] [stdout]     |
[INFO] [stdout] 137 |                         | TypeKind::Enum(_)
[INFO] [stdout]     |                           ^^^^^^^^^^^^^^^^^ help: use this syntax instead: `TypeKind::Enum`
[INFO] [stdout]     |
[INFO] [stdout]    --> /rustc/be3da1e8c043bb6f1f335463d3b1335cdf50b03c/library/core/src/mem/type_info.rs:89:4
[INFO] [stdout]     |
[INFO] [stdout]     = note: `TypeKind::Enum` defined here
[INFO] [stdout] 
[INFO] [stdout] 
[INFO] [stdout] error[E0532]: expected tuple struct or tuple variant, found unit variant `TypeKind::Struct`
[INFO] [stdout]    --> /opt/rustwide/cargo-home/git/checkouts/multi-array-list-ee244bf2e5896dce/8c7f48d/src/lib.rs:191:13
[INFO] [stdout]     |
[INFO] [stdout] 191 |         let TypeKind::Struct(struct_info) = typeinfo.kind else {
[INFO] [stdout]     |             ^^^^^^^^^^^^^^^^^^^^^^^^^^^^^ help: use this syntax instead: `TypeKind::Struct`
[INFO] [stdout]     |
[INFO] [stdout]    --> /rustc/be3da1e8c043bb6f1f335463d3b1335cdf50b03c/library/core/src/mem/type_info.rs:87:4
[INFO] [stdout]     |
[INFO] [stdout]     = note: `TypeKind::Struct` defined here
[INFO] [stdout] 
[INFO] [stdout] 
[INFO] [stdout] error[E0609]: no field `size` on type `std::mem::type_info::Type`
[INFO] [stdout]    --> /opt/rustwide/cargo-home/git/checkouts/multi-array-list-ee244bf2e5896dce/8c7f48d/src/lib.rs:115:22
[INFO] [stdout]     |
[INFO] [stdout] 115 |             typeinfo.size.unwrap();
[INFO] [stdout]     |                      ^^^^ unknown field
[INFO] [stdout]     |
[INFO] [stdout]     = note: available field is: `kind`
[INFO] [stdout] 
[INFO] [stdout] 
[INFO] [stdout] Some errors have detailed explanations: E0432, E0532, E0609.
[INFO] [stdout] 
[INFO] [stdout] For more information about an error, try `rustc --explain E0432`.
[INFO] [stdout] 
[INFO] [stderr] error: could not compile `multi-array-list` (lib) due to 15 previous errors
[INFO] [stderr] warning: build failed, waiting for other jobs to finish...
[INFO] running `Command { std: "docker" "inspect" "7d02fecab1a719df43861e12178de4b63df1fd7d2f8a72e7c7f643e6d5a10295", kill_on_drop: false }`
[INFO] running `Command { std: "docker" "rm" "-f" "7d02fecab1a719df43861e12178de4b63df1fd7d2f8a72e7c7f643e6d5a10295", kill_on_drop: false }`
[INFO] [stdout] 7d02fecab1a719df43861e12178de4b63df1fd7d2f8a72e7c7f643e6d5a10295
