[INFO] cloning repository https://github.com/Kalypto-IP-Holdings/Kalypto-IP-Holdings
[INFO] running `Command { std: "git" "-c" "credential.helper=" "-c" "credential.helper=/workspace/cargo-home/bin/git-credential-null" "clone" "--bare" "https://github.com/Kalypto-IP-Holdings/Kalypto-IP-Holdings" "/workspace/cache/git-repos/https%3A%2F%2Fgithub.com%2FKalypto-IP-Holdings%2FKalypto-IP-Holdings", kill_on_drop: false }`
[INFO] [stderr] Cloning into bare repository '/workspace/cache/git-repos/https%3A%2F%2Fgithub.com%2FKalypto-IP-Holdings%2FKalypto-IP-Holdings'...
[INFO] running `Command { std: "git" "rev-parse" "HEAD", kill_on_drop: false }`
[INFO] [stdout] e602ce2a28fc30190ab31dc8873d09a198ccd733
[INFO] checking Kalypto-IP-Holdings/Kalypto-IP-Holdings against be3da1e8c043bb6f1f335463d3b1335cdf50b03c for pr-162597
[INFO] running `Command { std: "git" "clone" "/workspace/cache/git-repos/https%3A%2F%2Fgithub.com%2FKalypto-IP-Holdings%2FKalypto-IP-Holdings" "/workspace/builds/worker-0-tc2/source", kill_on_drop: false }`
[INFO] [stderr] Cloning into '/workspace/builds/worker-0-tc2/source'...
[INFO] [stderr] done.
[INFO] removed /workspace/builds/worker-0-tc2/source/rust-toolchain.toml
[INFO] started tweaking git repo https://github.com/Kalypto-IP-Holdings/Kalypto-IP-Holdings
[INFO] finished tweaking git repo https://github.com/Kalypto-IP-Holdings/Kalypto-IP-Holdings
[INFO] tweaked toml for git repo https://github.com/Kalypto-IP-Holdings/Kalypto-IP-Holdings written to /workspace/builds/worker-0-tc2/source/Cargo.toml
[INFO] validating manifest of git repo https://github.com/Kalypto-IP-Holdings/Kalypto-IP-Holdings on toolchain be3da1e8c043bb6f1f335463d3b1335cdf50b03c
[INFO] running `Command { std: CARGO_HOME="/workspace/cargo-home" RUSTUP_HOME="/workspace/rustup-home" "/workspace/cargo-home/bin/cargo" "+be3da1e8c043bb6f1f335463d3b1335cdf50b03c" "metadata" "--manifest-path" "Cargo.toml" "--no-deps", kill_on_drop: false }`
[INFO] crate git repo https://github.com/Kalypto-IP-Holdings/Kalypto-IP-Holdings already has a lockfile, it will not be regenerated
[INFO] running `Command { std: CARGO_HOME="/workspace/cargo-home" RUSTUP_HOME="/workspace/rustup-home" "/workspace/cargo-home/bin/cargo" "+be3da1e8c043bb6f1f335463d3b1335cdf50b03c" "fetch" "--manifest-path" "Cargo.toml", kill_on_drop: false }`
[INFO] [stderr]     Blocking waiting for file lock on package cache
[INFO] [stderr]     Updating crates.io index
[INFO] [stderr]     Blocking waiting for file lock on package cache
[INFO] [stderr]  Downloading crates ...
[INFO] [stderr]   Downloaded plonky2_util v1.0.0
[INFO] [stderr]   Downloaded plonky2_maybe_rayon v1.0.0
[INFO] [stderr]   Downloaded unroll v0.1.5
[INFO] [stderr]   Downloaded plonky2_field v1.0.0
[INFO] [stderr]   Downloaded keccak-hash v0.8.0
[INFO] [stderr]   Downloaded plonky2 v1.1.0
[INFO] [stderr]   Downloaded sha3 v0.12.0
[INFO] [stderr]   Downloaded sponge-cursor v0.1.0
[INFO] [stderr]   Downloaded bitcoin_hashes v0.14.2
[INFO] [stderr]   Downloaded keccak v0.2.0
[INFO] [stderr]   Downloaded secp256k1 v0.31.1
[INFO] [stderr]   Downloaded minicbor v2.2.2
[INFO] [stderr]   Downloaded minicbor-derive v0.19.4
[INFO] [stderr]   Downloaded secp256k1-sys v0.11.0
[INFO] [stderr]   Downloaded hex_lit v0.1.1
[INFO] [stderr]   Downloaded base58ck v0.1.1
[INFO] [stderr]   Downloaded bcs v0.2.1
[INFO] [stderr]   Downloaded bitcoin-units v0.1.4
[INFO] [stderr]   Downloaded bitcoin v0.32.10
[INFO] running `Command { std: "docker" "create" "-v" "/var/lib/crater-agent-workspace/builds/worker-0-tc2/source:/opt/rustwide/workdir:ro,Z" "-v" "/var/lib/crater-agent-workspace/builds/worker-0-tc2/target:/opt/rustwide/target:rw,Z" "-v" "/var/lib/crater-agent-workspace/cargo-home:/opt/rustwide/cargo-home:ro,Z" "-v" "/var/lib/crater-agent-workspace/rustup-home:/opt/rustwide/rustup-home:ro,Z" "-m" "1610612736" "--network" "none" "ghcr.io/rust-lang/crates-build-env/linux@sha256:8683fc1fc2eb5c9ac98e0d076ab094b2ffac7f99da555d2b6a2e27f346de2ec7" "sleep" "infinity", kill_on_drop: false }`
[INFO] [stdout] b1dcb3d816783fd928f758f5467acc7772bce929ca6521f8f2aca5701a2f8564
[INFO] running `Command { std: "docker" "start" "b1dcb3d816783fd928f758f5467acc7772bce929ca6521f8f2aca5701a2f8564", kill_on_drop: false }`
[INFO] running `Command { std: "docker" "inspect" "b1dcb3d816783fd928f758f5467acc7772bce929ca6521f8f2aca5701a2f8564", kill_on_drop: false }`
[INFO] running `Command { std: "docker" "exec" "-e" "SOURCE_DIR=/opt/rustwide/workdir" "-e" "CARGO_HOME=/opt/rustwide/cargo-home" "-e" "RUSTUP_HOME=/opt/rustwide/rustup-home" "-e" "CARGO_TARGET_DIR=/opt/rustwide/target" "-w" "/opt/rustwide/workdir" "--user" "0:0" "b1dcb3d816783fd928f758f5467acc7772bce929ca6521f8f2aca5701a2f8564" "/opt/rustwide/cargo-home/bin/cargo" "+be3da1e8c043bb6f1f335463d3b1335cdf50b03c" "metadata" "--no-deps" "--format-version=1", kill_on_drop: false }`
[INFO] running `Command { std: "docker" "inspect" "b1dcb3d816783fd928f758f5467acc7772bce929ca6521f8f2aca5701a2f8564", kill_on_drop: false }`
[INFO] running `Command { std: "docker" "exec" "-e" "SOURCE_DIR=/opt/rustwide/workdir" "-e" "CARGO_HOME=/opt/rustwide/cargo-home" "-e" "RUSTUP_HOME=/opt/rustwide/rustup-home" "-e" "CARGO_TARGET_DIR=/opt/rustwide/target" "-e" "CARGO_INCREMENTAL=0" "-e" "RUST_BACKTRACE=full" "-e" "RUSTFLAGS=--cap-lints=forbid" "-e" "RUSTDOCFLAGS=--cap-lints=forbid" "-w" "/opt/rustwide/workdir" "--user" "0:0" "b1dcb3d816783fd928f758f5467acc7772bce929ca6521f8f2aca5701a2f8564" "/opt/rustwide/cargo-home/bin/cargo" "+be3da1e8c043bb6f1f335463d3b1335cdf50b03c" "check" "--frozen" "--all" "--all-targets" "--message-format=json", kill_on_drop: false }`
[INFO] [stderr]     Checking getrandom v0.2.17
[INFO] [stderr]    Compiling serde_core v1.0.228
[INFO] [stderr]    Compiling zeroize_derive v1.5.0
[INFO] [stderr]     Checking tokio v1.52.3
[INFO] [stderr]     Checking log v0.4.33
[INFO] [stderr]     Checking ppv-lite86 v0.2.21
[INFO] [stderr]     Checking rayon v1.12.0
[INFO] [stderr]     Checking yoke v0.8.3
[INFO] [stderr]     Checking rand_core v0.6.4
[INFO] [stderr]     Checking futures-util v0.3.32
[INFO] [stderr]    Compiling cc v1.2.65
[INFO] [stderr]     Checking zerovec v0.11.6
[INFO] [stderr]     Checking rand_chacha v0.3.1
[INFO] [stderr]     Checking rand v0.8.6
[INFO] [stderr]     Checking zeroize v1.9.0
[INFO] [stderr]     Checking generic-array v0.14.9
[INFO] [stderr]     Checking der v0.7.10
[INFO] [stderr]     Checking block-buffer v0.10.4
[INFO] [stderr]     Checking crypto-common v0.1.6
[INFO] [stderr]     Checking tracing v0.1.44
[INFO] [stderr]     Checking digest v0.10.7
[INFO] [stderr]    Compiling cmake v0.1.58
[INFO] [stderr]    Compiling num-traits v0.2.19
[INFO] [stderr]     Checking hybrid-array v0.4.12
[INFO] [stderr]     Checking spki v0.7.3
[INFO] [stderr]    Compiling aws-lc-sys v0.41.0
[INFO] [stderr]     Checking pkcs8 v0.10.2
[INFO] [stderr]     Checking ff v0.13.1
[INFO] [stderr]     Checking bitflags v2.13.0
[INFO] [stderr]    Compiling io-uring v0.6.4
[INFO] [stderr]     Checking sec1 v0.7.3
[INFO] [stderr]     Checking group v0.13.0
[INFO] [stderr]     Checking block-buffer v0.12.1
[INFO] [stderr]     Checking crypto-common v0.2.2
[INFO] [stderr]     Checking tinystr v0.8.3
[INFO] [stderr]     Checking crypto-bigint v0.5.5
[INFO] [stderr]    Compiling aws-lc-rs v1.17.0
[INFO] [stderr]     Checking icu_locale_core v2.2.0
[INFO] [stderr]     Checking num-integer v0.1.46
[INFO] [stderr]     Checking serde v1.0.228
[INFO] [stderr]     Checking serde_json v1.0.150
[INFO] [stderr]     Checking digest v0.11.3
[INFO] [stderr]     Checking hmac v0.12.1
[INFO] [stderr]     Checking zerotrie v0.2.4
[INFO] [stderr]     Checking potential_utf v0.1.5
[INFO] [stderr]     Checking socket2 v0.4.10
[INFO] [stderr]     Checking icu_collections v2.2.0
[INFO] [stderr]     Checking sha2 v0.10.9
[INFO] [stderr]     Checking icu_provider v2.2.0
[INFO] [stderr]    Compiling tiny-keccak v2.0.2
[INFO] [stderr]     Checking rfc6979 v0.4.0
[INFO] [stderr]     Checking signature v2.2.0
[INFO] [stderr]     Checking rustls-pki-types v1.14.1
[INFO] [stderr]    Compiling const-random-macro v0.1.16
[INFO] [stderr]     Checking num-bigint v0.4.6
[INFO] [stderr]    Compiling ahash v0.8.12
[INFO] [stderr]     Checking uint v0.9.5
[INFO] [stderr]     Checking icu_properties v2.2.0
[INFO] [stderr]     Checking const-random v0.1.18
[INFO] [stderr]     Checking icu_normalizer v2.2.0
[INFO] [stderr]    Compiling syn v1.0.109
[INFO] [stderr]     Checking fixed-hash v0.7.0
[INFO] [stderr]     Checking num-iter v0.1.45
[INFO] [stderr]     Checking num-complex v0.4.6
[INFO] [stderr]     Checking elliptic-curve v0.13.8
[INFO] [stderr]     Checking futures-channel v0.3.32
[INFO] [stderr]    Compiling borsh v1.7.0
[INFO] [stderr]     Checking ecdsa v0.16.9
[INFO] [stderr]     Checking primitive-types v0.10.1
[INFO] [stderr]     Checking itertools v0.11.0
[INFO] [stderr]     Checking num-rational v0.4.2
[INFO] [stderr]     Checking plonky2_util v1.0.0
[INFO] [stderr]     Checking sha2 v0.11.0
[INFO] [stderr]     Checking num v0.4.3
[INFO] [stderr]    Compiling borsh-derive v1.7.0
[INFO] [stderr]     Checking idna_adapter v1.2.2
[INFO] [stderr]     Checking idna v1.1.0
[INFO] [stderr]     Checking keccak-hash v0.8.0
[INFO] [stderr]     Checking hashbrown v0.14.5
[INFO] [stderr]     Checking plonky2_maybe_rayon v1.0.0
[INFO] [stderr]     Checking tokio-util v0.7.18
[INFO] [stderr]     Checking tokio-uring v0.5.0
[INFO] [stderr]     Checking kalypto-fhe v0.1.0 (/opt/rustwide/workdir/kalypto-fhe)
[INFO] [stderr]     Checking tower v0.5.3
[INFO] [stderr]    Compiling minicbor-derive v0.19.4
[INFO] [stderr]     Checking h2 v0.4.15
[INFO] [stderr]     Checking keccak v0.2.0
[INFO] [stderr]     Checking sponge-cursor v0.1.0
[INFO] [stderr]     Checking rustix v1.1.4
[INFO] [stderr]     Checking kalypto-storage v0.1.0 (/opt/rustwide/workdir/kalypto-storage)
[INFO] [stderr]     Checking bitvec v1.1.1
[INFO] [stderr]     Checking sha3 v0.12.0
[INFO] [stdout] warning: variable does not need to be mutable
[INFO] [stdout]   --> kalypto-storage/src/lib.rs:76:29
[INFO] [stdout]    |
[INFO] [stdout] 76 |                         let mut header = vec![0u8; 8]; // [key_len: u32, val_len: u32]
[INFO] [stdout]    |                             ----^^^^^^
[INFO] [stdout]    |                             |
[INFO] [stdout]    |                             help: remove this `mut`
[INFO] [stdout]    |
[INFO] [stdout]    = note: `#[warn(unused_mut)]` (part of `#[warn(unused)]`) on by default
[INFO] [stdout] 
[INFO] [stdout] 
[INFO] [stdout] warning: variable does not need to be mutable
[INFO] [stdout]   --> kalypto-storage/src/lib.rs:83:29
[INFO] [stdout]    |
[INFO] [stdout] 83 |                         let mut key = vec![0u8; key_len as usize];
[INFO] [stdout]    |                             ----^^^
[INFO] [stdout]    |                             |
[INFO] [stdout]    |                             help: remove this `mut`
[INFO] [stdout] 
[INFO] [stdout] 
[INFO] [stderr]     Checking rustls-native-certs v0.8.4
[INFO] [stderr]     Checking kalypto-vm v0.1.0 (/opt/rustwide/workdir/kalypto-vm)
[INFO] [stderr]     Checking url v2.5.8
[INFO] [stderr]     Checking k256 v0.13.4
[INFO] [stderr]     Checking bincode v1.3.3
[INFO] [stderr]     Checking hmac v0.13.0
[INFO] [stderr]     Checking blake2 v0.10.6
[INFO] [stderr]     Checking serde_urlencoded v0.7.1
[INFO] [stderr]     Checking hkdf v0.13.0
[INFO] [stderr]     Checking tower-http v0.6.11
[INFO] [stderr]     Checking axum-core v0.5.6
[INFO] [stderr]     Checking serde_path_to_error v0.1.20
[INFO] [stderr]    Compiling async-stream-impl v0.3.6
[INFO] [stderr]     Checking minicbor v2.2.2
[INFO] [stderr]     Checking tempfile v3.27.0
[INFO] [stderr]    Compiling unroll v0.1.5
[INFO] [stderr]    Compiling axum-macros v0.5.1
[INFO] [stderr]     Checking plonky2_field v1.0.0
[INFO] [stderr]     Checking async-stream v0.3.6
[INFO] [stderr]     Checking tokio-stream v0.1.18
[INFO] [stderr]     Checking tower-http v0.5.2
[INFO] [stderr]     Checking uuid v1.23.3
[INFO] [stderr]     Checking kalypto-mpc v0.1.0 (/opt/rustwide/workdir/kalypto-mpc)
[INFO] [stderr]     Checking kalypto-economics v0.1.0 (/opt/rustwide/workdir/kalypto-economics)
[INFO] [stderr]     Checking primeorder v0.13.6
[INFO] [stderr]     Checking plonky2 v1.1.0
[INFO] [stderr]     Checking tracing-log v0.2.0
[INFO] [stdout] warning: use of deprecated method `k256::elliptic_curve::generic_array::GenericArray::<T, N>::as_mut_slice`: please upgrade to generic-array 1.x
[INFO] [stdout]   --> kalypto-mpc/src/lib.rs:19:28
[INFO] [stdout]    |
[INFO] [stdout] 19 |         self.private_bytes.as_mut_slice().zeroize();
[INFO] [stdout]    |                            ^^^^^^^^^^^^
[INFO] [stdout]    |
[INFO] [stdout]    = note: `#[warn(deprecated)]` on by default
[INFO] [stdout] 
[INFO] [stdout] 
[INFO] [stderr]     Checking tracing-subscriber v0.3.23
[INFO] [stderr]     Checking p256 v0.13.2
[INFO] [stderr]     Checking kalypto-ignition v0.1.0 (/opt/rustwide/workdir)
[INFO] [stderr]     Checking filetime v0.2.29
[INFO] [stderr]     Checking kalypto-aa v0.1.0 (/opt/rustwide/workdir/kalypto-aa)
[INFO] [stdout] warning: variable does not need to be mutable
[INFO] [stdout]   --> kalypto-storage/src/lib.rs:76:29
[INFO] [stdout]    |
[INFO] [stdout] 76 |                         let mut header = vec![0u8; 8]; // [key_len: u32, val_len: u32]
[INFO] [stdout]    |                             ----^^^^^^
[INFO] [stdout]    |                             |
[INFO] [stdout]    |                             help: remove this `mut`
[INFO] [stdout]    |
[INFO] [stdout]    = note: `#[warn(unused_mut)]` (part of `#[warn(unused)]`) on by default
[INFO] [stdout] 
[INFO] [stdout] 
[INFO] [stdout] warning: variable does not need to be mutable
[INFO] [stdout]   --> kalypto-storage/src/lib.rs:83:29
[INFO] [stdout]    |
[INFO] [stdout] 83 |                         let mut key = vec![0u8; key_len as usize];
[INFO] [stdout]    |                             ----^^^
[INFO] [stdout]    |                             |
[INFO] [stdout]    |                             help: remove this `mut`
[INFO] [stdout] 
[INFO] [stdout] 
[INFO] [stderr]     Checking hyper v1.10.1
[INFO] [stdout] warning: use of deprecated method `k256::elliptic_curve::generic_array::GenericArray::<T, N>::as_mut_slice`: please upgrade to generic-array 1.x
[INFO] [stdout]   --> kalypto-mpc/src/lib.rs:19:28
[INFO] [stdout]    |
[INFO] [stdout] 19 |         self.private_bytes.as_mut_slice().zeroize();
[INFO] [stdout]    |                            ^^^^^^^^^^^^
[INFO] [stdout]    |
[INFO] [stdout]    = note: `#[warn(deprecated)]` on by default
[INFO] [stdout] 
[INFO] [stdout] 
[INFO] [stderr]     Checking hyper-util v0.1.20
[INFO] [stderr]     Checking axum v0.8.9
[INFO] [stderr]     Checking kalypto-zk v0.1.0 (/opt/rustwide/workdir/kalypto-zk)
[INFO] [stderr]     Checking kalypto-verifier v0.1.0 (/opt/rustwide/workdir/kalypto-verifier)
[INFO] [stderr]     Checking kalypto-prover v0.1.0 (/opt/rustwide/workdir/kalypto-prover)
[INFO] [stderr]    Compiling rustls v0.23.40
[INFO] [stderr]     Checking rustls-webpki v0.103.13
[INFO] [stderr]     Checking tokio-rustls v0.26.4
[INFO] [stderr]     Checking rustls-platform-verifier v0.7.0
[INFO] [stderr]     Checking hyper-rustls v0.27.9
[INFO] [stderr]     Checking reqwest v0.13.4
[INFO] [stderr]     Checking kalypto-rpc v0.1.0 (/opt/rustwide/workdir/kalypto-rpc)
[INFO] [stdout] error[E0432]: unresolved import `kalypto_mpc::account_registry`
[INFO] [stdout]    --> kalypto-rpc/src/gas_relayer.rs:9:18
[INFO] [stdout]     |
[INFO] [stdout]   9 | use kalypto_mpc::account_registry::{AccountID};
[INFO] [stdout]     |                  ^^^^^^^^^^^^^^^^ could not find `account_registry` in `kalypto_mpc`
[INFO] [stdout]     |
[INFO] [stdout] note: found an item that was configured out
[INFO] [stdout]    --> kalypto-mpc/src/lib.rs:120:9
[INFO] [stdout]     |
[INFO] [stdout] 119 | #[cfg(feature = "webauthn")]
[INFO] [stdout]     |       -------------------- the item is gated behind the `webauthn` feature
[INFO] [stdout] 120 | pub mod account_registry;
[INFO] [stdout]     |         ^^^^^^^^^^^^^^^^
[INFO] [stdout] 
[INFO] [stdout] 
[INFO] [stdout] error[E0432]: unresolved import `kalypto_mpc::webauthn`
[INFO] [stdout]    --> kalypto-rpc/src/gas_relayer.rs:10:18
[INFO] [stdout]     |
[INFO] [stdout]  10 | use kalypto_mpc::webauthn::{AuthenticatorData, Signature, WebAuthnAssertion, verify_webauthn_signature};
[INFO] [stdout]     |                  ^^^^^^^^ could not find `webauthn` in `kalypto_mpc`
[INFO] [stdout]     |
[INFO] [stdout] note: found an item that was configured out
[INFO] [stdout]    --> kalypto-mpc/src/lib.rs:118:9
[INFO] [stdout]     |
[INFO] [stdout] 117 | #[cfg(feature = "webauthn")]
[INFO] [stdout]     |       -------------------- the item is gated behind the `webauthn` feature
[INFO] [stdout] 118 | pub mod webauthn;
[INFO] [stdout]     |         ^^^^^^^^
[INFO] [stdout] 
[INFO] [stdout] 
[INFO] [stdout] error[E0432]: unresolved import `kalypto_mpc::account_registry`
[INFO] [stdout]    --> kalypto-rpc/src/lib.rs:24:18
[INFO] [stdout]     |
[INFO] [stdout]  24 | use kalypto_mpc::account_registry::SmartAccountRegistry;
[INFO] [stdout]     |                  ^^^^^^^^^^^^^^^^ could not find `account_registry` in `kalypto_mpc`
[INFO] [stdout]     |
[INFO] [stdout] note: found an item that was configured out
[INFO] [stdout]    --> kalypto-mpc/src/lib.rs:120:9
[INFO] [stdout]     |
[INFO] [stdout] 119 | #[cfg(feature = "webauthn")]
[INFO] [stdout]     |       -------------------- the item is gated behind the `webauthn` feature
[INFO] [stdout] 120 | pub mod account_registry;
[INFO] [stdout]     |         ^^^^^^^^^^^^^^^^
[INFO] [stdout] 
[INFO] [stdout] 
[INFO] [stdout] error[E0432]: unresolved import `kalypto_mpc::account_registry`
[INFO] [stdout]    --> kalypto-rpc/src/gas_relayer.rs:9:18
[INFO] [stdout]     |
[INFO] [stdout]   9 | use kalypto_mpc::account_registry::{AccountID};
[INFO] [stdout]     |                  ^^^^^^^^^^^^^^^^ could not find `account_registry` in `kalypto_mpc`
[INFO] [stdout]     |
[INFO] [stdout] note: found an item that was configured out
[INFO] [stdout]    --> kalypto-mpc/src/lib.rs:120:9
[INFO] [stdout]     |
[INFO] [stdout] 119 | #[cfg(feature = "webauthn")]
[INFO] [stdout]     |       -------------------- the item is gated behind the `webauthn` feature
[INFO] [stdout] 120 | pub mod account_registry;
[INFO] [stdout]     |         ^^^^^^^^^^^^^^^^
[INFO] [stdout] 
[INFO] [stdout] 
[INFO] [stdout] error[E0432]: unresolved import `kalypto_mpc::webauthn`
[INFO] [stdout]    --> kalypto-rpc/src/gas_relayer.rs:10:18
[INFO] [stdout]     |
[INFO] [stdout]  10 | use kalypto_mpc::webauthn::{AuthenticatorData, Signature, WebAuthnAssertion, verify_webauthn_signature};
[INFO] [stdout]     |                  ^^^^^^^^ could not find `webauthn` in `kalypto_mpc`
[INFO] [stdout]     |
[INFO] [stdout] note: found an item that was configured out
[INFO] [stdout]    --> kalypto-mpc/src/lib.rs:118:9
[INFO] [stdout]     |
[INFO] [stdout] 117 | #[cfg(feature = "webauthn")]
[INFO] [stdout]     |       -------------------- the item is gated behind the `webauthn` feature
[INFO] [stdout] 118 | pub mod webauthn;
[INFO] [stdout]     |         ^^^^^^^^
[INFO] [stdout] 
[INFO] [stdout] 
[INFO] [stdout] error[E0432]: unresolved import `kalypto_mpc::account_registry`
[INFO] [stdout]    --> kalypto-rpc/src/lib.rs:24:18
[INFO] [stdout]     |
[INFO] [stdout]  24 | use kalypto_mpc::account_registry::SmartAccountRegistry;
[INFO] [stdout]     |                  ^^^^^^^^^^^^^^^^ could not find `account_registry` in `kalypto_mpc`
[INFO] [stdout]     |
[INFO] [stdout] note: found an item that was configured out
[INFO] [stdout]    --> kalypto-mpc/src/lib.rs:120:9
[INFO] [stdout]     |
[INFO] [stdout] 119 | #[cfg(feature = "webauthn")]
[INFO] [stdout]     |       -------------------- the item is gated behind the `webauthn` feature
[INFO] [stdout] 120 | pub mod account_registry;
[INFO] [stdout]     |         ^^^^^^^^^^^^^^^^
[INFO] [stdout] 
[INFO] [stdout] 
[INFO] [stdout] For more information about this error, try `rustc --explain E0432`.
[INFO] [stdout] 
[INFO] [stderr] error: could not compile `kalypto-rpc` (lib) due to 3 previous errors
[INFO] [stderr] warning: build failed, waiting for other jobs to finish...
[INFO] [stdout] For more information about this error, try `rustc --explain E0432`.
[INFO] [stdout] 
[INFO] [stderr] error: could not compile `kalypto-rpc` (lib test) due to 3 previous errors
[INFO] [stderr] warning: unused dependency `base64`
[INFO] [stderr]  --> kalypto-mpc/Cargo.toml:8:1
[INFO] [stderr]   |
[INFO] [stderr] 8 | base64 = "0.22.1"
[INFO] [stderr]   | ^^^^^^^^^^^^^^^^^
[INFO] [stderr]   |
[INFO] [stderr]   = note: `cargo::unused_dependencies` is set to `warn` by default
[INFO] [stderr] help: consider removing the dependency on `base64`
[INFO] [stderr] warning: unused dependency `bincode`
[INFO] [stderr]   --> kalypto-mpc/Cargo.toml:10:1
[INFO] [stderr]    |
[INFO] [stderr] 10 | bincode = "1.3"
[INFO] [stderr]    | ^^^^^^^^^^^^^^^
[INFO] [stderr]    |
[INFO] [stderr] help: consider removing the dependency on `bincode`
[INFO] [stderr] warning: unused dependency `borsh`
[INFO] [stderr]   --> kalypto-mpc/Cargo.toml:14:1
[INFO] [stderr]    |
[INFO] [stderr] 14 | borsh = { version = "1.5.1", features = ["derive"] }
[INFO] [stderr]    | ^^^^^^^^^^^^^^^^^^^^^^^^^^^^^^^^^^^^^^^^^^^^^^^^^^^^
[INFO] [stderr]    |
[INFO] [stderr] help: consider removing the dependency on `borsh`
[INFO] [stderr] warning: unused dependency `serde_json`
[INFO] [stderr]   --> kalypto-mpc/Cargo.toml:28:1
[INFO] [stderr]    |
[INFO] [stderr] 28 | serde_json = "1.0.150"
[INFO] [stderr]    | ^^^^^^^^^^^^^^^^^^^^^^
[INFO] [stderr]    |
[INFO] [stderr] help: consider removing the dependency on `serde_json`
[INFO] [stderr] warning: unused dependency `sha3`
[INFO] [stderr]   --> kalypto-mpc/Cargo.toml:30:1
[INFO] [stderr]    |
[INFO] [stderr] 30 | sha3 = "0.12.0"
[INFO] [stderr]    | ^^^^^^^^^^^^^^^
[INFO] [stderr]    |
[INFO] [stderr] help: consider removing the dependency on `sha3`
[INFO] [stderr] warning: `kalypto-mpc` (manifest) generated 5 warnings
[INFO] [stderr] warning: unused dependency `flate2`
[INFO] [stderr]   --> kalypto-storage/Cargo.toml:11:1
[INFO] [stderr]    |
[INFO] [stderr] 11 | flate2 = "1.1.9"
[INFO] [stderr]    | ^^^^^^^^^^^^^^^^
[INFO] [stderr]    |
[INFO] [stderr]    = note: `cargo::unused_dependencies` is set to `warn` by default
[INFO] [stderr] help: consider removing the dependency on `flate2`
[INFO] [stderr] warning: unused dependency `hex`
[INFO] [stderr]   --> kalypto-storage/Cargo.toml:10:1
[INFO] [stderr]    |
[INFO] [stderr] 10 | hex = "0.4.3"
[INFO] [stderr]    | ^^^^^^^^^^^^^
[INFO] [stderr]    |
[INFO] [stderr] help: consider removing the dependency on `hex`
[INFO] [stderr] warning: `kalypto-storage` (manifest) generated 2 warnings
[INFO] running `Command { std: "docker" "inspect" "b1dcb3d816783fd928f758f5467acc7772bce929ca6521f8f2aca5701a2f8564", kill_on_drop: false }`
[INFO] running `Command { std: "docker" "rm" "-f" "b1dcb3d816783fd928f758f5467acc7772bce929ca6521f8f2aca5701a2f8564", kill_on_drop: false }`
[INFO] [stdout] b1dcb3d816783fd928f758f5467acc7772bce929ca6521f8f2aca5701a2f8564
