[INFO] cloning repository https://github.com/JumpyLionnn/rich-vocabulary
[INFO] running `Command { std: "git" "-c" "credential.helper=" "-c" "credential.helper=/workspace/cargo-home/bin/git-credential-null" "clone" "--bare" "https://github.com/JumpyLionnn/rich-vocabulary" "/workspace/cache/git-repos/https%3A%2F%2Fgithub.com%2FJumpyLionnn%2Frich-vocabulary", kill_on_drop: false }`
[INFO] [stderr] Cloning into bare repository '/workspace/cache/git-repos/https%3A%2F%2Fgithub.com%2FJumpyLionnn%2Frich-vocabulary'...
[INFO] running `Command { std: "git" "rev-parse" "HEAD", kill_on_drop: false }`
[INFO] [stdout] cb03a6a882e73265eb9adf13d02baed9e02f75a9
[INFO] checking JumpyLionnn/rich-vocabulary/cb03a6a882e73265eb9adf13d02baed9e02f75a9 against 018018e881e2db0956f229dbb543e21f058d1ce7 for pr-162597
[INFO] running `Command { std: "git" "clone" "/workspace/cache/git-repos/https%3A%2F%2Fgithub.com%2FJumpyLionnn%2Frich-vocabulary" "/workspace/builds/worker-7-tc1/source", kill_on_drop: false }`
[INFO] [stderr] Cloning into '/workspace/builds/worker-7-tc1/source'...
[INFO] [stderr] done.
[INFO] started tweaking git repo https://github.com/JumpyLionnn/rich-vocabulary
[INFO] finished tweaking git repo https://github.com/JumpyLionnn/rich-vocabulary
[INFO] tweaked toml for git repo https://github.com/JumpyLionnn/rich-vocabulary written to /workspace/builds/worker-7-tc1/source/Cargo.toml
[INFO] validating manifest of git repo https://github.com/JumpyLionnn/rich-vocabulary on toolchain 018018e881e2db0956f229dbb543e21f058d1ce7
[INFO] running `Command { std: CARGO_HOME="/workspace/cargo-home" RUSTUP_HOME="/workspace/rustup-home" "/workspace/cargo-home/bin/cargo" "+018018e881e2db0956f229dbb543e21f058d1ce7" "metadata" "--manifest-path" "Cargo.toml" "--no-deps", kill_on_drop: false }`
[INFO] crate git repo https://github.com/JumpyLionnn/rich-vocabulary already has a lockfile, it will not be regenerated
[INFO] running `Command { std: CARGO_HOME="/workspace/cargo-home" RUSTUP_HOME="/workspace/rustup-home" "/workspace/cargo-home/bin/cargo" "+018018e881e2db0956f229dbb543e21f058d1ce7" "fetch" "--manifest-path" "Cargo.toml", kill_on_drop: false }`
[INFO] [stderr]  Downloading crates ...
[INFO] [stderr]   Downloaded serde_derive v1.0.195
[INFO] [stderr]   Downloaded serde v1.0.195
[INFO] [stderr]   Downloaded serde_json v1.0.111
[INFO] running `Command { std: "docker" "create" "-v" "/var/lib/crater-agent-workspace/builds/worker-7-tc1/source:/opt/rustwide/workdir:ro,Z" "-v" "/var/lib/crater-agent-workspace/builds/worker-7-tc1/target:/opt/rustwide/target:rw,Z" "-v" "/var/lib/crater-agent-workspace/cargo-home:/opt/rustwide/cargo-home:ro,Z" "-v" "/var/lib/crater-agent-workspace/rustup-home:/opt/rustwide/rustup-home:ro,Z" "-m" "1610612736" "--network" "none" "ghcr.io/rust-lang/crates-build-env/linux@sha256:8683fc1fc2eb5c9ac98e0d076ab094b2ffac7f99da555d2b6a2e27f346de2ec7" "sleep" "infinity", kill_on_drop: false }`
[INFO] [stdout] 3428ee45809a1d2745a1f9de12c4537ca58769e9d94c199a43c8d3e153a17243
[INFO] running `Command { std: "docker" "start" "3428ee45809a1d2745a1f9de12c4537ca58769e9d94c199a43c8d3e153a17243", kill_on_drop: false }`
[INFO] running `Command { std: "docker" "inspect" "3428ee45809a1d2745a1f9de12c4537ca58769e9d94c199a43c8d3e153a17243", kill_on_drop: false }`
[INFO] running `Command { std: "docker" "exec" "-e" "SOURCE_DIR=/opt/rustwide/workdir" "-e" "CARGO_HOME=/opt/rustwide/cargo-home" "-e" "RUSTUP_HOME=/opt/rustwide/rustup-home" "-e" "CARGO_TARGET_DIR=/opt/rustwide/target" "-w" "/opt/rustwide/workdir" "--user" "0:0" "3428ee45809a1d2745a1f9de12c4537ca58769e9d94c199a43c8d3e153a17243" "/opt/rustwide/cargo-home/bin/cargo" "+018018e881e2db0956f229dbb543e21f058d1ce7" "metadata" "--no-deps" "--format-version=1", kill_on_drop: false }`
[INFO] running `Command { std: "docker" "inspect" "3428ee45809a1d2745a1f9de12c4537ca58769e9d94c199a43c8d3e153a17243", kill_on_drop: false }`
[INFO] running `Command { std: "docker" "exec" "-e" "SOURCE_DIR=/opt/rustwide/workdir" "-e" "CARGO_HOME=/opt/rustwide/cargo-home" "-e" "RUSTUP_HOME=/opt/rustwide/rustup-home" "-e" "CARGO_TARGET_DIR=/opt/rustwide/target" "-e" "CARGO_INCREMENTAL=0" "-e" "RUST_BACKTRACE=full" "-e" "RUSTFLAGS=--cap-lints=forbid" "-e" "RUSTDOCFLAGS=--cap-lints=forbid" "-w" "/opt/rustwide/workdir" "--user" "0:0" "3428ee45809a1d2745a1f9de12c4537ca58769e9d94c199a43c8d3e153a17243" "/opt/rustwide/cargo-home/bin/cargo" "+018018e881e2db0956f229dbb543e21f058d1ce7" "check" "--frozen" "--all" "--all-targets" "--message-format=json", kill_on_drop: false }`
[INFO] [stderr]    Compiling syn v2.0.48
[INFO] [stderr]    Compiling libc v0.2.152
[INFO] [stderr]    Compiling serde v1.0.195
[INFO] [stderr]    Compiling ahash v0.8.7
[INFO] [stderr]    Compiling openssl v0.10.63
[INFO] [stderr]     Checking smallvec v1.13.1
[INFO] [stderr]    Compiling native-tls v0.2.11
[INFO] [stderr]    Compiling num-traits v0.2.17
[INFO] [stderr]     Checking memchr v2.7.1
[INFO] [stderr]     Checking getrandom v0.2.12
[INFO] [stderr]     Checking mio v0.8.10
[INFO] [stderr]     Checking signal-hook-registry v1.4.1
[INFO] [stderr]     Checking num_cpus v1.16.0
[INFO] [stderr]     Checking socket2 v0.5.5
[INFO] [stderr]    Compiling serde_json v1.0.111
[INFO] [stderr]    Compiling bitflags v2.4.2
[INFO] [stderr]    Compiling pin-project-lite v0.2.13
[INFO] [stderr]    Compiling lock_api v0.4.11
[INFO] [stderr]     Checking openssl-probe v0.1.5
[INFO] [stderr]     Checking unicode-normalization v0.1.22
[INFO] [stderr]    Compiling allocator-api2 v0.2.16
[INFO] [stderr]     Checking http v0.2.11
[INFO] [stderr]    Compiling slab v0.4.9
[INFO] [stderr]    Compiling log v0.4.20
[INFO] [stderr]    Compiling bytes v1.5.0
[INFO] [stderr]    Compiling futures-util v0.3.30
[INFO] [stderr]     Checking parking_lot_core v0.9.9
[INFO] [stderr]     Checking hashbrown v0.14.3
[INFO] [stderr]    Compiling nom v7.1.3
[INFO] [stderr]    Compiling itoa v1.0.10
[INFO] [stderr]    Compiling rustix v0.38.30
[INFO] [stderr]    Compiling ryu v1.0.16
[INFO] [stderr]    Compiling iana-time-zone v0.1.59
[INFO] [stderr]    Compiling crc v3.0.1
[INFO] [stderr]     Checking parking_lot v0.12.1
[INFO] [stderr]    Compiling spin v0.9.8
[INFO] [stderr]     Checking idna v0.5.0
[INFO] [stderr]    Compiling flume v0.11.0
[INFO] [stderr]    Compiling fastrand v2.0.1
[INFO] [stderr]    Compiling unicode-segmentation v1.10.1
[INFO] [stderr]     Checking http-body v0.4.6
[INFO] [stderr]     Checking indexmap v2.1.0
[INFO] [stderr]     Checking url v2.5.0
[INFO] [stderr]     Checking hashlink v0.8.4
[INFO] [stderr]     Checking futures-intrusive v0.5.0
[INFO] [stderr]    Compiling syn v1.0.109
[INFO] [stderr]    Compiling atoi v2.0.0
[INFO] [stderr]    Compiling chrono v0.4.33
[INFO] [stderr]    Compiling heck v0.4.1
[INFO] [stderr]     Checking encoding_rs v0.8.33
[INFO] [stderr]     Checking ipnet v2.9.0
[INFO] [stderr]     Checking rand_core v0.6.4
[INFO] [stderr]     Checking strsim v0.11.0
[INFO] [stderr]     Checking rand_chacha v0.3.1
[INFO] [stderr]     Checking rand v0.8.5
[INFO] [stderr]    Compiling cc v1.0.83
[INFO] [stderr]    Compiling nix v0.27.1
[INFO] [stderr]    Compiling tokio v1.35.1
[INFO] [stderr]    Compiling openssl-sys v0.9.99
[INFO] [stderr]    Compiling libsqlite3-sys v0.27.0
[INFO] [stderr]    Compiling tempfile v3.9.0
[INFO] [stderr]    Compiling atomic-write-file v0.1.2
[INFO] [stderr]    Compiling futures-executor v0.3.30
[INFO] [stderr]    Compiling serde_derive v1.0.195
[INFO] [stderr]    Compiling openssl-macros v0.1.1
[INFO] [stderr]    Compiling tracing-attributes v0.1.27
[INFO] [stderr]    Compiling tokio-macros v2.2.0
[INFO] [stderr]    Compiling futures-macro v0.3.30
[INFO] [stderr]    Compiling thiserror-impl v1.0.56
[INFO] [stderr]    Compiling thiserror v1.0.56
[INFO] [stderr]     Checking tracing v0.1.40
[INFO] [stderr]    Compiling tokio-stream v0.1.14
[INFO] [stderr]     Checking futures v0.3.30
[INFO] [stderr]     Checking either v1.9.0
[INFO] [stderr]     Checking serde_urlencoded v0.7.1
[INFO] [stderr]     Checking tokio-util v0.7.10
[INFO] [stderr]     Checking tokio-native-tls v0.3.1
[INFO] [stderr]    Compiling itertools v0.12.0
[INFO] [stderr]     Checking h2 v0.3.24
[INFO] [stderr]    Compiling sqlformat v0.2.3
[INFO] [stderr]     Checking hyper v0.14.28
[INFO] [stderr]    Compiling sqlx-core v0.7.3
[INFO] [stderr]     Checking hyper-tls v0.5.0
[INFO] [stderr]     Checking reqwest v0.11.23
[INFO] [stderr]     Checking sqlx-sqlite v0.7.3
[INFO] [stderr]     Checking dictionary v0.1.0 (/opt/rustwide/workdir/crates/dictionary)
[INFO] [stderr]    Compiling sqlx-macros-core v0.7.3
[INFO] [stderr]    Compiling sqlx-macros v0.7.3
[INFO] [stderr]     Checking sqlx v0.7.3
[INFO] [stderr]     Checking rich-vocabulary v0.1.0 (/opt/rustwide/workdir/rich-vocabulary)
[INFO] [stdout] error: set `DATABASE_URL` to use query macros online, or run `cargo sqlx prepare` to update the query cache
[INFO] [stdout]   --> rich-vocabulary/src/storage.rs:31:9
[INFO] [stdout]    |
[INFO] [stdout] 31 |         query!("INSERT INTO words(word, score) VALUES(?, ?)", word, 500)
[INFO] [stdout]    |         ^^^^^^^^^^^^^^^^^^^^^^^^^^^^^^^^^^^^^^^^^^^^^^^^^^^^^^^^^^^^^^^^
[INFO] [stdout]    |
[INFO] [stdout]    = note: this error originates in the macro `$crate::sqlx_macros::expand_query` which comes from the expansion of the macro `query` (in Nightly builds, run with -Z macro-backtrace for more info)
[INFO] [stdout] 
[INFO] [stdout] 
[INFO] [stdout] error: set `DATABASE_URL` to use query macros online, or run `cargo sqlx prepare` to update the query cache
[INFO] [stdout]   --> rich-vocabulary/src/storage.rs:55:9
[INFO] [stdout]    |
[INFO] [stdout] 55 | /         query!(
[INFO] [stdout] 56 | |             "UPDATE words SET last_quizzed = CURRENT_TIMESTAMP WHERE uid = ?",
[INFO] [stdout] 57 | |             uid
[INFO] [stdout] 58 | |         )
[INFO] [stdout]    | |_________^
[INFO] [stdout]    |
[INFO] [stdout]    = note: this error originates in the macro `$crate::sqlx_macros::expand_query` which comes from the expansion of the macro `query` (in Nightly builds, run with -Z macro-backtrace for more info)
[INFO] [stdout] 
[INFO] [stdout] 
[INFO] [stdout] error: set `DATABASE_URL` to use query macros online, or run `cargo sqlx prepare` to update the query cache
[INFO] [stdout]   --> rich-vocabulary/src/storage.rs:66:22
[INFO] [stdout]    |
[INFO] [stdout] 66 |         let result = query!("DELETE FROM words WHERE word = ?", word).execute(&self.pool);
[INFO] [stdout]    |                      ^^^^^^^^^^^^^^^^^^^^^^^^^^^^^^^^^^^^^^^^^^^^^^^^
[INFO] [stdout]    |
[INFO] [stdout]    = note: this error originates in the macro `$crate::sqlx_macros::expand_query` which comes from the expansion of the macro `query` (in Nightly builds, run with -Z macro-backtrace for more info)
[INFO] [stdout] 
[INFO] [stdout] 
[INFO] [stdout] error: set `DATABASE_URL` to use query macros online, or run `cargo sqlx prepare` to update the query cache
[INFO] [stdout]   --> rich-vocabulary/src/storage.rs:89:22
[INFO] [stdout]    |
[INFO] [stdout] 89 |           let result = query!(
[INFO] [stdout]    |  ______________________^
[INFO] [stdout] 90 | |             "UPDATE words SET score = score + ? WHERE word = ?",
[INFO] [stdout] 91 | |             additional_score,
[INFO] [stdout] 92 | |             word
[INFO] [stdout] 93 | |         )
[INFO] [stdout]    | |_________^
[INFO] [stdout]    |
[INFO] [stdout]    = note: this error originates in the macro `$crate::sqlx_macros::expand_query` which comes from the expansion of the macro `query` (in Nightly builds, run with -Z macro-backtrace for more info)
[INFO] [stdout] 
[INFO] [stdout] 
[INFO] [stdout] error: set `DATABASE_URL` to use query macros online, or run `cargo sqlx prepare` to update the query cache
[INFO] [stdout]    --> rich-vocabulary/src/storage.rs:102:22
[INFO] [stdout]     |
[INFO] [stdout] 102 |           let result = query!(
[INFO] [stdout]     |  ______________________^
[INFO] [stdout] 103 | |             "UPDATE words SET score = MIN(ROUND(score * ? + ?), 1000) WHERE uid = ?",
[INFO] [stdout] 104 | |             modifier,
[INFO] [stdout] 105 | |             round_weight,
[INFO] [stdout] 106 | |             uid
[INFO] [stdout] 107 | |         )
[INFO] [stdout]     | |_________^
[INFO] [stdout]     |
[INFO] [stdout]     = note: this error originates in the macro `$crate::sqlx_macros::expand_query` which comes from the expansion of the macro `query` (in Nightly builds, run with -Z macro-backtrace for more info)
[INFO] [stdout] 
[INFO] [stdout] 
[INFO] [stdout] error: set `DATABASE_URL` to use query macros online, or run `cargo sqlx prepare` to update the query cache
[INFO] [stdout]    --> rich-vocabulary/src/storage.rs:114:9
[INFO] [stdout]     |
[INFO] [stdout] 114 |         query_as!(WordEntry, "SELECT * FROM words WHERE word = ?", word).fetch_optional(&self.pool).await
[INFO] [stdout]     |         ^^^^^^^^^^^^^^^^^^^^^^^^^^^^^^^^^^^^^^^^^^^^^^^^^^^^^^^^^^^^^^^^
[INFO] [stdout]     |
[INFO] [stdout]     = note: this error originates in the macro `$crate::sqlx_macros::expand_query` which comes from the expansion of the macro `query_as` (in Nightly builds, run with -Z macro-backtrace for more info)
[INFO] [stdout] 
[INFO] [stdout] 
[INFO] [stdout] error: set `DATABASE_URL` to use query macros online, or run `cargo sqlx prepare` to update the query cache
[INFO] [stdout]   --> rich-vocabulary/src/storage.rs:31:9
[INFO] [stdout]    |
[INFO] [stdout] 31 |         query!("INSERT INTO words(word, score) VALUES(?, ?)", word, 500)
[INFO] [stdout]    |         ^^^^^^^^^^^^^^^^^^^^^^^^^^^^^^^^^^^^^^^^^^^^^^^^^^^^^^^^^^^^^^^^
[INFO] [stdout]    |
[INFO] [stdout]    = note: this error originates in the macro `$crate::sqlx_macros::expand_query` which comes from the expansion of the macro `query` (in Nightly builds, run with -Z macro-backtrace for more info)
[INFO] [stdout] 
[INFO] [stdout] 
[INFO] [stdout] error: set `DATABASE_URL` to use query macros online, or run `cargo sqlx prepare` to update the query cache
[INFO] [stdout]   --> rich-vocabulary/src/storage.rs:55:9
[INFO] [stdout]    |
[INFO] [stdout] 55 | /         query!(
[INFO] [stdout] 56 | |             "UPDATE words SET last_quizzed = CURRENT_TIMESTAMP WHERE uid = ?",
[INFO] [stdout] 57 | |             uid
[INFO] [stdout] 58 | |         )
[INFO] [stdout]    | |_________^
[INFO] [stdout]    |
[INFO] [stdout]    = note: this error originates in the macro `$crate::sqlx_macros::expand_query` which comes from the expansion of the macro `query` (in Nightly builds, run with -Z macro-backtrace for more info)
[INFO] [stdout] 
[INFO] [stdout] 
[INFO] [stdout] error: set `DATABASE_URL` to use query macros online, or run `cargo sqlx prepare` to update the query cache
[INFO] [stdout]   --> rich-vocabulary/src/storage.rs:66:22
[INFO] [stdout]    |
[INFO] [stdout] 66 |         let result = query!("DELETE FROM words WHERE word = ?", word).execute(&self.pool);
[INFO] [stdout]    |                      ^^^^^^^^^^^^^^^^^^^^^^^^^^^^^^^^^^^^^^^^^^^^^^^^
[INFO] [stdout]    |
[INFO] [stdout]    = note: this error originates in the macro `$crate::sqlx_macros::expand_query` which comes from the expansion of the macro `query` (in Nightly builds, run with -Z macro-backtrace for more info)
[INFO] [stdout] 
[INFO] [stdout] 
[INFO] [stdout] error: set `DATABASE_URL` to use query macros online, or run `cargo sqlx prepare` to update the query cache
[INFO] [stdout]   --> rich-vocabulary/src/storage.rs:89:22
[INFO] [stdout]    |
[INFO] [stdout] 89 |           let result = query!(
[INFO] [stdout]    |  ______________________^
[INFO] [stdout] 90 | |             "UPDATE words SET score = score + ? WHERE word = ?",
[INFO] [stdout] 91 | |             additional_score,
[INFO] [stdout] 92 | |             word
[INFO] [stdout] 93 | |         )
[INFO] [stdout]    | |_________^
[INFO] [stdout]    |
[INFO] [stdout]    = note: this error originates in the macro `$crate::sqlx_macros::expand_query` which comes from the expansion of the macro `query` (in Nightly builds, run with -Z macro-backtrace for more info)
[INFO] [stdout] 
[INFO] [stdout] 
[INFO] [stdout] error: set `DATABASE_URL` to use query macros online, or run `cargo sqlx prepare` to update the query cache
[INFO] [stdout]    --> rich-vocabulary/src/storage.rs:102:22
[INFO] [stdout]     |
[INFO] [stdout] 102 |           let result = query!(
[INFO] [stdout]     |  ______________________^
[INFO] [stdout] 103 | |             "UPDATE words SET score = MIN(ROUND(score * ? + ?), 1000) WHERE uid = ?",
[INFO] [stdout] 104 | |             modifier,
[INFO] [stdout] 105 | |             round_weight,
[INFO] [stdout] 106 | |             uid
[INFO] [stdout] 107 | |         )
[INFO] [stdout]     | |_________^
[INFO] [stdout]     |
[INFO] [stdout]     = note: this error originates in the macro `$crate::sqlx_macros::expand_query` which comes from the expansion of the macro `query` (in Nightly builds, run with -Z macro-backtrace for more info)
[INFO] [stdout] 
[INFO] [stdout] 
[INFO] [stdout] error: set `DATABASE_URL` to use query macros online, or run `cargo sqlx prepare` to update the query cache
[INFO] [stdout]    --> rich-vocabulary/src/storage.rs:114:9
[INFO] [stdout]     |
[INFO] [stdout] 114 |         query_as!(WordEntry, "SELECT * FROM words WHERE word = ?", word).fetch_optional(&self.pool).await
[INFO] [stdout]     |         ^^^^^^^^^^^^^^^^^^^^^^^^^^^^^^^^^^^^^^^^^^^^^^^^^^^^^^^^^^^^^^^^
[INFO] [stdout]     |
[INFO] [stdout]     = note: this error originates in the macro `$crate::sqlx_macros::expand_query` which comes from the expansion of the macro `query_as` (in Nightly builds, run with -Z macro-backtrace for more info)
[INFO] [stdout] 
[INFO] [stdout] 
[INFO] [stdout] warning: method call on a diverging inference variable
[INFO] [stdout]   --> rich-vocabulary/src/storage.rs:68:27
[INFO] [stdout]    |
[INFO] [stdout] 68 |         Ok(modified_count.rows_affected() > 0)
[INFO] [stdout]    |                           ^^^^^^^^^^^^^
[INFO] [stdout]    |
[INFO] [stdout]    = help: consider providing a type annotation
[INFO] [stdout]    = warning: this was previously accepted by the compiler but is being phased out; it will become a hard error in a future release!
[INFO] [stdout]    = note: for more information, see issue #156047 <https://github.com/rust-lang/rust/issues/156047>
[INFO] [stdout]    = note: `#[warn(method_call_on_diverging_infer_var)]` (part of `#[warn(future_incompatible)]`) on by default
[INFO] [stdout] 
[INFO] [stdout] 
[INFO] [stdout] warning: method call on a diverging inference variable
[INFO] [stdout]   --> rich-vocabulary/src/storage.rs:68:27
[INFO] [stdout]    |
[INFO] [stdout] 68 |         Ok(modified_count.rows_affected() > 0)
[INFO] [stdout]    |                           ^^^^^^^^^^^^^
[INFO] [stdout]    |
[INFO] [stdout]    = help: consider providing a type annotation
[INFO] [stdout]    = warning: this was previously accepted by the compiler but is being phased out; it will become a hard error in a future release!
[INFO] [stdout]    = note: for more information, see issue #156047 <https://github.com/rust-lang/rust/issues/156047>
[INFO] [stdout]    = note: `#[warn(method_call_on_diverging_infer_var)]` (part of `#[warn(future_incompatible)]`) on by default
[INFO] [stdout] 
[INFO] [stdout] 
[INFO] [stdout] error[E0599]: no method named `rows_affected` found for type `_` in the current scope
[INFO] [stdout]   --> rich-vocabulary/src/storage.rs:68:27
[INFO] [stdout]    |
[INFO] [stdout] 68 |         Ok(modified_count.rows_affected() > 0)
[INFO] [stdout]    |                           ^^^^^^^^^^^^^ method not found in `_`
[INFO] [stdout] 
[INFO] [stdout] 
[INFO] [stdout] warning: method call on a diverging inference variable
[INFO] [stdout]   --> rich-vocabulary/src/storage.rs:96:27
[INFO] [stdout]    |
[INFO] [stdout] 96 |         Ok(modified_count.rows_affected() > 0)
[INFO] [stdout]    |                           ^^^^^^^^^^^^^
[INFO] [stdout]    |
[INFO] [stdout]    = help: consider providing a type annotation
[INFO] [stdout]    = warning: this was previously accepted by the compiler but is being phased out; it will become a hard error in a future release!
[INFO] [stdout]    = note: for more information, see issue #156047 <https://github.com/rust-lang/rust/issues/156047>
[INFO] [stdout] 
[INFO] [stdout] 
[INFO] [stdout] error[E0599]: no method named `rows_affected` found for type `_` in the current scope
[INFO] [stdout]   --> rich-vocabulary/src/storage.rs:96:27
[INFO] [stdout]    |
[INFO] [stdout] 96 |         Ok(modified_count.rows_affected() > 0)
[INFO] [stdout]    |                           ^^^^^^^^^^^^^ method not found in `_`
[INFO] [stdout] 
[INFO] [stdout] 
[INFO] [stdout] error[E0599]: no method named `rows_affected` found for type `_` in the current scope
[INFO] [stdout]   --> rich-vocabulary/src/storage.rs:68:27
[INFO] [stdout]    |
[INFO] [stdout] 68 |         Ok(modified_count.rows_affected() > 0)
[INFO] [stdout]    |                           ^^^^^^^^^^^^^ method not found in `_`
[INFO] [stdout] 
[INFO] [stdout] 
[INFO] [stdout] warning: method call on a diverging inference variable
[INFO] [stdout]    --> rich-vocabulary/src/storage.rs:110:27
[INFO] [stdout]     |
[INFO] [stdout] 110 |         Ok(modified_count.rows_affected() > 0)
[INFO] [stdout]     |                           ^^^^^^^^^^^^^
[INFO] [stdout]     |
[INFO] [stdout]     = help: consider providing a type annotation
[INFO] [stdout]     = warning: this was previously accepted by the compiler but is being phased out; it will become a hard error in a future release!
[INFO] [stdout]     = note: for more information, see issue #156047 <https://github.com/rust-lang/rust/issues/156047>
[INFO] [stdout] 
[INFO] [stdout] 
[INFO] [stdout] error[E0599]: no method named `rows_affected` found for type `_` in the current scope
[INFO] [stdout]    --> rich-vocabulary/src/storage.rs:110:27
[INFO] [stdout]     |
[INFO] [stdout] 110 |         Ok(modified_count.rows_affected() > 0)
[INFO] [stdout]     |                           ^^^^^^^^^^^^^ method not found in `_`
[INFO] [stdout] 
[INFO] [stdout] 
[INFO] [stdout] warning: method call on a diverging inference variable
[INFO] [stdout]   --> rich-vocabulary/src/storage.rs:96:27
[INFO] [stdout]    |
[INFO] [stdout] 96 |         Ok(modified_count.rows_affected() > 0)
[INFO] [stdout]    |                           ^^^^^^^^^^^^^
[INFO] [stdout]    |
[INFO] [stdout]    = help: consider providing a type annotation
[INFO] [stdout]    = warning: this was previously accepted by the compiler but is being phased out; it will become a hard error in a future release!
[INFO] [stdout]    = note: for more information, see issue #156047 <https://github.com/rust-lang/rust/issues/156047>
[INFO] [stdout] 
[INFO] [stdout] 
[INFO] [stdout] error[E0599]: no method named `rows_affected` found for type `_` in the current scope
[INFO] [stdout]   --> rich-vocabulary/src/storage.rs:96:27
[INFO] [stdout]    |
[INFO] [stdout] 96 |         Ok(modified_count.rows_affected() > 0)
[INFO] [stdout]    |                           ^^^^^^^^^^^^^ method not found in `_`
[INFO] [stdout] 
[INFO] [stdout] 
[INFO] [stdout] warning: method call on a diverging inference variable
[INFO] [stdout]    --> rich-vocabulary/src/storage.rs:110:27
[INFO] [stdout]     |
[INFO] [stdout] 110 |         Ok(modified_count.rows_affected() > 0)
[INFO] [stdout]     |                           ^^^^^^^^^^^^^
[INFO] [stdout]     |
[INFO] [stdout]     = help: consider providing a type annotation
[INFO] [stdout]     = warning: this was previously accepted by the compiler but is being phased out; it will become a hard error in a future release!
[INFO] [stdout]     = note: for more information, see issue #156047 <https://github.com/rust-lang/rust/issues/156047>
[INFO] [stdout] 
[INFO] [stdout] 
[INFO] [stdout] error[E0599]: no method named `rows_affected` found for type `_` in the current scope
[INFO] [stdout]    --> rich-vocabulary/src/storage.rs:110:27
[INFO] [stdout]     |
[INFO] [stdout] 110 |         Ok(modified_count.rows_affected() > 0)
[INFO] [stdout]     |                           ^^^^^^^^^^^^^ method not found in `_`
[INFO] [stdout] 
[INFO] [stdout] 
[INFO] [stdout] For more information about this error, try `rustc --explain E0599`.
[INFO] [stdout] 
[INFO] [stderr] error: could not compile `rich-vocabulary` (bin "rich-vocabulary" test) due to 9 previous errors; 6 warnings emitted
[INFO] [stderr] warning: build failed, waiting for other jobs to finish...
[INFO] [stdout] For more information about this error, try `rustc --explain E0599`.
[INFO] [stdout] 
[INFO] [stderr] error: could not compile `rich-vocabulary` (bin "rich-vocabulary") due to 9 previous errors; 6 warnings emitted
[INFO] [stderr] warning: unused dependency `futures`
[INFO] [stderr]   --> rich-vocabulary/Cargo.toml:13:1
[INFO] [stderr]    |
[INFO] [stderr] 13 | futures = "0.3.30"
[INFO] [stderr]    | ^^^^^^^^^^^^^^^^^^
[INFO] [stderr]    |
[INFO] [stderr]    = note: `cargo::unused_dependencies` is set to `warn` by default
[INFO] [stderr] help: consider removing the dependency on `futures`
[INFO] [stderr] warning: `rich-vocabulary` (manifest) generated 1 warning
[INFO] running `Command { std: "docker" "inspect" "3428ee45809a1d2745a1f9de12c4537ca58769e9d94c199a43c8d3e153a17243", kill_on_drop: false }`
[INFO] running `Command { std: "docker" "rm" "-f" "3428ee45809a1d2745a1f9de12c4537ca58769e9d94c199a43c8d3e153a17243", kill_on_drop: false }`
[INFO] [stdout] 3428ee45809a1d2745a1f9de12c4537ca58769e9d94c199a43c8d3e153a17243
