[INFO] cloning repository https://github.com/Hokkaydo/presenterd
[INFO] running `Command { std: "git" "-c" "credential.helper=" "-c" "credential.helper=/workspace/cargo-home/bin/git-credential-null" "clone" "--bare" "https://github.com/Hokkaydo/presenterd" "/workspace/cache/git-repos/https%3A%2F%2Fgithub.com%2FHokkaydo%2Fpresenterd", kill_on_drop: false }`
[INFO] [stderr] Cloning into bare repository '/workspace/cache/git-repos/https%3A%2F%2Fgithub.com%2FHokkaydo%2Fpresenterd'...
[INFO] running `Command { std: "git" "rev-parse" "HEAD", kill_on_drop: false }`
[INFO] [stdout] 0b8b7ef9302b831c325406178e416a8ca98eb511
[INFO] checking Hokkaydo/presenterd/0b8b7ef9302b831c325406178e416a8ca98eb511 against 018018e881e2db0956f229dbb543e21f058d1ce7 for pr-162597
[INFO] running `Command { std: "git" "clone" "/workspace/cache/git-repos/https%3A%2F%2Fgithub.com%2FHokkaydo%2Fpresenterd" "/workspace/builds/worker-1-tc1/source", kill_on_drop: false }`
[INFO] [stderr] Cloning into '/workspace/builds/worker-1-tc1/source'...
[INFO] [stderr] done.
[INFO] started tweaking git repo https://github.com/Hokkaydo/presenterd
[INFO] finished tweaking git repo https://github.com/Hokkaydo/presenterd
[INFO] tweaked toml for git repo https://github.com/Hokkaydo/presenterd written to /workspace/builds/worker-1-tc1/source/Cargo.toml
[INFO] validating manifest of git repo https://github.com/Hokkaydo/presenterd on toolchain 018018e881e2db0956f229dbb543e21f058d1ce7
[INFO] running `Command { std: CARGO_HOME="/workspace/cargo-home" RUSTUP_HOME="/workspace/rustup-home" "/workspace/cargo-home/bin/cargo" "+018018e881e2db0956f229dbb543e21f058d1ce7" "metadata" "--manifest-path" "Cargo.toml" "--no-deps", kill_on_drop: false }`
[INFO] crate git repo https://github.com/Hokkaydo/presenterd already has a lockfile, it will not be regenerated
[INFO] running `Command { std: CARGO_HOME="/workspace/cargo-home" RUSTUP_HOME="/workspace/rustup-home" "/workspace/cargo-home/bin/cargo" "+018018e881e2db0956f229dbb543e21f058d1ce7" "fetch" "--manifest-path" "Cargo.toml", kill_on_drop: false }`
[INFO] [stderr]     Updating crates.io index
[INFO] [stderr]  Downloading crates ...
[INFO] [stderr]   Downloaded uuid v1.16.0
[INFO] [stderr]   Downloaded r-efi v5.2.0
[INFO] [stderr]   Downloaded futures-io v0.3.31
[INFO] [stderr]   Downloaded colorchoice v1.0.3
[INFO] [stderr]   Downloaded anstyle-wincon v3.0.7
[INFO] [stderr]   Downloaded gethostname v0.4.3
[INFO] [stderr]   Downloaded macaddr v1.0.1
[INFO] [stderr]   Downloaded custom_debug v0.6.2
[INFO] [stderr]   Downloaded custom_debug_derive v0.6.2
[INFO] [stderr]   Downloaded anstyle-query v1.1.2
[INFO] [stderr]   Downloaded errno v0.3.12
[INFO] [stderr]   Downloaded windows-interface v0.59.1
[INFO] [stderr]   Downloaded futures-macro v0.3.31
[INFO] [stderr]   Downloaded anstyle v1.0.10
[INFO] [stderr]   Downloaded windows-implement v0.60.0
[INFO] [stderr]   Downloaded env_filter v0.1.3
[INFO] [stderr]   Downloaded xkbcommon v0.8.0
[INFO] [stderr]   Downloaded futures-executor v0.3.31
[INFO] [stderr]   Downloaded env_logger v0.11.8
[INFO] [stderr]   Downloaded dbus-tokio v0.7.6
[INFO] [stderr]   Downloaded adler2 v2.0.0
[INFO] [stderr]   Downloaded anstream v0.6.18
[INFO] [stderr]   Downloaded rustversion v1.0.20
[INFO] [stderr]   Downloaded anstyle-parse v0.2.6
[INFO] [stderr]   Downloaded memmap2 v0.9.5
[INFO] [stderr]   Downloaded core-graphics v0.25.0
[INFO] [stderr]   Downloaded dbus-crossroads v0.5.2
[INFO] [stderr]   Downloaded autocfg v1.4.0
[INFO] [stderr]   Downloaded futures v0.3.31
[INFO] [stderr]   Downloaded dispatch2 v0.3.0
[INFO] [stderr]   Downloaded socket2 v0.5.9
[INFO] [stderr]   Downloaded miniz_oxide v0.8.8
[INFO] [stderr]   Downloaded jiff-static v0.2.13
[INFO] [stderr]   Downloaded mio v1.0.3
[INFO] [stderr]   Downloaded enigo v0.5.0
[INFO] [stderr]   Downloaded dbus v0.9.7
[INFO] [stderr]   Downloaded objc2-core-foundation v0.3.1
[INFO] [stderr]   Downloaded bluer v0.17.3
[INFO] [stderr]   Downloaded portable-atomic v1.11.0
[INFO] [stderr]   Downloaded x11rb v0.13.1
[INFO] [stderr]   Downloaded syn v2.0.101
[INFO] [stderr]   Downloaded objc2 v0.6.1
[INFO] [stderr]   Downloaded objc2-foundation v0.3.1
[INFO] [stderr]   Downloaded x11rb-protocol v0.13.1
[INFO] [stderr]   Downloaded objc2-app-kit v0.3.1
[INFO] [stderr]   Downloaded jiff v0.2.13
[INFO] [stderr]   Downloaded libc v0.2.172
[INFO] [stderr]   Downloaded tokio v1.45.0
[INFO] [stderr]   Downloaded libdbus-sys v0.2.5
[INFO] [stderr]   Downloaded windows v0.52.0
[INFO] running `Command { std: "docker" "create" "-v" "/var/lib/crater-agent-workspace/builds/worker-1-tc1/source:/opt/rustwide/workdir:ro,Z" "-v" "/var/lib/crater-agent-workspace/builds/worker-1-tc1/target:/opt/rustwide/target:rw,Z" "-v" "/var/lib/crater-agent-workspace/cargo-home:/opt/rustwide/cargo-home:ro,Z" "-v" "/var/lib/crater-agent-workspace/rustup-home:/opt/rustwide/rustup-home:ro,Z" "-m" "1610612736" "--network" "none" "ghcr.io/rust-lang/crates-build-env/linux@sha256:8683fc1fc2eb5c9ac98e0d076ab094b2ffac7f99da555d2b6a2e27f346de2ec7" "sleep" "infinity", kill_on_drop: false }`
[INFO] [stdout] 39604b46b040e4d0debe057e52251f5fb0126e7166cb94e7da1c8705baaeb023
[INFO] running `Command { std: "docker" "start" "39604b46b040e4d0debe057e52251f5fb0126e7166cb94e7da1c8705baaeb023", kill_on_drop: false }`
[INFO] running `Command { std: "docker" "inspect" "39604b46b040e4d0debe057e52251f5fb0126e7166cb94e7da1c8705baaeb023", kill_on_drop: false }`
[INFO] running `Command { std: "docker" "exec" "-e" "SOURCE_DIR=/opt/rustwide/workdir" "-e" "CARGO_HOME=/opt/rustwide/cargo-home" "-e" "RUSTUP_HOME=/opt/rustwide/rustup-home" "-e" "CARGO_TARGET_DIR=/opt/rustwide/target" "-w" "/opt/rustwide/workdir" "--user" "0:0" "39604b46b040e4d0debe057e52251f5fb0126e7166cb94e7da1c8705baaeb023" "/opt/rustwide/cargo-home/bin/cargo" "+018018e881e2db0956f229dbb543e21f058d1ce7" "metadata" "--no-deps" "--format-version=1", kill_on_drop: false }`
[INFO] running `Command { std: "docker" "inspect" "39604b46b040e4d0debe057e52251f5fb0126e7166cb94e7da1c8705baaeb023", kill_on_drop: false }`
[INFO] running `Command { std: "docker" "exec" "-e" "SOURCE_DIR=/opt/rustwide/workdir" "-e" "CARGO_HOME=/opt/rustwide/cargo-home" "-e" "RUSTUP_HOME=/opt/rustwide/rustup-home" "-e" "CARGO_TARGET_DIR=/opt/rustwide/target" "-e" "CARGO_INCREMENTAL=0" "-e" "RUST_BACKTRACE=full" "-e" "RUSTFLAGS=--cap-lints=forbid" "-e" "RUSTDOCFLAGS=--cap-lints=forbid" "-w" "/opt/rustwide/workdir" "--user" "0:0" "39604b46b040e4d0debe057e52251f5fb0126e7166cb94e7da1c8705baaeb023" "/opt/rustwide/cargo-home/bin/cargo" "+018018e881e2db0956f229dbb543e21f058d1ce7" "check" "--frozen" "--all" "--all-targets" "--message-format=json", kill_on_drop: false }`
[INFO] [stderr]    Compiling proc-macro2 v1.0.95
[INFO] [stderr]    Compiling unicode-ident v1.0.18
[INFO] [stderr]    Compiling libc v0.2.172
[INFO] [stderr]    Compiling autocfg v1.4.0
[INFO] [stderr]     Checking pin-project-lite v0.2.16
[INFO] [stderr]     Checking futures-core v0.3.31
[INFO] [stderr]     Checking futures-sink v0.3.31
[INFO] [stderr]     Checking futures-io v0.3.31
[INFO] [stderr]    Compiling pkg-config v0.3.32
[INFO] [stderr]     Checking futures-task v0.3.31
[INFO] [stderr]    Compiling serde v1.0.219
[INFO] [stderr]    Compiling fnv v1.0.7
[INFO] [stderr]     Checking futures-channel v0.3.31
[INFO] [stderr]    Compiling windows_x86_64_gnu v0.52.6
[INFO] [stderr]     Checking bitflags v2.9.1
[INFO] [stderr]    Compiling serde_json v1.0.140
[INFO] [stderr]    Compiling rustversion v1.0.20
[INFO] [stderr]     Checking aho-corasick v1.1.3
[INFO] [stderr]    Compiling memchr v2.7.4
[INFO] [stderr]    Compiling rustix v0.38.44
[INFO] [stderr]    Compiling getrandom v0.3.3
[INFO] [stderr]    Compiling slab v0.4.9
[INFO] [stderr]     Checking bytes v1.10.1
[INFO] [stderr]    Compiling libdbus-sys v0.2.5
[INFO] [stderr]    Compiling itoa v1.0.15
[INFO] [stderr]     Checking log v0.4.27
[INFO] [stderr]    Compiling cfg_aliases v0.2.1
[INFO] [stderr]     Checking regex-syntax v0.8.5
[INFO] [stderr]    Compiling ryu v1.0.20
[INFO] [stderr]    Compiling quote v1.0.40
[INFO] [stderr]    Compiling nix v0.29.0
[INFO] [stderr]    Compiling syn v2.0.101
[INFO] [stderr]    Compiling num-traits v0.2.19
[INFO] [stderr]     Checking linux-raw-sys v0.4.15
[INFO] [stderr]    Compiling uuid v1.16.0
[INFO] [stderr]     Checking utf8parse v0.2.2
[INFO] [stderr]     Checking anstyle-parse v0.2.6
[INFO] [stderr]     Checking windows-targets v0.52.6
[INFO] [stderr]     Checking colorchoice v1.0.3
[INFO] [stderr]     Checking is_terminal_polyfill v1.70.1
[INFO] [stderr]     Checking x11rb-protocol v0.13.1
[INFO] [stderr]     Checking xkeysym v0.2.1
[INFO] [stderr]     Checking anstyle v1.0.10
[INFO] [stderr]     Checking anstyle-query v1.1.2
[INFO] [stderr]     Checking anstream v0.6.18
[INFO] [stderr]     Checking mio v1.0.3
[INFO] [stderr]     Checking socket2 v0.5.9
[INFO] [stderr]     Checking regex-automata v0.4.9
[INFO] [stderr]     Checking memmap2 v0.9.5
[INFO] [stderr]     Checking xkbcommon v0.8.0
[INFO] [stderr]     Checking windows-core v0.52.0
[INFO] [stderr]     Checking nom v8.0.0
[INFO] [stderr]     Checking macaddr v1.0.1
[INFO] [stderr]     Checking hex v0.4.3
[INFO] [stderr]     Checking jiff v0.2.13
[INFO] [stderr]     Checking windows v0.52.0
[INFO] [stderr]     Checking regex v1.11.1
[INFO] [stderr]     Checking env_filter v0.1.3
[INFO] [stderr]    Compiling darling_core v0.20.11
[INFO] [stderr]    Compiling synstructure v0.13.2
[INFO] [stderr]    Compiling futures-macro v0.3.31
[INFO] [stderr]    Compiling serde_derive v1.0.219
[INFO] [stderr]    Compiling tokio-macros v2.5.0
[INFO] [stderr]    Compiling strum_macros v0.26.4
[INFO] [stderr]    Compiling pin-project-internal v1.1.10
[INFO] [stderr]     Checking tokio v1.45.0
[INFO] [stderr]     Checking futures-util v0.3.31
[INFO] [stderr]    Compiling num-derive v0.4.2
[INFO] [stderr]     Checking pin-project v1.1.10
[INFO] [stderr]    Compiling displaydoc v0.2.5
[INFO] [stderr]     Checking env_logger v0.11.8
[INFO] [stderr]     Checking strum v0.26.3
[INFO] [stderr]    Compiling darling_macro v0.20.11
[INFO] [stderr]    Compiling darling v0.20.11
[INFO] [stderr]    Compiling custom_debug_derive v0.6.2
[INFO] [stderr]     Checking custom_debug v0.6.2
[INFO] [stderr]     Checking dbus v0.9.7
[INFO] [stderr]     Checking futures-executor v0.3.31
[INFO] [stderr]     Checking futures v0.3.31
[INFO] [stderr]     Checking x11rb v0.13.1
[INFO] [stderr]     Checking tokio-stream v0.1.17
[INFO] [stderr]     Checking enigo v0.5.0
[INFO] [stderr]     Checking dbus-crossroads v0.5.2
[INFO] [stderr]     Checking dbus-tokio v0.7.6
[INFO] [stderr]    Compiling bluer v0.17.3
[INFO] [stdout] error[E0277]: the trait bound `!: ReadAll` is not satisfied
[INFO] [stdout]    --> /opt/rustwide/cargo-home/registry/src/index.crates.io-1949cf8c6b5b557f/bluer-0.17.3/src/adapter.rs:250:21
[INFO] [stdout]     |
[INFO] [stdout] 250 |                     self.call_method("SetDiscoveryFilter", (self.discovery_filter().await.into_dict(),)).await?;
[INFO] [stdout]     |                     ^^^^^^^^^^^^^^^^^^^^^^^^^^^^^^^^^^^^^^^^^^^^^^^^^^^^^^^^^^^^^^^^^^^^^^^^^^^^^^^^^^^^ the trait `ReadAll` is not implemented for `!`
[INFO] [stdout]     |
[INFO] [stdout]     = help: the following other types implement trait `ReadAll`:
[INFO] [stdout]               ()
[INFO] [stdout]               (A,)
[INFO] [stdout]               (A, B)
[INFO] [stdout]               (A, B, C)
[INFO] [stdout]               (A, B, C, D)
[INFO] [stdout]               (A, B, C, D, E)
[INFO] [stdout]               (A, B, C, D, E, F)
[INFO] [stdout]               (A, B, C, D, E, F, G)
[INFO] [stdout]             and 33 others
[INFO] [stdout]     = note: this error might have been caused by changes to Rust's type-inference algorithm (see issue #148922 <https://github.com/rust-lang/rust/issues/148922> for more information)
[INFO] [stdout]     = help: you might have intended to use the type `()` here instead
[INFO] [stdout] note: required by a bound in `adapter::Adapter::call_method`
[INFO] [stdout]    --> /opt/rustwide/cargo-home/registry/src/index.crates.io-1949cf8c6b5b557f/bluer-0.17.3/src/lib.rs:226:16
[INFO] [stdout]     |
[INFO] [stdout] 223 |         async fn call_method<A, R>(&self, name: &str, args: A) -> crate::Result<R>
[INFO] [stdout]     |                  ----------- required by a bound in this associated function
[INFO] [stdout] ...
[INFO] [stdout] 226 |             R: dbus::arg::ReadAll + std::fmt::Debug + 'static,
[INFO] [stdout]     |                ^^^^^^^^^^^^^^^^^^ required by this bound in `Adapter::call_method`
[INFO] [stdout]     |
[INFO] [stdout]    ::: /opt/rustwide/cargo-home/registry/src/index.crates.io-1949cf8c6b5b557f/bluer-0.17.3/src/adapter.rs:267:5
[INFO] [stdout]     |
[INFO] [stdout] 267 |     dbus_default_interface!(INTERFACE);
[INFO] [stdout]     |     ---------------------------------- in this macro invocation
[INFO] [stdout]     = note: this error originates in the macro `dbus_default_interface` (in Nightly builds, run with -Z macro-backtrace for more info)
[INFO] [stdout] 
[INFO] [stdout] 
[INFO] [stdout] error[E0277]: the trait bound `!: ReadAll` is not satisfied
[INFO] [stdout]    --> /opt/rustwide/cargo-home/registry/src/index.crates.io-1949cf8c6b5b557f/bluer-0.17.3/src/adapter.rs:250:26
[INFO] [stdout]     |
[INFO] [stdout] 250 |                     self.call_method("SetDiscoveryFilter", (self.discovery_filter().await.into_dict(),)).await?;
[INFO] [stdout]     |                          ^^^^^^^^^^^ the trait `ReadAll` is not implemented for `!`
[INFO] [stdout]     |
[INFO] [stdout]     = help: the following other types implement trait `ReadAll`:
[INFO] [stdout]               ()
[INFO] [stdout]               (A,)
[INFO] [stdout]               (A, B)
[INFO] [stdout]               (A, B, C)
[INFO] [stdout]               (A, B, C, D)
[INFO] [stdout]               (A, B, C, D, E)
[INFO] [stdout]               (A, B, C, D, E, F)
[INFO] [stdout]               (A, B, C, D, E, F, G)
[INFO] [stdout]             and 33 others
[INFO] [stdout]     = note: this error might have been caused by changes to Rust's type-inference algorithm (see issue #148922 <https://github.com/rust-lang/rust/issues/148922> for more information)
[INFO] [stdout]     = help: you might have intended to use the type `()` here instead
[INFO] [stdout] note: required by a bound in `adapter::Adapter::call_method`
[INFO] [stdout]    --> /opt/rustwide/cargo-home/registry/src/index.crates.io-1949cf8c6b5b557f/bluer-0.17.3/src/lib.rs:226:16
[INFO] [stdout]     |
[INFO] [stdout] 223 |         async fn call_method<A, R>(&self, name: &str, args: A) -> crate::Result<R>
[INFO] [stdout]     |                  ----------- required by a bound in this associated function
[INFO] [stdout] ...
[INFO] [stdout] 226 |             R: dbus::arg::ReadAll + std::fmt::Debug + 'static,
[INFO] [stdout]     |                ^^^^^^^^^^^^^^^^^^ required by this bound in `Adapter::call_method`
[INFO] [stdout]     |
[INFO] [stdout]    ::: /opt/rustwide/cargo-home/registry/src/index.crates.io-1949cf8c6b5b557f/bluer-0.17.3/src/adapter.rs:267:5
[INFO] [stdout]     |
[INFO] [stdout] 267 |     dbus_default_interface!(INTERFACE);
[INFO] [stdout]     |     ---------------------------------- in this macro invocation
[INFO] [stdout]     = note: this error originates in the macro `dbus_default_interface` (in Nightly builds, run with -Z macro-backtrace for more info)
[INFO] [stdout] 
[INFO] [stdout] 
[INFO] [stdout] error[E0277]: the trait bound `!: ReadAll` is not satisfied
[INFO] [stdout]    --> /opt/rustwide/cargo-home/registry/src/index.crates.io-1949cf8c6b5b557f/bluer-0.17.3/src/adapter.rs:251:21
[INFO] [stdout]     |
[INFO] [stdout] 251 |                     self.call_method("StartDiscovery", ()).await?;
[INFO] [stdout]     |                     ^^^^^^^^^^^^^^^^^^^^^^^^^^^^^^^^^^^^^^ the trait `ReadAll` is not implemented for `!`
[INFO] [stdout]     |
[INFO] [stdout]     = help: the following other types implement trait `ReadAll`:
[INFO] [stdout]               ()
[INFO] [stdout]               (A,)
[INFO] [stdout]               (A, B)
[INFO] [stdout]               (A, B, C)
[INFO] [stdout]               (A, B, C, D)
[INFO] [stdout]               (A, B, C, D, E)
[INFO] [stdout]               (A, B, C, D, E, F)
[INFO] [stdout]               (A, B, C, D, E, F, G)
[INFO] [stdout]             and 33 others
[INFO] [stdout]     = note: this error might have been caused by changes to Rust's type-inference algorithm (see issue #148922 <https://github.com/rust-lang/rust/issues/148922> for more information)
[INFO] [stdout]     = help: you might have intended to use the type `()` here instead
[INFO] [stdout] note: required by a bound in `adapter::Adapter::call_method`
[INFO] [stdout]    --> /opt/rustwide/cargo-home/registry/src/index.crates.io-1949cf8c6b5b557f/bluer-0.17.3/src/lib.rs:226:16
[INFO] [stdout]     |
[INFO] [stdout] 223 |         async fn call_method<A, R>(&self, name: &str, args: A) -> crate::Result<R>
[INFO] [stdout]     |                  ----------- required by a bound in this associated function
[INFO] [stdout] ...
[INFO] [stdout] 226 |             R: dbus::arg::ReadAll + std::fmt::Debug + 'static,
[INFO] [stdout]     |                ^^^^^^^^^^^^^^^^^^ required by this bound in `Adapter::call_method`
[INFO] [stdout]     |
[INFO] [stdout]    ::: /opt/rustwide/cargo-home/registry/src/index.crates.io-1949cf8c6b5b557f/bluer-0.17.3/src/adapter.rs:267:5
[INFO] [stdout]     |
[INFO] [stdout] 267 |     dbus_default_interface!(INTERFACE);
[INFO] [stdout]     |     ---------------------------------- in this macro invocation
[INFO] [stdout]     = note: this error originates in the macro `dbus_default_interface` (in Nightly builds, run with -Z macro-backtrace for more info)
[INFO] [stdout] 
[INFO] [stdout] 
[INFO] [stdout] error[E0277]: the trait bound `!: ReadAll` is not satisfied
[INFO] [stdout]    --> /opt/rustwide/cargo-home/registry/src/index.crates.io-1949cf8c6b5b557f/bluer-0.17.3/src/adapter.rs:251:26
[INFO] [stdout]     |
[INFO] [stdout] 251 |                     self.call_method("StartDiscovery", ()).await?;
[INFO] [stdout]     |                          ^^^^^^^^^^^ the trait `ReadAll` is not implemented for `!`
[INFO] [stdout]     |
[INFO] [stdout]     = help: the following other types implement trait `ReadAll`:
[INFO] [stdout]               ()
[INFO] [stdout]               (A,)
[INFO] [stdout]               (A, B)
[INFO] [stdout]               (A, B, C)
[INFO] [stdout]               (A, B, C, D)
[INFO] [stdout]               (A, B, C, D, E)
[INFO] [stdout]               (A, B, C, D, E, F)
[INFO] [stdout]               (A, B, C, D, E, F, G)
[INFO] [stdout]             and 33 others
[INFO] [stdout]     = note: this error might have been caused by changes to Rust's type-inference algorithm (see issue #148922 <https://github.com/rust-lang/rust/issues/148922> for more information)
[INFO] [stdout]     = help: you might have intended to use the type `()` here instead
[INFO] [stdout] note: required by a bound in `adapter::Adapter::call_method`
[INFO] [stdout]    --> /opt/rustwide/cargo-home/registry/src/index.crates.io-1949cf8c6b5b557f/bluer-0.17.3/src/lib.rs:226:16
[INFO] [stdout]     |
[INFO] [stdout] 223 |         async fn call_method<A, R>(&self, name: &str, args: A) -> crate::Result<R>
[INFO] [stdout]     |                  ----------- required by a bound in this associated function
[INFO] [stdout] ...
[INFO] [stdout] 226 |             R: dbus::arg::ReadAll + std::fmt::Debug + 'static,
[INFO] [stdout]     |                ^^^^^^^^^^^^^^^^^^ required by this bound in `Adapter::call_method`
[INFO] [stdout]     |
[INFO] [stdout]    ::: /opt/rustwide/cargo-home/registry/src/index.crates.io-1949cf8c6b5b557f/bluer-0.17.3/src/adapter.rs:267:5
[INFO] [stdout]     |
[INFO] [stdout] 267 |     dbus_default_interface!(INTERFACE);
[INFO] [stdout]     |     ---------------------------------- in this macro invocation
[INFO] [stdout]     = note: this error originates in the macro `dbus_default_interface` (in Nightly builds, run with -Z macro-backtrace for more info)
[INFO] [stdout] 
[INFO] [stdout] 
[INFO] [stdout] error[E0277]: the trait bound `!: ReadAll` is not satisfied
[INFO] [stdout]    --> /opt/rustwide/cargo-home/registry/src/index.crates.io-1949cf8c6b5b557f/bluer-0.17.3/src/adapter.rs:250:106
[INFO] [stdout]     |
[INFO] [stdout] 250 |                     self.call_method("SetDiscoveryFilter", (self.discovery_filter().await.into_dict(),)).await?;
[INFO] [stdout]     |                                                                                                          ^^^^^ the trait `ReadAll` is not implemented for `!`
[INFO] [stdout]     |
[INFO] [stdout]     = help: the following other types implement trait `ReadAll`:
[INFO] [stdout]               ()
[INFO] [stdout]               (A,)
[INFO] [stdout]               (A, B)
[INFO] [stdout]               (A, B, C)
[INFO] [stdout]               (A, B, C, D)
[INFO] [stdout]               (A, B, C, D, E)
[INFO] [stdout]               (A, B, C, D, E, F)
[INFO] [stdout]               (A, B, C, D, E, F, G)
[INFO] [stdout]             and 33 others
[INFO] [stdout]     = note: this error might have been caused by changes to Rust's type-inference algorithm (see issue #148922 <https://github.com/rust-lang/rust/issues/148922> for more information)
[INFO] [stdout]     = help: you might have intended to use the type `()` here instead
[INFO] [stdout] note: required by a bound in `adapter::Adapter::call_method`
[INFO] [stdout]    --> /opt/rustwide/cargo-home/registry/src/index.crates.io-1949cf8c6b5b557f/bluer-0.17.3/src/lib.rs:226:16
[INFO] [stdout]     |
[INFO] [stdout] 223 |         async fn call_method<A, R>(&self, name: &str, args: A) -> crate::Result<R>
[INFO] [stdout]     |                  ----------- required by a bound in this associated function
[INFO] [stdout] ...
[INFO] [stdout] 226 |             R: dbus::arg::ReadAll + std::fmt::Debug + 'static,
[INFO] [stdout]     |                ^^^^^^^^^^^^^^^^^^ required by this bound in `Adapter::call_method`
[INFO] [stdout]     |
[INFO] [stdout]    ::: /opt/rustwide/cargo-home/registry/src/index.crates.io-1949cf8c6b5b557f/bluer-0.17.3/src/adapter.rs:267:5
[INFO] [stdout]     |
[INFO] [stdout] 267 |     dbus_default_interface!(INTERFACE);
[INFO] [stdout]     |     ---------------------------------- in this macro invocation
[INFO] [stdout]     = note: this error originates in the macro `dbus_default_interface` (in Nightly builds, run with -Z macro-backtrace for more info)
[INFO] [stdout] 
[INFO] [stdout] 
[INFO] [stdout] error[E0277]: the trait bound `!: ReadAll` is not satisfied
[INFO] [stdout]    --> /opt/rustwide/cargo-home/registry/src/index.crates.io-1949cf8c6b5b557f/bluer-0.17.3/src/adapter.rs:251:60
[INFO] [stdout]     |
[INFO] [stdout] 251 |                     self.call_method("StartDiscovery", ()).await?;
[INFO] [stdout]     |                                                            ^^^^^ the trait `ReadAll` is not implemented for `!`
[INFO] [stdout]     |
[INFO] [stdout]     = help: the following other types implement trait `ReadAll`:
[INFO] [stdout]               ()
[INFO] [stdout]               (A,)
[INFO] [stdout]               (A, B)
[INFO] [stdout]               (A, B, C)
[INFO] [stdout]               (A, B, C, D)
[INFO] [stdout]               (A, B, C, D, E)
[INFO] [stdout]               (A, B, C, D, E, F)
[INFO] [stdout]               (A, B, C, D, E, F, G)
[INFO] [stdout]             and 33 others
[INFO] [stdout]     = note: this error might have been caused by changes to Rust's type-inference algorithm (see issue #148922 <https://github.com/rust-lang/rust/issues/148922> for more information)
[INFO] [stdout]     = help: you might have intended to use the type `()` here instead
[INFO] [stdout] note: required by a bound in `adapter::Adapter::call_method`
[INFO] [stdout]    --> /opt/rustwide/cargo-home/registry/src/index.crates.io-1949cf8c6b5b557f/bluer-0.17.3/src/lib.rs:226:16
[INFO] [stdout]     |
[INFO] [stdout] 223 |         async fn call_method<A, R>(&self, name: &str, args: A) -> crate::Result<R>
[INFO] [stdout]     |                  ----------- required by a bound in this associated function
[INFO] [stdout] ...
[INFO] [stdout] 226 |             R: dbus::arg::ReadAll + std::fmt::Debug + 'static,
[INFO] [stdout]     |                ^^^^^^^^^^^^^^^^^^ required by this bound in `Adapter::call_method`
[INFO] [stdout]     |
[INFO] [stdout]    ::: /opt/rustwide/cargo-home/registry/src/index.crates.io-1949cf8c6b5b557f/bluer-0.17.3/src/adapter.rs:267:5
[INFO] [stdout]     |
[INFO] [stdout] 267 |     dbus_default_interface!(INTERFACE);
[INFO] [stdout]     |     ---------------------------------- in this macro invocation
[INFO] [stdout]     = note: this error originates in the macro `dbus_default_interface` (in Nightly builds, run with -Z macro-backtrace for more info)
[INFO] [stdout] 
[INFO] [stdout] 
[INFO] [stdout] error[E0277]: the trait bound `!: ReadAll` is not satisfied
[INFO] [stdout]    --> /opt/rustwide/cargo-home/registry/src/index.crates.io-1949cf8c6b5b557f/bluer-0.17.3/src/adapter.rs:355:9
[INFO] [stdout]     |
[INFO] [stdout] 355 |         self.call_method("RemoveDevice", ((path),)).await?;
[INFO] [stdout]     |         ^^^^^^^^^^^^^^^^^^^^^^^^^^^^^^^^^^^^^^^^^^^ the trait `ReadAll` is not implemented for `!`
[INFO] [stdout]     |
[INFO] [stdout]     = help: the following other types implement trait `ReadAll`:
[INFO] [stdout]               ()
[INFO] [stdout]               (A,)
[INFO] [stdout]               (A, B)
[INFO] [stdout]               (A, B, C)
[INFO] [stdout]               (A, B, C, D)
[INFO] [stdout]               (A, B, C, D, E)
[INFO] [stdout]               (A, B, C, D, E, F)
[INFO] [stdout]               (A, B, C, D, E, F, G)
[INFO] [stdout]             and 33 others
[INFO] [stdout]     = note: this error might have been caused by changes to Rust's type-inference algorithm (see issue #148922 <https://github.com/rust-lang/rust/issues/148922> for more information)
[INFO] [stdout]     = help: you might have intended to use the type `()` here instead
[INFO] [stdout] note: required by a bound in `adapter::Adapter::call_method`
[INFO] [stdout]    --> /opt/rustwide/cargo-home/registry/src/index.crates.io-1949cf8c6b5b557f/bluer-0.17.3/src/lib.rs:226:16
[INFO] [stdout]     |
[INFO] [stdout] 223 |         async fn call_method<A, R>(&self, name: &str, args: A) -> crate::Result<R>
[INFO] [stdout]     |                  ----------- required by a bound in this associated function
[INFO] [stdout] ...
[INFO] [stdout] 226 |             R: dbus::arg::ReadAll + std::fmt::Debug + 'static,
[INFO] [stdout]     |                ^^^^^^^^^^^^^^^^^^ required by this bound in `Adapter::call_method`
[INFO] [stdout]     |
[INFO] [stdout]    ::: /opt/rustwide/cargo-home/registry/src/index.crates.io-1949cf8c6b5b557f/bluer-0.17.3/src/adapter.rs:267:5
[INFO] [stdout]     |
[INFO] [stdout] 267 |     dbus_default_interface!(INTERFACE);
[INFO] [stdout]     |     ---------------------------------- in this macro invocation
[INFO] [stdout]     = note: this error originates in the macro `dbus_default_interface` (in Nightly builds, run with -Z macro-backtrace for more info)
[INFO] [stdout] 
[INFO] [stdout] 
[INFO] [stdout] error[E0277]: the trait bound `!: ReadAll` is not satisfied
[INFO] [stdout]    --> /opt/rustwide/cargo-home/registry/src/index.crates.io-1949cf8c6b5b557f/bluer-0.17.3/src/adapter.rs:355:14
[INFO] [stdout]     |
[INFO] [stdout] 355 |         self.call_method("RemoveDevice", ((path),)).await?;
[INFO] [stdout]     |              ^^^^^^^^^^^ the trait `ReadAll` is not implemented for `!`
[INFO] [stdout]     |
[INFO] [stdout]     = help: the following other types implement trait `ReadAll`:
[INFO] [stdout]               ()
[INFO] [stdout]               (A,)
[INFO] [stdout]               (A, B)
[INFO] [stdout]               (A, B, C)
[INFO] [stdout]               (A, B, C, D)
[INFO] [stdout]               (A, B, C, D, E)
[INFO] [stdout]               (A, B, C, D, E, F)
[INFO] [stdout]               (A, B, C, D, E, F, G)
[INFO] [stdout]             and 33 others
[INFO] [stdout]     = note: this error might have been caused by changes to Rust's type-inference algorithm (see issue #148922 <https://github.com/rust-lang/rust/issues/148922> for more information)
[INFO] [stdout]     = help: you might have intended to use the type `()` here instead
[INFO] [stdout] note: required by a bound in `adapter::Adapter::call_method`
[INFO] [stdout]    --> /opt/rustwide/cargo-home/registry/src/index.crates.io-1949cf8c6b5b557f/bluer-0.17.3/src/lib.rs:226:16
[INFO] [stdout]     |
[INFO] [stdout] 223 |         async fn call_method<A, R>(&self, name: &str, args: A) -> crate::Result<R>
[INFO] [stdout]     |                  ----------- required by a bound in this associated function
[INFO] [stdout] ...
[INFO] [stdout] 226 |             R: dbus::arg::ReadAll + std::fmt::Debug + 'static,
[INFO] [stdout]     |                ^^^^^^^^^^^^^^^^^^ required by this bound in `Adapter::call_method`
[INFO] [stdout]     |
[INFO] [stdout]    ::: /opt/rustwide/cargo-home/registry/src/index.crates.io-1949cf8c6b5b557f/bluer-0.17.3/src/adapter.rs:267:5
[INFO] [stdout]     |
[INFO] [stdout] 267 |     dbus_default_interface!(INTERFACE);
[INFO] [stdout]     |     ---------------------------------- in this macro invocation
[INFO] [stdout]     = note: this error originates in the macro `dbus_default_interface` (in Nightly builds, run with -Z macro-backtrace for more info)
[INFO] [stdout] 
[INFO] [stdout] 
[INFO] [stdout] error[E0277]: the trait bound `!: ReadAll` is not satisfied
[INFO] [stdout]    --> /opt/rustwide/cargo-home/registry/src/index.crates.io-1949cf8c6b5b557f/bluer-0.17.3/src/adapter.rs:355:53
[INFO] [stdout]     |
[INFO] [stdout] 355 |         self.call_method("RemoveDevice", ((path),)).await?;
[INFO] [stdout]     |                                                     ^^^^^ the trait `ReadAll` is not implemented for `!`
[INFO] [stdout]     |
[INFO] [stdout]     = help: the following other types implement trait `ReadAll`:
[INFO] [stdout]               ()
[INFO] [stdout]               (A,)
[INFO] [stdout]               (A, B)
[INFO] [stdout]               (A, B, C)
[INFO] [stdout]               (A, B, C, D)
[INFO] [stdout]               (A, B, C, D, E)
[INFO] [stdout]               (A, B, C, D, E, F)
[INFO] [stdout]               (A, B, C, D, E, F, G)
[INFO] [stdout]             and 33 others
[INFO] [stdout]     = note: this error might have been caused by changes to Rust's type-inference algorithm (see issue #148922 <https://github.com/rust-lang/rust/issues/148922> for more information)
[INFO] [stdout]     = help: you might have intended to use the type `()` here instead
[INFO] [stdout] note: required by a bound in `adapter::Adapter::call_method`
[INFO] [stdout]    --> /opt/rustwide/cargo-home/registry/src/index.crates.io-1949cf8c6b5b557f/bluer-0.17.3/src/lib.rs:226:16
[INFO] [stdout]     |
[INFO] [stdout] 223 |         async fn call_method<A, R>(&self, name: &str, args: A) -> crate::Result<R>
[INFO] [stdout]     |                  ----------- required by a bound in this associated function
[INFO] [stdout] ...
[INFO] [stdout] 226 |             R: dbus::arg::ReadAll + std::fmt::Debug + 'static,
[INFO] [stdout]     |                ^^^^^^^^^^^^^^^^^^ required by this bound in `Adapter::call_method`
[INFO] [stdout]     |
[INFO] [stdout]    ::: /opt/rustwide/cargo-home/registry/src/index.crates.io-1949cf8c6b5b557f/bluer-0.17.3/src/adapter.rs:267:5
[INFO] [stdout]     |
[INFO] [stdout] 267 |     dbus_default_interface!(INTERFACE);
[INFO] [stdout]     |     ---------------------------------- in this macro invocation
[INFO] [stdout]     = note: this error originates in the macro `dbus_default_interface` (in Nightly builds, run with -Z macro-backtrace for more info)
[INFO] [stdout] 
[INFO] [stdout] 
[INFO] [stdout] error[E0277]: the trait bound `!: ReadAll` is not satisfied
[INFO] [stdout]    --> /opt/rustwide/cargo-home/registry/src/index.crates.io-1949cf8c6b5b557f/bluer-0.17.3/src/adv.rs:310:15
[INFO] [stdout]     |
[INFO] [stdout] 310 |         proxy.method_call(MANAGER_INTERFACE, "RegisterAdvertisement", (name.clone(), PropMap::new())).await?;
[INFO] [stdout]     |               ^^^^^^^^^^^ the trait `ReadAll` is not implemented for `!`
[INFO] [stdout]     |
[INFO] [stdout]     = help: the following other types implement trait `ReadAll`:
[INFO] [stdout]               ()
[INFO] [stdout]               (A,)
[INFO] [stdout]               (A, B)
[INFO] [stdout]               (A, B, C)
[INFO] [stdout]               (A, B, C, D)
[INFO] [stdout]               (A, B, C, D, E)
[INFO] [stdout]               (A, B, C, D, E, F)
[INFO] [stdout]               (A, B, C, D, E, F, G)
[INFO] [stdout]             and 33 others
[INFO] [stdout]     = note: this error might have been caused by changes to Rust's type-inference algorithm (see issue #148922 <https://github.com/rust-lang/rust/issues/148922> for more information)
[INFO] [stdout]     = help: you might have intended to use the type `()` here instead
[INFO] [stdout] note: required by a bound in `dbus::nonblock::Proxy::<'a, C>::method_call`
[INFO] [stdout]    --> /opt/rustwide/cargo-home/registry/src/index.crates.io-1949cf8c6b5b557f/dbus-0.9.7/src/nonblock.rs:537:35
[INFO] [stdout]     |
[INFO] [stdout] 537 |     pub fn method_call<'i, 'm, R: ReadAll + 'static, A: AppendAll, I: Into<Interface<'i>>, M: Into<Member<'m>>>(&self, i: I, m: M, ...
[INFO] [stdout]     |                                   ^^^^^^^ required by this bound in `Proxy::<'a, C>::method_call`
[INFO] [stdout] 
[INFO] [stdout] 
[INFO] [stdout] error[E0277]: the trait bound `!: ReadAll` is not satisfied
[INFO] [stdout]    --> /opt/rustwide/cargo-home/registry/src/index.crates.io-1949cf8c6b5b557f/bluer-0.17.3/src/agent.rs:469:15
[INFO] [stdout]     |
[INFO] [stdout] 469 |         proxy.method_call(MANAGER_INTERFACE, "RegisterAgent", (name.clone(), capability)).await?;
[INFO] [stdout]     |               ^^^^^^^^^^^ the trait `ReadAll` is not implemented for `!`
[INFO] [stdout]     |
[INFO] [stdout]     = help: the following other types implement trait `ReadAll`:
[INFO] [stdout]               ()
[INFO] [stdout]               (A,)
[INFO] [stdout]               (A, B)
[INFO] [stdout]               (A, B, C)
[INFO] [stdout]               (A, B, C, D)
[INFO] [stdout]               (A, B, C, D, E)
[INFO] [stdout]               (A, B, C, D, E, F)
[INFO] [stdout]               (A, B, C, D, E, F, G)
[INFO] [stdout]             and 33 others
[INFO] [stdout]     = note: this error might have been caused by changes to Rust's type-inference algorithm (see issue #148922 <https://github.com/rust-lang/rust/issues/148922> for more information)
[INFO] [stdout]     = help: you might have intended to use the type `()` here instead
[INFO] [stdout] note: required by a bound in `dbus::nonblock::Proxy::<'a, C>::method_call`
[INFO] [stdout]    --> /opt/rustwide/cargo-home/registry/src/index.crates.io-1949cf8c6b5b557f/dbus-0.9.7/src/nonblock.rs:537:35
[INFO] [stdout]     |
[INFO] [stdout] 537 |     pub fn method_call<'i, 'm, R: ReadAll + 'static, A: AppendAll, I: Into<Interface<'i>>, M: Into<Member<'m>>>(&self, i: I, m: M, ...
[INFO] [stdout]     |                                   ^^^^^^^ required by this bound in `Proxy::<'a, C>::method_call`
[INFO] [stdout] 
[INFO] [stdout] 
[INFO] [stdout] error[E0277]: the trait bound `!: ReadAll` is not satisfied
[INFO] [stdout]    --> /opt/rustwide/cargo-home/registry/src/index.crates.io-1949cf8c6b5b557f/bluer-0.17.3/src/agent.rs:489:19
[INFO] [stdout]     |
[INFO] [stdout] 489 |             proxy.method_call(MANAGER_INTERFACE, "RequestDefaultAgent", (name.clone(),)).await?;
[INFO] [stdout]     |                   ^^^^^^^^^^^ the trait `ReadAll` is not implemented for `!`
[INFO] [stdout]     |
[INFO] [stdout]     = help: the following other types implement trait `ReadAll`:
[INFO] [stdout]               ()
[INFO] [stdout]               (A,)
[INFO] [stdout]               (A, B)
[INFO] [stdout]               (A, B, C)
[INFO] [stdout]               (A, B, C, D)
[INFO] [stdout]               (A, B, C, D, E)
[INFO] [stdout]               (A, B, C, D, E, F)
[INFO] [stdout]               (A, B, C, D, E, F, G)
[INFO] [stdout]             and 33 others
[INFO] [stdout]     = note: this error might have been caused by changes to Rust's type-inference algorithm (see issue #148922 <https://github.com/rust-lang/rust/issues/148922> for more information)
[INFO] [stdout]     = help: you might have intended to use the type `()` here instead
[INFO] [stdout] note: required by a bound in `dbus::nonblock::Proxy::<'a, C>::method_call`
[INFO] [stdout]    --> /opt/rustwide/cargo-home/registry/src/index.crates.io-1949cf8c6b5b557f/dbus-0.9.7/src/nonblock.rs:537:35
[INFO] [stdout]     |
[INFO] [stdout] 537 |     pub fn method_call<'i, 'm, R: ReadAll + 'static, A: AppendAll, I: Into<Interface<'i>>, M: Into<Member<'m>>>(&self, i: I, m: M, ...
[INFO] [stdout]     |                                   ^^^^^^^ required by this bound in `Proxy::<'a, C>::method_call`
[INFO] [stdout] 
[INFO] [stdout] 
[INFO] [stdout] error[E0277]: the trait bound `!: ReadAll` is not satisfied
[INFO] [stdout]     --> /opt/rustwide/cargo-home/registry/src/index.crates.io-1949cf8c6b5b557f/bluer-0.17.3/src/gatt/local.rs:1353:15
[INFO] [stdout]      |
[INFO] [stdout] 1353 |         proxy.method_call(MANAGER_INTERFACE, "RegisterApplication", (app_path.clone(), PropMap::new())).await?;
[INFO] [stdout]      |               ^^^^^^^^^^^ the trait `ReadAll` is not implemented for `!`
[INFO] [stdout]      |
[INFO] [stdout]      = help: the following other types implement trait `ReadAll`:
[INFO] [stdout]                ()
[INFO] [stdout]                (A,)
[INFO] [stdout]                (A, B)
[INFO] [stdout]                (A, B, C)
[INFO] [stdout]                (A, B, C, D)
[INFO] [stdout]                (A, B, C, D, E)
[INFO] [stdout]                (A, B, C, D, E, F)
[INFO] [stdout]                (A, B, C, D, E, F, G)
[INFO] [stdout]              and 33 others
[INFO] [stdout]      = note: this error might have been caused by changes to Rust's type-inference algorithm (see issue #148922 <https://github.com/rust-lang/rust/issues/148922> for more information)
[INFO] [stdout]      = help: you might have intended to use the type `()` here instead
[INFO] [stdout] note: required by a bound in `dbus::nonblock::Proxy::<'a, C>::method_call`
[INFO] [stdout]     --> /opt/rustwide/cargo-home/registry/src/index.crates.io-1949cf8c6b5b557f/dbus-0.9.7/src/nonblock.rs:537:35
[INFO] [stdout]      |
[INFO] [stdout]  537 |     pub fn method_call<'i, 'm, R: ReadAll + 'static, A: AppendAll, I: Into<Interface<'i>>, M: Into<Member<'m>>>(&self, i: I, m: M,...
[INFO] [stdout]      |                                   ^^^^^^^ required by this bound in `Proxy::<'a, C>::method_call`
[INFO] [stdout] 
[INFO] [stdout] 
[INFO] [stdout] error[E0277]: the trait bound `!: ReadAll` is not satisfied
[INFO] [stdout]     --> /opt/rustwide/cargo-home/registry/src/index.crates.io-1949cf8c6b5b557f/bluer-0.17.3/src/gatt/local.rs:1441:14
[INFO] [stdout]      |
[INFO] [stdout] 1441 |             .method_call(MANAGER_INTERFACE, "RegisterApplication", (profile_path.clone(), PropMap::new()))
[INFO] [stdout]      |              ^^^^^^^^^^^ the trait `ReadAll` is not implemented for `!`
[INFO] [stdout]      |
[INFO] [stdout]      = help: the following other types implement trait `ReadAll`:
[INFO] [stdout]                ()
[INFO] [stdout]                (A,)
[INFO] [stdout]                (A, B)
[INFO] [stdout]                (A, B, C)
[INFO] [stdout]                (A, B, C, D)
[INFO] [stdout]                (A, B, C, D, E)
[INFO] [stdout]                (A, B, C, D, E, F)
[INFO] [stdout]                (A, B, C, D, E, F, G)
[INFO] [stdout]              and 33 others
[INFO] [stdout]      = note: this error might have been caused by changes to Rust's type-inference algorithm (see issue #148922 <https://github.com/rust-lang/rust/issues/148922> for more information)
[INFO] [stdout]      = help: you might have intended to use the type `()` here instead
[INFO] [stdout] note: required by a bound in `dbus::nonblock::Proxy::<'a, C>::method_call`
[INFO] [stdout]     --> /opt/rustwide/cargo-home/registry/src/index.crates.io-1949cf8c6b5b557f/dbus-0.9.7/src/nonblock.rs:537:35
[INFO] [stdout]      |
[INFO] [stdout]  537 |     pub fn method_call<'i, 'm, R: ReadAll + 'static, A: AppendAll, I: Into<Interface<'i>>, M: Into<Member<'m>>>(&self, i: I, m: M,...
[INFO] [stdout]      |                                   ^^^^^^^ required by this bound in `Proxy::<'a, C>::method_call`
[INFO] [stdout] 
[INFO] [stdout] 
[INFO] [stdout] error[E0277]: the trait bound `!: ReadAll` is not satisfied
[INFO] [stdout]    --> /opt/rustwide/cargo-home/registry/src/index.crates.io-1949cf8c6b5b557f/bluer-0.17.3/src/gatt/remote.rs:333:9
[INFO] [stdout]     |
[INFO] [stdout] 333 |         self.call_method("WriteValue", (value, req.to_dict())).await?;
[INFO] [stdout]     |         ^^^^^^^^^^^^^^^^^^^^^^^^^^^^^^^^^^^^^^^^^^^^^^^^^^^^^^ the trait `ReadAll` is not implemented for `!`
[INFO] [stdout]     |
[INFO] [stdout]     = help: the following other types implement trait `ReadAll`:
[INFO] [stdout]               ()
[INFO] [stdout]               (A,)
[INFO] [stdout]               (A, B)
[INFO] [stdout]               (A, B, C)
[INFO] [stdout]               (A, B, C, D)
[INFO] [stdout]               (A, B, C, D, E)
[INFO] [stdout]               (A, B, C, D, E, F)
[INFO] [stdout]               (A, B, C, D, E, F, G)
[INFO] [stdout]             and 33 others
[INFO] [stdout]     = note: this error might have been caused by changes to Rust's type-inference algorithm (see issue #148922 <https://github.com/rust-lang/rust/issues/148922> for more information)
[INFO] [stdout]     = help: you might have intended to use the type `()` here instead
[INFO] [stdout] note: required by a bound in `remote::Characteristic::call_method`
[INFO] [stdout]    --> /opt/rustwide/cargo-home/registry/src/index.crates.io-1949cf8c6b5b557f/bluer-0.17.3/src/lib.rs:226:16
[INFO] [stdout]     |
[INFO] [stdout] 223 |         async fn call_method<A, R>(&self, name: &str, args: A) -> crate::Result<R>
[INFO] [stdout]     |                  ----------- required by a bound in this associated function
[INFO] [stdout] ...
[INFO] [stdout] 226 |             R: dbus::arg::ReadAll + std::fmt::Debug + 'static,
[INFO] [stdout]     |                ^^^^^^^^^^^^^^^^^^ required by this bound in `Characteristic::call_method`
[INFO] [stdout]     |
[INFO] [stdout]    ::: /opt/rustwide/cargo-home/registry/src/index.crates.io-1949cf8c6b5b557f/bluer-0.17.3/src/gatt/remote.rs:447:5
[INFO] [stdout]     |
[INFO] [stdout] 447 |     dbus_default_interface!(CHARACTERISTIC_INTERFACE);
[INFO] [stdout]     |     ------------------------------------------------- in this macro invocation
[INFO] [stdout]     = note: this error originates in the macro `dbus_default_interface` (in Nightly builds, run with -Z macro-backtrace for more info)
[INFO] [stdout] 
[INFO] [stdout] 
[INFO] [stdout] error[E0277]: the trait bound `!: ReadAll` is not satisfied
[INFO] [stdout]    --> /opt/rustwide/cargo-home/registry/src/index.crates.io-1949cf8c6b5b557f/bluer-0.17.3/src/gatt/remote.rs:333:14
[INFO] [stdout]     |
[INFO] [stdout] 333 |         self.call_method("WriteValue", (value, req.to_dict())).await?;
[INFO] [stdout]     |              ^^^^^^^^^^^ the trait `ReadAll` is not implemented for `!`
[INFO] [stdout]     |
[INFO] [stdout]     = help: the following other types implement trait `ReadAll`:
[INFO] [stdout]               ()
[INFO] [stdout]               (A,)
[INFO] [stdout]               (A, B)
[INFO] [stdout]               (A, B, C)
[INFO] [stdout]               (A, B, C, D)
[INFO] [stdout]               (A, B, C, D, E)
[INFO] [stdout]               (A, B, C, D, E, F)
[INFO] [stdout]               (A, B, C, D, E, F, G)
[INFO] [stdout]             and 33 others
[INFO] [stdout]     = note: this error might have been caused by changes to Rust's type-inference algorithm (see issue #148922 <https://github.com/rust-lang/rust/issues/148922> for more information)
[INFO] [stdout]     = help: you might have intended to use the type `()` here instead
[INFO] [stdout] note: required by a bound in `remote::Characteristic::call_method`
[INFO] [stdout]    --> /opt/rustwide/cargo-home/registry/src/index.crates.io-1949cf8c6b5b557f/bluer-0.17.3/src/lib.rs:226:16
[INFO] [stdout]     |
[INFO] [stdout] 223 |         async fn call_method<A, R>(&self, name: &str, args: A) -> crate::Result<R>
[INFO] [stdout]     |                  ----------- required by a bound in this associated function
[INFO] [stdout] ...
[INFO] [stdout] 226 |             R: dbus::arg::ReadAll + std::fmt::Debug + 'static,
[INFO] [stdout]     |                ^^^^^^^^^^^^^^^^^^ required by this bound in `Characteristic::call_method`
[INFO] [stdout]     |
[INFO] [stdout]    ::: /opt/rustwide/cargo-home/registry/src/index.crates.io-1949cf8c6b5b557f/bluer-0.17.3/src/gatt/remote.rs:447:5
[INFO] [stdout]     |
[INFO] [stdout] 447 |     dbus_default_interface!(CHARACTERISTIC_INTERFACE);
[INFO] [stdout]     |     ------------------------------------------------- in this macro invocation
[INFO] [stdout]     = note: this error originates in the macro `dbus_default_interface` (in Nightly builds, run with -Z macro-backtrace for more info)
[INFO] [stdout] 
[INFO] [stdout] 
[INFO] [stdout] error[E0277]: the trait bound `!: ReadAll` is not satisfied
[INFO] [stdout]    --> /opt/rustwide/cargo-home/registry/src/index.crates.io-1949cf8c6b5b557f/bluer-0.17.3/src/gatt/remote.rs:333:64
[INFO] [stdout]     |
[INFO] [stdout] 333 |         self.call_method("WriteValue", (value, req.to_dict())).await?;
[INFO] [stdout]     |                                                                ^^^^^ the trait `ReadAll` is not implemented for `!`
[INFO] [stdout]     |
[INFO] [stdout]     = help: the following other types implement trait `ReadAll`:
[INFO] [stdout]               ()
[INFO] [stdout]               (A,)
[INFO] [stdout]               (A, B)
[INFO] [stdout]               (A, B, C)
[INFO] [stdout]               (A, B, C, D)
[INFO] [stdout]               (A, B, C, D, E)
[INFO] [stdout]               (A, B, C, D, E, F)
[INFO] [stdout]               (A, B, C, D, E, F, G)
[INFO] [stdout]             and 33 others
[INFO] [stdout]     = note: this error might have been caused by changes to Rust's type-inference algorithm (see issue #148922 <https://github.com/rust-lang/rust/issues/148922> for more information)
[INFO] [stdout]     = help: you might have intended to use the type `()` here instead
[INFO] [stdout] note: required by a bound in `remote::Characteristic::call_method`
[INFO] [stdout]    --> /opt/rustwide/cargo-home/registry/src/index.crates.io-1949cf8c6b5b557f/bluer-0.17.3/src/lib.rs:226:16
[INFO] [stdout]     |
[INFO] [stdout] 223 |         async fn call_method<A, R>(&self, name: &str, args: A) -> crate::Result<R>
[INFO] [stdout]     |                  ----------- required by a bound in this associated function
[INFO] [stdout] ...
[INFO] [stdout] 226 |             R: dbus::arg::ReadAll + std::fmt::Debug + 'static,
[INFO] [stdout]     |                ^^^^^^^^^^^^^^^^^^ required by this bound in `Characteristic::call_method`
[INFO] [stdout]     |
[INFO] [stdout]    ::: /opt/rustwide/cargo-home/registry/src/index.crates.io-1949cf8c6b5b557f/bluer-0.17.3/src/gatt/remote.rs:447:5
[INFO] [stdout]     |
[INFO] [stdout] 447 |     dbus_default_interface!(CHARACTERISTIC_INTERFACE);
[INFO] [stdout]     |     ------------------------------------------------- in this macro invocation
[INFO] [stdout]     = note: this error originates in the macro `dbus_default_interface` (in Nightly builds, run with -Z macro-backtrace for more info)
[INFO] [stdout] 
[INFO] [stdout] 
[INFO] [stdout] error[E0277]: the trait bound `!: ReadAll` is not satisfied
[INFO] [stdout]    --> /opt/rustwide/cargo-home/registry/src/index.crates.io-1949cf8c6b5b557f/bluer-0.17.3/src/gatt/remote.rs:396:21
[INFO] [stdout]     |
[INFO] [stdout] 396 |                     self.call_method("StartNotify", ()).await?;
[INFO] [stdout]     |                     ^^^^^^^^^^^^^^^^^^^^^^^^^^^^^^^^^^^ the trait `ReadAll` is not implemented for `!`
[INFO] [stdout]     |
[INFO] [stdout]     = help: the following other types implement trait `ReadAll`:
[INFO] [stdout]               ()
[INFO] [stdout]               (A,)
[INFO] [stdout]               (A, B)
[INFO] [stdout]               (A, B, C)
[INFO] [stdout]               (A, B, C, D)
[INFO] [stdout]               (A, B, C, D, E)
[INFO] [stdout]               (A, B, C, D, E, F)
[INFO] [stdout]               (A, B, C, D, E, F, G)
[INFO] [stdout]             and 33 others
[INFO] [stdout]     = note: this error might have been caused by changes to Rust's type-inference algorithm (see issue #148922 <https://github.com/rust-lang/rust/issues/148922> for more information)
[INFO] [stdout]     = help: you might have intended to use the type `()` here instead
[INFO] [stdout] note: required by a bound in `remote::Characteristic::call_method`
[INFO] [stdout]    --> /opt/rustwide/cargo-home/registry/src/index.crates.io-1949cf8c6b5b557f/bluer-0.17.3/src/lib.rs:226:16
[INFO] [stdout]     |
[INFO] [stdout] 223 |         async fn call_method<A, R>(&self, name: &str, args: A) -> crate::Result<R>
[INFO] [stdout]     |                  ----------- required by a bound in this associated function
[INFO] [stdout] ...
[INFO] [stdout] 226 |             R: dbus::arg::ReadAll + std::fmt::Debug + 'static,
[INFO] [stdout]     |                ^^^^^^^^^^^^^^^^^^ required by this bound in `Characteristic::call_method`
[INFO] [stdout]     |
[INFO] [stdout]    ::: /opt/rustwide/cargo-home/registry/src/index.crates.io-1949cf8c6b5b557f/bluer-0.17.3/src/gatt/remote.rs:447:5
[INFO] [stdout]     |
[INFO] [stdout] 447 |     dbus_default_interface!(CHARACTERISTIC_INTERFACE);
[INFO] [stdout]     |     ------------------------------------------------- in this macro invocation
[INFO] [stdout]     = note: this error originates in the macro `dbus_default_interface` (in Nightly builds, run with -Z macro-backtrace for more info)
[INFO] [stdout] 
[INFO] [stdout] 
[INFO] [stdout] error[E0277]: the trait bound `!: ReadAll` is not satisfied
[INFO] [stdout]    --> /opt/rustwide/cargo-home/registry/src/index.crates.io-1949cf8c6b5b557f/bluer-0.17.3/src/gatt/remote.rs:396:26
[INFO] [stdout]     |
[INFO] [stdout] 396 |                     self.call_method("StartNotify", ()).await?;
[INFO] [stdout]     |                          ^^^^^^^^^^^ the trait `ReadAll` is not implemented for `!`
[INFO] [stdout]     |
[INFO] [stdout]     = help: the following other types implement trait `ReadAll`:
[INFO] [stdout]               ()
[INFO] [stdout]               (A,)
[INFO] [stdout]               (A, B)
[INFO] [stdout]               (A, B, C)
[INFO] [stdout]               (A, B, C, D)
[INFO] [stdout]               (A, B, C, D, E)
[INFO] [stdout]               (A, B, C, D, E, F)
[INFO] [stdout]               (A, B, C, D, E, F, G)
[INFO] [stdout]             and 33 others
[INFO] [stdout]     = note: this error might have been caused by changes to Rust's type-inference algorithm (see issue #148922 <https://github.com/rust-lang/rust/issues/148922> for more information)
[INFO] [stdout]     = help: you might have intended to use the type `()` here instead
[INFO] [stdout] note: required by a bound in `remote::Characteristic::call_method`
[INFO] [stdout]    --> /opt/rustwide/cargo-home/registry/src/index.crates.io-1949cf8c6b5b557f/bluer-0.17.3/src/lib.rs:226:16
[INFO] [stdout]     |
[INFO] [stdout] 223 |         async fn call_method<A, R>(&self, name: &str, args: A) -> crate::Result<R>
[INFO] [stdout]     |                  ----------- required by a bound in this associated function
[INFO] [stdout] ...
[INFO] [stdout] 226 |             R: dbus::arg::ReadAll + std::fmt::Debug + 'static,
[INFO] [stdout]     |                ^^^^^^^^^^^^^^^^^^ required by this bound in `Characteristic::call_method`
[INFO] [stdout]     |
[INFO] [stdout]    ::: /opt/rustwide/cargo-home/registry/src/index.crates.io-1949cf8c6b5b557f/bluer-0.17.3/src/gatt/remote.rs:447:5
[INFO] [stdout]     |
[INFO] [stdout] 447 |     dbus_default_interface!(CHARACTERISTIC_INTERFACE);
[INFO] [stdout]     |     ------------------------------------------------- in this macro invocation
[INFO] [stdout]     = note: this error originates in the macro `dbus_default_interface` (in Nightly builds, run with -Z macro-backtrace for more info)
[INFO] [stdout] 
[INFO] [stdout] 
[INFO] [stdout] error[E0277]: the trait bound `!: ReadAll` is not satisfied
[INFO] [stdout]    --> /opt/rustwide/cargo-home/registry/src/index.crates.io-1949cf8c6b5b557f/bluer-0.17.3/src/gatt/remote.rs:396:57
[INFO] [stdout]     |
[INFO] [stdout] 396 |                     self.call_method("StartNotify", ()).await?;
[INFO] [stdout]     |                                                         ^^^^^ the trait `ReadAll` is not implemented for `!`
[INFO] [stdout]     |
[INFO] [stdout]     = help: the following other types implement trait `ReadAll`:
[INFO] [stdout]               ()
[INFO] [stdout]               (A,)
[INFO] [stdout]               (A, B)
[INFO] [stdout]               (A, B, C)
[INFO] [stdout]               (A, B, C, D)
[INFO] [stdout]               (A, B, C, D, E)
[INFO] [stdout]               (A, B, C, D, E, F)
[INFO] [stdout]               (A, B, C, D, E, F, G)
[INFO] [stdout]             and 33 others
[INFO] [stdout]     = note: this error might have been caused by changes to Rust's type-inference algorithm (see issue #148922 <https://github.com/rust-lang/rust/issues/148922> for more information)
[INFO] [stdout]     = help: you might have intended to use the type `()` here instead
[INFO] [stdout] note: required by a bound in `remote::Characteristic::call_method`
[INFO] [stdout]    --> /opt/rustwide/cargo-home/registry/src/index.crates.io-1949cf8c6b5b557f/bluer-0.17.3/src/lib.rs:226:16
[INFO] [stdout]     |
[INFO] [stdout] 223 |         async fn call_method<A, R>(&self, name: &str, args: A) -> crate::Result<R>
[INFO] [stdout]     |                  ----------- required by a bound in this associated function
[INFO] [stdout] ...
[INFO] [stdout] 226 |             R: dbus::arg::ReadAll + std::fmt::Debug + 'static,
[INFO] [stdout]     |                ^^^^^^^^^^^^^^^^^^ required by this bound in `Characteristic::call_method`
[INFO] [stdout]     |
[INFO] [stdout]    ::: /opt/rustwide/cargo-home/registry/src/index.crates.io-1949cf8c6b5b557f/bluer-0.17.3/src/gatt/remote.rs:447:5
[INFO] [stdout]     |
[INFO] [stdout] 447 |     dbus_default_interface!(CHARACTERISTIC_INTERFACE);
[INFO] [stdout]     |     ------------------------------------------------- in this macro invocation
[INFO] [stdout]     = note: this error originates in the macro `dbus_default_interface` (in Nightly builds, run with -Z macro-backtrace for more info)
[INFO] [stdout] 
[INFO] [stdout] 
[INFO] [stdout] error[E0277]: the trait bound `!: ReadAll` is not satisfied
[INFO] [stdout]    --> /opt/rustwide/cargo-home/registry/src/index.crates.io-1949cf8c6b5b557f/bluer-0.17.3/src/gatt/remote.rs:680:9
[INFO] [stdout]     |
[INFO] [stdout] 680 |         self.call_method("WriteValue", (value, req.to_dict())).await?;
[INFO] [stdout]     |         ^^^^^^^^^^^^^^^^^^^^^^^^^^^^^^^^^^^^^^^^^^^^^^^^^^^^^^ the trait `ReadAll` is not implemented for `!`
[INFO] [stdout]     |
[INFO] [stdout]     = help: the following other types implement trait `ReadAll`:
[INFO] [stdout]               ()
[INFO] [stdout]               (A,)
[INFO] [stdout]               (A, B)
[INFO] [stdout]               (A, B, C)
[INFO] [stdout]               (A, B, C, D)
[INFO] [stdout]               (A, B, C, D, E)
[INFO] [stdout]               (A, B, C, D, E, F)
[INFO] [stdout]               (A, B, C, D, E, F, G)
[INFO] [stdout]             and 33 others
[INFO] [stdout]     = note: this error might have been caused by changes to Rust's type-inference algorithm (see issue #148922 <https://github.com/rust-lang/rust/issues/148922> for more information)
[INFO] [stdout]     = help: you might have intended to use the type `()` here instead
[INFO] [stdout] note: required by a bound in `remote::Descriptor::call_method`
[INFO] [stdout]    --> /opt/rustwide/cargo-home/registry/src/index.crates.io-1949cf8c6b5b557f/bluer-0.17.3/src/lib.rs:226:16
[INFO] [stdout]     |
[INFO] [stdout] 223 |         async fn call_method<A, R>(&self, name: &str, args: A) -> crate::Result<R>
[INFO] [stdout]     |                  ----------- required by a bound in this associated function
[INFO] [stdout] ...
[INFO] [stdout] 226 |             R: dbus::arg::ReadAll + std::fmt::Debug + 'static,
[INFO] [stdout]     |                ^^^^^^^^^^^^^^^^^^ required by this bound in `Descriptor::call_method`
[INFO] [stdout]     |
[INFO] [stdout]    ::: /opt/rustwide/cargo-home/registry/src/index.crates.io-1949cf8c6b5b557f/bluer-0.17.3/src/gatt/remote.rs:652:5
[INFO] [stdout]     |
[INFO] [stdout] 652 |     dbus_default_interface!(DESCRIPTOR_INTERFACE);
[INFO] [stdout]     |     --------------------------------------------- in this macro invocation
[INFO] [stdout]     = note: this error originates in the macro `dbus_default_interface` (in Nightly builds, run with -Z macro-backtrace for more info)
[INFO] [stdout] 
[INFO] [stdout] 
[INFO] [stdout] error[E0277]: the trait bound `!: ReadAll` is not satisfied
[INFO] [stdout]    --> /opt/rustwide/cargo-home/registry/src/index.crates.io-1949cf8c6b5b557f/bluer-0.17.3/src/gatt/remote.rs:680:14
[INFO] [stdout]     |
[INFO] [stdout] 680 |         self.call_method("WriteValue", (value, req.to_dict())).await?;
[INFO] [stdout]     |              ^^^^^^^^^^^ the trait `ReadAll` is not implemented for `!`
[INFO] [stdout]     |
[INFO] [stdout]     = help: the following other types implement trait `ReadAll`:
[INFO] [stdout]               ()
[INFO] [stdout]               (A,)
[INFO] [stdout]               (A, B)
[INFO] [stdout]               (A, B, C)
[INFO] [stdout]               (A, B, C, D)
[INFO] [stdout]               (A, B, C, D, E)
[INFO] [stdout]               (A, B, C, D, E, F)
[INFO] [stdout]               (A, B, C, D, E, F, G)
[INFO] [stdout]             and 33 others
[INFO] [stdout]     = note: this error might have been caused by changes to Rust's type-inference algorithm (see issue #148922 <https://github.com/rust-lang/rust/issues/148922> for more information)
[INFO] [stdout]     = help: you might have intended to use the type `()` here instead
[INFO] [stdout] note: required by a bound in `remote::Descriptor::call_method`
[INFO] [stdout]    --> /opt/rustwide/cargo-home/registry/src/index.crates.io-1949cf8c6b5b557f/bluer-0.17.3/src/lib.rs:226:16
[INFO] [stdout]     |
[INFO] [stdout] 223 |         async fn call_method<A, R>(&self, name: &str, args: A) -> crate::Result<R>
[INFO] [stdout]     |                  ----------- required by a bound in this associated function
[INFO] [stdout] ...
[INFO] [stdout] 226 |             R: dbus::arg::ReadAll + std::fmt::Debug + 'static,
[INFO] [stdout]     |                ^^^^^^^^^^^^^^^^^^ required by this bound in `Descriptor::call_method`
[INFO] [stdout]     |
[INFO] [stdout]    ::: /opt/rustwide/cargo-home/registry/src/index.crates.io-1949cf8c6b5b557f/bluer-0.17.3/src/gatt/remote.rs:652:5
[INFO] [stdout]     |
[INFO] [stdout] 652 |     dbus_default_interface!(DESCRIPTOR_INTERFACE);
[INFO] [stdout]     |     --------------------------------------------- in this macro invocation
[INFO] [stdout]     = note: this error originates in the macro `dbus_default_interface` (in Nightly builds, run with -Z macro-backtrace for more info)
[INFO] [stdout] 
[INFO] [stdout] 
[INFO] [stdout] error[E0277]: the trait bound `!: ReadAll` is not satisfied
[INFO] [stdout]    --> /opt/rustwide/cargo-home/registry/src/index.crates.io-1949cf8c6b5b557f/bluer-0.17.3/src/gatt/remote.rs:680:64
[INFO] [stdout]     |
[INFO] [stdout] 680 |         self.call_method("WriteValue", (value, req.to_dict())).await?;
[INFO] [stdout]     |                                                                ^^^^^ the trait `ReadAll` is not implemented for `!`
[INFO] [stdout]     |
[INFO] [stdout]     = help: the following other types implement trait `ReadAll`:
[INFO] [stdout]               ()
[INFO] [stdout]               (A,)
[INFO] [stdout]               (A, B)
[INFO] [stdout]               (A, B, C)
[INFO] [stdout]               (A, B, C, D)
[INFO] [stdout]               (A, B, C, D, E)
[INFO] [stdout]               (A, B, C, D, E, F)
[INFO] [stdout]               (A, B, C, D, E, F, G)
[INFO] [stdout]             and 33 others
[INFO] [stdout]     = note: this error might have been caused by changes to Rust's type-inference algorithm (see issue #148922 <https://github.com/rust-lang/rust/issues/148922> for more information)
[INFO] [stdout]     = help: you might have intended to use the type `()` here instead
[INFO] [stdout] note: required by a bound in `remote::Descriptor::call_method`
[INFO] [stdout]    --> /opt/rustwide/cargo-home/registry/src/index.crates.io-1949cf8c6b5b557f/bluer-0.17.3/src/lib.rs:226:16
[INFO] [stdout]     |
[INFO] [stdout] 223 |         async fn call_method<A, R>(&self, name: &str, args: A) -> crate::Result<R>
[INFO] [stdout]     |                  ----------- required by a bound in this associated function
[INFO] [stdout] ...
[INFO] [stdout] 226 |             R: dbus::arg::ReadAll + std::fmt::Debug + 'static,
[INFO] [stdout]     |                ^^^^^^^^^^^^^^^^^^ required by this bound in `Descriptor::call_method`
[INFO] [stdout]     |
[INFO] [stdout]    ::: /opt/rustwide/cargo-home/registry/src/index.crates.io-1949cf8c6b5b557f/bluer-0.17.3/src/gatt/remote.rs:652:5
[INFO] [stdout]     |
[INFO] [stdout] 652 |     dbus_default_interface!(DESCRIPTOR_INTERFACE);
[INFO] [stdout]     |     --------------------------------------------- in this macro invocation
[INFO] [stdout]     = note: this error originates in the macro `dbus_default_interface` (in Nightly builds, run with -Z macro-backtrace for more info)
[INFO] [stdout] 
[INFO] [stdout] 
[INFO] [stdout] error[E0277]: the trait bound `!: ReadAll` is not satisfied
[INFO] [stdout]    --> /opt/rustwide/cargo-home/registry/src/index.crates.io-1949cf8c6b5b557f/bluer-0.17.3/src/monitor.rs:405:15
[INFO] [stdout]     |
[INFO] [stdout] 405 |         proxy.method_call(MANAGER_INTERFACE, "RegisterMonitor", (root.clone(),)).await?;
[INFO] [stdout]     |               ^^^^^^^^^^^ the trait `ReadAll` is not implemented for `!`
[INFO] [stdout]     |
[INFO] [stdout]     = help: the following other types implement trait `ReadAll`:
[INFO] [stdout]               ()
[INFO] [stdout]               (A,)
[INFO] [stdout]               (A, B)
[INFO] [stdout]               (A, B, C)
[INFO] [stdout]               (A, B, C, D)
[INFO] [stdout]               (A, B, C, D, E)
[INFO] [stdout]               (A, B, C, D, E, F)
[INFO] [stdout]               (A, B, C, D, E, F, G)
[INFO] [stdout]             and 33 others
[INFO] [stdout]     = note: this error might have been caused by changes to Rust's type-inference algorithm (see issue #148922 <https://github.com/rust-lang/rust/issues/148922> for more information)
[INFO] [stdout]     = help: you might have intended to use the type `()` here instead
[INFO] [stdout] note: required by a bound in `dbus::nonblock::Proxy::<'a, C>::method_call`
[INFO] [stdout]    --> /opt/rustwide/cargo-home/registry/src/index.crates.io-1949cf8c6b5b557f/dbus-0.9.7/src/nonblock.rs:537:35
[INFO] [stdout]     |
[INFO] [stdout] 537 |     pub fn method_call<'i, 'm, R: ReadAll + 'static, A: AppendAll, I: Into<Interface<'i>>, M: Into<Member<'m>>>(&self, i: I, m: M, ...
[INFO] [stdout]     |                                   ^^^^^^^ required by this bound in `Proxy::<'a, C>::method_call`
[INFO] [stdout] 
[INFO] [stdout] 
[INFO] [stdout] For more information about this error, try `rustc --explain E0277`.
[INFO] [stdout] 
[INFO] [stderr] error: could not compile `bluer` (lib) due to 24 previous errors
[INFO] running `Command { std: "docker" "inspect" "39604b46b040e4d0debe057e52251f5fb0126e7166cb94e7da1c8705baaeb023", kill_on_drop: false }`
[INFO] running `Command { std: "docker" "rm" "-f" "39604b46b040e4d0debe057e52251f5fb0126e7166cb94e7da1c8705baaeb023", kill_on_drop: false }`
[INFO] [stdout] 39604b46b040e4d0debe057e52251f5fb0126e7166cb94e7da1c8705baaeb023
