[INFO] cloning repository https://github.com/GrahLnn/appdb
[INFO] running `Command { std: "git" "-c" "credential.helper=" "-c" "credential.helper=/workspace/cargo-home/bin/git-credential-null" "clone" "--bare" "https://github.com/GrahLnn/appdb" "/workspace/cache/git-repos/https%3A%2F%2Fgithub.com%2FGrahLnn%2Fappdb", kill_on_drop: false }`
[INFO] [stderr] Cloning into bare repository '/workspace/cache/git-repos/https%3A%2F%2Fgithub.com%2FGrahLnn%2Fappdb'...
[INFO] running `Command { std: "git" "rev-parse" "HEAD", kill_on_drop: false }`
[INFO] [stdout] 2c3b8f3049daff3e583ff8698ed27c5b9da8fbae
[INFO] checking GrahLnn/appdb/2c3b8f3049daff3e583ff8698ed27c5b9da8fbae against 018018e881e2db0956f229dbb543e21f058d1ce7 for pr-162597
[INFO] running `Command { std: "git" "clone" "/workspace/cache/git-repos/https%3A%2F%2Fgithub.com%2FGrahLnn%2Fappdb" "/workspace/builds/worker-1-tc1/source", kill_on_drop: false }`
[INFO] [stderr] Cloning into '/workspace/builds/worker-1-tc1/source'...
[INFO] [stderr] done.
[INFO] started tweaking git repo https://github.com/GrahLnn/appdb
[INFO] finished tweaking git repo https://github.com/GrahLnn/appdb
[INFO] tweaked toml for git repo https://github.com/GrahLnn/appdb written to /workspace/builds/worker-1-tc1/source/Cargo.toml
[INFO] validating manifest of git repo https://github.com/GrahLnn/appdb on toolchain 018018e881e2db0956f229dbb543e21f058d1ce7
[INFO] running `Command { std: CARGO_HOME="/workspace/cargo-home" RUSTUP_HOME="/workspace/rustup-home" "/workspace/cargo-home/bin/cargo" "+018018e881e2db0956f229dbb543e21f058d1ce7" "metadata" "--manifest-path" "Cargo.toml" "--no-deps", kill_on_drop: false }`
[INFO] crate git repo https://github.com/GrahLnn/appdb already has a lockfile, it will not be regenerated
[INFO] running `Command { std: CARGO_HOME="/workspace/cargo-home" RUSTUP_HOME="/workspace/rustup-home" "/workspace/cargo-home/bin/cargo" "+018018e881e2db0956f229dbb543e21f058d1ce7" "fetch" "--manifest-path" "Cargo.toml", kill_on_drop: false }`
[INFO] [stderr]     Updating crates.io index
[INFO] [stderr]  Downloading crates ...
[INFO] [stderr]   Downloaded windows-numerics v0.3.1
[INFO] [stderr]   Downloaded windows-future v0.3.2
[INFO] [stderr]   Downloaded windows-threading v0.2.1
[INFO] [stderr]   Downloaded windows-collections v0.3.2
[INFO] [stderr]   Downloaded tonic-prost v0.14.5
[INFO] [stderr]   Downloaded id-arena v2.3.0
[INFO] [stderr]   Downloaded wasm-bindgen-macro v0.2.108
[INFO] [stderr]   Downloaded wit-bindgen-rust-macro v0.51.0
[INFO] [stderr]   Downloaded leb128fmt v0.1.0
[INFO] [stderr]   Downloaded zerofrom v0.1.7
[INFO] [stderr]   Downloaded futures-macro v0.3.32
[INFO] [stderr]   Downloaded target-triple v1.0.0
[INFO] [stderr]   Downloaded wasm-bindgen-shared v0.2.108
[INFO] [stderr]   Downloaded trybuild v1.0.116
[INFO] [stderr]   Downloaded toml_writer v1.1.1+spec-1.1.0
[INFO] [stderr]   Downloaded glob v0.3.3
[INFO] [stderr]   Downloaded anyhow v1.0.102
[INFO] [stderr]   Downloaded wasm-metadata v0.244.0
[INFO] [stderr]   Downloaded rand_core v0.10.0
[INFO] [stderr]   Downloaded surrealdb-types-derive v3.2.4
[INFO] [stderr]   Downloaded prost v0.14.3
[INFO] [stderr]   Downloaded prost-derive v0.14.3
[INFO] [stderr]   Downloaded jobserver v0.1.34
[INFO] [stderr]   Downloaded wit-bindgen-core v0.51.0
[INFO] [stderr]   Downloaded fastrand v2.4.1
[INFO] [stderr]   Downloaded integer-encoding v4.1.0
[INFO] [stderr]   Downloaded fs2 v0.4.3
[INFO] [stderr]   Downloaded wasm-bindgen v0.2.108
[INFO] [stderr]   Downloaded js-sys v0.3.85
[INFO] [stderr]   Downloaded yoke v0.8.2
[INFO] [stderr]   Downloaded pin-project-internal v1.1.11
[INFO] [stderr]   Downloaded borsh-derive v1.6.1
[INFO] [stderr]   Downloaded xxhash-rust v0.8.15
[INFO] [stderr]   Downloaded guardian v1.3.0
[INFO] [stderr]   Downloaded siphasher v1.0.2
[INFO] [stderr]   Downloaded wasm-bindgen-futures v0.4.58
[INFO] [stderr]   Downloaded surrealdb-strand v3.2.4
[INFO] [stderr]   Downloaded uuid v1.23.1
[INFO] [stderr]   Downloaded getrandom v0.4.2
[INFO] [stderr]   Downloaded tinyvec v1.11.0
[INFO] [stderr]   Downloaded prost-types v0.14.3
[INFO] [stderr]   Downloaded time-core v0.1.8
[INFO] [stderr]   Downloaded wit-bindgen-rust v0.51.0
[INFO] [stderr]   Downloaded futures v0.3.32
[INFO] [stderr]   Downloaded snap v1.1.1
[INFO] [stderr]   Downloaded lz4_flex v0.12.1
[INFO] [stderr]   Downloaded twox-hash v2.1.2
[INFO] [stderr]   Downloaded crossbeam-skiplist v0.1.3
[INFO] [stderr]   Downloaded surrealdb-collections v3.2.4
[INFO] [stderr]   Downloaded humantime v2.3.0
[INFO] [stderr]   Downloaded num-conv v0.2.1
[INFO] [stderr]   Downloaded toml v1.1.2+spec-1.1.0
[INFO] [stderr]   Downloaded wasm-bindgen-macro-support v0.2.108
[INFO] [stderr]   Downloaded pin-project v1.1.11
[INFO] [stderr]   Downloaded toml_edit v0.25.11+spec-1.1.0
[INFO] [stderr]   Downloaded quick_cache v0.6.21
[INFO] [stderr]   Downloaded bytemuck v1.25.0
[INFO] [stderr]   Downloaded bytemuck_derive v1.10.2
[INFO] [stderr]   Downloaded time-macros v0.2.27
[INFO] [stderr]   Downloaded wasip3 v0.4.0+wasi-0.3.0-rc-2026-01-06
[INFO] [stderr]   Downloaded wit-bindgen v0.51.0
[INFO] [stderr]   Downloaded wasm-encoder v0.244.0
[INFO] [stderr]   Downloaded rand v0.9.4
[INFO] [stderr]   Downloaded tonic v0.14.5
[INFO] [stderr]   Downloaded borsh v1.6.1
[INFO] [stderr]   Downloaded cc v1.2.60
[INFO] [stderr]   Downloaded arc-swap v1.9.1
[INFO] [stderr]   Downloaded portable-atomic-util v0.2.6
[INFO] [stderr]   Downloaded matrixmultiply v0.3.10
[INFO] [stderr]   Downloaded jsonwebtoken v10.3.0
[INFO] [stderr]   Downloaded ext-sort v0.1.5
[INFO] [stderr]   Downloaded rmp-serde v1.3.1
[INFO] [stderr]   Downloaded rmp v0.8.15
[INFO] [stderr]   Downloaded dashmap v6.1.0
[INFO] [stderr]   Downloaded tendril v0.4.3
[INFO] [stderr]   Downloaded match_token v0.35.0
[INFO] [stderr]   Downloaded markup5ever v0.35.0
[INFO] [stderr]   Downloaded string_cache_codegen v0.5.4
[INFO] [stderr]   Downloaded phf_shared v0.11.3
[INFO] [stderr]   Downloaded phf_generator v0.11.3
[INFO] [stderr]   Downloaded string_cache v0.8.9
[INFO] [stderr]   Downloaded phf_codegen v0.11.3
[INFO] [stderr]   Downloaded phf_macros v0.11.3
[INFO] [stderr]   Downloaded cssparser-macros v0.6.1
[INFO] [stderr]   Downloaded data-encoding v2.10.0
[INFO] [stderr]   Downloaded hashbrown v0.17.0
[INFO] [stderr]   Downloaded surrealdb-types v3.2.4
[INFO] [stderr]   Downloaded wit-parser v0.244.0
[INFO] [stderr]   Downloaded wasip2 v1.0.2+wasi-0.2.9
[INFO] [stderr]   Downloaded hyper v1.9.0
[INFO] [stderr]   Downloaded rust_decimal v1.42.0
[INFO] [stderr]   Downloaded ammonia v4.1.2
[INFO] [stderr]   Downloaded phf v0.11.3
[INFO] [stderr]   Downloaded h2 v0.4.13
[INFO] [stderr]   Downloaded rustls-native-certs v0.8.3
[INFO] [stderr]   Downloaded jni-sys v0.3.1
[INFO] [stderr]   Downloaded rustc-hash v2.1.2
[INFO] [stderr]   Downloaded html5ever v0.35.0
[INFO] [stderr]   Downloaded web_atoms v0.1.3
[INFO] [stderr]   Downloaded affinitypool v0.7.0
[INFO] [stderr]   Downloaded rustls-pki-types v1.14.0
[INFO] [stderr]   Downloaded rustls-platform-verifier v0.6.2
[INFO] [stderr]   Downloaded quinn-udp v0.5.14
[INFO] [stderr]   Downloaded hyper-rustls v0.27.7
[INFO] [stderr]   Downloaded Inflector v0.11.4
[INFO] [stderr]   Downloaded winnow v1.0.1
[INFO] [stderr]   Downloaded regex v1.12.3
[INFO] [stderr]   Downloaded cssparser v0.35.0
[INFO] [stderr]   Downloaded rustls-webpki v0.103.11
[INFO] [stderr]   Downloaded specta-macros v2.0.0-rc.24
[INFO] [stderr]   Downloaded chacha20 v0.10.0
[INFO] [stderr]   Downloaded wasmparser v0.244.0
[INFO] [stderr]   Downloaded portable-atomic v1.13.1
[INFO] [stderr]   Downloaded quinn v0.11.9
[INFO] [stderr]   Downloaded specta v2.0.0-rc.24
[INFO] [stderr]   Downloaded wit-component v0.244.0
[INFO] [stderr]   Downloaded time v0.3.47
[INFO] [stderr]   Downloaded aws-lc-rs v1.16.2
[INFO] [stderr]   Downloaded reqwest v0.13.2
[INFO] [stderr]   Downloaded iri-string v0.7.12
[INFO] [stderr]   Downloaded rand v0.10.0
[INFO] [stderr]   Downloaded keyring v3.6.3
[INFO] [stderr]   Downloaded blake3 v1.8.4
[INFO] [stderr]   Downloaded webpki-root-certs v1.0.6
[INFO] [stderr]   Downloaded surrealdb v3.2.4
[INFO] [stderr]   Downloaded fastnum v0.7.4
[INFO] [stderr]   Downloaded webpki-roots v1.0.6
[INFO] [stderr]   Downloaded inventory v0.3.24
[INFO] [stderr]   Downloaded ghash v0.5.1
[INFO] [stderr]   Downloaded universal-hash v0.5.1
[INFO] [stderr]   Downloaded aead v0.5.2
[INFO] [stderr]   Downloaded windows-targets v0.53.5
[INFO] [stderr]   Downloaded quinn-proto v0.11.14
[INFO] [stderr]   Downloaded polyval v0.6.2
[INFO] [stderr]   Downloaded ctr v0.9.2
[INFO] [stderr]   Downloaded rustls v0.23.40
[INFO] [stderr]   Downloaded aes-gcm v0.10.3
[INFO] [stderr]   Downloaded surrealkv v0.21.2
[INFO] [stderr]   Downloaded web-sys v0.3.85
[INFO] [stderr]   Downloaded windows_x86_64_msvc v0.53.1
[INFO] [stderr]   Downloaded windows_x86_64_gnullvm v0.53.1
[INFO] [stderr]   Downloaded windows_aarch64_gnullvm v0.53.1
[INFO] [stderr]   Downloaded windows_aarch64_msvc v0.53.1
[INFO] [stderr]   Downloaded windows_x86_64_gnu v0.53.1
[INFO] [stderr]   Downloaded windows_i686_gnullvm v0.53.1
[INFO] [stderr]   Downloaded windows_i686_msvc v0.53.1
[INFO] [stderr]   Downloaded windows_i686_gnu v0.53.1
[INFO] [stderr]   Downloaded surrealdb-core v3.2.4
[INFO] [stderr]   Downloaded windows-sys v0.60.2
[INFO] [stderr]   Downloaded aws-lc-sys v0.39.1
[INFO] [stderr]   Downloaded windows v0.62.2
[INFO] running `Command { std: "docker" "create" "-v" "/var/lib/crater-agent-workspace/builds/worker-1-tc1/source:/opt/rustwide/workdir:ro,Z" "-v" "/var/lib/crater-agent-workspace/builds/worker-1-tc1/target:/opt/rustwide/target:rw,Z" "-v" "/var/lib/crater-agent-workspace/cargo-home:/opt/rustwide/cargo-home:ro,Z" "-v" "/var/lib/crater-agent-workspace/rustup-home:/opt/rustwide/rustup-home:ro,Z" "-m" "1610612736" "--network" "none" "ghcr.io/rust-lang/crates-build-env/linux@sha256:8683fc1fc2eb5c9ac98e0d076ab094b2ffac7f99da555d2b6a2e27f346de2ec7" "sleep" "infinity", kill_on_drop: false }`
[INFO] [stdout] b2fd1289fb87479fbbdd96cd5b5fb32a3d7866a8790188a092f3c255d713214d
[INFO] running `Command { std: "docker" "start" "b2fd1289fb87479fbbdd96cd5b5fb32a3d7866a8790188a092f3c255d713214d", kill_on_drop: false }`
[INFO] running `Command { std: "docker" "inspect" "b2fd1289fb87479fbbdd96cd5b5fb32a3d7866a8790188a092f3c255d713214d", kill_on_drop: false }`
[INFO] running `Command { std: "docker" "exec" "-e" "SOURCE_DIR=/opt/rustwide/workdir" "-e" "CARGO_HOME=/opt/rustwide/cargo-home" "-e" "RUSTUP_HOME=/opt/rustwide/rustup-home" "-e" "CARGO_TARGET_DIR=/opt/rustwide/target" "-w" "/opt/rustwide/workdir" "--user" "0:0" "b2fd1289fb87479fbbdd96cd5b5fb32a3d7866a8790188a092f3c255d713214d" "/opt/rustwide/cargo-home/bin/cargo" "+018018e881e2db0956f229dbb543e21f058d1ce7" "metadata" "--no-deps" "--format-version=1", kill_on_drop: false }`
[INFO] running `Command { std: "docker" "inspect" "b2fd1289fb87479fbbdd96cd5b5fb32a3d7866a8790188a092f3c255d713214d", kill_on_drop: false }`
[INFO] running `Command { std: "docker" "exec" "-e" "SOURCE_DIR=/opt/rustwide/workdir" "-e" "CARGO_HOME=/opt/rustwide/cargo-home" "-e" "RUSTUP_HOME=/opt/rustwide/rustup-home" "-e" "CARGO_TARGET_DIR=/opt/rustwide/target" "-e" "CARGO_INCREMENTAL=0" "-e" "RUST_BACKTRACE=full" "-e" "RUSTFLAGS=--cap-lints=forbid" "-e" "RUSTDOCFLAGS=--cap-lints=forbid" "-w" "/opt/rustwide/workdir" "--user" "0:0" "b2fd1289fb87479fbbdd96cd5b5fb32a3d7866a8790188a092f3c255d713214d" "/opt/rustwide/cargo-home/bin/cargo" "+018018e881e2db0956f229dbb543e21f058d1ce7" "check" "--frozen" "--all" "--all-targets" "--message-format=json", kill_on_drop: false }`
[INFO] [stderr]    Compiling libc v0.2.186
[INFO] [stderr]    Compiling libm v0.2.16
[INFO] [stderr]    Compiling zerocopy v0.8.48
[INFO] [stderr]     Checking itoa v1.0.18
[INFO] [stderr]    Compiling num-traits v0.2.19
[INFO] [stderr]    Compiling crossbeam-utils v0.8.21
[INFO] [stderr]     Checking once_cell v1.21.4
[INFO] [stderr]    Compiling getrandom v0.3.4
[INFO] [stderr]     Checking subtle v2.6.1
[INFO] [stderr]     Checking either v1.15.0
[INFO] [stderr]    Compiling siphasher v1.0.2
[INFO] [stderr]     Checking slab v0.4.12
[INFO] [stderr]    Compiling zerocopy-derive v0.8.48
[INFO] [stderr]    Compiling tokio-macros v2.7.0
[INFO] [stderr]    Compiling zerofrom-derive v0.1.7
[INFO] [stderr]     Checking bytes v1.11.1
[INFO] [stderr]    Compiling yoke-derive v0.8.2
[INFO] [stderr]    Compiling zerovec-derive v0.11.3
[INFO] [stderr]     Checking log v0.4.29
[INFO] [stderr]    Compiling futures-macro v0.3.32
[INFO] [stderr]    Compiling rayon-core v1.13.0
[INFO] [stderr]     Checking byteorder v1.5.0
[INFO] [stderr]    Compiling rand_core v0.6.4
[INFO] [stderr]    Compiling phf_shared v0.11.3
[INFO] [stderr]     Checking tracing-core v0.1.36
[INFO] [stderr]    Compiling bytemuck_derive v1.10.2
[INFO] [stderr]     Checking writeable v0.6.3
[INFO] [stderr]     Checking hashbrown v0.17.0
[INFO] [stderr]     Checking http v1.4.0
[INFO] [stderr]    Compiling rand v0.8.5
[INFO] [stderr]    Compiling dunce v1.0.5
[INFO] [stderr]     Checking crossbeam-epoch v0.9.18
[INFO] [stderr]     Checking litemap v0.8.2
[INFO] [stderr]     Checking scopeguard v1.2.0
[INFO] [stderr]     Checking rand_core v0.10.0
[INFO] [stderr]     Checking futures-util v0.3.32
[INFO] [stderr]    Compiling fs_extra v1.3.0
[INFO] [stderr]    Compiling getrandom v0.4.2
[INFO] [stderr]     Checking lock_api v0.4.14
[INFO] [stderr]     Checking crossbeam-deque v0.8.6
[INFO] [stderr]     Checking tracing v0.1.44
[INFO] [stderr]     Checking indexmap v2.14.0
[INFO] [stderr]     Checking zeroize v1.8.2
[INFO] [stderr]    Compiling icu_normalizer_data v2.2.0
[INFO] [stderr]    Compiling phf_generator v0.11.3
[INFO] [stderr]    Compiling serde_json v1.0.149
[INFO] [stderr]     Checking foldhash v0.2.0
[INFO] [stderr]    Compiling icu_properties_data v2.2.0
[INFO] [stderr]     Checking zerofrom v0.1.7
[INFO] [stderr]     Checking http-body v1.0.1
[INFO] [stderr]    Compiling heapless v0.8.0
[INFO] [stderr]    Compiling anyhow v1.0.102
[INFO] [stderr]     Checking hashbrown v0.16.1
[INFO] [stderr]     Checking hash32 v0.3.1
[INFO] [stderr]    Compiling aws-lc-rs v1.16.2
[INFO] [stderr]    Compiling semver v1.0.28
[INFO] [stderr]     Checking rayon v1.12.0
[INFO] [stderr]    Compiling jobserver v0.1.34
[INFO] [stderr]     Checking i_float v1.15.0
[INFO] [stderr]     Checking getrandom v0.2.17
[INFO] [stderr]     Checking mio v1.2.0
[INFO] [stderr]     Checking socket2 v0.6.3
[INFO] [stderr]     Checking yoke v0.8.2
[INFO] [stderr]     Checking bytemuck v1.25.0
[INFO] [stderr]     Checking parking_lot_core v0.9.12
[INFO] [stderr]     Checking crypto-common v0.1.7
[INFO] [stderr]    Compiling cc v1.2.60
[INFO] [stderr]     Checking zerovec v0.11.6
[INFO] [stderr]     Checking zerotrie v0.2.4
[INFO] [stderr]     Checking parking_lot v0.12.5
[INFO] [stderr]    Compiling rustc_version v0.4.1
[INFO] [stderr]     Checking inout v0.1.4
[INFO] [stderr]     Checking tokio v1.52.3
[INFO] [stderr]     Checking rand_core v0.9.5
[INFO] [stderr]     Checking fnv v1.0.7
[INFO] [stderr]     Checking base64 v0.22.1
[INFO] [stderr]     Checking try-lock v0.2.5
[INFO] [stderr]     Checking digest v0.10.7
[INFO] [stderr]     Checking chrono v0.4.44
[INFO] [stderr]     Checking approx v0.5.1
[INFO] [stderr]     Checking cipher v0.4.4
[INFO] [stderr]     Checking i_shape v1.14.0
[INFO] [stderr]     Checking itertools v0.11.0
[INFO] [stderr]     Checking want v0.3.1
[INFO] [stderr]     Checking robust v1.2.0
[INFO] [stderr]     Checking untrusted v0.7.1
[INFO] [stderr]    Compiling rustversion v1.0.22
[INFO] [stderr]     Checking new_debug_unreachable v1.0.6
[INFO] [stderr]     Checking i_tree v0.16.0
[INFO] [stderr]     Checking i_key_sort v0.6.0
[INFO] [stderr]     Checking arrayvec v0.7.6
[INFO] [stderr]     Checking rstar v0.12.2
[INFO] [stderr]    Compiling rust_decimal v1.42.0
[INFO] [stderr]    Compiling itertools v0.14.0
[INFO] [stderr]     Checking tinystr v0.8.3
[INFO] [stderr]     Checking potential_utf v0.1.5
[INFO] [stderr]    Compiling cmake v0.1.58
[INFO] [stderr]     Checking icu_collections v2.2.0
[INFO] [stderr]     Checking spade v2.15.1
[INFO] [stderr]     Checking icu_locale_core v2.2.0
[INFO] [stderr]     Checking num-integer v0.1.46
[INFO] [stderr]     Checking uuid v1.23.1
[INFO] [stderr]     Checking http-body-util v0.1.3
[INFO] [stderr]    Compiling phf_macros v0.11.3
[INFO] [stderr]     Checking form_urlencoded v1.2.2
[INFO] [stderr]    Compiling phf_codegen v0.11.3
[INFO] [stderr]    Compiling string_cache_codegen v0.5.4
[INFO] [stderr]     Checking rustls-pki-types v1.14.0
[INFO] [stderr]     Checking geographiclib-rs v0.2.7
[INFO] [stderr]    Compiling async-trait v0.1.89
[INFO] [stderr]    Compiling aws-lc-sys v0.39.1
[INFO] [stderr]     Checking aho-corasick v1.1.4
[INFO] [stderr]    Compiling serde_core v1.0.228
[INFO] [stderr]     Checking float_next_after v1.0.0
[INFO] [stderr]     Checking regex-syntax v0.8.10
[INFO] [stderr]     Checking bitflags v2.11.0
[INFO] [stderr]     Checking sif-itree v0.4.1
[INFO] [stderr]     Checking utf-8 v0.7.6
[INFO] [stderr]    Compiling web_atoms v0.1.3
[INFO] [stderr]     Checking phf v0.11.3
[INFO] [stderr]     Checking axum-core v0.5.6
[INFO] [stderr]    Compiling pin-project-internal v1.1.11
[INFO] [stderr]     Checking mac v0.1.1
[INFO] [stderr]     Checking precomputed-hash v0.1.1
[INFO] [stderr]     Checking string_cache v0.8.9
[INFO] [stderr]     Checking futf v0.1.5
[INFO] [stderr]    Compiling flatbuffers v25.12.19
[INFO] [stderr]     Checking concurrent-queue v2.5.0
[INFO] [stderr]    Compiling matrixmultiply v0.3.10
[INFO] [stderr]    Compiling ahash v0.8.12
[INFO] [stderr]    Compiling time-core v0.1.8
[INFO] [stderr]     Checking untrusted v0.9.0
[INFO] [stderr]     Checking powerfmt v0.2.0
[INFO] [stderr]    Compiling num-conv v0.2.1
[INFO] [stderr]    Compiling rustls v0.23.40
[INFO] [stderr]    Compiling rustix v1.1.4
[INFO] [stderr]     Checking base64ct v1.8.3
[INFO] [stderr]    Compiling prost-derive v0.14.3
[INFO] [stderr]    Compiling phf_shared v0.13.1
[INFO] [stderr]     Checking icu_provider v2.2.0
[INFO] [stderr]    Compiling time-macros v0.2.27
[INFO] [stderr]     Checking earcutr v0.4.3
[INFO] [stderr]     Checking deranged v0.5.8
[INFO] [stderr]     Checking icu_normalizer v2.2.0
[INFO] [stderr]     Checking icu_properties v2.2.0
[INFO] [stderr]     Checking event-listener v5.4.1
[INFO] [stderr]     Checking password-hash v0.5.0
[INFO] [stderr]     Checking pin-project v1.1.11
[INFO] [stderr]     Checking geo-types v0.7.19
[INFO] [stderr]     Checking i_overlay v4.0.7
[INFO] [stderr]     Checking tendril v0.4.3
[INFO] [stderr]     Checking futures-executor v0.3.32
[INFO] [stderr]     Checking sha1 v0.10.6
[INFO] [stderr]     Checking sha2 v0.10.9
[INFO] [stderr]     Checking roaring v0.11.4
[INFO] [stderr]    Compiling storekey-derive v0.11.0
[INFO] [stderr]     Checking regex-automata v0.4.14
[INFO] [stderr]    Compiling revision-derive v0.30.0
[INFO] [stderr]     Checking cpufeatures v0.3.0
[INFO] [stderr]    Compiling snap v1.1.1
[INFO] [stderr]    Compiling fastrand v2.4.1
[INFO] [stderr]     Checking dtoa v1.0.11
[INFO] [stderr]    Compiling crc32fast v1.5.0
[INFO] [stderr]     Checking linux-raw-sys v0.12.1
[INFO] [stderr]     Checking rawpointer v0.2.1
[INFO] [stderr]     Checking dtoa-short v0.3.5
[INFO] [stderr]    Compiling phf_generator v0.13.1
[INFO] [stderr]     Checking markup5ever v0.35.0
[INFO] [stderr]     Checking futures v0.3.32
[INFO] [stderr]     Checking event-listener-strategy v0.5.4
[INFO] [stderr]     Checking arc-swap v1.9.1
[INFO] [stderr]     Checking prost v0.14.3
[INFO] [stderr]    Compiling blake3 v1.8.4
[INFO] [stderr]     Checking num-bigint v0.4.6
[INFO] [stderr]     Checking time v0.3.47
[INFO] [stderr]     Checking hmac v0.12.1
[INFO] [stderr]     Checking rmp v0.8.15
[INFO] [stderr]     Checking storekey v0.11.0
[INFO] [stderr]     Checking num-complex v0.4.6
[INFO] [stderr]     Checking seize v0.5.1
[INFO] [stderr]    Compiling match_token v0.35.0
[INFO] [stderr]    Compiling cssparser-macros v0.6.1
[INFO] [stderr]     Checking prost-types v0.14.3
[INFO] [stderr]     Checking same-file v1.0.6
[INFO] [stderr]    Compiling fastnum v0.7.4
[INFO] [stderr]     Checking twox-hash v2.1.2
[INFO] [stderr]    Compiling fst v0.4.7
[INFO] [stderr]    Compiling heck v0.4.1
[INFO] [stderr]     Checking ciborium-io v0.2.2
[INFO] [stderr]     Checking cssparser v0.35.0
[INFO] [stderr]     Checking lz4_flex v0.12.1
[INFO] [stderr]     Checking idna_adapter v1.2.1
[INFO] [stderr]     Checking ndarray v0.17.2
[INFO] [stderr]     Checking idna v1.1.0
[INFO] [stderr]     Checking walkdir v2.5.0
[INFO] [stderr]     Checking regex v1.12.3
[INFO] [stderr]     Checking html5ever v0.35.0
[INFO] [stderr]     Checking rmp-serde v1.3.1
[INFO] [stderr]    Compiling surrealdb-types-derive v3.2.4
[INFO] [stderr]     Checking papaya v0.2.4
[INFO] [stderr]     Checking url v2.5.8
[INFO] [stderr]     Checking pbkdf2 v0.12.2
[INFO] [stderr]    Compiling phf_macros v0.13.1
[INFO] [stderr]     Checking async-channel v2.5.0
[INFO] [stderr]     Checking castaway v0.2.4
[INFO] [stderr]     Checking webpki-roots v1.0.6
[INFO] [stderr]     Checking tokio-util v0.7.18
[INFO] [stderr]     Checking tokio-stream v0.1.18
[INFO] [stderr]     Checking pem v3.0.6
[INFO] [stderr]     Checking salsa20 v0.10.2
[INFO] [stderr]     Checking blowfish v0.9.1
[INFO] [stderr]     Checking blake2 v0.10.6
[INFO] [stderr]     Checking universal-hash v0.5.1
[INFO] [stderr]     Checking noisy_float v0.2.1
[INFO] [stderr]     Checking fs2 v0.4.3
[INFO] [stderr]     Checking num_cpus v1.17.0
[INFO] [stderr]     Checking headers-core v0.3.0
[INFO] [stderr]     Checking crossbeam-skiplist v0.1.3
[INFO] [stderr]     Checking h2 v0.4.13
[INFO] [stderr]     Checking tower v0.5.3
[INFO] [stderr]     Checking itertools v0.13.0
[INFO] [stderr]    Compiling async-stream-impl v0.3.6
[INFO] [stderr]     Checking ppv-lite86 v0.2.21
[INFO] [stderr]     Checking hashbrown v0.14.5
[INFO] [stderr]     Checking arrayref v0.3.9
[INFO] [stderr]     Checking trice v0.4.0
[INFO] [stderr]     Checking quick_cache v0.6.21
[INFO] [stderr]     Checking bnum v0.12.1
[INFO] [stderr]     Checking opaque-debug v0.3.1
[INFO] [stderr]     Checking urlencoding v2.1.3
[INFO] [stderr]    Compiling surrealdb-core v3.2.4
[INFO] [stderr]     Checking constant_time_eq v0.4.2
[INFO] [stderr]     Checking humantime v2.3.0
[INFO] [stderr]     Checking async-task v4.7.1
[INFO] [stderr]     Checking signature v2.2.0
[INFO] [stderr]     Checking data-encoding v2.10.0
[INFO] [stderr]     Checking psl-types v2.0.11
[INFO] [stderr]     Checking tempfile v3.27.0
[INFO] [stderr]     Checking rand_chacha v0.9.0
[INFO] [stderr]     Checking rand_chacha v0.3.1
[INFO] [stderr]     Checking simple_asn1 v0.6.4
[INFO] [stderr]     Checking axum v0.8.8
[INFO] [stderr]     Checking guardian v1.3.0
[INFO] [stderr]     Checking integer-encoding v4.1.0
[INFO] [stderr]     Checking maplit v1.0.2
[INFO] [stderr]     Checking xxhash-rust v0.8.15
[INFO] [stderr]     Checking hex v0.4.3
[INFO] [stderr]     Checking deunicode v1.6.2
[INFO] [stderr]     Checking ammonia v4.1.2
[INFO] [stderr]     Checking rand v0.9.4
[INFO] [stderr]     Checking ext-sort v0.1.5
[INFO] [stderr]     Checking lexicmp v0.2.0
[INFO] [stderr]     Checking dashmap v6.1.0
[INFO] [stderr]     Checking addr v0.15.6
[INFO] [stderr]     Checking affinitypool v0.7.0
[INFO] [stderr]     Checking dmp v0.2.3
[INFO] [stderr]     Checking polyval v0.6.2
[INFO] [stderr]     Checking async-stream v0.3.6
[INFO] [stderr]     Checking phf v0.13.1
[INFO] [stderr]     Checking rand_distr v0.5.1
[INFO] [stderr]     Checking ulid v1.2.1
[INFO] [stderr]     Checking surrealkv v0.21.2
[INFO] [stderr]     Checking fuzzy-matcher v0.3.7
[INFO] [stderr]     Checking argon2 v0.5.3
[INFO] [stderr]     Checking headers v0.4.1
[INFO] [stderr]     Checking bcrypt v0.18.0
[INFO] [stderr]     Checking scrypt v0.11.0
[INFO] [stderr]     Checking webpki-roots v0.26.11
[INFO] [stderr]     Checking geo v0.32.0
[INFO] [stderr]     Checking md-5 v0.10.6
[INFO] [stderr]    Compiling specta v2.0.0-rc.24
[INFO] [stderr]     Checking sysinfo v0.37.2
[INFO] [stderr]     Checking rust-stemmers v1.2.0
[INFO] [stderr]     Checking web-time v1.1.0
[INFO] [stderr]    Compiling memchr v2.8.0
[INFO] [stderr]     Checking reblessive v0.4.3
[INFO] [stderr]    Compiling Inflector v0.11.4
[INFO] [stderr]     Checking half v2.7.1
[INFO] [stderr]     Checking ipnet v2.12.0
[INFO] [stderr]     Checking strsim v0.11.1
[INFO] [stderr]    Compiling target-triple v1.0.0
[INFO] [stderr]    Compiling surrealdb v3.2.4
[INFO] [stderr]     Checking path-clean v1.0.1
[INFO] [stderr]     Checking winnow v1.0.1
[INFO] [stderr]     Checking vart v0.9.3
[INFO] [stderr]    Compiling specta-macros v2.0.0-rc.24
[INFO] [stderr]     Checking diskann-wide v0.54.0
[INFO] [stderr]     Checking ciborium-ll v0.2.2
[INFO] [stderr]     Checking toml_parser v1.1.2+spec-1.1.0
[INFO] [stderr]     Checking hyper v1.9.0
[INFO] [stderr]     Checking object_store v0.13.2
[INFO] [stderr]     Checking ghash v0.5.1
[INFO] [stderr]     Checking chacha20 v0.10.0
[INFO] [stderr]     Checking aes v0.8.4
[INFO] [stderr]     Checking ctr v0.9.2
[INFO] [stderr]     Checking ciborium v0.2.2
[INFO] [stderr]     Checking aead v0.5.2
[INFO] [stderr]     Checking toml_datetime v1.1.1+spec-1.1.0
[INFO] [stderr]     Checking serde_spanned v1.1.1
[INFO] [stderr]     Checking toml_writer v1.1.1+spec-1.1.0
[INFO] [stderr]     Checking boxcar v0.2.14
[INFO] [stderr]     Checking aes-gcm v0.10.3
[INFO] [stdout] error[E0283]: type annotations needed
[INFO] [stdout]    --> /opt/rustwide/cargo-home/registry/src/index.crates.io-1949cf8c6b5b557f/diskann-wide-0.54.0/src/arch/x86_64/v3/mod.rs:435:82
[INFO] [stdout]     |
[INFO] [stdout] 435 |         let f: unsafe fn(Self, T0::Of<'_>) -> R = Self::run_function_with_1::<F, _, _>;
[INFO] [stdout]     |                                                                                  ^ cannot infer type
[INFO] [stdout]     |
[INFO] [stdout]     = note: the type must implement `AddLifetime`
[INFO] [stdout]     = help: the following types implement trait `AddLifetime`:
[INFO] [stdout]               As<T>
[INFO] [stdout]               Mut<T>
[INFO] [stdout]               String
[INFO] [stdout]               bool
[INFO] [stdout]               f32
[INFO] [stdout]               f64
[INFO] [stdout]               half::f16
[INFO] [stdout]               i16
[INFO] [stdout]             and 9 others
[INFO] [stdout] note: required by a bound in `V3::run_function_with_1`
[INFO] [stdout]    --> /opt/rustwide/cargo-home/registry/src/index.crates.io-1949cf8c6b5b557f/diskann-wide-0.54.0/src/arch/x86_64/v3/mod.rs:296:17
[INFO] [stdout]     |
[INFO] [stdout] 294 |         pub(super) unsafe fn run_function_with_1<F, T0, R>(self, x0: T0::Of<'_>) -> R
[INFO] [stdout]     |                              ------------------- required by a bound in this associated function
[INFO] [stdout] 295 |         where
[INFO] [stdout] 296 |             T0: AddLifetime,
[INFO] [stdout]     |                 ^^^^^^^^^^^ required by this bound in `V3::run_function_with_1`
[INFO] [stdout] 
[INFO] [stdout] 
[INFO] [stdout] error[E0283]: type annotations needed
[INFO] [stdout]    --> /opt/rustwide/cargo-home/registry/src/index.crates.io-1949cf8c6b5b557f/diskann-wide-0.54.0/src/arch/x86_64/v3/mod.rs:450:44
[INFO] [stdout]     |
[INFO] [stdout] 450 |             Self::run_function_with_2::<F, _, _, _>;
[INFO] [stdout]     |                                            ^ cannot infer type
[INFO] [stdout]     |
[INFO] [stdout]     = note: the type must implement `AddLifetime`
[INFO] [stdout]     = help: the following types implement trait `AddLifetime`:
[INFO] [stdout]               As<T>
[INFO] [stdout]               Mut<T>
[INFO] [stdout]               String
[INFO] [stdout]               bool
[INFO] [stdout]               f32
[INFO] [stdout]               f64
[INFO] [stdout]               half::f16
[INFO] [stdout]               i16
[INFO] [stdout]             and 9 others
[INFO] [stdout] note: required by a bound in `V3::run_function_with_2`
[INFO] [stdout]    --> /opt/rustwide/cargo-home/registry/src/index.crates.io-1949cf8c6b5b557f/diskann-wide-0.54.0/src/arch/x86_64/v3/mod.rs:313:17
[INFO] [stdout]     |
[INFO] [stdout] 307 |         pub(super) unsafe fn run_function_with_2<F, T0, T1, R>(
[INFO] [stdout]     |                              ------------------- required by a bound in this associated function
[INFO] [stdout] ...
[INFO] [stdout] 313 |             T0: AddLifetime,
[INFO] [stdout]     |                 ^^^^^^^^^^^ required by this bound in `V3::run_function_with_2`
[INFO] [stdout] 
[INFO] [stdout] 
[INFO] [stdout] error[E0283]: type annotations needed
[INFO] [stdout]    --> /opt/rustwide/cargo-home/registry/src/index.crates.io-1949cf8c6b5b557f/diskann-wide-0.54.0/src/arch/x86_64/v3/mod.rs:466:44
[INFO] [stdout]     |
[INFO] [stdout] 466 |             Self::run_function_with_3::<F, _, _, _, _>;
[INFO] [stdout]     |                                            ^ cannot infer type
[INFO] [stdout]     |
[INFO] [stdout]     = note: the type must implement `AddLifetime`
[INFO] [stdout]     = help: the following types implement trait `AddLifetime`:
[INFO] [stdout]               As<T>
[INFO] [stdout]               Mut<T>
[INFO] [stdout]               String
[INFO] [stdout]               bool
[INFO] [stdout]               f32
[INFO] [stdout]               f64
[INFO] [stdout]               half::f16
[INFO] [stdout]               i16
[INFO] [stdout]             and 9 others
[INFO] [stdout] note: required by a bound in `V3::run_function_with_3`
[INFO] [stdout]    --> /opt/rustwide/cargo-home/registry/src/index.crates.io-1949cf8c6b5b557f/diskann-wide-0.54.0/src/arch/x86_64/v3/mod.rs:332:17
[INFO] [stdout]     |
[INFO] [stdout] 325 |         pub(super) unsafe fn run_function_with_3<F, T0, T1, T2, R>(
[INFO] [stdout]     |                              ------------------- required by a bound in this associated function
[INFO] [stdout] ...
[INFO] [stdout] 332 |             T0: AddLifetime,
[INFO] [stdout]     |                 ^^^^^^^^^^^ required by this bound in `V3::run_function_with_3`
[INFO] [stdout] 
[INFO] [stdout] 
[INFO] [stdout] error[E0283]: type annotations needed
[INFO] [stdout]    --> /opt/rustwide/cargo-home/registry/src/index.crates.io-1949cf8c6b5b557f/diskann-wide-0.54.0/src/arch/x86_64/v4/mod.rs:540:82
[INFO] [stdout]     |
[INFO] [stdout] 540 |         let f: unsafe fn(Self, T0::Of<'_>) -> R = Self::run_function_with_1::<F, _, _>;
[INFO] [stdout]     |                                                                                  ^ cannot infer type
[INFO] [stdout]     |
[INFO] [stdout]     = note: the type must implement `AddLifetime`
[INFO] [stdout]     = help: the following types implement trait `AddLifetime`:
[INFO] [stdout]               As<T>
[INFO] [stdout]               Mut<T>
[INFO] [stdout]               String
[INFO] [stdout]               bool
[INFO] [stdout]               f32
[INFO] [stdout]               f64
[INFO] [stdout]               half::f16
[INFO] [stdout]               i16
[INFO] [stdout]             and 9 others
[INFO] [stdout] note: required by a bound in `v4::V4::run_function_with_1`
[INFO] [stdout]    --> /opt/rustwide/cargo-home/registry/src/index.crates.io-1949cf8c6b5b557f/diskann-wide-0.54.0/src/arch/x86_64/v4/mod.rs:401:17
[INFO] [stdout]     |
[INFO] [stdout] 399 |         pub(super) unsafe fn run_function_with_1<F, T0, R>(self, x0: T0::Of<'_>) -> R
[INFO] [stdout]     |                              ------------------- required by a bound in this associated function
[INFO] [stdout] 400 |         where
[INFO] [stdout] 401 |             T0: AddLifetime,
[INFO] [stdout]     |                 ^^^^^^^^^^^ required by this bound in `V4::run_function_with_1`
[INFO] [stdout] 
[INFO] [stdout] 
[INFO] [stdout] error[E0283]: type annotations needed
[INFO] [stdout]    --> /opt/rustwide/cargo-home/registry/src/index.crates.io-1949cf8c6b5b557f/diskann-wide-0.54.0/src/arch/x86_64/v4/mod.rs:555:44
[INFO] [stdout]     |
[INFO] [stdout] 555 |             Self::run_function_with_2::<F, _, _, _>;
[INFO] [stdout]     |                                            ^ cannot infer type
[INFO] [stdout]     |
[INFO] [stdout]     = note: the type must implement `AddLifetime`
[INFO] [stdout]     = help: the following types implement trait `AddLifetime`:
[INFO] [stdout]               As<T>
[INFO] [stdout]               Mut<T>
[INFO] [stdout]               String
[INFO] [stdout]               bool
[INFO] [stdout]               f32
[INFO] [stdout]               f64
[INFO] [stdout]               half::f16
[INFO] [stdout]               i16
[INFO] [stdout]             and 9 others
[INFO] [stdout] note: required by a bound in `v4::V4::run_function_with_2`
[INFO] [stdout]    --> /opt/rustwide/cargo-home/registry/src/index.crates.io-1949cf8c6b5b557f/diskann-wide-0.54.0/src/arch/x86_64/v4/mod.rs:418:17
[INFO] [stdout]     |
[INFO] [stdout] 412 |         pub(super) unsafe fn run_function_with_2<F, T0, T1, R>(
[INFO] [stdout]     |                              ------------------- required by a bound in this associated function
[INFO] [stdout] ...
[INFO] [stdout] 418 |             T0: AddLifetime,
[INFO] [stdout]     |                 ^^^^^^^^^^^ required by this bound in `V4::run_function_with_2`
[INFO] [stdout] 
[INFO] [stdout] 
[INFO] [stdout] error[E0283]: type annotations needed
[INFO] [stdout]    --> /opt/rustwide/cargo-home/registry/src/index.crates.io-1949cf8c6b5b557f/diskann-wide-0.54.0/src/arch/x86_64/v4/mod.rs:571:44
[INFO] [stdout]     |
[INFO] [stdout] 571 |             Self::run_function_with_3::<F, _, _, _, _>;
[INFO] [stdout]     |                                            ^ cannot infer type
[INFO] [stdout]     |
[INFO] [stdout]     = note: the type must implement `AddLifetime`
[INFO] [stdout]     = help: the following types implement trait `AddLifetime`:
[INFO] [stdout]               As<T>
[INFO] [stdout]               Mut<T>
[INFO] [stdout]               String
[INFO] [stdout]               bool
[INFO] [stdout]               f32
[INFO] [stdout]               f64
[INFO] [stdout]               half::f16
[INFO] [stdout]               i16
[INFO] [stdout]             and 9 others
[INFO] [stdout] note: required by a bound in `v4::V4::run_function_with_3`
[INFO] [stdout]    --> /opt/rustwide/cargo-home/registry/src/index.crates.io-1949cf8c6b5b557f/diskann-wide-0.54.0/src/arch/x86_64/v4/mod.rs:437:17
[INFO] [stdout]     |
[INFO] [stdout] 430 |         pub(super) unsafe fn run_function_with_3<F, T0, T1, T2, R>(
[INFO] [stdout]     |                              ------------------- required by a bound in this associated function
[INFO] [stdout] ...
[INFO] [stdout] 437 |             T0: AddLifetime,
[INFO] [stdout]     |                 ^^^^^^^^^^^ required by this bound in `V4::run_function_with_3`
[INFO] [stdout] 
[INFO] [stdout] 
[INFO] [stderr]     Checking rand v0.10.0
[INFO] [stderr]     Checking keyring v3.6.3
[INFO] [stderr]     Checking glob v0.3.3
[INFO] [stderr]     Checking toml v1.1.2+spec-1.1.0
[INFO] [stderr]     Checking inventory v0.3.24
[INFO] [stderr]     Checking termcolor v1.4.1
[INFO] [stdout] For more information about this error, try `rustc --explain E0283`.
[INFO] [stdout] 
[INFO] [stderr]     Checking unicode-ident v1.0.24
[INFO] [stderr] error: could not compile `diskann-wide` (lib) due to 6 previous errors
[INFO] [stderr] warning: build failed, waiting for other jobs to finish...
[INFO] running `Command { std: "docker" "inspect" "b2fd1289fb87479fbbdd96cd5b5fb32a3d7866a8790188a092f3c255d713214d", kill_on_drop: false }`
[INFO] running `Command { std: "docker" "rm" "-f" "b2fd1289fb87479fbbdd96cd5b5fb32a3d7866a8790188a092f3c255d713214d", kill_on_drop: false }`
[INFO] [stdout] b2fd1289fb87479fbbdd96cd5b5fb32a3d7866a8790188a092f3c255d713214d
