[INFO] cloning repository https://github.com/GitGinocchio/noisette
[INFO] running `Command { std: "git" "-c" "credential.helper=" "-c" "credential.helper=/workspace/cargo-home/bin/git-credential-null" "clone" "--bare" "https://github.com/GitGinocchio/noisette" "/workspace/cache/git-repos/https%3A%2F%2Fgithub.com%2FGitGinocchio%2Fnoisette", kill_on_drop: false }`
[INFO] [stderr] Cloning into bare repository '/workspace/cache/git-repos/https%3A%2F%2Fgithub.com%2FGitGinocchio%2Fnoisette'...
[INFO] running `Command { std: "git" "rev-parse" "HEAD", kill_on_drop: false }`
[INFO] [stdout] 08effd97c6b181960ae9bb19baa322ed3ab3c72e
[INFO] checking GitGinocchio/noisette/08effd97c6b181960ae9bb19baa322ed3ab3c72e against 018018e881e2db0956f229dbb543e21f058d1ce7 for pr-162597
[INFO] running `Command { std: "git" "clone" "/workspace/cache/git-repos/https%3A%2F%2Fgithub.com%2FGitGinocchio%2Fnoisette" "/workspace/builds/worker-3-tc1/source", kill_on_drop: false }`
[INFO] [stderr] Cloning into '/workspace/builds/worker-3-tc1/source'...
[INFO] [stderr] done.
[INFO] removed /workspace/builds/worker-3-tc1/source/.cargo/config.toml
[INFO] removed /workspace/builds/worker-3-tc1/source/rust-toolchain.toml
[INFO] started tweaking git repo https://github.com/GitGinocchio/noisette
[INFO] finished tweaking git repo https://github.com/GitGinocchio/noisette
[INFO] tweaked toml for git repo https://github.com/GitGinocchio/noisette written to /workspace/builds/worker-3-tc1/source/Cargo.toml
[INFO] validating manifest of git repo https://github.com/GitGinocchio/noisette on toolchain 018018e881e2db0956f229dbb543e21f058d1ce7
[INFO] running `Command { std: CARGO_HOME="/workspace/cargo-home" RUSTUP_HOME="/workspace/rustup-home" "/workspace/cargo-home/bin/cargo" "+018018e881e2db0956f229dbb543e21f058d1ce7" "metadata" "--manifest-path" "Cargo.toml" "--no-deps", kill_on_drop: false }`
[INFO] crate git repo https://github.com/GitGinocchio/noisette already has a lockfile, it will not be regenerated
[INFO] running `Command { std: CARGO_HOME="/workspace/cargo-home" RUSTUP_HOME="/workspace/rustup-home" "/workspace/cargo-home/bin/cargo" "+018018e881e2db0956f229dbb543e21f058d1ce7" "fetch" "--manifest-path" "Cargo.toml", kill_on_drop: false }`
[INFO] [stderr]     Updating crates.io index
[INFO] [stderr]  Downloading crates ...
[INFO] [stderr]   Downloaded unicode-ident v1.0.12
[INFO] [stderr]   Downloaded proc-macro2 v1.0.95
[INFO] [stderr]   Downloaded wasm-bindgen-shared v0.2.110
[INFO] [stderr]   Downloaded equivalent v1.0.1
[INFO] [stderr]   Downloaded unicode-xid v0.2.6
[INFO] [stderr]   Downloaded windows-targets v0.53.2
[INFO] [stderr]   Downloaded errno v0.3.13
[INFO] [stderr]   Downloaded futures-sink v0.3.32
[INFO] [stderr]   Downloaded home v0.5.9
[INFO] [stderr]   Downloaded id-arena v2.3.0
[INFO] [stderr]   Downloaded wasm-bindgen-macro v0.2.110
[INFO] [stderr]   Downloaded wit-bindgen-rust-macro v0.51.0
[INFO] [stderr]   Downloaded wayland-csd-frame v0.3.0
[INFO] [stderr]   Downloaded winapi-util v0.1.6
[INFO] [stderr]   Downloaded fastrand v2.0.1
[INFO] [stderr]   Downloaded zerofrom v0.1.6
[INFO] [stderr]   Downloaded leb128fmt v0.1.0
[INFO] [stderr]   Downloaded libredox v0.0.2
[INFO] [stderr]   Downloaded objc2-symbols v0.2.2
[INFO] [stderr]   Downloaded objc2-link-presentation v0.2.2
[INFO] [stderr]   Downloaded zerofrom-derive v0.1.6
[INFO] [stderr]   Downloaded yoke-derive v0.8.1
[INFO] [stderr]   Downloaded potential_utf v0.1.4
[INFO] [stderr]   Downloaded form_urlencoded v1.2.1
[INFO] [stderr]   Downloaded serde_spanned v1.0.4
[INFO] [stderr]   Downloaded tokio-serde v0.9.0
[INFO] [stderr]   Downloaded cursor-icon v1.1.0
[INFO] [stderr]   Downloaded calloop-wayland-source v0.3.0
[INFO] [stderr]   Downloaded objc2-user-notifications v0.2.2
[INFO] [stderr]   Downloaded pkg-config v0.3.28
[INFO] [stderr]   Downloaded jobserver v0.1.32
[INFO] [stderr]   Downloaded objc2-core-location v0.2.2
[INFO] [stderr]   Downloaded async-recursion v1.1.1
[INFO] [stderr]   Downloaded rustversion v1.0.20
[INFO] [stderr]   Downloaded zstd v0.13.3
[INFO] [stderr]   Downloaded wasm-bindgen v0.2.110
[INFO] [stderr]   Downloaded clap_lex v0.7.5
[INFO] [stderr]   Downloaded enumn v0.1.13
[INFO] [stderr]   Downloaded parking v2.2.0
[INFO] [stderr]   Downloaded event-listener-strategy v0.4.0
[INFO] [stderr]   Downloaded crunchy v0.2.4
[INFO] [stderr]   Downloaded core-graphics-types v0.1.3
[INFO] [stderr]   Downloaded wasm-bindgen-futures v0.4.60
[INFO] [stderr]   Downloaded which v6.0.3
[INFO] [stderr]   Downloaded walkdir v2.4.0
[INFO] [stderr]   Downloaded zerovec-derive v0.11.2
[INFO] [stderr]   Downloaded semver v1.0.26
[INFO] [stderr]   Downloaded wasm-metadata v0.244.0
[INFO] [stderr]   Downloaded toml_writer v1.0.6+spec-1.1.0
[INFO] [stderr]   Downloaded tokio-macros v2.6.0
[INFO] [stderr]   Downloaded redox_syscall v0.5.13
[INFO] [stderr]   Downloaded redox_syscall v0.4.1
[INFO] [stderr]   Downloaded strict-num v0.1.1
[INFO] [stderr]   Downloaded ryu v1.0.20
[INFO] [stderr]   Downloaded idna_adapter v1.2.1
[INFO] [stderr]   Downloaded synstructure v0.13.2
[INFO] [stderr]   Downloaded displaydoc v0.2.5
[INFO] [stderr]   Downloaded writeable v0.6.2
[INFO] [stderr]   Downloaded tinystr v0.8.2
[INFO] [stderr]   Downloaded pin-project-internal v1.1.5
[INFO] [stderr]   Downloaded objc2-uniform-type-identifiers v0.2.2
[INFO] [stderr]   Downloaded pin-project-lite v0.2.13
[INFO] [stderr]   Downloaded zstd-safe v7.2.4
[INFO] [stderr]   Downloaded pem-rfc7468 v0.7.0
[INFO] [stderr]   Downloaded block-padding v0.3.3
[INFO] [stderr]   Downloaded powerfmt v0.2.0
[INFO] [stderr]   Downloaded cgl v0.3.2
[INFO] [stderr]   Downloaded glutin-winit v0.5.0
[INFO] [stderr]   Downloaded glutin_glx_sys v0.6.1
[INFO] [stderr]   Downloaded glutin_wgl_sys v0.6.1
[INFO] [stderr]   Downloaded zbus-lockstep-macros v0.5.2
[INFO] [stderr]   Downloaded serde_repr v0.1.19
[INFO] [stderr]   Downloaded crossbeam-utils v0.8.18
[INFO] [stderr]   Downloaded wit-bindgen-rust v0.51.0
[INFO] [stderr]   Downloaded wit-bindgen-core v0.51.0
[INFO] [stderr]   Downloaded yoke v0.8.1
[INFO] [stderr]   Downloaded litemap v0.8.1
[INFO] [stderr]   Downloaded toml_parser v1.0.2
[INFO] [stderr]   Downloaded tempfile v3.9.0
[INFO] [stderr]   Downloaded crc32c v0.6.8
[INFO] [stderr]   Downloaded accesskit v0.21.1
[INFO] [stderr]   Downloaded zvariant_utils v3.3.0
[INFO] [stderr]   Downloaded endi v1.1.0
[INFO] [stderr]   Downloaded uuid v1.21.0
[INFO] [stderr]   Downloaded getrandom v0.4.1
[INFO] [stderr]   Downloaded icu_properties v2.1.2
[INFO] [stderr]   Downloaded toml v0.9.6
[INFO] [stderr]   Downloaded icu_provider v2.1.1
[INFO] [stderr]   Downloaded socket2 v0.6.2
[INFO] [stderr]   Downloaded pin-project v1.1.5
[INFO] [stderr]   Downloaded pkcs5 v0.7.1
[INFO] [stderr]   Downloaded futures-executor v0.3.30
[INFO] [stderr]   Downloaded bb8 v0.9.1
[INFO] [stderr]   Downloaded wasm-bindgen-macro-support v0.2.110
[INFO] [stderr]   Downloaded zip v0.6.6
[INFO] [stderr]   Downloaded icu_normalizer v2.1.1
[INFO] [stderr]   Downloaded tar v0.4.44
[INFO] [stderr]   Downloaded pkcs1 v0.7.5
[INFO] [stderr]   Downloaded bytemuck_derive v1.10.2
[INFO] [stderr]   Downloaded proc-macro-crate v3.2.0
[INFO] [stderr]   Downloaded async-channel v2.1.1
[INFO] [stderr]   Downloaded icu_normalizer_data v2.1.1
[INFO] [stderr]   Downloaded bumpalo v3.14.0
[INFO] [stderr]   Downloaded zerotrie v0.2.3
[INFO] [stderr]   Downloaded icu_locale_core v2.1.1
[INFO] [stderr]   Downloaded twox-hash v2.1.2
[INFO] [stderr]   Downloaded js-sys v0.3.87
[INFO] [stderr]   Downloaded wit-bindgen v0.51.0
[INFO] [stderr]   Downloaded indexmap v2.10.0
[INFO] [stderr]   Downloaded wasm-encoder v0.244.0
[INFO] [stderr]   Downloaded url v2.5.4
[INFO] [stderr]   Downloaded zune-core v0.4.12
[INFO] [stderr]   Downloaded ab_glyph v0.2.32
[INFO] [stderr]   Downloaded owned_ttf_parser v0.25.1
[INFO] [stderr]   Downloaded memchr v2.7.5
[INFO] [stderr]   Downloaded cc v1.2.29
[INFO] [stderr]   Downloaded wasip3 v0.4.0+wasi-0.3.0-rc-2026-01-06
[INFO] [stderr]   Downloaded wasip2 v1.0.2+wasi-0.2.9
[INFO] [stderr]   Downloaded icu_collections v2.1.1
[INFO] [stderr]   Downloaded typed-path v0.12.3
[INFO] [stderr]   Downloaded tokio-util v0.7.15
[INFO] [stderr]   Downloaded mio v1.0.4
[INFO] [stderr]   Downloaded reqsign v0.16.5
[INFO] [stderr]   Downloaded wayland-backend v0.3.12
[INFO] [stderr]   Downloaded weezl v0.1.12
[INFO] [stderr]   Downloaded ecolor v0.33.3
[INFO] [stderr]   Downloaded zbus-lockstep v0.5.2
[INFO] [stderr]   Downloaded rodio v0.20.1
[INFO] [stderr]   Downloaded enumflags2_derive v0.7.10
[INFO] [stderr]   Downloaded wit-parser v0.244.0
[INFO] [stderr]   Downloaded hashbrown v0.15.2
[INFO] [stderr]   Downloaded serde_json v1.0.140
[INFO] [stderr]   Downloaded zerovec v0.11.5
[INFO] [stderr]   Downloaded ruzstd v0.8.2
[INFO] [stderr]   Downloaded zune-jpeg v0.4.21
[INFO] [stderr]   Downloaded emath v0.33.3
[INFO] [stderr]   Downloaded eframe v0.33.3
[INFO] [stderr]   Downloaded smithay-client-toolkit v0.19.2
[INFO] [stderr]   Downloaded dpi v0.1.1
[INFO] [stderr]   Downloaded glutin_egl_sys v0.7.1
[INFO] [stderr]   Downloaded event-listener-strategy v0.5.3
[INFO] [stderr]   Downloaded termcolor v1.4.1
[INFO] [stderr]   Downloaded bit-set v0.8.0
[INFO] [stderr]   Downloaded bit-vec v0.8.0
[INFO] [stderr]   Downloaded paste v1.0.15
[INFO] [stderr]   Downloaded khronos-egl v6.0.0
[INFO] [stderr]   Downloaded gpu-descriptor v0.3.2
[INFO] [stderr]   Downloaded icu_properties_data v2.1.2
[INFO] [stderr]   Downloaded winnow v0.7.10
[INFO] [stderr]   Downloaded xattr v1.5.1
[INFO] [stderr]   Downloaded hashbrown v0.14.3
[INFO] [stderr]   Downloaded toml_edit v0.22.22
[INFO] [stderr]   Downloaded epaint v0.33.3
[INFO] [stderr]   Downloaded block2 v0.5.1
[INFO] [stderr]   Downloaded objc2-core-image v0.2.2
[INFO] [stderr]   Downloaded piper v0.2.1
[INFO] [stderr]   Downloaded wasm-streams v0.4.1
[INFO] [stderr]   Downloaded windows-strings v0.3.1
[INFO] [stderr]   Downloaded system-configuration-sys v0.6.0
[INFO] [stderr]   Downloaded httpdate v1.0.3
[INFO] [stderr]   Downloaded const-random-macro v0.1.16
[INFO] [stderr]   Downloaded objc-sys v0.3.5
[INFO] [stderr]   Downloaded ordered-stream v0.2.0
[INFO] [stderr]   Downloaded system-configuration v0.7.0
[INFO] [stderr]   Downloaded ipnet v2.11.0
[INFO] [stderr]   Downloaded tiny-keccak v2.0.2
[INFO] [stderr]   Downloaded objc2-quartz-core v0.2.2
[INFO] [stderr]   Downloaded wit-component v0.244.0
[INFO] [stderr]   Downloaded wasmparser v0.244.0
[INFO] [stderr]   Downloaded tower-http v0.6.8
[INFO] [stderr]   Downloaded tower v0.5.2
[INFO] [stderr]   Downloaded chrono v0.4.41
[INFO] [stderr]   Downloaded number_prefix v0.4.0
[INFO] [stderr]   Downloaded terminal_size v0.4.2
[INFO] [stderr]   Downloaded toml_datetime v0.6.8
[INFO] [stderr]   Downloaded pem v3.0.5
[INFO] [stderr]   Downloaded iana-time-zone v0.1.63
[INFO] [stderr]   Downloaded num_cpus v1.17.0
[INFO] [stderr]   Downloaded quick-error v2.0.1
[INFO] [stderr]   Downloaded hyper v1.8.1
[INFO] [stderr]   Downloaded h2 v0.4.11
[INFO] [stderr]   Downloaded arc-swap v1.7.1
[INFO] [stderr]   Downloaded object v0.37.3
[INFO] [stderr]   Downloaded memmap2 v0.9.5
[INFO] [stderr]   Downloaded clap v4.5.40
[INFO] [stderr]   Downloaded clap_derive v4.5.40
[INFO] [stderr]   Downloaded windows-strings v0.1.0
[INFO] [stderr]   Downloaded gpu-descriptor-types v0.2.0
[INFO] [stderr]   Downloaded sccache v0.14.0
[INFO] [stderr]   Downloaded quick-xml v0.38.4
[INFO] [stderr]   Downloaded ar v0.9.0
[INFO] [stderr]   Downloaded ogg v0.8.0
[INFO] [stderr]   Downloaded oboe v0.6.1
[INFO] [stderr]   Downloaded wayland-scanner v0.31.8
[INFO] [stderr]   Downloaded objc2-foundation v0.3.1
[INFO] [stderr]   Downloaded fdeflate v0.3.3
[INFO] [stderr]   Downloaded core-graphics v0.23.1
[INFO] [stderr]   Downloaded zbus_names v4.3.1
[INFO] [stderr]   Downloaded atspi-proxies v0.9.0
[INFO] [stderr]   Downloaded winsafe v0.0.19
[INFO] [stderr]   Downloaded lewton v0.10.2
[INFO] [stderr]   Downloaded cpal v0.15.3
[INFO] [stderr]   Downloaded half v2.7.1
[INFO] [stderr]   Downloaded gethostname v0.4.3
[INFO] [stderr]   Downloaded as-raw-xcb-connection v1.0.1
[INFO] [stderr]   Downloaded smol_str v0.2.0
[INFO] [stderr]   Downloaded objc2-cloud-kit v0.2.2
[INFO] [stderr]   Downloaded smithay-clipboard v0.7.2
[INFO] [stderr]   Downloaded enumflags2 v0.7.10
[INFO] [stderr]   Downloaded async-process v2.3.0
[INFO] [stderr]   Downloaded async-signal v0.2.5
[INFO] [stderr]   Downloaded async-broadcast v0.7.1
[INFO] [stderr]   Downloaded atspi v0.25.0
[INFO] [stderr]   Downloaded zbus_xml v5.1.0
[INFO] [stderr]   Downloaded rustix v1.0.7
[INFO] [stderr]   Downloaded oboe-sys v0.6.1
[INFO] [stderr]   Downloaded moxcms v0.7.11
[INFO] [stderr]   Downloaded wayland-protocols-wlr v0.3.4
[INFO] [stderr]   Downloaded wayland-cursor v0.31.0
[INFO] [stderr]   Downloaded objc2-contacts v0.2.2
[INFO] [stderr]   Downloaded objc2-core-data v0.2.2
[INFO] [stderr]   Downloaded zvariant_derive v5.9.2
[INFO] [stderr]   Downloaded accesskit_macos v0.22.2
[INFO] [stderr]   Downloaded type-map v0.5.1
[INFO] [stderr]   Downloaded device_query v4.0.1
[INFO] [stderr]   Downloaded readmouse v0.2.1
[INFO] [stderr]   Downloaded web-sys v0.3.87
[INFO] [stderr]   Downloaded filetime v0.2.25
[INFO] [stderr]   Downloaded libredox v0.1.4
[INFO] [stderr]   Downloaded strip-ansi-escapes v0.2.1
[INFO] [stderr]   Downloaded sha2 v0.10.9
[INFO] [stderr]   Downloaded reqsign-file-read-tokio v2.0.2
[INFO] [stderr]   Downloaded ordered-multimap v0.7.3
[INFO] [stderr]   Downloaded const-random v0.1.18
[INFO] [stderr]   Downloaded wayland-protocols-plasma v0.3.10
[INFO] [stderr]   Downloaded async-lock v2.8.0
[INFO] [stderr]   Downloaded async-executor v1.11.0
[INFO] [stderr]   Downloaded atspi-connection v0.9.0
[INFO] [stderr]   Downloaded accesskit_atspi_common v0.14.2
[INFO] [stderr]   Downloaded litrs v0.4.1
[INFO] [stderr]   Downloaded vte v0.14.1
[INFO] [stderr]   Downloaded const-oid v0.9.6
[INFO] [stderr]   Downloaded dlv-list v0.5.2
[INFO] [stderr]   Downloaded time-core v0.1.4
[INFO] [stderr]   Downloaded num-conv v0.1.0
[INFO] [stderr]   Downloaded deranged v0.4.0
[INFO] [stderr]   Downloaded sha1_smol v1.0.1
[INFO] [stderr]   Downloaded crc16 v0.4.0
[INFO] [stderr]   Downloaded gloo-timers v0.3.0
[INFO] [stderr]   Downloaded prost v0.13.5
[INFO] [stderr]   Downloaded md-5 v0.10.6
[INFO] [stderr]   Downloaded ndk-sys v0.5.0+25.2.9519653
[INFO] [stderr]   Downloaded fax v0.2.6
[INFO] [stderr]   Downloaded fax_derive v0.2.0
[INFO] [stderr]   Downloaded byteorder-lite v0.1.0
[INFO] [stderr]   Downloaded ahash v0.8.12
[INFO] [stderr]   Downloaded accesskit_unix v0.17.2
[INFO] [stderr]   Downloaded zstd-sys v2.0.15+zstd.1.5.7
[INFO] [stderr]   Downloaded windows_x86_64_gnullvm v0.53.0
[INFO] [stderr]   Downloaded windows_aarch64_gnullvm v0.53.0
[INFO] [stderr]   Downloaded reqwest v0.12.28
[INFO] [stderr]   Downloaded lru-slab v0.1.2
[INFO] [stderr]   Downloaded der v0.7.10
[INFO] [stderr]   Downloaded jsonwebtoken v9.3.1
[INFO] [stderr]   Downloaded simple_asn1 v0.6.3
[INFO] [stderr]   Downloaded time-macros v0.2.22
[INFO] [stderr]   Downloaded coreaudio-rs v0.11.3
[INFO] [stderr]   Downloaded x11rb v0.13.1
[INFO] [stderr]   Downloaded uds_windows v1.1.0
[INFO] [stderr]   Downloaded windows_x86_64_msvc v0.53.0
[INFO] [stderr]   Downloaded windows_x86_64_gnu v0.53.0
[INFO] [stderr]   Downloaded windows_i686_msvc v0.53.0
[INFO] [stderr]   Downloaded windows_i686_gnullvm v0.53.0
[INFO] [stderr]   Downloaded windows_aarch64_msvc v0.53.0
[INFO] [stderr]   Downloaded rand v0.9.1
[INFO] [stderr]   Downloaded getrandom v0.3.3
[INFO] [stderr]   Downloaded windows-registry v0.4.0
[INFO] [stderr]   Downloaded hyper-tls v0.6.0
[INFO] [stderr]   Downloaded http-body-util v0.1.3
[INFO] [stderr]   Downloaded hyper-rustls v0.27.7
[INFO] [stderr]   Downloaded reqsign v0.18.1
[INFO] [stderr]   Downloaded quick-xml v0.37.5
[INFO] [stderr]   Downloaded time v0.3.41
[INFO] [stderr]   Downloaded itertools v0.14.0
[INFO] [stderr]   Downloaded hermit-abi v0.5.2
[INFO] [stderr]   Downloaded flume v0.11.1
[INFO] [stderr]   Downloaded windows_x86_64_gnu v0.48.5
[INFO] [stderr]   Downloaded windows_i686_msvc v0.48.5
[INFO] [stderr]   Downloaded png v0.18.1
[INFO] [stderr]   Downloaded epaint_default_fonts v0.33.3
[INFO] [stderr]   Downloaded readkey v0.2.2
[INFO] [stderr]   Downloaded windows_i686_gnu v0.53.0
[INFO] [stderr]   Downloaded tokio v1.49.0
[INFO] [stderr]   Downloaded redis v0.32.7
[INFO] [stderr]   Downloaded prost-derive v0.13.5
[INFO] [stderr]   Downloaded ghac v0.2.0
[INFO] [stderr]   Downloaded simd-adler32 v0.3.7
[INFO] [stderr]   Downloaded anstream v0.6.15
[INFO] [stderr]   Downloaded directories v6.0.0
[INFO] [stderr]   Downloaded daemonix v0.1.0
[INFO] [stderr]   Downloaded egui v0.33.3
[INFO] [stderr]   Downloaded x11rb-protocol v0.13.1
[INFO] [stderr]   Downloaded tiny-skia-path v0.11.4
[INFO] [stderr]   Downloaded gl_generator v0.14.0
[INFO] [stderr]   Downloaded blocking v1.6.1
[INFO] [stderr]   Downloaded async-task v4.7.1
[INFO] [stderr]   Downloaded windows-result v0.2.0
[INFO] [stderr]   Downloaded windows-interface v0.58.0
[INFO] [stderr]   Downloaded windows-implement v0.58.0
[INFO] [stderr]   Downloaded wgpu-core-deps-windows-linux-android v27.0.0
[INFO] [stderr]   Downloaded blake3 v1.8.2
[INFO] [stderr]   Downloaded rfd v0.17.2
[INFO] [stderr]   Downloaded wayland-sys v0.31.8
[INFO] [stderr]   Downloaded tiff v0.10.3
[INFO] [stderr]   Downloaded pxfm v0.1.27
[INFO] [stderr]   Downloaded egui_glow v0.33.3
[INFO] [stderr]   Downloaded egui-winit v0.33.3
[INFO] [stderr]   Downloaded accesskit_winit v0.29.2
[INFO] [stderr]   Downloaded accesskit_consumer v0.31.0
[INFO] [stderr]   Downloaded async-lock v3.4.0
[INFO] [stderr]   Downloaded egui-wgpu v0.33.3
[INFO] [stderr]   Downloaded windows-core v0.58.0
[INFO] [stderr]   Downloaded claxon v0.4.3
[INFO] [stderr]   Downloaded wayland-protocols v0.32.10
[INFO] [stderr]   Downloaded dlib v0.5.2
[INFO] [stderr]   Downloaded raw-window-handle v0.6.2
[INFO] [stderr]   Downloaded zbus_macros v5.13.2
[INFO] [stderr]   Downloaded webpki-roots v1.0.1
[INFO] [stderr]   Downloaded quinn-udp v0.5.13
[INFO] [stderr]   Downloaded constant_time_eq v0.3.1
[INFO] [stderr]   Downloaded arrayref v0.3.9
[INFO] [stderr]   Downloaded windows_aarch64_gnullvm v0.48.5
[INFO] [stderr]   Downloaded pollster v0.4.0
[INFO] [stderr]   Downloaded web-time v1.1.0
[INFO] [stderr]   Downloaded http-body v1.0.1
[INFO] [stderr]   Downloaded tokio-rustls v0.26.2
[INFO] [stderr]   Downloaded rustls-webpki v0.103.3
[INFO] [stderr]   Downloaded getrandom v0.2.11
[INFO] [stderr]   Downloaded native-tls v0.2.14
[INFO] [stderr]   Downloaded spki v0.7.3
[INFO] [stderr]   Downloaded gzp v2.0.2
[INFO] [stderr]   Downloaded anstyle-query v1.1.1
[INFO] [stderr]   Downloaded coreaudio-sys v0.2.17
[INFO] [stderr]   Downloaded range-alloc v0.1.4
[INFO] [stderr]   Downloaded gpu-alloc-types v0.3.0
[INFO] [stderr]   Downloaded rustls v0.23.28
[INFO] [stderr]   Downloaded tokio-native-tls v0.3.1
[INFO] [stderr]   Downloaded core_affinity v0.8.3
[INFO] [stderr]   Downloaded fs-err v3.3.0
[INFO] [stderr]   Downloaded env_logger v0.11.9
[INFO] [stderr]   Downloaded env_filter v1.0.0
[INFO] [stderr]   Downloaded anstyle v1.0.8
[INFO] [stderr]   Downloaded colorchoice v1.0.2
[INFO] [stderr]   Downloaded anstyle-wincon v3.0.4
[INFO] [stderr]   Downloaded ndk v0.8.0
[INFO] [stderr]   Downloaded ron v0.11.0
[INFO] [stderr]   Downloaded xcursor v0.3.5
[INFO] [stderr]   Downloaded concurrent-queue v2.4.0
[INFO] [stderr]   Downloaded renderdoc-sys v1.1.0
[INFO] [stderr]   Downloaded metal v0.32.0
[INFO] [stderr]   Downloaded macos-accessibility-client v0.0.1
[INFO] [stderr]   Downloaded linux-raw-sys v0.9.4
[INFO] [stderr]   Downloaded core-foundation v0.9.4
[INFO] [stderr]   Downloaded reqsign-command-execute-tokio v2.0.2
[INFO] [stderr]   Downloaded pkcs8 v0.10.2
[INFO] [stderr]   Downloaded nanorand v0.7.0
[INFO] [stderr]   Downloaded windows-targets v0.48.5
[INFO] [stderr]   Downloaded foldhash v0.2.0
[INFO] [stderr]   Downloaded rustls-pki-types v1.12.0
[INFO] [stderr]   Downloaded zeroize v1.8.1
[INFO] [stderr]   Downloaded schannel v0.1.27
[INFO] [stderr]   Downloaded openssl-sys v0.9.109
[INFO] [stderr]   Downloaded vcpkg v0.2.15
[INFO] [stderr]   Downloaded openssl-probe v0.1.6
[INFO] [stderr]   Downloaded openssl-macros v0.1.1
[INFO] [stderr]   Downloaded rustls-native-certs v0.8.1
[INFO] [stderr]   Downloaded quinn v0.11.8
[INFO] [stderr]   Downloaded reqsign-http-send-reqwest v2.0.1
[INFO] [stderr]   Downloaded signature v2.2.0
[INFO] [stderr]   Downloaded scrypt v0.11.0
[INFO] [stderr]   Downloaded block2 v0.6.1
[INFO] [stderr]   Downloaded objc2-app-kit v0.3.1
[INFO] [stderr]   Downloaded profiling v1.0.17
[INFO] [stderr]   Downloaded xkbcommon-dl v0.4.2
[INFO] [stderr]   Downloaded salsa20 v0.10.2
[INFO] [stderr]   Downloaded windows_x86_64_gnullvm v0.48.5
[INFO] [stderr]   Downloaded objc2-core-graphics v0.3.1
[INFO] [stderr]   Downloaded slotmap v1.0.7
[INFO] [stderr]   Downloaded event-listener v4.0.3
[INFO] [stderr]   Downloaded async-io v2.4.0
[INFO] [stderr]   Downloaded wgpu-core-deps-apple v27.0.0
[INFO] [stderr]   Downloaded reqsign-core v2.0.2
[INFO] [stderr]   Downloaded objc2-io-surface v0.3.1
[INFO] [stderr]   Downloaded ttf-parser v0.25.1
[INFO] [stderr]   Downloaded webbrowser v1.1.0
[INFO] [stderr]   Downloaded futures-lite v2.6.1
[INFO] [stderr]   Downloaded event-listener v5.3.1
[INFO] [stderr]   Downloaded wgpu-core-deps-emscripten v27.0.0
[INFO] [stderr]   Downloaded tracing v0.1.40
[INFO] [stderr]   Downloaded tracing-attributes v0.1.27
[INFO] [stderr]   Downloaded zune-core v0.5.1
[INFO] [stderr]   Downloaded polling v3.3.1
[INFO] [stderr]   Downloaded num-iter v0.1.45
[INFO] [stderr]   Downloaded sctk-adwaita v0.10.1
[INFO] [stderr]   Downloaded arboard v3.6.1
[INFO] [stderr]   Downloaded tracing-core v0.1.32
[INFO] [stderr]   Downloaded zune-jpeg v0.5.12
[INFO] [stderr]   Downloaded objc2-metal v0.2.2
[INFO] [stderr]   Downloaded windows_x86_64_msvc v0.48.5
[INFO] [stderr]   Downloaded security-framework-sys v2.14.0
[INFO] [stderr]   Downloaded anstyle-parse v0.2.5
[INFO] [stderr]   Downloaded num_enum v0.7.2
[INFO] [stderr]   Downloaded ordered-float v4.6.0
[INFO] [stderr]   Downloaded backon v1.6.0
[INFO] [stderr]   Downloaded image v0.25.9
[INFO] [stderr]   Downloaded base64ct v1.8.0
[INFO] [stderr]   Downloaded num_enum_derive v0.7.2
[INFO] [stderr]   Downloaded libloading v0.8.1
[INFO] [stderr]   Downloaded windows_aarch64_msvc v0.48.5
[INFO] [stderr]   Downloaded glutin v0.32.3
[INFO] [stderr]   Downloaded xml-rs v0.8.19
[INFO] [stderr]   Downloaded accesskit_windows v0.29.2
[INFO] [stderr]   Downloaded spirv v0.3.0+sdk-1.3.268.0
[INFO] [stderr]   Downloaded presser v0.3.1
[INFO] [stderr]   Downloaded gpu-alloc v0.6.0
[INFO] [stderr]   Downloaded jiff v0.2.20
[INFO] [stderr]   Downloaded windows_i686_gnu v0.48.5
[INFO] [stderr]   Downloaded winit v0.30.12
[INFO] [stderr]   Downloaded jiff-tzdb-platform v0.1.3
[INFO] [stderr]   Downloaded async-trait v0.1.83
[INFO] [stderr]   Downloaded rust-ini v0.21.2
[INFO] [stderr]   Downloaded aes v0.8.4
[INFO] [stderr]   Downloaded jiff-tzdb v0.1.5
[INFO] [stderr]   Downloaded jiff-static v0.2.20
[INFO] [stderr]   Downloaded aho-corasick v1.1.2
[INFO] [stderr]   Downloaded inout v0.1.4
[INFO] [stderr]   Downloaded pbkdf2 v0.12.2
[INFO] [stderr]   Downloaded core-foundation-sys v0.8.6
[INFO] [stderr]   Downloaded wayland-client v0.31.12
[INFO] [stderr]   Downloaded cbc v0.1.2
[INFO] [stderr]   Downloaded opendal v0.55.0
[INFO] [stderr]   Downloaded document-features v0.2.11
[INFO] [stderr]   Downloaded zerocopy v0.8.39
[INFO] [stderr]   Downloaded xkeysym v0.2.0
[INFO] [stderr]   Downloaded zerocopy-derive v0.8.39
[INFO] [stderr]   Downloaded spin v0.9.8
[INFO] [stderr]   Downloaded futures v0.3.30
[INFO] [stderr]   Downloaded zvariant v5.9.2
[INFO] [stderr]   Downloaded calloop v0.13.0
[INFO] [stderr]   Downloaded gpu-allocator v0.27.0
[INFO] [stderr]   Downloaded codespan-reporting v0.12.0
[INFO] [stderr]   Downloaded wgpu-types v27.0.1
[INFO] [stderr]   Downloaded security-framework v3.2.0
[INFO] [stderr]   Downloaded rsa v0.9.8
[INFO] [stderr]   Downloaded nix v0.26.4
[INFO] [stderr]   Downloaded base64 v0.21.5
[INFO] [stderr]   Downloaded security-framework v2.11.1
[INFO] [stderr]   Downloaded num-bigint-dig v0.8.4
[INFO] [stderr]   Downloaded combine v4.6.6
[INFO] [stderr]   Downloaded atspi-common v0.9.0
[INFO] [stderr]   Downloaded glow v0.16.0
[INFO] [stderr]   Downloaded iri-string v0.7.10
[INFO] [stderr]   Downloaded libm v0.2.15
[INFO] [stderr]   Downloaded winnow v0.6.20
[INFO] [stderr]   Downloaded zbus v5.12.0
[INFO] [stderr]   Downloaded objc2 v0.5.2
[INFO] [stderr]   Downloaded clap_builder v4.5.40
[INFO] [stderr]   Downloaded wgpu v27.0.1
[INFO] [stderr]   Downloaded objc2-core-foundation v0.3.1
[INFO] [stderr]   Downloaded tiny-skia v0.11.4
[INFO] [stderr]   Downloaded objc2-foundation v0.2.2
[INFO] [stderr]   Downloaded quinn-proto v0.11.12
[INFO] [stderr]   Downloaded android-activity v0.6.0
[INFO] [stderr]   Downloaded bindgen v0.72.1
[INFO] [stderr]   Downloaded objc2 v0.6.1
[INFO] [stderr]   Downloaded openssl v0.10.73
[INFO] [stderr]   Downloaded objc2-app-kit v0.2.2
[INFO] [stderr]   Downloaded objc2-ui-kit v0.2.2
[INFO] [stderr]   Downloaded nix v0.30.1
[INFO] [stderr]   Downloaded wgpu-core v27.0.3
[INFO] [stderr]   Downloaded wgpu-hal v27.0.4
[INFO] [stderr]   Downloaded ash v0.38.0+1.3.281
[INFO] [stderr]   Downloaded khronos_api v3.1.0
[INFO] [stderr]   Downloaded naga v27.0.3
[INFO] [stderr]   Downloaded orbclient v0.3.47
[INFO] [stderr]   Downloaded windows v0.58.0
[INFO] running `Command { std: "docker" "create" "-v" "/var/lib/crater-agent-workspace/builds/worker-3-tc1/source:/opt/rustwide/workdir:ro,Z" "-v" "/var/lib/crater-agent-workspace/builds/worker-3-tc1/target:/opt/rustwide/target:rw,Z" "-v" "/var/lib/crater-agent-workspace/cargo-home:/opt/rustwide/cargo-home:ro,Z" "-v" "/var/lib/crater-agent-workspace/rustup-home:/opt/rustwide/rustup-home:ro,Z" "-m" "1610612736" "--network" "none" "ghcr.io/rust-lang/crates-build-env/linux@sha256:8683fc1fc2eb5c9ac98e0d076ab094b2ffac7f99da555d2b6a2e27f346de2ec7" "sleep" "infinity", kill_on_drop: false }`
[INFO] [stdout] 93bca99f8fab970d1ede9d6d04d1e10ba3fc93d4f214c38920575a38ff7331a1
[INFO] running `Command { std: "docker" "start" "93bca99f8fab970d1ede9d6d04d1e10ba3fc93d4f214c38920575a38ff7331a1", kill_on_drop: false }`
[INFO] running `Command { std: "docker" "inspect" "93bca99f8fab970d1ede9d6d04d1e10ba3fc93d4f214c38920575a38ff7331a1", kill_on_drop: false }`
[INFO] running `Command { std: "docker" "exec" "-e" "SOURCE_DIR=/opt/rustwide/workdir" "-e" "CARGO_HOME=/opt/rustwide/cargo-home" "-e" "RUSTUP_HOME=/opt/rustwide/rustup-home" "-e" "CARGO_TARGET_DIR=/opt/rustwide/target" "-w" "/opt/rustwide/workdir" "--user" "0:0" "93bca99f8fab970d1ede9d6d04d1e10ba3fc93d4f214c38920575a38ff7331a1" "/opt/rustwide/cargo-home/bin/cargo" "+018018e881e2db0956f229dbb543e21f058d1ce7" "metadata" "--no-deps" "--format-version=1", kill_on_drop: false }`
[INFO] running `Command { std: "docker" "inspect" "93bca99f8fab970d1ede9d6d04d1e10ba3fc93d4f214c38920575a38ff7331a1", kill_on_drop: false }`
[INFO] running `Command { std: "docker" "exec" "-e" "SOURCE_DIR=/opt/rustwide/workdir" "-e" "CARGO_HOME=/opt/rustwide/cargo-home" "-e" "RUSTUP_HOME=/opt/rustwide/rustup-home" "-e" "CARGO_TARGET_DIR=/opt/rustwide/target" "-e" "CARGO_INCREMENTAL=0" "-e" "RUST_BACKTRACE=full" "-e" "RUSTFLAGS=--cap-lints=forbid" "-e" "RUSTDOCFLAGS=--cap-lints=forbid" "-w" "/opt/rustwide/workdir" "--user" "0:0" "93bca99f8fab970d1ede9d6d04d1e10ba3fc93d4f214c38920575a38ff7331a1" "/opt/rustwide/cargo-home/bin/cargo" "+018018e881e2db0956f229dbb543e21f058d1ce7" "check" "--frozen" "--all" "--all-targets" "--message-format=json", kill_on_drop: false }`
[INFO] [stderr]    Compiling proc-macro2 v1.0.95
[INFO] [stderr]    Compiling unicode-ident v1.0.12
[INFO] [stderr]     Checking cfg-if v1.0.0
[INFO] [stderr]    Compiling libc v0.2.182
[INFO] [stderr]    Compiling serde_core v1.0.228
[INFO] [stderr]    Compiling autocfg v1.1.0
[INFO] [stderr]     Checking pin-project-lite v0.2.13
[INFO] [stderr]     Checking once_cell v1.21.3
[INFO] [stderr]    Compiling pkg-config v0.3.28
[INFO] [stderr]    Compiling shlex v1.3.0
[INFO] [stderr]     Checking smallvec v1.15.1
[INFO] [stderr]     Checking log v0.4.29
[INFO] [stderr]     Checking futures-core v0.3.32
[INFO] [stderr]    Compiling serde v1.0.228
[INFO] [stderr]    Compiling quote v1.0.40
[INFO] [stderr]    Compiling version_check v0.9.4
[INFO] [stderr]    Compiling syn v2.0.117
[INFO] [stderr]    Compiling jobserver v0.1.32
[INFO] [stderr]    Compiling cc v1.2.29
[INFO] [stderr]     Checking scopeguard v1.2.0
[INFO] [stderr]     Checking lock_api v0.4.14
[INFO] [stderr]    Compiling slab v0.4.9
[INFO] [stderr]     Checking memchr v2.7.5
[INFO] [stderr]     Checking signal-hook-registry v1.4.1
[INFO] [stderr]     Checking tracing-core v0.1.32
[INFO] [stderr]     Checking futures-io v0.3.32
[INFO] [stderr]    Compiling parking_lot_core v0.9.12
[INFO] [stderr]     Checking bytes v1.10.1
[INFO] [stderr]    Compiling typenum v1.18.0
[INFO] [stderr]     Checking bitflags v2.11.0
[INFO] [stderr]    Compiling generic-array v0.14.7
[INFO] [stderr]     Checking parking_lot v0.12.5
[INFO] [stderr]     Checking futures-sink v0.3.32
[INFO] [stderr]    Compiling rustix v0.38.44
[INFO] [stderr]     Checking linux-raw-sys v0.4.15
[INFO] [stderr]    Compiling rustix v1.0.7
[INFO] [stderr]    Compiling crossbeam-utils v0.8.18
[INFO] [stderr]     Checking linux-raw-sys v0.9.4
[INFO] [stderr]    Compiling hashbrown v0.15.2
[INFO] [stderr]     Checking percent-encoding v2.3.2
[INFO] [stderr]    Compiling equivalent v1.0.1
[INFO] [stderr]     Checking libloading v0.8.1
[INFO] [stderr]    Compiling winnow v0.6.20
[INFO] [stderr]     Checking parking v2.2.0
[INFO] [stderr]     Checking atomic-waker v1.1.2
[INFO] [stderr]     Checking subtle v2.6.1
[INFO] [stderr]    Compiling indexmap v2.10.0
[INFO] [stderr]     Checking stable_deref_trait v1.2.1
[INFO] [stderr]    Compiling toml_datetime v0.6.8
[INFO] [stderr]     Checking concurrent-queue v2.4.0
[INFO] [stderr]     Checking crypto-common v0.1.6
[INFO] [stderr]     Checking getrandom v0.2.11
[INFO] [stderr]    Compiling cfg_aliases v0.2.1
[INFO] [stderr]     Checking itoa v1.0.15
[INFO] [stderr]     Checking fastrand v2.0.1
[INFO] [stderr]    Compiling winnow v0.7.10
[INFO] [stderr]     Checking futures-channel v0.3.32
[INFO] [stderr]     Checking mio v1.0.4
[INFO] [stderr]     Checking socket2 v0.6.2
[INFO] [stderr]    Compiling libm v0.2.15
[INFO] [stderr]     Checking dlib v0.5.2
[INFO] [stderr]    Compiling wayland-sys v0.31.8
[INFO] [stderr]    Compiling num-traits v0.2.19
[INFO] [stderr]     Checking const-oid v0.9.6
[INFO] [stderr]     Checking futures-task v0.3.32
[INFO] [stderr]    Compiling synstructure v0.13.2
[INFO] [stderr]    Compiling toml_edit v0.22.22
[INFO] [stderr]     Checking zeroize v1.8.1
[INFO] [stderr]     Checking foldhash v0.1.5
[INFO] [stderr]     Checking base64 v0.22.1
[INFO] [stderr]     Checking block-buffer v0.10.4
[INFO] [stderr]     Checking hex v0.4.3
[INFO] [stderr]     Checking digest v0.10.7
[INFO] [stderr]     Checking litemap v0.8.1
[INFO] [stderr]    Compiling getrandom v0.3.3
[INFO] [stderr]     Checking writeable v0.6.2
[INFO] [stderr]     Checking downcast-rs v1.2.0
[INFO] [stderr]     Checking scoped-tls v1.0.1
[INFO] [stderr]     Checking event-listener v5.3.1
[INFO] [stderr]    Compiling wayland-backend v0.3.12
[INFO] [stderr]    Compiling endi v1.1.0
[INFO] [stderr]     Checking fnv v1.0.7
[INFO] [stderr]    Compiling icu_normalizer_data v2.1.1
[INFO] [stderr]    Compiling icu_properties_data v2.1.2
[INFO] [stderr]    Compiling wayland-client v0.31.12
[INFO] [stderr]     Checking http v1.3.1
[INFO] [stderr]     Checking event-listener-strategy v0.5.3
[INFO] [stderr]     Checking futures-lite v2.6.1
[INFO] [stderr]    Compiling proc-macro-crate v3.2.0
[INFO] [stderr]     Checking form_urlencoded v1.2.1
[INFO] [stderr]     Checking bitflags v1.3.2
[INFO] [stderr]    Compiling getrandom v0.4.1
[INFO] [stderr]     Checking event-listener v4.0.3
[INFO] [stderr]    Compiling memoffset v0.9.1
[INFO] [stderr]     Checking cpufeatures v0.2.17
[INFO] [stderr]     Checking arrayvec v0.7.6
[INFO] [stderr]    Compiling thiserror v1.0.69
[INFO] [stderr]     Checking event-listener-strategy v0.4.0
[INFO] [stderr]     Checking async-lock v3.4.0
[INFO] [stderr]    Compiling ring v0.17.14
[INFO] [stderr]     Checking spin v0.9.8
[INFO] [stderr]     Checking async-task v4.7.1
[INFO] [stderr]    Compiling vcpkg v0.2.15
[INFO] [stderr]     Checking uuid v1.21.0
[INFO] [stderr]     Checking async-channel v2.1.1
[INFO] [stderr]     Checking hmac v0.12.1
[INFO] [stderr]    Compiling nix v0.30.1
[INFO] [stderr]    Compiling khronos_api v3.1.0
[INFO] [stderr]    Compiling crc32fast v1.3.2
[INFO] [stderr]     Checking utf8_iter v1.0.4
[INFO] [stderr]     Checking sha2 v0.10.9
[INFO] [stderr]     Checking rustls-pki-types v1.12.0
[INFO] [stderr]     Checking piper v0.2.1
[INFO] [stderr]     Checking block-padding v0.3.3
[INFO] [stderr]    Compiling zerocopy v0.8.39
[INFO] [stderr]     Checking simd-adler32 v0.3.7
[INFO] [stderr]     Checking untrusted v0.9.0
[INFO] [stderr]     Checking ttf-parser v0.25.1
[INFO] [stderr]     Checking inout v0.1.4
[INFO] [stderr]     Checking blocking v1.6.1
[INFO] [stderr]     Checking async-executor v1.11.0
[INFO] [stderr]     Checking lazy_static v1.5.0
[INFO] [stderr]     Checking http-body v1.0.1
[INFO] [stderr]     Checking async-broadcast v0.7.1
[INFO] [stderr]    Compiling ahash v0.8.12
[INFO] [stderr]     Checking ordered-stream v0.2.0
[INFO] [stderr]     Checking encoding_rs v0.8.35
[INFO] [stderr]     Checking ab_glyph_rasterizer v0.1.8
[INFO] [stderr]    Compiling xml-rs v0.8.19
[INFO] [stderr]    Compiling openssl-sys v0.9.109
[INFO] [stderr]     Checking byteorder v1.5.0
[INFO] [stderr]     Checking adler2 v2.0.1
[INFO] [stderr]    Compiling httparse v1.10.1
[INFO] [stderr]     Checking owned_ttf_parser v0.25.1
[INFO] [stderr]     Checking arrayref v0.3.9
[INFO] [stderr]     Checking openssl-probe v0.1.6
[INFO] [stderr]    Compiling gl_generator v0.14.0
[INFO] [stderr]     Checking ab_glyph v0.2.32
[INFO] [stderr]     Checking miniz_oxide v0.8.9
[INFO] [stderr]     Checking cipher v0.4.4
[INFO] [stderr]     Checking nix v0.26.4
[INFO] [stderr]     Checking memmap2 v0.9.5
[INFO] [stderr]    Compiling x11-dl v2.21.0
[INFO] [stderr]    Compiling openssl v0.10.73
[INFO] [stderr]     Checking try-lock v0.2.5
[INFO] [stderr]     Checking foreign-types-shared v0.1.1
[INFO] [stderr]    Compiling crunchy v0.2.4
[INFO] [stderr]     Checking cursor-icon v1.1.0
[INFO] [stderr]    Compiling rustls v0.23.28
[INFO] [stderr]    Compiling smithay-client-toolkit v0.19.2
[INFO] [stderr]     Checking xcursor v0.3.5
[INFO] [stderr]     Checking tower-service v0.3.3
[INFO] [stderr]     Checking static_assertions v1.1.0
[INFO] [stderr]     Checking xkeysym v0.2.0
[INFO] [stderr]     Checking wayland-csd-frame v0.3.0
[INFO] [stderr]     Checking foreign-types v0.3.2
[INFO] [stderr]     Checking want v0.3.1
[INFO] [stderr]     Checking flate2 v1.1.9
[INFO] [stderr]     Checking num-integer v0.1.46
[INFO] [stderr]     Checking rand_core v0.6.4
[INFO] [stderr]     Checking jiff v0.2.20
[INFO] [stderr]    Compiling native-tls v0.2.14
[INFO] [stderr]     Checking base64ct v1.8.0
[INFO] [stderr]     Checking strict-num v0.1.1
[INFO] [stderr]     Checking ryu v1.0.20
[INFO] [stderr]    Compiling tiny-keccak v2.0.2
[INFO] [stderr]     Checking ppv-lite86 v0.2.17
[INFO] [stderr]     Checking pin-utils v0.1.0
[INFO] [stderr]    Compiling anyhow v1.0.102
[INFO] [stderr]     Checking httpdate v1.0.3
[INFO] [stderr]     Checking pem-rfc7468 v0.7.0
[INFO] [stderr]     Checking x11rb-protocol v0.13.1
[INFO] [stderr]     Checking as-raw-xcb-connection v1.0.1
[INFO] [stderr]    Compiling serde_json v1.0.140
[INFO] [stderr]    Compiling semver v1.0.26
[INFO] [stderr]     Checking ipnet v2.11.0
[INFO] [stderr]     Checking raw-window-handle v0.6.2
[INFO] [stderr]     Checking der v0.7.10
[INFO] [stderr]     Checking salsa20 v0.10.2
[INFO] [stderr]     Checking rustls-native-certs v0.8.1
[INFO] [stderr]     Checking pbkdf2 v0.12.2
[INFO] [stderr]     Checking sha1 v0.10.6
[INFO] [stderr]    Compiling winit v0.30.12
[INFO] [stderr]     Checking rustls-webpki v0.103.3
[INFO] [stderr]     Checking sync_wrapper v1.0.2
[INFO] [stderr]    Compiling thiserror v2.0.18
[INFO] [stderr]     Checking tower-layer v0.3.3
[INFO] [stderr]     Checking utf8parse v0.2.2
[INFO] [stderr]     Checking anstyle-parse v0.2.5
[INFO] [stderr]    Compiling const-random-macro v0.1.16
[INFO] [stderr]     Checking spki v0.7.3
[INFO] [stderr]     Checking scrypt v0.11.0
[INFO] [stderr]     Checking xkbcommon-dl v0.4.2
[INFO] [stderr]    Compiling glutin_glx_sys v0.6.1
[INFO] [stderr]    Compiling glutin_egl_sys v0.7.1
[INFO] [stderr]     Checking cbc v0.1.2
[INFO] [stderr]     Checking aes v0.8.4
[INFO] [stderr]     Checking http-body-util v0.1.3
[INFO] [stderr]     Checking fdeflate v0.3.3
[INFO] [stderr]     Checking webpki-roots v1.0.1
[INFO] [stderr]     Checking pxfm v0.1.27
[INFO] [stderr]     Checking aho-corasick v1.1.2
[INFO] [stderr]    Compiling alsa-sys v0.3.1
[INFO] [stderr]    Compiling num-conv v0.1.0
[INFO] [stderr]     Checking nohash-hasher v0.2.0
[INFO] [stderr]     Checking is_terminal_polyfill v1.70.1
[INFO] [stderr]     Checking home v0.5.9
[INFO] [stderr]     Checking regex-syntax v0.8.5
[INFO] [stderr]     Checking powerfmt v0.2.0
[INFO] [stderr]     Checking iri-string v0.7.10
[INFO] [stderr]     Checking dpi v0.1.1
[INFO] [stderr]     Checking anstyle-query v1.1.1
[INFO] [stderr]     Checking colorchoice v1.0.2
[INFO] [stderr]     Checking epaint_default_fonts v0.33.3
[INFO] [stderr]    Compiling time-core v0.1.4
[INFO] [stderr]     Checking anstyle v1.0.8
[INFO] [stderr]     Checking profiling v1.0.17
[INFO] [stderr]     Checking zune-core v0.5.1
[INFO] [stderr]     Checking smol_str v0.2.0
[INFO] [stderr]     Checking anstream v0.6.15
[INFO] [stderr]     Checking zune-jpeg v0.5.12
[INFO] [stderr]    Compiling time-macros v0.2.22
[INFO] [stderr]     Checking moxcms v0.7.11
[INFO] [stderr]     Checking regex-automata v0.4.9
[INFO] [stderr]     Checking deranged v0.4.0
[INFO] [stderr]     Checking png v0.18.1
[INFO] [stderr]     Checking pkcs5 v0.7.1
[INFO] [stderr]     Checking const-random v0.1.18
[INFO] [stderr]     Checking rand_chacha v0.3.1
[INFO] [stderr]     Checking num-bigint v0.4.6
[INFO] [stderr]    Compiling zstd-sys v2.0.15+zstd.1.5.7
[INFO] [stderr]    Compiling glutin v0.32.3
[INFO] [stderr]     Checking unicode-segmentation v1.12.0
[INFO] [stderr]    Compiling either v1.15.0
[INFO] [stderr]     Checking byteorder-lite v0.1.0
[INFO] [stderr]     Checking mime v0.3.17
[INFO] [stderr]    Compiling num-bigint-dig v0.8.4
[INFO] [stderr]    Compiling itertools v0.14.0
[INFO] [stderr]     Checking regex v1.11.1
[INFO] [stderr]     Checking time v0.3.41
[INFO] [stderr]    Compiling rustc_version v0.4.1
[INFO] [stderr]     Checking rand v0.8.5
[INFO] [stderr]     Checking dlv-list v0.5.2
[INFO] [stderr]     Checking pkcs8 v0.10.2
[INFO] [stderr]     Checking num-iter v0.1.45
[INFO] [stderr]     Checking rand_core v0.9.3
[INFO] [stderr]    Compiling glutin-winit v0.5.0
[INFO] [stderr]    Compiling x11 v2.21.0
[INFO] [stderr]    Compiling cpal v0.15.3
[INFO] [stderr]    Compiling crc16 v0.4.0
[INFO] [stderr]     Checking hashbrown v0.14.3
[INFO] [stderr]     Checking tinyvec_macros v0.1.1
[INFO] [stderr]     Checking tinyvec v1.6.0
[INFO] [stderr]     Checking rand_chacha v0.9.0
[INFO] [stderr]     Checking alsa v0.9.1
[INFO] [stderr]     Checking ordered-multimap v0.7.3
[INFO] [stderr]     Checking pkcs1 v0.7.5
[INFO] [stderr]    Compiling crc32c v0.6.8
[INFO] [stderr]     Checking env_filter v1.0.0
[INFO] [stderr]     Checking x11rb v0.13.1
[INFO] [stderr]     Checking signature v2.2.0
[INFO] [stderr]     Checking ogg v0.8.0
[INFO] [stderr]     Checking pem v3.0.5
[INFO] [stderr]    Compiling device_query v4.0.1
[INFO] [stderr]    Compiling litrs v0.4.1
[INFO] [stderr]    Compiling zstd-safe v7.2.4
[INFO] [stderr]    Compiling rfd v0.17.2
[INFO] [stderr]     Checking web-time v1.1.0
[INFO] [stderr]     Checking dasp_sample v0.11.0
[INFO] [stderr]     Checking glow v0.16.0
[INFO] [stderr]     Checking iana-time-zone v0.1.63
[INFO] [stderr]     Checking rsa v0.9.8
[INFO] [stderr]     Checking chrono v0.4.41
[INFO] [stderr]     Checking lewton v0.10.2
[INFO] [stderr]     Checking env_logger v0.11.9
[INFO] [stderr]     Checking rust-ini v0.21.2
[INFO] [stderr]     Checking rand v0.9.1
[INFO] [stderr]    Compiling document-features v0.2.11
[INFO] [stderr]    Compiling blake3 v1.8.2
[INFO] [stderr]     Checking terminal_size v0.4.2
[INFO] [stderr]     Checking nanorand v0.7.0
[INFO] [stderr]     Checking num_cpus v1.17.0
[INFO] [stderr]    Compiling fs-err v3.3.0
[INFO] [stderr]     Checking option-ext v0.2.0
[INFO] [stderr]     Checking hound v3.5.1
[INFO] [stderr]     Checking sha1_smol v1.0.1
[INFO] [stderr]     Checking twox-hash v2.1.2
[INFO] [stderr]     Checking arc-swap v1.7.1
[INFO] [stderr]     Checking claxon v0.4.3
[INFO] [stderr]    Compiling heck v0.5.0
[INFO] [stderr]    Compiling object v0.37.3
[INFO] [stderr]     Checking clap_lex v0.7.5
[INFO] [stderr]     Checking strsim v0.11.1
[INFO] [stderr]    Compiling serde_derive v1.0.228
[INFO] [stderr]    Compiling tracing-attributes v0.1.27
[INFO] [stderr]    Compiling zerofrom-derive v0.1.6
[INFO] [stderr]    Compiling yoke-derive v0.8.1
[INFO] [stderr]    Compiling enumflags2_derive v0.7.10
[INFO] [stderr]    Compiling bytemuck_derive v1.10.2
[INFO] [stderr]    Compiling zerovec-derive v0.11.2
[INFO] [stderr]    Compiling tokio-macros v2.6.0
[INFO] [stderr]    Compiling futures-macro v0.3.32
[INFO] [stderr]     Checking tracing v0.1.40
[INFO] [stderr]     Checking polling v3.3.1
[INFO] [stderr]    Compiling displaydoc v0.2.5
[INFO] [stderr]     Checking bytemuck v1.25.0
[INFO] [stderr]     Checking tokio v1.49.0
[INFO] [stderr]    Compiling async-trait v0.1.83
[INFO] [stderr]    Compiling thiserror-impl v1.0.69
[INFO] [stderr]     Checking zerofrom v0.1.6
[INFO] [stderr]     Checking yoke v0.8.1
[INFO] [stderr]     Checking zerovec v0.11.5
[INFO] [stderr]     Checking potential_utf v0.1.4
[INFO] [stderr]     Checking async-io v2.4.0
[INFO] [stderr]     Checking async-signal v0.2.5
[INFO] [stderr]     Checking async-process v2.3.0
[INFO] [stderr]    Compiling serde_repr v0.1.19
[INFO] [stderr]     Checking futures-util v0.3.32
[INFO] [stderr]     Checking tinystr v0.8.2
[INFO] [stderr]     Checking zerotrie v0.2.3
[INFO] [stderr]     Checking icu_collections v2.1.1
[INFO] [stderr]     Checking icu_locale_core v2.1.1
[INFO] [stderr]     Checking tokio-util v0.7.15
[INFO] [stderr]     Checking icu_provider v2.1.1
[INFO] [stderr]     Checking icu_properties v2.1.2
[INFO] [stderr]    Compiling quick-xml v0.38.4
[INFO] [stderr]    Compiling zvariant_utils v3.3.0
[INFO] [stderr]    Compiling enumflags2 v0.7.10
[INFO] [stderr]     Checking icu_normalizer v2.1.1
[INFO] [stderr]     Checking idna_adapter v1.2.1
[INFO] [stderr]     Checking idna v1.1.0
[INFO] [stderr]     Checking url v2.5.4
[INFO] [stderr]    Compiling enumn v0.1.13
[INFO] [stderr]     Checking h2 v0.4.11
[INFO] [stderr]    Compiling wayland-scanner v0.31.8
[INFO] [stderr]    Compiling zvariant_derive v5.9.2
[INFO] [stderr]    Compiling openssl-macros v0.1.1
[INFO] [stderr]     Checking tiny-skia-path v0.11.4
[INFO] [stderr]     Checking calloop v0.13.0
[INFO] [stderr]     Checking hyper v1.8.1
[INFO] [stderr]     Checking tiny-skia v0.11.4
[INFO] [stderr]     Checking emath v0.33.3
[INFO] [stderr]     Checking accesskit v0.21.1
[INFO] [stderr]     Checking tokio-rustls v0.26.2
[INFO] [stderr]     Checking ecolor v0.33.3
[INFO] [stderr]     Checking hyper-util v0.1.20
[INFO] [stderr]     Checking tower v0.5.2
[INFO] [stderr]     Checking accesskit_consumer v0.31.0
[INFO] [stderr]    Compiling thiserror-impl v2.0.18
[INFO] [stderr]     Checking tower-http v0.6.8
[INFO] [stderr]     Checking epaint v0.33.3
[INFO] [stderr]     Checking ron v0.11.0
[INFO] [stderr]     Checking hyper-rustls v0.27.7
[INFO] [stderr]     Checking serde_urlencoded v0.7.1
[INFO] [stderr]     Checking symphonia-core v0.5.5
[INFO] [stderr]     Checking reqsign-core v2.0.2
[INFO] [stderr]    Compiling toml v0.5.11
[INFO] [stderr]     Checking symphonia-metadata v0.5.5
[INFO] [stderr]     Checking egui v0.33.3
[INFO] [stderr]     Checking image v0.25.9
[INFO] [stderr]     Checking tokio-native-tls v0.3.1
[INFO] [stderr]     Checking hyper-tls v0.6.0
[INFO] [stderr]     Checking reqwest v0.12.28
[INFO] [stderr]     Checking wayland-protocols v0.32.10
[INFO] [stderr]     Checking calloop-wayland-source v0.3.0
[INFO] [stderr]     Checking wayland-cursor v0.31.0
[INFO] [stdout] error[E0432]: unresolved import `nix::sys::stat`
[INFO] [stdout]    --> /opt/rustwide/cargo-home/registry/src/index.crates.io-1949cf8c6b5b557f/wayland-cursor-0.31.0/src/lib.rs:58:22
[INFO] [stdout]     |
[INFO] [stdout]  58 | use nix::sys::{mman, stat};
[INFO] [stdout]     |                      ^^^^ no `stat` in `sys`
[INFO] [stdout]     |
[INFO] [stdout]     = help: consider importing this struct instead:
[INFO] [stdout]             std::os::linux::raw::stat
[INFO] [stdout] note: found an item that was configured out
[INFO] [stdout]    --> /opt/rustwide/cargo-home/registry/src/index.crates.io-1949cf8c6b5b557f/nix-0.26.4/src/sys/mod.rs:152:13
[INFO] [stdout]     |
[INFO] [stdout] 150 |     #![feature = "fs"]
[INFO] [stdout]     |        -------------- the item is gated behind the `fs` feature
[INFO] [stdout] 151 |     #[allow(missing_docs)]
[INFO] [stdout] 152 |     pub mod stat;
[INFO] [stdout]     |             ^^^^
[INFO] [stdout] 
[INFO] [stdout] 
[INFO] [stdout] error[E0432]: unresolved import `nix::sys::memfd`
[INFO] [stdout]   --> /opt/rustwide/cargo-home/registry/src/index.crates.io-1949cf8c6b5b557f/wayland-cursor-0.31.0/src/lib.rs:61:6
[INFO] [stdout]    |
[INFO] [stdout] 61 | use {nix::sys::memfd, std::ffi::CStr};
[INFO] [stdout]    |      ^^^^^^^^^^-----
[INFO] [stdout]    |                |
[INFO] [stdout]    |                no `memfd` in `sys`
[INFO] [stdout]    |
[INFO] [stdout] note: found an item that was configured out
[INFO] [stdout]   --> /opt/rustwide/cargo-home/registry/src/index.crates.io-1949cf8c6b5b557f/nix-0.26.4/src/sys/mod.rs:56:13
[INFO] [stdout]    |
[INFO] [stdout] 55 |     #![feature = "fs"]
[INFO] [stdout]    |        -------------- the item is gated behind the `fs` feature
[INFO] [stdout] 56 |     pub mod memfd;
[INFO] [stdout]    |             ^^^^^
[INFO] [stdout] 
[INFO] [stdout] 
[INFO] [stdout] error[E0433]: cannot find `OFlag` in `fcntl`
[INFO] [stdout]    --> /opt/rustwide/cargo-home/registry/src/index.crates.io-1949cf8c6b5b557f/wayland-cursor-0.31.0/src/lib.rs:401:20
[INFO] [stdout]     |
[INFO] [stdout] 401 |             fcntl::OFlag::O_CREAT
[INFO] [stdout]     |                    ^^^^^ could not find `OFlag` in `fcntl`
[INFO] [stdout] 
[INFO] [stdout] 
[INFO] [stdout] error[E0433]: cannot find `OFlag` in `fcntl`
[INFO] [stdout]    --> /opt/rustwide/cargo-home/registry/src/index.crates.io-1949cf8c6b5b557f/wayland-cursor-0.31.0/src/lib.rs:402:26
[INFO] [stdout]     |
[INFO] [stdout] 402 |                 | fcntl::OFlag::O_EXCL
[INFO] [stdout]     |                          ^^^^^ could not find `OFlag` in `fcntl`
[INFO] [stdout] 
[INFO] [stdout] 
[INFO] [stdout] error[E0433]: cannot find `OFlag` in `fcntl`
[INFO] [stdout]    --> /opt/rustwide/cargo-home/registry/src/index.crates.io-1949cf8c6b5b557f/wayland-cursor-0.31.0/src/lib.rs:403:26
[INFO] [stdout]     |
[INFO] [stdout] 403 |                 | fcntl::OFlag::O_RDWR
[INFO] [stdout]     |                          ^^^^^ could not find `OFlag` in `fcntl`
[INFO] [stdout] 
[INFO] [stdout] 
[INFO] [stdout] error[E0433]: cannot find `OFlag` in `fcntl`
[INFO] [stdout]    --> /opt/rustwide/cargo-home/registry/src/index.crates.io-1949cf8c6b5b557f/wayland-cursor-0.31.0/src/lib.rs:404:26
[INFO] [stdout]     |
[INFO] [stdout] 404 |                 | fcntl::OFlag::O_CLOEXEC,
[INFO] [stdout]     |                          ^^^^^ could not find `OFlag` in `fcntl`
[INFO] [stdout] 
[INFO] [stdout] 
[INFO] [stdout] error[E0425]: cannot find function `shm_open` in module `mman`
[INFO] [stdout]    --> /opt/rustwide/cargo-home/registry/src/index.crates.io-1949cf8c6b5b557f/wayland-cursor-0.31.0/src/lib.rs:399:21
[INFO] [stdout]     |
[INFO] [stdout] 399 |         match mman::shm_open(
[INFO] [stdout]     |                     ^^^^^^^^ not found in `mman`
[INFO] [stdout]     |
[INFO] [stdout] note: found an item that was configured out
[INFO] [stdout]    --> /opt/rustwide/cargo-home/registry/src/index.crates.io-1949cf8c6b5b557f/nix-0.26.4/src/sys/mman.rs:566:8
[INFO] [stdout]     |
[INFO] [stdout] 560 | #![feature = "fs"]
[INFO] [stdout]     |    -------------- the item is gated behind the `fs` feature
[INFO] [stdout] ...
[INFO] [stdout] 566 | pub fn shm_open<P>(
[INFO] [stdout]     |        ^^^^^^^^
[INFO] [stdout] 
[INFO] [stdout] 
[INFO] [stdout] Some errors have detailed explanations: E0425, E0432, E0433.
[INFO] [stdout] 
[INFO] [stdout] For more information about an error, try `rustc --explain E0425`.
[INFO] [stdout] 
[INFO] [stderr] error: could not compile `wayland-cursor` (lib) due to 7 previous errors
[INFO] [stderr] warning: build failed, waiting for other jobs to finish...
[INFO] running `Command { std: "docker" "inspect" "93bca99f8fab970d1ede9d6d04d1e10ba3fc93d4f214c38920575a38ff7331a1", kill_on_drop: false }`
[INFO] running `Command { std: "docker" "rm" "-f" "93bca99f8fab970d1ede9d6d04d1e10ba3fc93d4f214c38920575a38ff7331a1", kill_on_drop: false }`
[INFO] [stdout] 93bca99f8fab970d1ede9d6d04d1e10ba3fc93d4f214c38920575a38ff7331a1
