[INFO] cloning repository https://github.com/xmh0511/quiche-use
[INFO] running `Command { std: "git" "-c" "credential.helper=" "-c" "credential.helper=/workspace/cargo-home/bin/git-credential-null" "clone" "--bare" "https://github.com/xmh0511/quiche-use" "/workspace/cache/git-repos/https%3A%2F%2Fgithub.com%2Fxmh0511%2Fquiche-use", kill_on_drop: false }`
[INFO] [stderr] Cloning into bare repository '/workspace/cache/git-repos/https%3A%2F%2Fgithub.com%2Fxmh0511%2Fquiche-use'...
[INFO] running `Command { std: "git" "rev-parse" "HEAD", kill_on_drop: false }`
[INFO] [stdout] 6f5cdec4690c6a44baacaca08999768ae453b802
[INFO] checking xmh0511/quiche-use against eca445e5ae4a6679cc27d3a09106ce245e13a5a6 for pr-162478
[INFO] running `Command { std: "git" "clone" "/workspace/cache/git-repos/https%3A%2F%2Fgithub.com%2Fxmh0511%2Fquiche-use" "/workspace/builds/worker-7-tc1/source", kill_on_drop: false }`
[INFO] [stderr] Cloning into '/workspace/builds/worker-7-tc1/source'...
[INFO] [stderr] done.
[INFO] removed /workspace/builds/worker-7-tc1/source/.cargo/config.toml
[INFO] started tweaking git repo https://github.com/xmh0511/quiche-use
[INFO] finished tweaking git repo https://github.com/xmh0511/quiche-use
[INFO] tweaked toml for git repo https://github.com/xmh0511/quiche-use written to /workspace/builds/worker-7-tc1/source/Cargo.toml
[INFO] validating manifest of git repo https://github.com/xmh0511/quiche-use on toolchain eca445e5ae4a6679cc27d3a09106ce245e13a5a6
[INFO] running `Command { std: CARGO_HOME="/workspace/cargo-home" RUSTUP_HOME="/workspace/rustup-home" "/workspace/cargo-home/bin/cargo" "+eca445e5ae4a6679cc27d3a09106ce245e13a5a6" "metadata" "--manifest-path" "Cargo.toml" "--no-deps", kill_on_drop: false }`
[INFO] crate git repo https://github.com/xmh0511/quiche-use already has a lockfile, it will not be regenerated
[INFO] running `Command { std: CARGO_HOME="/workspace/cargo-home" RUSTUP_HOME="/workspace/rustup-home" "/workspace/cargo-home/bin/cargo" "+eca445e5ae4a6679cc27d3a09106ce245e13a5a6" "fetch" "--manifest-path" "Cargo.toml", kill_on_drop: false }`
[INFO] [stderr]     Updating crates.io index
[INFO] [stderr]  Downloading crates ...
[INFO] [stderr]   Downloaded intrusive-collections v0.9.7
[INFO] [stderr]   Downloaded octets v0.3.0
[INFO] [stderr]   Downloaded quiche v0.23.4
[INFO] running `Command { std: "docker" "create" "-v" "/var/lib/crater-agent-workspace/builds/worker-7-tc1/source:/opt/rustwide/workdir:ro,Z" "-v" "/var/lib/crater-agent-workspace/builds/worker-7-tc1/target:/opt/rustwide/target:rw,Z" "-v" "/var/lib/crater-agent-workspace/cargo-home:/opt/rustwide/cargo-home:ro,Z" "-v" "/var/lib/crater-agent-workspace/rustup-home:/opt/rustwide/rustup-home:ro,Z" "-m" "1610612736" "--network" "none" "ghcr.io/rust-lang/crates-build-env/linux@sha256:8683fc1fc2eb5c9ac98e0d076ab094b2ffac7f99da555d2b6a2e27f346de2ec7" "sleep" "infinity", kill_on_drop: false }`
[INFO] [stdout] 2ea57f68149f2858550be6e80091533f1a496f2db106b636ef04a72b682179f8
[INFO] running `Command { std: "docker" "start" "2ea57f68149f2858550be6e80091533f1a496f2db106b636ef04a72b682179f8", kill_on_drop: false }`
[INFO] running `Command { std: "docker" "inspect" "2ea57f68149f2858550be6e80091533f1a496f2db106b636ef04a72b682179f8", kill_on_drop: false }`
[INFO] running `Command { std: "docker" "exec" "-e" "SOURCE_DIR=/opt/rustwide/workdir" "-e" "CARGO_HOME=/opt/rustwide/cargo-home" "-e" "RUSTUP_HOME=/opt/rustwide/rustup-home" "-e" "CARGO_TARGET_DIR=/opt/rustwide/target" "-w" "/opt/rustwide/workdir" "--user" "0:0" "2ea57f68149f2858550be6e80091533f1a496f2db106b636ef04a72b682179f8" "/opt/rustwide/cargo-home/bin/cargo" "+eca445e5ae4a6679cc27d3a09106ce245e13a5a6" "metadata" "--no-deps" "--format-version=1", kill_on_drop: false }`
[INFO] running `Command { std: "docker" "inspect" "2ea57f68149f2858550be6e80091533f1a496f2db106b636ef04a72b682179f8", kill_on_drop: false }`
[INFO] running `Command { std: "docker" "exec" "-e" "SOURCE_DIR=/opt/rustwide/workdir" "-e" "CARGO_HOME=/opt/rustwide/cargo-home" "-e" "RUSTUP_HOME=/opt/rustwide/rustup-home" "-e" "CARGO_TARGET_DIR=/opt/rustwide/target" "-e" "CARGO_INCREMENTAL=0" "-e" "RUST_BACKTRACE=full" "-e" "RUSTFLAGS=--cap-lints=forbid" "-e" "RUSTDOCFLAGS=--cap-lints=forbid" "-w" "/opt/rustwide/workdir" "--user" "0:0" "2ea57f68149f2858550be6e80091533f1a496f2db106b636ef04a72b682179f8" "/opt/rustwide/cargo-home/bin/cargo" "+eca445e5ae4a6679cc27d3a09106ce245e13a5a6" "check" "--frozen" "--all" "--all-targets" "--message-format=json", kill_on_drop: false }`
[INFO] [stderr]    Compiling libc v0.2.171
[INFO] [stderr]     Checking smallvec v1.14.0
[INFO] [stderr]     Checking log v0.4.26
[INFO] [stderr]     Checking octets v0.3.0
[INFO] [stderr]     Checking either v1.15.0
[INFO] [stderr]    Compiling memoffset v0.9.1
[INFO] [stderr]    Compiling cmake v0.1.54
[INFO] [stderr]    Compiling ring v0.17.14
[INFO] [stderr]     Checking intrusive-collections v0.9.7
[INFO] [stderr]    Compiling quiche v0.23.4
[INFO] [stderr]     Checking getrandom v0.2.15
[INFO] [stderr] error: failed to run custom build command for `quiche v0.23.4`
[INFO] [stderr] note: To improve backtraces for build dependencies, set the CARGO_PROFILE_DEV_BUILD_OVERRIDE_DEBUG=true environment variable to enable debug information generation.
[INFO] [stderr] 
[INFO] [stderr] Caused by:
[INFO] [stderr]   process didn't exit successfully: `/opt/rustwide/target/debug/build/quiche/e5abac5eee0a164c/out/build_script_build` (exit status: 101)
[INFO] [stderr]   --- stdout
[INFO] [stderr]   CMAKE_TOOLCHAIN_FILE_x86_64-unknown-linux-gnu = None
[INFO] [stderr]   CMAKE_TOOLCHAIN_FILE_x86_64_unknown_linux_gnu = None
[INFO] [stderr]   HOST_CMAKE_TOOLCHAIN_FILE = None
[INFO] [stderr]   CMAKE_TOOLCHAIN_FILE = None
[INFO] [stderr]   CMAKE_GENERATOR_x86_64-unknown-linux-gnu = None
[INFO] [stderr]   CMAKE_GENERATOR_x86_64_unknown_linux_gnu = None
[INFO] [stderr]   HOST_CMAKE_GENERATOR = None
[INFO] [stderr]   CMAKE_GENERATOR = None
[INFO] [stderr]   CMAKE_PREFIX_PATH_x86_64-unknown-linux-gnu = None
[INFO] [stderr]   CMAKE_PREFIX_PATH_x86_64_unknown_linux_gnu = None
[INFO] [stderr]   HOST_CMAKE_PREFIX_PATH = None
[INFO] [stderr]   CMAKE_PREFIX_PATH = None
[INFO] [stderr]   CMAKE_x86_64-unknown-linux-gnu = None
[INFO] [stderr]   CMAKE_x86_64_unknown_linux_gnu = None
[INFO] [stderr]   HOST_CMAKE = None
[INFO] [stderr]   CMAKE = None
[INFO] [stderr]   running: cd "/opt/rustwide/target/debug/build/quiche/5731be67a7e2ef8e/out/build" && CMAKE_PREFIX_PATH="" LC_ALL="C" "cmake" "/opt/rustwide/cargo-home/registry/src/index.crates.io-1949cf8c6b5b557f/quiche-0.23.4/deps/boringssl" "-DCMAKE_INSTALL_PREFIX=/opt/rustwide/target/debug/build/quiche/5731be67a7e2ef8e/out" "-DCMAKE_C_FLAGS= -ffunction-sections -fdata-sections -fPIC -m64" "-DCMAKE_C_COMPILER=/usr/bin/cc" "-DCMAKE_CXX_FLAGS= -ffunction-sections -fdata-sections -fPIC -m64" "-DCMAKE_CXX_COMPILER=/usr/bin/c++" "-DCMAKE_ASM_FLAGS= -ffunction-sections -fdata-sections -fPIC -m64" "-DCMAKE_ASM_COMPILER=/usr/bin/cc" "-DCMAKE_BUILD_TYPE=Debug"
[INFO] [stderr]   -- The C compiler identification is GNU 15.2.0
[INFO] [stderr]   -- The CXX compiler identification is GNU 15.2.0
[INFO] [stderr]   -- Detecting C compiler ABI info
[INFO] [stderr]   -- Detecting C compiler ABI info - done
[INFO] [stderr]   -- Check for working C compiler: /usr/bin/cc - skipped
[INFO] [stderr]   -- Detecting C compile features
[INFO] [stderr]   -- Detecting C compile features - done
[INFO] [stderr]   -- Detecting CXX compiler ABI info
[INFO] [stderr]   -- Detecting CXX compiler ABI info - done
[INFO] [stderr]   -- Check for working CXX compiler: /usr/bin/c++ - skipped
[INFO] [stderr]   -- Detecting CXX compile features
[INFO] [stderr]   -- Detecting CXX compile features - done
[INFO] [stderr]   -- The ASM compiler identification is GNU
[INFO] [stderr]   -- Found assembler: /usr/bin/cc
[INFO] [stderr]   -- Configuring done (2.8s)
[INFO] [stderr]   -- Generating done (0.1s)
[INFO] [stderr]   -- Build files have been written to: /opt/rustwide/target/debug/build/quiche/5731be67a7e2ef8e/out/build
[INFO] [stderr]   running: cd "/opt/rustwide/target/debug/build/quiche/5731be67a7e2ef8e/out/build" && LC_ALL="C" MAKEFLAGS="-j --jobserver-fds=4,5 --jobserver-auth=4,5" "cmake" "--build" "/opt/rustwide/target/debug/build/quiche/5731be67a7e2ef8e/out/build" "--target" "ssl" "--config" "Debug"
[INFO] [stderr]   [  7%] Building CXX object CMakeFiles/ssl.dir/src/ssl/d1_srtp.cc.o
[INFO] [stderr]   [  7%] Building CXX object CMakeFiles/ssl.dir/src/ssl/bio_ssl.cc.o
[INFO] [stderr]   [ 15%] Building CXX object CMakeFiles/ssl.dir/src/ssl/d1_both.cc.o
[INFO] [stderr]   [ 23%] Building CXX object CMakeFiles/ssl.dir/src/ssl/encrypted_client_hello.cc.o
[INFO] [stderr]   [ 23%] Building CXX object CMakeFiles/ssl.dir/src/ssl/dtls_record.cc.o
[INFO] [stderr]   [ 23%] Building CXX object CMakeFiles/ssl.dir/src/ssl/d1_lib.cc.o
[INFO] [stderr]   [ 23%] Building CXX object CMakeFiles/ssl.dir/src/ssl/handoff.cc.o
[INFO] [stderr]   [ 23%] Building CXX object CMakeFiles/ssl.dir/src/ssl/d1_pkt.cc.o
[INFO] [stderr]   [ 23%] Building CXX object CMakeFiles/ssl.dir/src/ssl/dtls_method.cc.o
[INFO] [stderr]   [ 23%] Building CXX object CMakeFiles/ssl.dir/src/ssl/extensions.cc.o
[INFO] [stderr]   [ 23%] Building CXX object CMakeFiles/ssl.dir/src/ssl/handshake_client.cc.o
[INFO] [stderr]   [ 30%] Building CXX object CMakeFiles/ssl.dir/src/ssl/handshake.cc.o
[INFO] [stderr]   [ 30%] Building CXX object CMakeFiles/ssl.dir/src/ssl/handshake_server.cc.o
[INFO] [stderr]   [ 38%] Building CXX object CMakeFiles/ssl.dir/src/ssl/s3_both.cc.o
[INFO] [stderr]   [ 38%] Building CXX object CMakeFiles/ssl.dir/src/ssl/s3_lib.cc.o
[INFO] [stderr]   [ 38%] Building CXX object CMakeFiles/ssl.dir/src/ssl/s3_pkt.cc.o
[INFO] [stderr]   [ 46%] Building CXX object CMakeFiles/ssl.dir/src/ssl/ssl_aead_ctx.cc.o
[INFO] [stderr] 
[INFO] [stderr]   --- stderr
[INFO] [stderr]   CMake Deprecation Warning at CMakeLists.txt:7 (cmake_minimum_required):
[INFO] [stderr]     Compatibility with CMake < 3.10 will be removed from a future version of
[INFO] [stderr]     CMake.
[INFO] [stderr] 
[INFO] [stderr]     Update the VERSION argument <min> value.  Or, use the <min>...<max> syntax
[INFO] [stderr]     to tell CMake that the project requires at least <min> but has been updated
[INFO] [stderr]     to work with policies introduced by <max> or earlier.
[INFO] [stderr] 
[INFO] [stderr] 
[INFO] [stderr]   c++: fatal error: Killed signal terminated program cc1plus
[INFO] [stderr]   compilation terminated.
[INFO] [stderr]   gmake[3]: *** [CMakeFiles/ssl.dir/build.make:219: CMakeFiles/ssl.dir/src/ssl/handshake.cc.o] Error 1
[INFO] [stderr]   gmake[3]: *** Waiting for unfinished jobs....
[INFO] [stderr]   gmake[2]: *** [CMakeFiles/Makefile2:125: CMakeFiles/ssl.dir/all] Error 2
[INFO] [stderr]   gmake[1]: *** [CMakeFiles/Makefile2:132: CMakeFiles/ssl.dir/rule] Error 2
[INFO] [stderr]   gmake: *** [Makefile:137: ssl] Error 2
[INFO] [stderr] 
[INFO] [stderr]   thread 'main' (223) panicked at /opt/rustwide/cargo-home/registry/src/index.crates.io-1949cf8c6b5b557f/cmake-0.1.54/src/lib.rs:1119:5:
[INFO] [stderr] 
[INFO] [stderr]   command did not execute successfully, got: exit status: 2
[INFO] [stderr] 
[INFO] [stderr]   build script failed, must exit now
[INFO] [stderr]   stack backtrace:
[INFO] [stderr]      0:     0x60a1173e66e1 - std[ddd612a2d0d29126]::backtrace_rs::backtrace::libunwind::trace
[INFO] [stderr]                                  at /rustc/eca445e5ae4a6679cc27d3a09106ce245e13a5a6/library/std/src/../../backtrace/src/backtrace/libunwind.rs:117:9
[INFO] [stderr]      1:     0x60a1173e66e1 - std[ddd612a2d0d29126]::backtrace_rs::backtrace::trace_unsynchronized::<std[ddd612a2d0d29126]::sys::backtrace::_print_fmt::{closure#1}>
[INFO] [stderr]                                  at /rustc/eca445e5ae4a6679cc27d3a09106ce245e13a5a6/library/std/src/../../backtrace/src/backtrace/mod.rs:66:14
[INFO] [stderr]      2:     0x60a1173e66e1 - std[ddd612a2d0d29126]::sys::backtrace::_print_fmt
[INFO] [stderr]                                  at /rustc/eca445e5ae4a6679cc27d3a09106ce245e13a5a6/library/std/src/sys/backtrace.rs:74:9
[INFO] [stderr]      3:     0x60a1173e66e1 - <<std[ddd612a2d0d29126]::sys::backtrace::BacktraceLock>::print::DisplayBacktrace as core[f261d1bed676f694]::fmt::Display>::fmt
[INFO] [stderr]                                  at /rustc/eca445e5ae4a6679cc27d3a09106ce245e13a5a6/library/std/src/sys/backtrace.rs:44:26
[INFO] [stderr]      4:     0x60a1173fa5aa - <core[f261d1bed676f694]::fmt::rt::Argument>::fmt
[INFO] [stderr]                                  at /rustc/eca445e5ae4a6679cc27d3a09106ce245e13a5a6/library/core/src/fmt/rt.rs:152:76
[INFO] [stderr]      5:     0x60a1173fa5aa - core[f261d1bed676f694]::fmt::write
[INFO] [stderr]      6:     0x60a1173ebf3c - core[f261d1bed676f694]::io::write::default_write_fmt::<std[ddd612a2d0d29126]::sys::stdio::unix::Stderr>
[INFO] [stderr]                                  at /rustc/eca445e5ae4a6679cc27d3a09106ce245e13a5a6/library/core/src/io/write.rs:402:11
[INFO] [stderr]      7:     0x60a1173ebf3c - <std[ddd612a2d0d29126]::sys::stdio::unix::Stderr as core[f261d1bed676f694]::io::write::Write>::write_fmt
[INFO] [stderr]                                  at /rustc/eca445e5ae4a6679cc27d3a09106ce245e13a5a6/library/core/src/io/write.rs:335:13
[INFO] [stderr]      8:     0x60a1173c5ec6 - <std[ddd612a2d0d29126]::sys::backtrace::BacktraceLock>::print
[INFO] [stderr]                                  at /rustc/eca445e5ae4a6679cc27d3a09106ce245e13a5a6/library/std/src/sys/backtrace.rs:47:9
[INFO] [stderr]      9:     0x60a1173c5ec6 - std[ddd612a2d0d29126]::panicking::default_hook::{closure#0}
[INFO] [stderr]                                  at /rustc/eca445e5ae4a6679cc27d3a09106ce245e13a5a6/library/std/src/panicking.rs:289:27
[INFO] [stderr]     10:     0x60a1173e1411 - std[ddd612a2d0d29126]::panicking::default_hook
[INFO] [stderr]                                  at /rustc/eca445e5ae4a6679cc27d3a09106ce245e13a5a6/library/std/src/panicking.rs:316:9
[INFO] [stderr]     11:     0x60a1173e15cb - std[ddd612a2d0d29126]::panicking::panic_with_hook
[INFO] [stderr]                                  at /rustc/eca445e5ae4a6679cc27d3a09106ce245e13a5a6/library/std/src/panicking.rs:811:13
[INFO] [stderr]     12:     0x60a1173c5f72 - std[ddd612a2d0d29126]::panicking::panic_handler::{closure#0}
[INFO] [stderr]                                  at /rustc/eca445e5ae4a6679cc27d3a09106ce245e13a5a6/library/std/src/panicking.rs:685:13
[INFO] [stderr]     13:     0x60a1173bfde9 - std[ddd612a2d0d29126]::sys::backtrace::__rust_end_short_backtrace::<std[ddd612a2d0d29126]::panicking::panic_handler::{closure#0}, !>
[INFO] [stderr]                                  at /rustc/eca445e5ae4a6679cc27d3a09106ce245e13a5a6/library/std/src/sys/backtrace.rs:182:18
[INFO] [stderr]     14:     0x60a1173c675d - __rustc[238efcafc60ef14c]::rust_begin_unwind
[INFO] [stderr]                                  at /rustc/eca445e5ae4a6679cc27d3a09106ce245e13a5a6/library/std/src/panicking.rs:676:5
[INFO] [stderr]     15:     0x60a1173fad9c - core[f261d1bed676f694]::panicking::panic_fmt
[INFO] [stderr]                                  at /rustc/eca445e5ae4a6679cc27d3a09106ce245e13a5a6/library/core/src/panicking.rs:80:14
[INFO] [stderr]     16:     0x60a11735a987 - cmake[58ba62bd5a38734d]::fail
[INFO] [stderr]     17:     0x60a11735a613 - cmake[58ba62bd5a38734d]::run
[INFO] [stderr]     18:     0x60a117360524 - <cmake[58ba62bd5a38734d]::Config>::build
[INFO] [stderr]     19:     0x60a11734ab34 - build_script_build[6a22425fa03775ff]::main::{closure#0}
[INFO] [stderr]     20:     0x60a11734a237 - <core[f261d1bed676f694]::result::Result<alloc[a3c61527afe8a62]::string::String, std[ddd612a2d0d29126]::env::VarError>>::unwrap_or_else::<build_script_build[6a22425fa03775ff]::main::{closure#0}>
[INFO] [stderr]     21:     0x60a11734bf40 - build_script_build[6a22425fa03775ff]::main
[INFO] [stderr]     22:     0x60a11734d83b - <fn() as core[f261d1bed676f694]::ops::function::FnOnce<()>>::call_once
[INFO] [stderr]     23:     0x60a11734aa66 - std[ddd612a2d0d29126]::sys::backtrace::__rust_begin_short_backtrace::<fn(), ()>
[INFO] [stderr]     24:     0x60a11734aa79 - std[ddd612a2d0d29126]::rt::lang_start::<()>::{closure#0}
[INFO] [stderr]     25:     0x60a1173e0718 - <&dyn core[f261d1bed676f694]::ops::function::Fn<(), Output = i32> + core[f261d1bed676f694]::marker::Sync + core[f261d1bed676f694]::panic::unwind_safe::RefUnwindSafe as core[f261d1bed676f694]::ops::function::FnOnce<()>>::call_once
[INFO] [stderr]                                  at /rustc/eca445e5ae4a6679cc27d3a09106ce245e13a5a6/library/core/src/ops/function.rs:287:21
[INFO] [stderr]     26:     0x60a1173e0718 - std[ddd612a2d0d29126]::panicking::catch_unwind::do_call::<&dyn core[f261d1bed676f694]::ops::function::Fn<(), Output = i32> + core[f261d1bed676f694]::marker::Sync + core[f261d1bed676f694]::panic::unwind_safe::RefUnwindSafe, i32>
[INFO] [stderr]                                  at /rustc/eca445e5ae4a6679cc27d3a09106ce245e13a5a6/library/std/src/panicking.rs:573:43
[INFO] [stderr]     27:     0x60a1173e0718 - std[ddd612a2d0d29126]::panicking::catch_unwind::<i32, &dyn core[f261d1bed676f694]::ops::function::Fn<(), Output = i32> + core[f261d1bed676f694]::marker::Sync + core[f261d1bed676f694]::panic::unwind_safe::RefUnwindSafe>
[INFO] [stderr]                                  at /rustc/eca445e5ae4a6679cc27d3a09106ce245e13a5a6/library/std/src/panicking.rs:541:19
[INFO] [stderr]     28:     0x60a1173e0718 - std[ddd612a2d0d29126]::panic::catch_unwind::<&dyn core[f261d1bed676f694]::ops::function::Fn<(), Output = i32> + core[f261d1bed676f694]::marker::Sync + core[f261d1bed676f694]::panic::unwind_safe::RefUnwindSafe, i32>
[INFO] [stderr]                                  at /rustc/eca445e5ae4a6679cc27d3a09106ce245e13a5a6/library/std/src/panic.rs:359:14
[INFO] [stderr]     29:     0x60a1173e0718 - std[ddd612a2d0d29126]::rt::lang_start_internal::{closure#0}
[INFO] [stderr]                                  at /rustc/eca445e5ae4a6679cc27d3a09106ce245e13a5a6/library/std/src/rt.rs:175:24
[INFO] [stderr]     30:     0x60a1173e0718 - std[ddd612a2d0d29126]::panicking::catch_unwind::do_call::<std[ddd612a2d0d29126]::rt::lang_start_internal::{closure#0}, isize>
[INFO] [stderr]                                  at /rustc/eca445e5ae4a6679cc27d3a09106ce245e13a5a6/library/std/src/panicking.rs:573:43
[INFO] [stderr]     31:     0x60a1173e0718 - std[ddd612a2d0d29126]::panicking::catch_unwind::<isize, std[ddd612a2d0d29126]::rt::lang_start_internal::{closure#0}>
[INFO] [stderr]                                  at /rustc/eca445e5ae4a6679cc27d3a09106ce245e13a5a6/library/std/src/panicking.rs:541:19
[INFO] [stderr]     32:     0x60a1173e0718 - std[ddd612a2d0d29126]::panic::catch_unwind::<std[ddd612a2d0d29126]::rt::lang_start_internal::{closure#0}, isize>
[INFO] [stderr]                                  at /rustc/eca445e5ae4a6679cc27d3a09106ce245e13a5a6/library/std/src/panic.rs:359:14
[INFO] [stderr]     33:     0x60a1173e0718 - std[ddd612a2d0d29126]::rt::lang_start_internal
[INFO] [stderr]                                  at /rustc/eca445e5ae4a6679cc27d3a09106ce245e13a5a6/library/std/src/rt.rs:171:5
[INFO] [stderr]     34:     0x60a11734a5f1 - std[ddd612a2d0d29126]::rt::lang_start::<()>
[INFO] [stderr]     35:     0x60a11734d8b5 - main
[INFO] [stderr]     36:     0x7c23a16fd601 - <unknown>
[INFO] [stderr]     37:     0x7c23a16fd718 - __libc_start_main
[INFO] [stderr]     38:     0x60a1173494d5 - _start
[INFO] [stderr]     39:                0x0 - <unknown>
[INFO] running `Command { std: "docker" "inspect" "2ea57f68149f2858550be6e80091533f1a496f2db106b636ef04a72b682179f8", kill_on_drop: false }`
[INFO] running `Command { std: "docker" "rm" "-f" "2ea57f68149f2858550be6e80091533f1a496f2db106b636ef04a72b682179f8", kill_on_drop: false }`
[INFO] [stdout] 2ea57f68149f2858550be6e80091533f1a496f2db106b636ef04a72b682179f8
