[INFO] fetching crate procutils-fuser 0.2.0...
[INFO] checking procutils-fuser-0.2.0 against eca445e5ae4a6679cc27d3a09106ce245e13a5a6 for pr-162478
[INFO] extracting crate procutils-fuser 0.2.0 into /workspace/builds/worker-1-tc1/source
[INFO] started tweaking crates.io crate procutils-fuser 0.2.0
[INFO] removed 0 missing tests
[INFO] finished tweaking crates.io crate procutils-fuser 0.2.0
[INFO] tweaked toml for crates.io crate procutils-fuser 0.2.0 written to /workspace/builds/worker-1-tc1/source/Cargo.toml
[INFO] validating manifest of crates.io crate procutils-fuser 0.2.0 on toolchain eca445e5ae4a6679cc27d3a09106ce245e13a5a6
[INFO] running `Command { std: CARGO_HOME="/workspace/cargo-home" RUSTUP_HOME="/workspace/rustup-home" "/workspace/cargo-home/bin/cargo" "+eca445e5ae4a6679cc27d3a09106ce245e13a5a6" "metadata" "--manifest-path" "Cargo.toml" "--no-deps", kill_on_drop: false }`
[INFO] crate crates.io crate procutils-fuser 0.2.0 already has a lockfile, it will not be regenerated
[INFO] running `Command { std: CARGO_HOME="/workspace/cargo-home" RUSTUP_HOME="/workspace/rustup-home" "/workspace/cargo-home/bin/cargo" "+eca445e5ae4a6679cc27d3a09106ce245e13a5a6" "fetch" "--manifest-path" "Cargo.toml", kill_on_drop: false }`
[INFO] [stderr] warning: explicit `package.readme` can be inferred
[INFO] [stderr]   --> Cargo.toml:41:1
[INFO] [stderr]    |
[INFO] [stderr] 41 | readme = "README.md"
[INFO] [stderr]    | ^^^^^^^^^^^^^^^^^^^^
[INFO] [stderr]    |
[INFO] [stderr]    = note: `cargo::manual_readme` is set to `warn` by default
[INFO] [stderr] help: consider removing `package.readme`
[INFO] [stderr] warning: `procutils-fuser` (manifest) generated 1 warning
[INFO] running `Command { std: "docker" "create" "-v" "/var/lib/crater-agent-workspace/builds/worker-1-tc1/source:/opt/rustwide/workdir:ro,Z" "-v" "/var/lib/crater-agent-workspace/builds/worker-1-tc1/target:/opt/rustwide/target:rw,Z" "-v" "/var/lib/crater-agent-workspace/cargo-home:/opt/rustwide/cargo-home:ro,Z" "-v" "/var/lib/crater-agent-workspace/rustup-home:/opt/rustwide/rustup-home:ro,Z" "-m" "1610612736" "--network" "none" "ghcr.io/rust-lang/crates-build-env/linux@sha256:8683fc1fc2eb5c9ac98e0d076ab094b2ffac7f99da555d2b6a2e27f346de2ec7" "sleep" "infinity", kill_on_drop: false }`
[INFO] [stdout] f3265217e057d2e182bfa62cef5df3e8f647e0133f630ca5acba859972658f5f
[INFO] running `Command { std: "docker" "start" "f3265217e057d2e182bfa62cef5df3e8f647e0133f630ca5acba859972658f5f", kill_on_drop: false }`
[INFO] running `Command { std: "docker" "inspect" "f3265217e057d2e182bfa62cef5df3e8f647e0133f630ca5acba859972658f5f", kill_on_drop: false }`
[INFO] running `Command { std: "docker" "exec" "-e" "SOURCE_DIR=/opt/rustwide/workdir" "-e" "CARGO_HOME=/opt/rustwide/cargo-home" "-e" "RUSTUP_HOME=/opt/rustwide/rustup-home" "-e" "CARGO_TARGET_DIR=/opt/rustwide/target" "-w" "/opt/rustwide/workdir" "--user" "0:0" "f3265217e057d2e182bfa62cef5df3e8f647e0133f630ca5acba859972658f5f" "/opt/rustwide/cargo-home/bin/cargo" "+eca445e5ae4a6679cc27d3a09106ce245e13a5a6" "metadata" "--no-deps" "--format-version=1", kill_on_drop: false }`
[INFO] running `Command { std: "docker" "inspect" "f3265217e057d2e182bfa62cef5df3e8f647e0133f630ca5acba859972658f5f", kill_on_drop: false }`
[INFO] running `Command { std: "docker" "exec" "-e" "SOURCE_DIR=/opt/rustwide/workdir" "-e" "CARGO_HOME=/opt/rustwide/cargo-home" "-e" "RUSTUP_HOME=/opt/rustwide/rustup-home" "-e" "CARGO_TARGET_DIR=/opt/rustwide/target" "-e" "CARGO_INCREMENTAL=0" "-e" "RUST_BACKTRACE=full" "-e" "RUSTFLAGS=--cap-lints=forbid" "-e" "RUSTDOCFLAGS=--cap-lints=forbid" "-w" "/opt/rustwide/workdir" "--user" "0:0" "f3265217e057d2e182bfa62cef5df3e8f647e0133f630ca5acba859972658f5f" "/opt/rustwide/cargo-home/bin/cargo" "+eca445e5ae4a6679cc27d3a09106ce245e13a5a6" "check" "--frozen" "--all" "--all-targets" "--message-format=json", kill_on_drop: false }`
[INFO] [stderr] warning: explicit `package.readme` can be inferred
[INFO] [stderr]   --> Cargo.toml:41:1
[INFO] [stderr]    |
[INFO] [stderr] 41 | readme = "README.md"
[INFO] [stderr]    | ^^^^^^^^^^^^^^^^^^^^
[INFO] [stderr]    |
[INFO] [stderr]    = note: `cargo::manual_readme` is set to `warn` by default
[INFO] [stderr] help: consider removing `package.readme`
[INFO] [stderr] warning: `procutils-fuser` (manifest) generated 1 warning
[INFO] [stderr]    Compiling rustix v1.1.4
[INFO] [stderr]     Checking linux-raw-sys v0.12.1
[INFO] [stderr]     Checking simd-adler32 v0.3.9
[INFO] [stderr]    Compiling procfs v0.18.0
[INFO] [stderr]     Checking regex-automata v0.4.14
[INFO] [stderr]     Checking miniz_oxide v0.8.9
[INFO] [stderr]     Checking similar v2.7.0
[INFO] [stderr]     Checking console v0.16.3
[INFO] [stderr]     Checking chrono v0.4.44
[INFO] [stderr]     Checking flate2 v1.1.9
[INFO] [stderr]     Checking procfs-core v0.18.0
[INFO] [stderr]     Checking regex v1.12.3
[INFO] [stderr]     Checking terminal_size v0.4.4
[INFO] [stderr]     Checking tempfile v3.27.0
[INFO] [stderr]     Checking clap_builder v4.6.0
[INFO] [stderr]     Checking insta v1.47.2
[INFO] [stderr]     Checking procutils-common v0.2.0
[INFO] [stderr]     Checking clap v4.6.0
[INFO] [stderr]     Checking procutils-fuser v0.2.0 (/opt/rustwide/workdir)
[INFO] [stdout] error[E0432]: unresolved import `procutils_testutil`
[INFO] [stdout]  --> tests/basic.rs:6:5
[INFO] [stdout]   |
[INFO] [stdout] 6 | use procutils_testutil::{Builder, ProcRoot, ProcessFixture};
[INFO] [stdout]   |     ^^^^^^^^^^^^^^^^^^ use of unresolved module or unlinked crate `procutils_testutil`
[INFO] [stdout]   |
[INFO] [stdout]   = help: if you wanted to use a crate named `procutils_testutil`, use `cargo add procutils_testutil` to add it to your `Cargo.toml`
[INFO] [stdout] 
[INFO] [stdout] 
[INFO] [stdout] error[E0433]: cannot find module or crate `procutils_testutil` in this scope
[INFO] [stdout]  --> tests/help.rs:5:29
[INFO] [stdout]   |
[INFO] [stdout] 5 |     insta::assert_snapshot!(procutils_testutil::help_output(env!(
[INFO] [stdout]   |                             ^^^^^^^^^^^^^^^^^^ use of unresolved module or unlinked crate `procutils_testutil`
[INFO] [stdout]   |
[INFO] [stdout]   = help: if you wanted to use a crate named `procutils_testutil`, use `cargo add procutils_testutil` to add it to your `Cargo.toml`
[INFO] [stdout] 
[INFO] [stdout] 
[INFO] [stdout] For more information about this error, try `rustc --explain E0433`.
[INFO] [stdout] 
[INFO] [stderr] error: could not compile `procutils-fuser` (test "help") due to 1 previous error
[INFO] [stderr] warning: build failed, waiting for other jobs to finish...
[INFO] [stdout] error[E0433]: cannot find module or crate `procutils_testutil` in this scope
[INFO] [stdout]   --> tests/basic.rs:72:18
[INFO] [stdout]    |
[INFO] [stdout] 72 |     let mounts = procutils_testutil::proc_only(root.path());
[INFO] [stdout]    |                  ^^^^^^^^^^^^^^^^^^ use of unresolved module or unlinked crate `procutils_testutil`
[INFO] [stdout]    |
[INFO] [stdout]    = help: if you wanted to use a crate named `procutils_testutil`, use `cargo add procutils_testutil` to add it to your `Cargo.toml`
[INFO] [stdout] 
[INFO] [stdout] 
[INFO] [stdout] error[E0433]: cannot find module or crate `procutils_testutil` in this scope
[INFO] [stdout]   --> tests/basic.rs:73:5
[INFO] [stdout]    |
[INFO] [stdout] 73 |     procutils_testutil::run(BIN, &mounts, args).expect("spawn unshare")
[INFO] [stdout]    |     ^^^^^^^^^^^^^^^^^^ use of unresolved module or unlinked crate `procutils_testutil`
[INFO] [stdout]    |
[INFO] [stdout]    = help: if you wanted to use a crate named `procutils_testutil`, use `cargo add procutils_testutil` to add it to your `Cargo.toml`
[INFO] [stdout] 
[INFO] [stdout] 
[INFO] [stdout] error[E0433]: cannot find module or crate `procutils_testutil` in this scope
[INFO] [stdout]   --> tests/basic.rs:88:9
[INFO] [stdout]    |
[INFO] [stdout] 88 |     if !procutils_testutil::unshare_supported() {
[INFO] [stdout]    |         ^^^^^^^^^^^^^^^^^^ use of unresolved module or unlinked crate `procutils_testutil`
[INFO] [stdout]    |
[INFO] [stdout]    = help: if you wanted to use a crate named `procutils_testutil`, use `cargo add procutils_testutil` to add it to your `Cargo.toml`
[INFO] [stdout] 
[INFO] [stdout] 
[INFO] [stdout] error[E0433]: cannot find module or crate `procutils_testutil` in this scope
[INFO] [stdout]    --> tests/basic.rs:112:9
[INFO] [stdout]     |
[INFO] [stdout] 112 |     if !procutils_testutil::unshare_supported() {
[INFO] [stdout]     |         ^^^^^^^^^^^^^^^^^^ use of unresolved module or unlinked crate `procutils_testutil`
[INFO] [stdout]     |
[INFO] [stdout]     = help: if you wanted to use a crate named `procutils_testutil`, use `cargo add procutils_testutil` to add it to your `Cargo.toml`
[INFO] [stdout] 
[INFO] [stdout] 
[INFO] [stdout] error[E0433]: cannot find module or crate `procutils_testutil` in this scope
[INFO] [stdout]    --> tests/basic.rs:130:9
[INFO] [stdout]     |
[INFO] [stdout] 130 |     if !procutils_testutil::unshare_supported() {
[INFO] [stdout]     |         ^^^^^^^^^^^^^^^^^^ use of unresolved module or unlinked crate `procutils_testutil`
[INFO] [stdout]     |
[INFO] [stdout]     = help: if you wanted to use a crate named `procutils_testutil`, use `cargo add procutils_testutil` to add it to your `Cargo.toml`
[INFO] [stdout] 
[INFO] [stdout] 
[INFO] [stdout] error[E0433]: cannot find module or crate `procutils_testutil` in this scope
[INFO] [stdout]    --> tests/basic.rs:146:9
[INFO] [stdout]     |
[INFO] [stdout] 146 |     if !procutils_testutil::unshare_supported() {
[INFO] [stdout]     |         ^^^^^^^^^^^^^^^^^^ use of unresolved module or unlinked crate `procutils_testutil`
[INFO] [stdout]     |
[INFO] [stdout]     = help: if you wanted to use a crate named `procutils_testutil`, use `cargo add procutils_testutil` to add it to your `Cargo.toml`
[INFO] [stdout] 
[INFO] [stdout] 
[INFO] [stdout] error[E0433]: cannot find module or crate `procutils_testutil` in this scope
[INFO] [stdout]    --> tests/basic.rs:159:9
[INFO] [stdout]     |
[INFO] [stdout] 159 |     if !procutils_testutil::unshare_supported() {
[INFO] [stdout]     |         ^^^^^^^^^^^^^^^^^^ use of unresolved module or unlinked crate `procutils_testutil`
[INFO] [stdout]     |
[INFO] [stdout]     = help: if you wanted to use a crate named `procutils_testutil`, use `cargo add procutils_testutil` to add it to your `Cargo.toml`
[INFO] [stdout] 
[INFO] [stdout] 
[INFO] [stdout] error[E0433]: cannot find module or crate `procutils_testutil` in this scope
[INFO] [stdout]    --> tests/basic.rs:172:9
[INFO] [stdout]     |
[INFO] [stdout] 172 |     if !procutils_testutil::unshare_supported() {
[INFO] [stdout]     |         ^^^^^^^^^^^^^^^^^^ use of unresolved module or unlinked crate `procutils_testutil`
[INFO] [stdout]     |
[INFO] [stdout]     = help: if you wanted to use a crate named `procutils_testutil`, use `cargo add procutils_testutil` to add it to your `Cargo.toml`
[INFO] [stdout] 
[INFO] [stdout] 
[INFO] [stdout] error[E0433]: cannot find module or crate `procutils_testutil` in this scope
[INFO] [stdout]    --> tests/basic.rs:194:9
[INFO] [stdout]     |
[INFO] [stdout] 194 |     if !procutils_testutil::unshare_supported() {
[INFO] [stdout]     |         ^^^^^^^^^^^^^^^^^^ use of unresolved module or unlinked crate `procutils_testutil`
[INFO] [stdout]     |
[INFO] [stdout]     = help: if you wanted to use a crate named `procutils_testutil`, use `cargo add procutils_testutil` to add it to your `Cargo.toml`
[INFO] [stdout] 
[INFO] [stdout] 
[INFO] [stdout] Some errors have detailed explanations: E0432, E0433.
[INFO] [stdout] 
[INFO] [stdout] For more information about an error, try `rustc --explain E0432`.
[INFO] [stdout] 
[INFO] [stderr] error: could not compile `procutils-fuser` (test "basic") due to 10 previous errors
[INFO] running `Command { std: "docker" "inspect" "f3265217e057d2e182bfa62cef5df3e8f647e0133f630ca5acba859972658f5f", kill_on_drop: false }`
[INFO] running `Command { std: "docker" "rm" "-f" "f3265217e057d2e182bfa62cef5df3e8f647e0133f630ca5acba859972658f5f", kill_on_drop: false }`
[INFO] [stdout] f3265217e057d2e182bfa62cef5df3e8f647e0133f630ca5acba859972658f5f
