[INFO] fetching crate aoc-rs-1npo 0.5.1...
[INFO] checking aoc-rs-1npo-0.5.1 against eca445e5ae4a6679cc27d3a09106ce245e13a5a6 for pr-162478
[INFO] extracting crate aoc-rs-1npo 0.5.1 into /workspace/builds/worker-5-tc1/source
[INFO] started tweaking crates.io crate aoc-rs-1npo 0.5.1
[INFO] finished tweaking crates.io crate aoc-rs-1npo 0.5.1
[INFO] tweaked toml for crates.io crate aoc-rs-1npo 0.5.1 written to /workspace/builds/worker-5-tc1/source/Cargo.toml
[INFO] validating manifest of crates.io crate aoc-rs-1npo 0.5.1 on toolchain eca445e5ae4a6679cc27d3a09106ce245e13a5a6
[INFO] running `Command { std: CARGO_HOME="/workspace/cargo-home" RUSTUP_HOME="/workspace/rustup-home" "/workspace/cargo-home/bin/cargo" "+eca445e5ae4a6679cc27d3a09106ce245e13a5a6" "metadata" "--manifest-path" "Cargo.toml" "--no-deps", kill_on_drop: false }`
[INFO] crate crates.io crate aoc-rs-1npo 0.5.1 already has a lockfile, it will not be regenerated
[INFO] running `Command { std: CARGO_HOME="/workspace/cargo-home" RUSTUP_HOME="/workspace/rustup-home" "/workspace/cargo-home/bin/cargo" "+eca445e5ae4a6679cc27d3a09106ce245e13a5a6" "fetch" "--manifest-path" "Cargo.toml", kill_on_drop: false }`
[INFO] [stderr] warning: Cargo.toml: `edition` is set on binary `aoc-rs` which is deprecated
[INFO] [stderr] warning: explicit `package.readme` can be inferred
[INFO] [stderr]   --> Cargo.toml:44:1
[INFO] [stderr]    |
[INFO] [stderr] 44 | readme = "README.md"
[INFO] [stderr]    | ^^^^^^^^^^^^^^^^^^^^
[INFO] [stderr]    |
[INFO] [stderr]    = note: `cargo::manual_readme` is set to `warn` by default
[INFO] [stderr] help: consider removing `package.readme`
[INFO] [stderr] warning: `aoc-rs-1npo` (manifest) generated 2 warnings
[INFO] [stderr]  Downloading crates ...
[INFO] [stderr]   Downloaded wasm-bindgen-shared v0.2.97
[INFO] [stderr]   Downloaded wasm-bindgen-macro v0.2.97
[INFO] [stderr]   Downloaded wasm-bindgen-macro-support v0.2.97
[INFO] [stderr]   Downloaded wasm-bindgen v0.2.97
[INFO] [stderr]   Downloaded wasm-bindgen-futures v0.4.47
[INFO] [stderr]   Downloaded wasm-bindgen-backend v0.2.97
[INFO] [stderr]   Downloaded js-sys v0.3.74
[INFO] [stderr]   Downloaded web-sys v0.3.74
[INFO] running `Command { std: "docker" "create" "-v" "/var/lib/crater-agent-workspace/builds/worker-5-tc1/source:/opt/rustwide/workdir:ro,Z" "-v" "/var/lib/crater-agent-workspace/builds/worker-5-tc1/target:/opt/rustwide/target:rw,Z" "-v" "/var/lib/crater-agent-workspace/cargo-home:/opt/rustwide/cargo-home:ro,Z" "-v" "/var/lib/crater-agent-workspace/rustup-home:/opt/rustwide/rustup-home:ro,Z" "-m" "1610612736" "--network" "none" "ghcr.io/rust-lang/crates-build-env/linux@sha256:8683fc1fc2eb5c9ac98e0d076ab094b2ffac7f99da555d2b6a2e27f346de2ec7" "sleep" "infinity", kill_on_drop: false }`
[INFO] [stdout] a0e568d11b0899ac0850b9415e19e8aaa1992c9d87b6810a85f56e6d0e099103
[INFO] running `Command { std: "docker" "start" "a0e568d11b0899ac0850b9415e19e8aaa1992c9d87b6810a85f56e6d0e099103", kill_on_drop: false }`
[INFO] running `Command { std: "docker" "inspect" "a0e568d11b0899ac0850b9415e19e8aaa1992c9d87b6810a85f56e6d0e099103", kill_on_drop: false }`
[INFO] running `Command { std: "docker" "exec" "-e" "SOURCE_DIR=/opt/rustwide/workdir" "-e" "CARGO_HOME=/opt/rustwide/cargo-home" "-e" "RUSTUP_HOME=/opt/rustwide/rustup-home" "-e" "CARGO_TARGET_DIR=/opt/rustwide/target" "-w" "/opt/rustwide/workdir" "--user" "0:0" "a0e568d11b0899ac0850b9415e19e8aaa1992c9d87b6810a85f56e6d0e099103" "/opt/rustwide/cargo-home/bin/cargo" "+eca445e5ae4a6679cc27d3a09106ce245e13a5a6" "metadata" "--no-deps" "--format-version=1", kill_on_drop: false }`
[INFO] running `Command { std: "docker" "inspect" "a0e568d11b0899ac0850b9415e19e8aaa1992c9d87b6810a85f56e6d0e099103", kill_on_drop: false }`
[INFO] running `Command { std: "docker" "exec" "-e" "SOURCE_DIR=/opt/rustwide/workdir" "-e" "CARGO_HOME=/opt/rustwide/cargo-home" "-e" "RUSTUP_HOME=/opt/rustwide/rustup-home" "-e" "CARGO_TARGET_DIR=/opt/rustwide/target" "-e" "CARGO_INCREMENTAL=0" "-e" "RUST_BACKTRACE=full" "-e" "RUSTFLAGS=--cap-lints=forbid" "-e" "RUSTDOCFLAGS=--cap-lints=forbid" "-w" "/opt/rustwide/workdir" "--user" "0:0" "a0e568d11b0899ac0850b9415e19e8aaa1992c9d87b6810a85f56e6d0e099103" "/opt/rustwide/cargo-home/bin/cargo" "+eca445e5ae4a6679cc27d3a09106ce245e13a5a6" "check" "--frozen" "--all" "--all-targets" "--message-format=json", kill_on_drop: false }`
[INFO] [stderr] warning: Cargo.toml: `edition` is set on binary `aoc-rs` which is deprecated
[INFO] [stderr] warning: explicit `package.readme` can be inferred
[INFO] [stderr]   --> Cargo.toml:44:1
[INFO] [stderr]    |
[INFO] [stderr] 44 | readme = "README.md"
[INFO] [stderr]    | ^^^^^^^^^^^^^^^^^^^^
[INFO] [stderr]    |
[INFO] [stderr]    = note: `cargo::manual_readme` is set to `warn` by default
[INFO] [stderr] help: consider removing `package.readme`
[INFO] [stderr] warning: `aoc-rs-1npo` (manifest) generated 2 warnings
[INFO] [stderr]    Compiling libc v0.2.167
[INFO] [stderr]     Checking pin-project-lite v0.2.15
[INFO] [stderr]    Compiling cc v1.2.2
[INFO] [stderr]    Compiling syn v2.0.90
[INFO] [stderr]     Checking smallvec v1.13.2
[INFO] [stderr]     Checking http v1.1.0
[INFO] [stderr]     Checking bitflags v2.6.0
[INFO] [stderr]    Compiling openssl v0.10.68
[INFO] [stderr]    Compiling httparse v1.9.5
[INFO] [stderr]     Checking log v0.4.22
[INFO] [stderr]     Checking futures-util v0.3.31
[INFO] [stderr]     Checking tracing v0.1.41
[INFO] [stderr]    Compiling serde v1.0.215
[INFO] [stderr]    Compiling nix v0.29.0
[INFO] [stderr]     Checking rustls-pki-types v1.10.0
[INFO] [stderr]     Checking clap_lex v0.7.3
[INFO] [stderr]     Checking clap_builder v4.5.21
[INFO] [stderr]     Checking rustls-pemfile v2.2.0
[INFO] [stderr]     Checking env_filter v0.1.2
[INFO] [stderr]     Checking ipnet v2.10.1
[INFO] [stderr]     Checking http-body v1.0.1
[INFO] [stderr]     Checking env_logger v0.11.5
[INFO] [stderr]    Compiling openssl-sys v0.9.104
[INFO] [stderr]    Compiling native-tls v0.2.12
[INFO] [stderr]     Checking socket2 v0.5.8
[INFO] [stderr]     Checking mio v1.0.3
[INFO] [stderr]     Checking tokio v1.41.1
[INFO] [stderr]     Checking homedir v0.3.4
[INFO] [stderr]     Checking http-body-util v0.1.2
[INFO] [stderr]     Checking serde_urlencoded v0.7.1
[INFO] [stderr]    Compiling synstructure v0.13.1
[INFO] [stderr]    Compiling zerovec-derive v0.10.3
[INFO] [stderr]    Compiling displaydoc v0.2.5
[INFO] [stderr]    Compiling icu_provider_macros v1.5.0
[INFO] [stderr]    Compiling openssl-macros v0.1.1
[INFO] [stderr]    Compiling clap_derive v4.5.18
[INFO] [stderr]    Compiling zerofrom-derive v0.1.5
[INFO] [stderr]    Compiling yoke-derive v0.7.5
[INFO] [stderr]     Checking zerofrom v0.1.5
[INFO] [stderr]     Checking yoke v0.7.5
[INFO] [stderr]     Checking zerovec v0.10.4
[INFO] [stderr]     Checking clap v4.5.21
[INFO] [stderr]     Checking tokio-util v0.7.12
[INFO] [stderr]     Checking h2 v0.4.7
[INFO] [stderr]     Checking tinystr v0.7.6
[INFO] [stderr]     Checking icu_collections v1.5.0
[INFO] [stderr]     Checking icu_locid v1.5.0
[INFO] [stderr]     Checking icu_provider v1.5.0
[INFO] [stderr]     Checking icu_locid_transform v1.5.0
[INFO] [stderr]     Checking tokio-native-tls v0.3.1
[INFO] [stderr]     Checking icu_properties v1.5.1
[INFO] [stderr]     Checking hyper v1.5.1
[INFO] [stderr]     Checking hyper-util v0.1.10
[INFO] [stderr]     Checking icu_normalizer v1.5.0
[INFO] [stderr]     Checking idna_adapter v1.2.0
[INFO] [stderr]     Checking idna v1.0.3
[INFO] [stderr]     Checking hyper-tls v0.6.0
[INFO] [stderr]     Checking url v2.5.4
[INFO] [stderr]     Checking reqwest v0.12.9
[INFO] [stderr]     Checking aoc-rs-1npo v0.5.1 (/opt/rustwide/workdir)
[INFO] [stdout] error[E0425]: cannot find function `part1` in this scope
[INFO] [stdout]   --> src/puzzles/year2024/day1.rs:64:40
[INFO] [stdout]    |
[INFO] [stdout] 64 |         assert_eq!(String::from("11"), part1(TEST_INPUT));
[INFO] [stdout]    |                                        ^^^^^ not found in this scope
[INFO] [stdout]    |
[INFO] [stdout] help: consider importing one of these functions
[INFO] [stdout]    |
[INFO] [stdout] 60 +     use crate::year2024::day1::part1;
[INFO] [stdout]    |
[INFO] [stdout] 60 +     use crate::year2024::day2::part1;
[INFO] [stdout]    |
[INFO] [stdout] 
[INFO] [stdout] 
[INFO] [stdout] error[E0425]: cannot find function `part2` in this scope
[INFO] [stdout]   --> src/puzzles/year2024/day1.rs:69:40
[INFO] [stdout]    |
[INFO] [stdout] 69 |         assert_eq!(String::from("31"), part2(TEST_INPUT));
[INFO] [stdout]    |                                        ^^^^^ not found in this scope
[INFO] [stdout]    |
[INFO] [stdout] help: consider importing one of these functions
[INFO] [stdout]    |
[INFO] [stdout] 60 +     use crate::year2024::day1::part2;
[INFO] [stdout]    |
[INFO] [stdout] 60 +     use crate::year2024::day2::part2;
[INFO] [stdout]    |
[INFO] [stdout] 
[INFO] [stdout] 
[INFO] [stdout] error[E0425]: cannot find function `part1` in this scope
[INFO] [stdout]   --> src/puzzles/year2024/day2.rs:82:39
[INFO] [stdout]    |
[INFO] [stdout] 82 |         assert_eq!(String::from("2"), part1(parse(TEST_INPUT)));
[INFO] [stdout]    |                                       ^^^^^ not found in this scope
[INFO] [stdout]    |
[INFO] [stdout] help: consider importing one of these functions
[INFO] [stdout]    |
[INFO] [stdout] 78 +     use crate::year2024::day1::part1;
[INFO] [stdout]    |
[INFO] [stdout] 78 +     use crate::year2024::day2::part1;
[INFO] [stdout]    |
[INFO] [stdout] 
[INFO] [stdout] 
[INFO] [stdout] error[E0425]: cannot find function `parse` in this scope
[INFO] [stdout]   --> src/puzzles/year2024/day2.rs:82:45
[INFO] [stdout]    |
[INFO] [stdout] 82 |         assert_eq!(String::from("2"), part1(parse(TEST_INPUT)));
[INFO] [stdout]    |                                             ^^^^^ not found in this scope
[INFO] [stdout]    |
[INFO] [stdout] note: function `crate::year2024::day1::parse` exists but is inaccessible
[INFO] [stdout]   --> src/puzzles/year2024/day1.rs:1:1
[INFO] [stdout]    |
[INFO] [stdout]  1 | fn parse(input: String) -> (Vec<i32>, Vec<i32>) {
[INFO] [stdout]    | ^^^^^^^^^^^^^^^^^^^^^^^^^^^^^^^^^^^^^^^^^^^^^^^ not accessible
[INFO] [stdout] help: consider importing this function
[INFO] [stdout]    |
[INFO] [stdout] 78 +     use crate::year2024::day2::parse;
[INFO] [stdout]    |
[INFO] [stdout] 
[INFO] [stdout] 
[INFO] [stdout] error[E0425]: cannot find function `part2` in this scope
[INFO] [stdout]   --> src/puzzles/year2024/day2.rs:87:39
[INFO] [stdout]    |
[INFO] [stdout] 87 |         assert_eq!(String::from("4"), part2(parse(TEST_INPUT)));
[INFO] [stdout]    |                                       ^^^^^ not found in this scope
[INFO] [stdout]    |
[INFO] [stdout] help: consider importing one of these functions
[INFO] [stdout]    |
[INFO] [stdout] 78 +     use crate::year2024::day1::part2;
[INFO] [stdout]    |
[INFO] [stdout] 78 +     use crate::year2024::day2::part2;
[INFO] [stdout]    |
[INFO] [stdout] 
[INFO] [stdout] 
[INFO] [stdout] error[E0425]: cannot find function `parse` in this scope
[INFO] [stdout]   --> src/puzzles/year2024/day2.rs:87:45
[INFO] [stdout]    |
[INFO] [stdout] 87 |         assert_eq!(String::from("4"), part2(parse(TEST_INPUT)));
[INFO] [stdout]    |                                             ^^^^^ not found in this scope
[INFO] [stdout]    |
[INFO] [stdout] note: function `crate::year2024::day1::parse` exists but is inaccessible
[INFO] [stdout]   --> src/puzzles/year2024/day1.rs:1:1
[INFO] [stdout]    |
[INFO] [stdout]  1 | fn parse(input: String) -> (Vec<i32>, Vec<i32>) {
[INFO] [stdout]    | ^^^^^^^^^^^^^^^^^^^^^^^^^^^^^^^^^^^^^^^^^^^^^^^ not accessible
[INFO] [stdout] help: consider importing this function
[INFO] [stdout]    |
[INFO] [stdout] 78 +     use crate::year2024::day2::parse;
[INFO] [stdout]    |
[INFO] [stdout] 
[INFO] [stdout] 
[INFO] [stdout] warning: unused import: `crate::*`
[INFO] [stdout]   --> src/puzzles/year2024/day1.rs:60:9
[INFO] [stdout]    |
[INFO] [stdout] 60 |     use crate::*;
[INFO] [stdout]    |         ^^^^^^^^
[INFO] [stdout]    |
[INFO] [stdout]    = note: `#[warn(unused_imports)]` (part of `#[warn(unused)]`) on by default
[INFO] [stdout] 
[INFO] [stdout] 
[INFO] [stdout] warning: unused import: `crate::*`
[INFO] [stdout]   --> src/puzzles/year2024/day2.rs:78:9
[INFO] [stdout]    |
[INFO] [stdout] 78 |     use crate::*;
[INFO] [stdout]    |         ^^^^^^^^
[INFO] [stdout] 
[INFO] [stdout] 
[INFO] [stdout] For more information about this error, try `rustc --explain E0425`.
[INFO] [stdout] 
[INFO] [stderr] error: could not compile `aoc-rs-1npo` (lib test) due to 6 previous errors; 2 warnings emitted
[INFO] [stderr] warning: build failed, waiting for other jobs to finish...
[INFO] running `Command { std: "docker" "inspect" "a0e568d11b0899ac0850b9415e19e8aaa1992c9d87b6810a85f56e6d0e099103", kill_on_drop: false }`
[INFO] running `Command { std: "docker" "rm" "-f" "a0e568d11b0899ac0850b9415e19e8aaa1992c9d87b6810a85f56e6d0e099103", kill_on_drop: false }`
[INFO] [stdout] a0e568d11b0899ac0850b9415e19e8aaa1992c9d87b6810a85f56e6d0e099103
