[INFO] fetching crate agglayer-primitives 0.18.0...
[INFO] checking agglayer-primitives-0.18.0 against eca445e5ae4a6679cc27d3a09106ce245e13a5a6 for pr-162478
[INFO] extracting crate agglayer-primitives 0.18.0 into /workspace/builds/worker-2-tc1/source
[INFO] started tweaking crates.io crate agglayer-primitives 0.18.0
[INFO] finished tweaking crates.io crate agglayer-primitives 0.18.0
[INFO] tweaked toml for crates.io crate agglayer-primitives 0.18.0 written to /workspace/builds/worker-2-tc1/source/Cargo.toml
[INFO] validating manifest of crates.io crate agglayer-primitives 0.18.0 on toolchain eca445e5ae4a6679cc27d3a09106ce245e13a5a6
[INFO] running `Command { std: CARGO_HOME="/workspace/cargo-home" RUSTUP_HOME="/workspace/rustup-home" "/workspace/cargo-home/bin/cargo" "+eca445e5ae4a6679cc27d3a09106ce245e13a5a6" "metadata" "--manifest-path" "Cargo.toml" "--no-deps", kill_on_drop: false }`
[INFO] crate crates.io crate agglayer-primitives 0.18.0 already has a lockfile, it will not be regenerated
[INFO] running `Command { std: CARGO_HOME="/workspace/cargo-home" RUSTUP_HOME="/workspace/rustup-home" "/workspace/cargo-home/bin/cargo" "+eca445e5ae4a6679cc27d3a09106ce245e13a5a6" "fetch" "--manifest-path" "Cargo.toml", kill_on_drop: false }`
[INFO] [stderr]     Updating crates.io index
[INFO] [stderr]  Downloading crates ...
[INFO] [stderr]   Downloaded alloy-primitives v1.6.0
[INFO] [stderr]   Downloaded keccak v0.2.0
[INFO] [stderr]   Downloaded bitcoin-io v0.1.4
[INFO] [stderr]   Downloaded ark-ff-asm v0.5.0
[INFO] [stderr]   Downloaded rustc_version v0.3.3
[INFO] [stderr]   Downloaded alloy-rlp v0.3.15
[INFO] [stderr]   Downloaded rustc-hex v2.1.0
[INFO] [stderr]   Downloaded byte-slice-cast v1.2.3
[INFO] [stderr]   Downloaded ark-serialize v0.5.0
[INFO] [stderr]   Downloaded ark-ff-macros v0.5.0
[INFO] [stderr]   Downloaded ruint-macro v1.2.1
[INFO] [stderr]   Downloaded primitive-types v0.12.2
[INFO] [stderr]   Downloaded ark-ff-asm v0.3.0
[INFO] [stderr]   Downloaded keccak-asm v0.1.7
[INFO] [stderr]   Downloaded fixed-hash v0.8.0
[INFO] [stderr]   Downloaded ark-serialize v0.3.0
[INFO] [stderr]   Downloaded fastrlp v0.4.0
[INFO] [stderr]   Downloaded ark-std v0.3.0
[INFO] [stderr]   Downloaded impl-codec v0.6.0
[INFO] [stderr]   Downloaded ark-ff-macros v0.3.0
[INFO] [stderr]   Downloaded fastrlp v0.3.1
[INFO] [stderr]   Downloaded rlp v0.5.2
[INFO] [stderr]   Downloaded impl-trait-for-tuples v0.2.3
[INFO] [stderr]   Downloaded semver-parser v0.10.3
[INFO] [stderr]   Downloaded secp256k1 v0.31.1
[INFO] [stderr]   Downloaded uint v0.9.5
[INFO] [stderr]   Downloaded ark-std v0.5.0
[INFO] [stderr]   Downloaded parity-scale-codec-derive v3.7.5
[INFO] [stderr]   Downloaded semver v0.11.0
[INFO] [stderr]   Downloaded ark-ff v0.3.0
[INFO] [stderr]   Downloaded const-hex v1.19.0
[INFO] [stderr]   Downloaded educe v0.6.0
[INFO] [stderr]   Downloaded rapidhash v4.4.1
[INFO] [stderr]   Downloaded parity-scale-codec v3.7.5
[INFO] [stderr]   Downloaded ark-ff v0.5.0
[INFO] [stderr]   Downloaded proptest-derive v0.8.0
[INFO] [stderr]   Downloaded ruint v1.18.0
[INFO] [stderr]   Downloaded sha3-asm v0.1.7
[INFO] [stderr]   Downloaded secp256k1-sys v0.11.0
[INFO] running `Command { std: "docker" "create" "-v" "/var/lib/crater-agent-workspace/builds/worker-2-tc1/source:/opt/rustwide/workdir:ro,Z" "-v" "/var/lib/crater-agent-workspace/builds/worker-2-tc1/target:/opt/rustwide/target:rw,Z" "-v" "/var/lib/crater-agent-workspace/cargo-home:/opt/rustwide/cargo-home:ro,Z" "-v" "/var/lib/crater-agent-workspace/rustup-home:/opt/rustwide/rustup-home:ro,Z" "-m" "1610612736" "--network" "none" "ghcr.io/rust-lang/crates-build-env/linux@sha256:8683fc1fc2eb5c9ac98e0d076ab094b2ffac7f99da555d2b6a2e27f346de2ec7" "sleep" "infinity", kill_on_drop: false }`
[INFO] [stdout] 79890d7c5015b246494f7ec23159c389d2318fd704b18625dbafbd60bb3b4d27
[INFO] running `Command { std: "docker" "start" "79890d7c5015b246494f7ec23159c389d2318fd704b18625dbafbd60bb3b4d27", kill_on_drop: false }`
[INFO] running `Command { std: "docker" "inspect" "79890d7c5015b246494f7ec23159c389d2318fd704b18625dbafbd60bb3b4d27", kill_on_drop: false }`
[INFO] running `Command { std: "docker" "exec" "-e" "SOURCE_DIR=/opt/rustwide/workdir" "-e" "CARGO_HOME=/opt/rustwide/cargo-home" "-e" "RUSTUP_HOME=/opt/rustwide/rustup-home" "-e" "CARGO_TARGET_DIR=/opt/rustwide/target" "-w" "/opt/rustwide/workdir" "--user" "0:0" "79890d7c5015b246494f7ec23159c389d2318fd704b18625dbafbd60bb3b4d27" "/opt/rustwide/cargo-home/bin/cargo" "+eca445e5ae4a6679cc27d3a09106ce245e13a5a6" "metadata" "--no-deps" "--format-version=1", kill_on_drop: false }`
[INFO] running `Command { std: "docker" "inspect" "79890d7c5015b246494f7ec23159c389d2318fd704b18625dbafbd60bb3b4d27", kill_on_drop: false }`
[INFO] running `Command { std: "docker" "exec" "-e" "SOURCE_DIR=/opt/rustwide/workdir" "-e" "CARGO_HOME=/opt/rustwide/cargo-home" "-e" "RUSTUP_HOME=/opt/rustwide/rustup-home" "-e" "CARGO_TARGET_DIR=/opt/rustwide/target" "-e" "CARGO_INCREMENTAL=0" "-e" "RUST_BACKTRACE=full" "-e" "RUSTFLAGS=--cap-lints=forbid" "-e" "RUSTDOCFLAGS=--cap-lints=forbid" "-w" "/opt/rustwide/workdir" "--user" "0:0" "79890d7c5015b246494f7ec23159c389d2318fd704b18625dbafbd60bb3b4d27" "/opt/rustwide/cargo-home/bin/cargo" "+eca445e5ae4a6679cc27d3a09106ce245e13a5a6" "check" "--frozen" "--all" "--all-targets" "--message-format=json", kill_on_drop: false }`
[INFO] [stderr]     Checking typenum v1.20.0
[INFO] [stderr]     Checking zeroize v1.8.2
[INFO] [stderr]    Compiling libc v0.2.186
[INFO] [stderr]     Checking base16ct v0.2.0
[INFO] [stderr]    Compiling unicode-segmentation v1.13.2
[INFO] [stderr]    Compiling crunchy v0.2.4
[INFO] [stderr]     Checking keccak v0.2.0
[INFO] [stderr]    Compiling tiny-keccak v2.0.2
[INFO] [stderr]     Checking foldhash v0.2.0
[INFO] [stderr]    Compiling ruint-macro v1.2.1
[INFO] [stderr]     Checking rustc-hash v2.1.2
[INFO] [stderr]     Checking const-hex v1.19.0
[INFO] [stderr]     Checking serde v1.0.228
[INFO] [stderr]     Checking der v0.7.10
[INFO] [stderr]     Checking hashbrown v0.17.1
[INFO] [stderr]     Checking ruint v1.18.0
[INFO] [stderr]    Compiling convert_case v0.10.0
[INFO] [stderr]    Compiling derive_more-impl v2.1.1
[INFO] [stderr]     Checking bytes v1.11.1
[INFO] [stderr]     Checking spki v0.7.3
[INFO] [stderr]     Checking pkcs8 v0.10.2
[INFO] [stderr]     Checking getrandom v0.2.17
[INFO] [stderr]     Checking rand_core v0.6.4
[INFO] [stderr]     Checking ff v0.13.1
[INFO] [stderr]     Checking generic-array v0.14.9
[INFO] [stderr]     Checking hybrid-array v0.4.12
[INFO] [stderr]     Checking group v0.13.0
[INFO] [stderr]     Checking crypto-common v0.1.6
[INFO] [stderr]     Checking block-buffer v0.10.4
[INFO] [stderr]     Checking sec1 v0.7.3
[INFO] [stderr]     Checking crypto-bigint v0.5.5
[INFO] [stderr]     Checking digest v0.10.7
[INFO] [stderr]     Checking hmac v0.12.1
[INFO] [stderr]     Checking signature v2.2.0
[INFO] [stderr]     Checking sha2 v0.10.9
[INFO] [stderr]     Checking crypto-common v0.2.1
[INFO] [stderr]     Checking block-buffer v0.12.0
[INFO] [stderr]     Checking rfc6979 v0.4.0
[INFO] [stderr]     Checking digest v0.11.3
[INFO] [stderr]     Checking sha3 v0.11.0
[INFO] [stderr]     Checking derive_more v2.1.1
[INFO] [stderr]     Checking elliptic-curve v0.13.8
[INFO] [stderr]     Checking ecdsa v0.16.9
[INFO] [stderr]     Checking k256 v0.13.4
[INFO] [stderr]     Checking alloy-primitives v1.6.0
[INFO] [stderr]     Checking agglayer-primitives v0.18.0 (/opt/rustwide/workdir)
[INFO] [stdout] error[E0432]: unresolved import `rand`
[INFO] [stdout]    --> src/digest.rs:204:13
[INFO] [stdout]     |
[INFO] [stdout] 204 |         use rand::RngExt as _;
[INFO] [stdout]     |             ^^^^ use of unresolved module or unlinked crate `rand`
[INFO] [stdout]     |
[INFO] [stdout]     = help: if you wanted to use a crate named `rand`, use `cargo add rand` to add it to your `Cargo.toml`
[INFO] [stdout] 
[INFO] [stdout] 
[INFO] [stdout] error[E0433]: cannot find module or crate `rand` in this scope
[INFO] [stdout]    --> src/digest.rs:201:6
[INFO] [stdout]     |
[INFO] [stdout] 201 | impl rand::distr::Distribution<Digest> for rand::distr::StandardUniform {
[INFO] [stdout]     |      ^^^^ use of unresolved module or unlinked crate `rand`
[INFO] [stdout]     |
[INFO] [stdout]     = help: if you wanted to use a crate named `rand`, use `cargo add rand` to add it to your `Cargo.toml`
[INFO] [stdout] 
[INFO] [stdout] 
[INFO] [stdout] error[E0433]: cannot find module or crate `rand` in this scope
[INFO] [stdout]    --> src/digest.rs:201:44
[INFO] [stdout]     |
[INFO] [stdout] 201 | impl rand::distr::Distribution<Digest> for rand::distr::StandardUniform {
[INFO] [stdout]     |                                            ^^^^ use of unresolved module or unlinked crate `rand`
[INFO] [stdout]     |
[INFO] [stdout]     = help: if you wanted to use a crate named `rand`, use `cargo add rand` to add it to your `Cargo.toml`
[INFO] [stdout] 
[INFO] [stdout] 
[INFO] [stdout] error[E0433]: cannot find module or crate `rand` in this scope
[INFO] [stdout]    --> src/digest.rs:203:18
[INFO] [stdout]     |
[INFO] [stdout] 203 |     fn sample<R: rand::Rng + ?Sized>(&self, rng: &mut R) -> Digest {
[INFO] [stdout]     |                  ^^^^ use of unresolved module or unlinked crate `rand`
[INFO] [stdout]     |
[INFO] [stdout]     = help: if you wanted to use a crate named `rand`, use `cargo add rand` to add it to your `Cargo.toml`
[INFO] [stdout] 
[INFO] [stdout] 
[INFO] [stdout] Some errors have detailed explanations: E0432, E0433.
[INFO] [stdout] 
[INFO] [stdout] For more information about an error, try `rustc --explain E0432`.
[INFO] [stdout] 
[INFO] [stderr] error: could not compile `agglayer-primitives` (lib test) due to 4 previous errors
[INFO] [stderr] warning: build failed, waiting for other jobs to finish...
[INFO] running `Command { std: "docker" "inspect" "79890d7c5015b246494f7ec23159c389d2318fd704b18625dbafbd60bb3b4d27", kill_on_drop: false }`
[INFO] running `Command { std: "docker" "rm" "-f" "79890d7c5015b246494f7ec23159c389d2318fd704b18625dbafbd60bb3b4d27", kill_on_drop: false }`
[INFO] [stdout] 79890d7c5015b246494f7ec23159c389d2318fd704b18625dbafbd60bb3b4d27
