[INFO] cloning repository https://github.com/sonmessia/firecrawl_cli
[INFO] running `Command { std: "git" "-c" "credential.helper=" "-c" "credential.helper=/workspace/cargo-home/bin/git-credential-null" "clone" "--bare" "https://github.com/sonmessia/firecrawl_cli" "/workspace/cache/git-repos/https%3A%2F%2Fgithub.com%2Fsonmessia%2Ffirecrawl_cli", kill_on_drop: false }`
[INFO] [stderr] Cloning into bare repository '/workspace/cache/git-repos/https%3A%2F%2Fgithub.com%2Fsonmessia%2Ffirecrawl_cli'...
[INFO] running `Command { std: "git" "rev-parse" "HEAD", kill_on_drop: false }`
[INFO] [stdout] 5e546a0996aa06424e51a5c3b58e20aaab10a3ef
[INFO] checking sonmessia/firecrawl_cli/5e546a0996aa06424e51a5c3b58e20aaab10a3ef against eca445e5ae4a6679cc27d3a09106ce245e13a5a6 for pr-162478
[INFO] running `Command { std: "git" "clone" "/workspace/cache/git-repos/https%3A%2F%2Fgithub.com%2Fsonmessia%2Ffirecrawl_cli" "/workspace/builds/worker-0-tc1/source", kill_on_drop: false }`
[INFO] [stderr] Cloning into '/workspace/builds/worker-0-tc1/source'...
[INFO] [stderr] done.
[INFO] started tweaking git repo https://github.com/sonmessia/firecrawl_cli
[INFO] finished tweaking git repo https://github.com/sonmessia/firecrawl_cli
[INFO] tweaked toml for git repo https://github.com/sonmessia/firecrawl_cli written to /workspace/builds/worker-0-tc1/source/Cargo.toml
[INFO] validating manifest of git repo https://github.com/sonmessia/firecrawl_cli on toolchain eca445e5ae4a6679cc27d3a09106ce245e13a5a6
[INFO] running `Command { std: CARGO_HOME="/workspace/cargo-home" RUSTUP_HOME="/workspace/rustup-home" "/workspace/cargo-home/bin/cargo" "+eca445e5ae4a6679cc27d3a09106ce245e13a5a6" "metadata" "--manifest-path" "Cargo.toml" "--no-deps", kill_on_drop: false }`
[INFO] crate git repo https://github.com/sonmessia/firecrawl_cli already has a lockfile, it will not be regenerated
[INFO] running `Command { std: CARGO_HOME="/workspace/cargo-home" RUSTUP_HOME="/workspace/rustup-home" "/workspace/cargo-home/bin/cargo" "+eca445e5ae4a6679cc27d3a09106ce245e13a5a6" "fetch" "--manifest-path" "Cargo.toml", kill_on_drop: false }`
[INFO] [stderr] warning: binary `firecrawl_cli` should have a kebab-case name
[INFO] [stderr]    |
[INFO] [stderr]  1 | /workspace/builds/worker-0-tc1/source/target/.../firecrawl_cli
[INFO] [stderr]    |                                                  ^^^^^^^^^^^^^
[INFO] [stderr]    |
[INFO] [stderr]    = note: `cargo::non_kebab_case_bins` is set to `warn` by default
[INFO] [stderr] help: to change the binary name to `firecrawl-cli`, convert `package.name`
[INFO] [stderr]   --> Cargo.toml:38:8
[INFO] [stderr]    |
[INFO] [stderr] 38 - name = "firecrawl_cli"
[INFO] [stderr] 38 + name = "firecrawl-cli"
[INFO] [stderr]    |
[INFO] [stderr] help: to change the binary name to `firecrawl-cli`, specify `bin.name`
[INFO] [stderr]   --> Cargo.toml:39:19
[INFO] [stderr]    |
[INFO] [stderr] 39 ~ version = "0.1.0"
[INFO] [stderr] 40 + [[bin]]
[INFO] [stderr] 41 + name = "firecrawl-cli"
[INFO] [stderr] 42 + path = "src/main.rs"
[INFO] [stderr]    |
[INFO] [stderr] warning: `firecrawl_cli` (manifest) generated 1 warning
[INFO] [stderr]  Downloading crates ...
[INFO] [stderr]   Downloaded slug v0.1.6
[INFO] running `Command { std: "docker" "create" "-v" "/var/lib/crater-agent-workspace/builds/worker-0-tc1/source:/opt/rustwide/workdir:ro,Z" "-v" "/var/lib/crater-agent-workspace/builds/worker-0-tc1/target:/opt/rustwide/target:rw,Z" "-v" "/var/lib/crater-agent-workspace/cargo-home:/opt/rustwide/cargo-home:ro,Z" "-v" "/var/lib/crater-agent-workspace/rustup-home:/opt/rustwide/rustup-home:ro,Z" "-m" "1610612736" "--network" "none" "ghcr.io/rust-lang/crates-build-env/linux@sha256:8683fc1fc2eb5c9ac98e0d076ab094b2ffac7f99da555d2b6a2e27f346de2ec7" "sleep" "infinity", kill_on_drop: false }`
[INFO] [stdout] 5f741003663da7daf28fce6b1406c941fa1518124d52584f97bbc6d2853fb7b6
[INFO] running `Command { std: "docker" "start" "5f741003663da7daf28fce6b1406c941fa1518124d52584f97bbc6d2853fb7b6", kill_on_drop: false }`
[INFO] running `Command { std: "docker" "inspect" "5f741003663da7daf28fce6b1406c941fa1518124d52584f97bbc6d2853fb7b6", kill_on_drop: false }`
[INFO] running `Command { std: "docker" "exec" "-e" "SOURCE_DIR=/opt/rustwide/workdir" "-e" "CARGO_HOME=/opt/rustwide/cargo-home" "-e" "RUSTUP_HOME=/opt/rustwide/rustup-home" "-e" "CARGO_TARGET_DIR=/opt/rustwide/target" "-w" "/opt/rustwide/workdir" "--user" "0:0" "5f741003663da7daf28fce6b1406c941fa1518124d52584f97bbc6d2853fb7b6" "/opt/rustwide/cargo-home/bin/cargo" "+eca445e5ae4a6679cc27d3a09106ce245e13a5a6" "metadata" "--no-deps" "--format-version=1", kill_on_drop: false }`
[INFO] running `Command { std: "docker" "inspect" "5f741003663da7daf28fce6b1406c941fa1518124d52584f97bbc6d2853fb7b6", kill_on_drop: false }`
[INFO] running `Command { std: "docker" "exec" "-e" "SOURCE_DIR=/opt/rustwide/workdir" "-e" "CARGO_HOME=/opt/rustwide/cargo-home" "-e" "RUSTUP_HOME=/opt/rustwide/rustup-home" "-e" "CARGO_TARGET_DIR=/opt/rustwide/target" "-e" "CARGO_INCREMENTAL=0" "-e" "RUST_BACKTRACE=full" "-e" "RUSTFLAGS=--cap-lints=forbid" "-e" "RUSTDOCFLAGS=--cap-lints=forbid" "-w" "/opt/rustwide/workdir" "--user" "0:0" "5f741003663da7daf28fce6b1406c941fa1518124d52584f97bbc6d2853fb7b6" "/opt/rustwide/cargo-home/bin/cargo" "+eca445e5ae4a6679cc27d3a09106ce245e13a5a6" "check" "--frozen" "--all" "--all-targets" "--message-format=json", kill_on_drop: false }`
[INFO] [stderr] warning: binary `firecrawl_cli` should have a kebab-case name
[INFO] [stderr]    |
[INFO] [stderr]  1 | /opt/rustwide/target/.../firecrawl_cli
[INFO] [stderr]    |                          ^^^^^^^^^^^^^
[INFO] [stderr]    |
[INFO] [stderr]    = note: `cargo::non_kebab_case_bins` is set to `warn` by default
[INFO] [stderr] help: to change the binary name to `firecrawl-cli`, convert `package.name`
[INFO] [stderr]   --> Cargo.toml:38:8
[INFO] [stderr]    |
[INFO] [stderr] 38 - name = "firecrawl_cli"
[INFO] [stderr] 38 + name = "firecrawl-cli"
[INFO] [stderr]    |
[INFO] [stderr] help: to change the binary name to `firecrawl-cli`, specify `bin.name`
[INFO] [stderr]   --> Cargo.toml:39:19
[INFO] [stderr]    |
[INFO] [stderr] 39 ~ version = "0.1.0"
[INFO] [stderr] 40 + [[bin]]
[INFO] [stderr] 41 + name = "firecrawl-cli"
[INFO] [stderr] 42 + path = "src/main.rs"
[INFO] [stderr]    |
[INFO] [stderr] warning: `firecrawl_cli` (manifest) generated 1 warning
[INFO] [stderr]    Compiling syn v2.0.110
[INFO] [stderr]     Checking log v0.4.28
[INFO] [stderr]    Compiling find-msvc-tools v0.1.5
[INFO] [stderr]    Compiling icu_properties_data v2.1.1
[INFO] [stderr]     Checking signal-hook-registry v1.4.6
[INFO] [stderr]     Checking parking_lot_core v0.9.12
[INFO] [stderr]     Checking socket2 v0.6.1
[INFO] [stderr]     Checking http v1.3.1
[INFO] [stderr]     Checking indexmap v2.12.1
[INFO] [stderr]     Checking tracing v0.1.41
[INFO] [stderr]     Checking simd-adler32 v0.3.7
[INFO] [stderr]    Compiling time-core v0.1.6
[INFO] [stderr]     Checking brotli-decompressor v5.0.0
[INFO] [stderr]    Compiling rustix v1.1.2
[INFO] [stderr]    Compiling convert_case v0.7.1
[INFO] [stderr]    Compiling time-macros v0.2.24
[INFO] [stderr]     Checking mio v1.1.0
[INFO] [stderr]    Compiling cc v1.2.47
[INFO] [stderr]     Checking signal-hook v0.3.18
[INFO] [stderr]     Checking psl-types v2.0.11
[INFO] [stderr]     Checking miniz_oxide v0.8.9
[INFO] [stderr]     Checking parking_lot v0.12.5
[INFO] [stderr]     Checking compression-core v0.4.29
[INFO] [stderr]    Compiling instability v0.3.9
[INFO] [stderr]     Checking rustix v0.38.44
[INFO] [stderr]     Checking serde_json v1.0.145
[INFO] [stderr]     Checking iri-string v0.7.9
[INFO] [stderr]     Checking unicode-truncate v1.1.0
[INFO] [stderr]     Checking rustls-pki-types v1.13.0
[INFO] [stderr]     Checking clap_builder v4.5.53
[INFO] [stderr]     Checking compact_str v0.8.1
[INFO] [stderr]     Checking lru v0.12.5
[INFO] [stderr]     Checking signal-hook-mio v0.2.5
[INFO] [stderr]     Checking getrandom v0.3.4
[INFO] [stderr]     Checking deunicode v1.6.2
[INFO] [stderr]     Checking slug v0.1.6
[INFO] [stderr]     Checking flate2 v1.1.5
[INFO] [stderr]     Checking http-body v1.0.1
[INFO] [stderr]     Checking http-body-util v0.1.3
[INFO] [stderr]     Checking crossterm v0.28.1
[INFO] [stderr]     Checking time v0.3.44
[INFO] [stderr]     Checking brotli v8.0.2
[INFO] [stderr]    Compiling openssl-sys v0.9.111
[INFO] [stderr]    Compiling openssl v0.10.75
[INFO] [stderr]    Compiling native-tls v0.2.14
[INFO] [stderr]     Checking tempfile v3.23.0
[INFO] [stderr]     Checking cookie v0.18.1
[INFO] [stderr]     Checking compression-codecs v0.4.31
[INFO] [stderr]    Compiling synstructure v0.13.2
[INFO] [stderr]    Compiling darling_core v0.20.11
[INFO] [stderr]    Compiling zerofrom-derive v0.1.6
[INFO] [stderr]    Compiling yoke-derive v0.8.1
[INFO] [stderr]    Compiling zerovec-derive v0.11.2
[INFO] [stderr]    Compiling displaydoc v0.2.5
[INFO] [stderr]    Compiling tokio-macros v2.6.0
[INFO] [stderr]    Compiling serde_derive v1.0.228
[INFO] [stderr]    Compiling openssl-macros v0.1.1
[INFO] [stderr]    Compiling derive_more-impl v2.0.1
[INFO] [stderr]    Compiling strum_macros v0.26.4
[INFO] [stderr]    Compiling thiserror-impl v2.0.17
[INFO] [stderr]    Compiling clap_derive v4.5.49
[INFO] [stderr]    Compiling async-trait v0.1.89
[INFO] [stderr]     Checking derive_more v2.0.1
[INFO] [stderr]     Checking crossterm v0.29.0
[INFO] [stderr]     Checking tokio v1.48.0
[INFO] [stderr]     Checking zerofrom v0.1.6
[INFO] [stderr]     Checking yoke v0.8.1
[INFO] [stderr]     Checking zerovec v0.11.5
[INFO] [stderr]     Checking zerotrie v0.2.3
[INFO] [stderr]     Checking thiserror v2.0.17
[INFO] [stderr]     Checking strum v0.26.3
[INFO] [stderr]     Checking clap v4.5.53
[INFO] [stderr]     Checking tinystr v0.8.2
[INFO] [stderr]     Checking potential_utf v0.1.4
[INFO] [stderr]    Compiling darling_macro v0.20.11
[INFO] [stderr]     Checking icu_collections v2.1.1
[INFO] [stderr]     Checking icu_locale_core v2.1.1
[INFO] [stderr]    Compiling darling v0.20.11
[INFO] [stderr]     Checking ratatui v0.29.0
[INFO] [stderr]     Checking icu_provider v2.1.1
[INFO] [stderr]     Checking serde v1.0.228
[INFO] [stderr]     Checking icu_normalizer v2.1.1
[INFO] [stderr]     Checking icu_properties v2.1.1
[INFO] [stderr]     Checking serde_urlencoded v0.7.1
[INFO] [stderr]     Checking chrono v0.4.42
[INFO] [stderr]     Checking serde_yaml v0.9.34+deprecated
[INFO] [stderr]     Checking idna_adapter v1.2.1
[INFO] [stderr]     Checking idna v1.1.0
[INFO] [stderr]     Checking publicsuffix v2.3.0
[INFO] [stderr]     Checking url v2.5.7
[INFO] [stderr]     Checking cookie_store v0.21.1
[INFO] [stderr]     Checking tokio-util v0.7.17
[INFO] [stderr]     Checking tokio-native-tls v0.3.1
[INFO] [stderr]     Checking tower v0.5.2
[INFO] [stderr]     Checking async-compression v0.4.32
[INFO] [stderr]     Checking h2 v0.4.12
[INFO] [stderr]     Checking tower-http v0.6.6
[INFO] [stderr]     Checking hyper v1.8.1
[INFO] [stderr]     Checking hyper-util v0.1.18
[INFO] [stderr]     Checking hyper-tls v0.6.0
[INFO] [stderr]     Checking reqwest v0.12.24
[INFO] [stderr]     Checking firecrawl_cli v0.1.0 (/opt/rustwide/workdir)
[INFO] [stdout] warning: unused import: `ScrapeResponse`
[INFO] [stdout]  --> src/api/services/client.rs:9:46
[INFO] [stdout]   |
[INFO] [stdout] 9 |     OutputFormat, ScrapeData, ScrapeRequest, ScrapeResponse,
[INFO] [stdout]   |                                              ^^^^^^^^^^^^^^
[INFO] [stdout]   |
[INFO] [stdout]   = note: `#[warn(unused_imports)]` (part of `#[warn(unused)]`) on by default
[INFO] [stdout] 
[INFO] [stdout] 
[INFO] [stdout] warning: unused import: `CrawlResponse`
[INFO] [stdout]  --> src/commands/crawl_command.rs:4:67
[INFO] [stdout]   |
[INFO] [stdout] 4 | use crate::api::models::crawl_model::{CrawlOptions, CrawlRequest, CrawlResponse};
[INFO] [stdout]   |                                                                   ^^^^^^^^^^^^^
[INFO] [stdout] 
[INFO] [stdout] 
[INFO] [stdout] warning: unused imports: `CrawlOptions` and `ScrapeOptions`
[INFO] [stdout]  --> src/services/api_service.rs:7:19
[INFO] [stdout]   |
[INFO] [stdout] 7 |     crawl_model::{CrawlOptions, CrawlRequest, CrawlResponse},
[INFO] [stdout]   |                   ^^^^^^^^^^^^
[INFO] [stdout] 8 |     scrape_model::{ScrapeOptions, ScrapeRequest, ScrapeResponse},
[INFO] [stdout]   |                    ^^^^^^^^^^^^^
[INFO] [stdout] 
[INFO] [stdout] 
[INFO] [stdout] warning: unused import: `async_trait::async_trait`
[INFO] [stdout]  --> src/services/file_service.rs:1:5
[INFO] [stdout]   |
[INFO] [stdout] 1 | use async_trait::async_trait;
[INFO] [stdout]   |     ^^^^^^^^^^^^^^^^^^^^^^^^
[INFO] [stdout] 
[INFO] [stdout] 
[INFO] [stdout] warning: unused import: `crate::commands::CommandResult`
[INFO] [stdout]  --> src/services/progress_service.rs:6:5
[INFO] [stdout]   |
[INFO] [stdout] 6 | use crate::commands::CommandResult;
[INFO] [stdout]   |     ^^^^^^^^^^^^^^^^^^^^^^^^^^^^^^
[INFO] [stdout] 
[INFO] [stdout] 
[INFO] [stdout] warning: unused import: `FirecrawlResult`
[INFO] [stdout]  --> src/services/progress_service.rs:7:37
[INFO] [stdout]   |
[INFO] [stdout] 7 | use crate::errors::{FirecrawlError, FirecrawlResult};
[INFO] [stdout]   |                                     ^^^^^^^^^^^^^^^
[INFO] [stdout] 
[INFO] [stdout] 
[INFO] [stdout] warning: unused import: `std::path::PathBuf`
[INFO] [stdout]  --> src/services/cache_service.rs:3:5
[INFO] [stdout]   |
[INFO] [stdout] 3 | use std::path::PathBuf;
[INFO] [stdout]   |     ^^^^^^^^^^^^^^^^^^
[INFO] [stdout] 
[INFO] [stdout] 
[INFO] [stdout] warning: unused import: `FirecrawlError`
[INFO] [stdout]   --> src/services/cache_service.rs:10:21
[INFO] [stdout]    |
[INFO] [stdout] 10 | use crate::errors::{FirecrawlError, FirecrawlResult};
[INFO] [stdout]    |                     ^^^^^^^^^^^^^^
[INFO] [stdout] 
[INFO] [stdout] 
[INFO] [stdout] warning: unused import: `StorageError`
[INFO] [stdout]  --> src/storage/repository.rs:6:13
[INFO] [stdout]   |
[INFO] [stdout] 6 | use super::{StorageError, StorageResult};
[INFO] [stdout]   |             ^^^^^^^^^^^^
[INFO] [stdout] 
[INFO] [stdout] 
[INFO] [stdout] warning: unused import: `std::fmt`
[INFO] [stdout]  --> src/storage/errors.rs:1:5
[INFO] [stdout]   |
[INFO] [stdout] 1 | use std::fmt;
[INFO] [stdout]   |     ^^^^^^^^
[INFO] [stdout] 
[INFO] [stdout] 
[INFO] [stdout] error[E0407]: method `monitor_crawl_job` is not a member of trait `ApiService`
[INFO] [stdout]    --> src/services/api_service.rs:271:5
[INFO] [stdout]     |
[INFO] [stdout] 271 | /     fn monitor_crawl_job<'a>(
[INFO] [stdout] 272 | |         &'a self,
[INFO] [stdout] 273 | |         _job_id: &'a str,
[INFO] [stdout] 274 | |         mut _progress_callback: Box<dyn FnMut(CrawlProgress) + Send + 'a>,
[INFO] [stdout] ...   |
[INFO] [stdout] 278 | |         Box::pin(async move { Ok(vec![]) })
[INFO] [stdout] 279 | |     }
[INFO] [stdout]     | |_____^ not a member of trait `ApiService`
[INFO] [stdout] 
[INFO] [stdout] 
[INFO] [stdout] warning: unused import: `ScrapeResponse`
[INFO] [stdout]  --> src/api/services/client.rs:9:46
[INFO] [stdout]   |
[INFO] [stdout] 9 |     OutputFormat, ScrapeData, ScrapeRequest, ScrapeResponse,
[INFO] [stdout]   |                                              ^^^^^^^^^^^^^^
[INFO] [stdout]   |
[INFO] [stdout]   = note: `#[warn(unused_imports)]` (part of `#[warn(unused)]`) on by default
[INFO] [stdout] 
[INFO] [stdout] 
[INFO] [stdout] warning: unused import: `CrawlResponse`
[INFO] [stdout]  --> src/commands/crawl_command.rs:4:67
[INFO] [stdout]   |
[INFO] [stdout] 4 | use crate::api::models::crawl_model::{CrawlOptions, CrawlRequest, CrawlResponse};
[INFO] [stdout]   |                                                                   ^^^^^^^^^^^^^
[INFO] [stdout] 
[INFO] [stdout] 
[INFO] [stdout] warning: unused import: `crate::storage::FileSystemRepository`
[INFO] [stdout]    --> src/commands/task_queue.rs:186:9
[INFO] [stdout]     |
[INFO] [stdout] 186 |     use crate::storage::FileSystemRepository;
[INFO] [stdout]     |         ^^^^^^^^^^^^^^^^^^^^^^^^^^^^^^^^^^^^
[INFO] [stdout] 
[INFO] [stdout] 
[INFO] [stdout] warning: unused import: `std::fs`
[INFO] [stdout]    --> src/config/loader.rs:243:9
[INFO] [stdout]     |
[INFO] [stdout] 243 |     use std::fs;
[INFO] [stdout]     |         ^^^^^^^
[INFO] [stdout] 
[INFO] [stdout] 
[INFO] [stdout] warning: unused imports: `CrawlOptions` and `ScrapeOptions`
[INFO] [stdout]  --> src/services/api_service.rs:7:19
[INFO] [stdout]   |
[INFO] [stdout] 7 |     crawl_model::{CrawlOptions, CrawlRequest, CrawlResponse},
[INFO] [stdout]   |                   ^^^^^^^^^^^^
[INFO] [stdout] 8 |     scrape_model::{ScrapeOptions, ScrapeRequest, ScrapeResponse},
[INFO] [stdout]   |                    ^^^^^^^^^^^^^
[INFO] [stdout] 
[INFO] [stdout] 
[INFO] [stdout] warning: unused import: `async_trait::async_trait`
[INFO] [stdout]  --> src/services/file_service.rs:1:5
[INFO] [stdout]   |
[INFO] [stdout] 1 | use async_trait::async_trait;
[INFO] [stdout]   |     ^^^^^^^^^^^^^^^^^^^^^^^^
[INFO] [stdout] 
[INFO] [stdout] 
[INFO] [stdout] warning: unused import: `crate::commands::CommandResult`
[INFO] [stdout]  --> src/services/progress_service.rs:6:5
[INFO] [stdout]   |
[INFO] [stdout] 6 | use crate::commands::CommandResult;
[INFO] [stdout]   |     ^^^^^^^^^^^^^^^^^^^^^^^^^^^^^^
[INFO] [stdout] 
[INFO] [stdout] 
[INFO] [stdout] warning: unused import: `FirecrawlResult`
[INFO] [stdout]  --> src/services/progress_service.rs:7:37
[INFO] [stdout]   |
[INFO] [stdout] 7 | use crate::errors::{FirecrawlError, FirecrawlResult};
[INFO] [stdout]   |                                     ^^^^^^^^^^^^^^^
[INFO] [stdout] 
[INFO] [stdout] 
[INFO] [stdout] warning: unused import: `FirecrawlError`
[INFO] [stdout]   --> src/services/cache_service.rs:10:21
[INFO] [stdout]    |
[INFO] [stdout] 10 | use crate::errors::{FirecrawlError, FirecrawlResult};
[INFO] [stdout]    |                     ^^^^^^^^^^^^^^
[INFO] [stdout] 
[INFO] [stdout] 
[INFO] [stdout] warning: unused import: `StorageError`
[INFO] [stdout]  --> src/storage/repository.rs:6:13
[INFO] [stdout]   |
[INFO] [stdout] 6 | use super::{StorageError, StorageResult};
[INFO] [stdout]   |             ^^^^^^^^^^^^
[INFO] [stdout] 
[INFO] [stdout] 
[INFO] [stdout] warning: unused import: `std::fmt`
[INFO] [stdout]  --> src/storage/errors.rs:1:5
[INFO] [stdout]   |
[INFO] [stdout] 1 | use std::fmt;
[INFO] [stdout]   |     ^^^^^^^^
[INFO] [stdout] 
[INFO] [stdout] 
[INFO] [stdout] error[E0599]: no method named `unwrap` found for struct `scrape_model::ScrapeRequest` in the current scope
[INFO] [stdout]    --> src/services/api_service.rs:313:14
[INFO] [stdout]     |
[INFO] [stdout] 310 |           let scrape_request = ScrapeRequest::builder()
[INFO] [stdout]     |  ______________________________-
[INFO] [stdout] 311 | |             .url("https://example.com".to_string())
[INFO] [stdout] 312 | |             .build()
[INFO] [stdout] 313 | |             .unwrap();
[INFO] [stdout]     | |             -^^^^^^ method not found in `scrape_model::ScrapeRequest`
[INFO] [stdout]     | |_____________|
[INFO] [stdout]     |
[INFO] [stdout]     |
[INFO] [stdout]    ::: src/api/models/scrape_model.rs:119:1
[INFO] [stdout]     |
[INFO] [stdout] 119 |   pub struct ScrapeRequest {
[INFO] [stdout]     |   ------------------------ method `unwrap` not found for this struct
[INFO] [stdout]     |
[INFO] [stdout]     = help: items from traits can only be used if the trait is implemented and in scope
[INFO] [stdout]     = note: the following trait defines an item `unwrap`, perhaps you need to implement it:
[INFO] [stdout]             candidate #1: `brotli::enc::threading::OwnedRetriever`
[INFO] [stdout] help: some of the expressions' fields have a method of the same name
[INFO] [stdout]     |
[INFO] [stdout] 313 |             .actions.unwrap();
[INFO] [stdout]     |              ++++++++
[INFO] [stdout] 313 |             .block_ads.unwrap();
[INFO] [stdout]     |              ++++++++++
[INFO] [stdout] 313 |             .exclude_tags.unwrap();
[INFO] [stdout]     |              +++++++++++++
[INFO] [stdout] 313 |             .headers.unwrap();
[INFO] [stdout]     |              ++++++++
[INFO] [stdout]     = and 13 other candidates
[INFO] [stdout] 
[INFO] [stdout] 
[INFO] [stdout] error[E0308]: mismatched types
[INFO] [stdout]    --> src/services/progress_service.rs:373:46
[INFO] [stdout]     |
[INFO] [stdout] 373 |         service.register_observer(Arc::clone(&observer)).await;
[INFO] [stdout]     |                                   ---------- ^^^^^^^^^ expected `&Arc<dyn ProgressObserver + Send + Sync>`, found `&Arc<TestProgressObserver>`
[INFO] [stdout]     |                                   |
[INFO] [stdout]     |                                   arguments to this function are incorrect
[INFO] [stdout]     |
[INFO] [stdout]     = note: expected reference `&Arc<dyn progress_service::ProgressObserver + Send + Sync>`
[INFO] [stdout]                found reference `&Arc<TestProgressObserver>`
[INFO] [stdout]     = help: `TestProgressObserver` implements `ProgressObserver` so you could box the found value and coerce it to the trait object `Box<dyn ProgressObserver>`, you will have to change the expected type as well
[INFO] [stdout] note: method defined here
[INFO] [stdout]    --> /rustc/eca445e5ae4a6679cc27d3a09106ce245e13a5a6/library/core/src/clone.rs:236:7
[INFO] [stdout] 
[INFO] [stdout] 
[INFO] [stdout] warning: unused variable: `api_response`
[INFO] [stdout]    --> src/api/client_builder.rs:473:13
[INFO] [stdout]     |
[INFO] [stdout] 473 |         let api_response: crate::api::models::crawl_model::CrawlStartResponse =
[INFO] [stdout]     |             ^^^^^^^^^^^^ help: if this is intentional, prefix it with an underscore: `_api_response`
[INFO] [stdout]     |
[INFO] [stdout]     = note: `#[warn(unused_variables)]` (part of `#[warn(unused)]`) on by default
[INFO] [stdout] 
[INFO] [stdout] 
[INFO] [stdout] warning: unused variable: `repository`
[INFO] [stdout]   --> src/commands/task_queue.rs:63:9
[INFO] [stdout]    |
[INFO] [stdout] 63 |         repository: &R,
[INFO] [stdout]    |         ^^^^^^^^^^ help: if this is intentional, prefix it with an underscore: `_repository`
[INFO] [stdout] 
[INFO] [stdout] 
[INFO] [stdout] warning: unused variable: `output_dir`
[INFO] [stdout]   --> src/commands/task_queue.rs:64:9
[INFO] [stdout]    |
[INFO] [stdout] 64 |         output_dir: &PathBuf,
[INFO] [stdout]    |         ^^^^^^^^^^ help: if this is intentional, prefix it with an underscore: `_output_dir`
[INFO] [stdout] 
[INFO] [stdout] 
[INFO] [stdout] warning: unused variable: `api_response`
[INFO] [stdout]    --> src/api/client_builder.rs:473:13
[INFO] [stdout]     |
[INFO] [stdout] 473 |         let api_response: crate::api::models::crawl_model::CrawlStartResponse =
[INFO] [stdout]     |             ^^^^^^^^^^^^ help: if this is intentional, prefix it with an underscore: `_api_response`
[INFO] [stdout]     |
[INFO] [stdout]     = note: `#[warn(unused_variables)]` (part of `#[warn(unused)]`) on by default
[INFO] [stdout] 
[INFO] [stdout] 
[INFO] [stdout] warning: unused variable: `file_path`
[INFO] [stdout]    --> src/services/file_service.rs:164:13
[INFO] [stdout]     |
[INFO] [stdout] 164 |         let file_path = output_dir.join(filename);
[INFO] [stdout]     |             ^^^^^^^^^ help: if this is intentional, prefix it with an underscore: `_file_path`
[INFO] [stdout] 
[INFO] [stdout] 
[INFO] [stdout] warning: unused variable: `repository`
[INFO] [stdout]   --> src/commands/task_queue.rs:63:9
[INFO] [stdout]    |
[INFO] [stdout] 63 |         repository: &R,
[INFO] [stdout]    |         ^^^^^^^^^^ help: if this is intentional, prefix it with an underscore: `_repository`
[INFO] [stdout] 
[INFO] [stdout] 
[INFO] [stdout] warning: unused variable: `output_dir`
[INFO] [stdout]   --> src/commands/task_queue.rs:64:9
[INFO] [stdout]    |
[INFO] [stdout] 64 |         output_dir: &PathBuf,
[INFO] [stdout]    |         ^^^^^^^^^^ help: if this is intentional, prefix it with an underscore: `_output_dir`
[INFO] [stdout] 
[INFO] [stdout] 
[INFO] [stdout] warning: unused variable: `url`
[INFO] [stdout]    --> src/storage/content_saver/savers.rs:114:9
[INFO] [stdout]     |
[INFO] [stdout] 114 |         url: &str,
[INFO] [stdout]     |         ^^^ help: if this is intentional, prefix it with an underscore: `_url`
[INFO] [stdout] 
[INFO] [stdout] 
[INFO] [stdout] warning: field `api_service` is never read
[INFO] [stdout]   --> src/services/task_service.rs:12:5
[INFO] [stdout]    |
[INFO] [stdout] 11 | pub struct TaskService {
[INFO] [stdout]    |            ----------- field in this struct
[INFO] [stdout] 12 |     api_service: Arc<dyn ApiService + Send + Sync>,
[INFO] [stdout]    |     ^^^^^^^^^^^
[INFO] [stdout]    |
[INFO] [stdout]    = note: `#[warn(dead_code)]` (part of `#[warn(unused)]`) on by default
[INFO] [stdout] 
[INFO] [stdout] 
[INFO] [stdout] warning: field `created_at` is never read
[INFO] [stdout]   --> src/services/cache_service.rs:93:5
[INFO] [stdout]    |
[INFO] [stdout] 91 | struct CacheEntry {
[INFO] [stdout]    |        ---------- field in this struct
[INFO] [stdout] 92 |     data: CacheData,
[INFO] [stdout] 93 |     created_at: chrono::DateTime<chrono::Utc>,
[INFO] [stdout]    |     ^^^^^^^^^^
[INFO] [stdout]    |
[INFO] [stdout]    = note: `CacheEntry` has derived impls for the traits `Clone` and `Debug`, but these are intentionally ignored during dead code analysis
[INFO] [stdout] 
[INFO] [stdout] 
[INFO] [stdout] warning: unused variable: `file_path`
[INFO] [stdout]    --> src/services/file_service.rs:164:13
[INFO] [stdout]     |
[INFO] [stdout] 164 |         let file_path = output_dir.join(filename);
[INFO] [stdout]     |             ^^^^^^^^^ help: if this is intentional, prefix it with an underscore: `_file_path`
[INFO] [stdout] 
[INFO] [stdout] 
[INFO] [stdout] warning: unused variable: `url`
[INFO] [stdout]    --> src/storage/content_saver/savers.rs:114:9
[INFO] [stdout]     |
[INFO] [stdout] 114 |         url: &str,
[INFO] [stdout]     |         ^^^ help: if this is intentional, prefix it with an underscore: `_url`
[INFO] [stdout] 
[INFO] [stdout] 
[INFO] [stdout] Some errors have detailed explanations: E0308, E0407, E0599.
[INFO] [stdout] 
[INFO] [stdout] For more information about an error, try `rustc --explain E0308`.
[INFO] [stdout] 
[INFO] [stderr] error: could not compile `firecrawl_cli` (lib test) due to 3 previous errors; 16 warnings emitted
[INFO] running `Command { std: "docker" "inspect" "5f741003663da7daf28fce6b1406c941fa1518124d52584f97bbc6d2853fb7b6", kill_on_drop: false }`
[INFO] running `Command { std: "docker" "rm" "-f" "5f741003663da7daf28fce6b1406c941fa1518124d52584f97bbc6d2853fb7b6", kill_on_drop: false }`
[INFO] [stdout] 5f741003663da7daf28fce6b1406c941fa1518124d52584f97bbc6d2853fb7b6
