[INFO] cloning repository https://github.com/prioritize/udp_collection
[INFO] running `Command { std: "git" "-c" "credential.helper=" "-c" "credential.helper=/workspace/cargo-home/bin/git-credential-null" "clone" "--bare" "https://github.com/prioritize/udp_collection" "/workspace/cache/git-repos/https%3A%2F%2Fgithub.com%2Fprioritize%2Fudp_collection", kill_on_drop: false }`
[INFO] [stderr] Cloning into bare repository '/workspace/cache/git-repos/https%3A%2F%2Fgithub.com%2Fprioritize%2Fudp_collection'...
[INFO] running `Command { std: "git" "rev-parse" "HEAD", kill_on_drop: false }`
[INFO] [stdout] 0a0dba2e96f619f49ebfd08d11db816fd632dae0
[INFO] checking prioritize/udp_collection/0a0dba2e96f619f49ebfd08d11db816fd632dae0 against eca445e5ae4a6679cc27d3a09106ce245e13a5a6 for pr-162478
[INFO] running `Command { std: "git" "clone" "/workspace/cache/git-repos/https%3A%2F%2Fgithub.com%2Fprioritize%2Fudp_collection" "/workspace/builds/worker-0-tc1/source", kill_on_drop: false }`
[INFO] [stderr] Cloning into '/workspace/builds/worker-0-tc1/source'...
[INFO] [stderr] done.
[INFO] started tweaking git repo https://github.com/prioritize/udp_collection
[INFO] finished tweaking git repo https://github.com/prioritize/udp_collection
[INFO] tweaked toml for git repo https://github.com/prioritize/udp_collection written to /workspace/builds/worker-0-tc1/source/Cargo.toml
[INFO] validating manifest of git repo https://github.com/prioritize/udp_collection on toolchain eca445e5ae4a6679cc27d3a09106ce245e13a5a6
[INFO] running `Command { std: CARGO_HOME="/workspace/cargo-home" RUSTUP_HOME="/workspace/rustup-home" "/workspace/cargo-home/bin/cargo" "+eca445e5ae4a6679cc27d3a09106ce245e13a5a6" "metadata" "--manifest-path" "Cargo.toml" "--no-deps", kill_on_drop: false }`
[INFO] crate git repo https://github.com/prioritize/udp_collection already has a lockfile, it will not be regenerated
[INFO] running `Command { std: CARGO_HOME="/workspace/cargo-home" RUSTUP_HOME="/workspace/rustup-home" "/workspace/cargo-home/bin/cargo" "+eca445e5ae4a6679cc27d3a09106ce245e13a5a6" "fetch" "--manifest-path" "Cargo.toml", kill_on_drop: false }`
[INFO] [stderr] warning: binary `fc_listener` should have a kebab-case name
[INFO] [stderr]    |
[INFO] [stderr]  1 | /workspace/builds/worker-0-tc1/source/target/.../fc_listener
[INFO] [stderr]    |                                                  ^^^^^^^^^^^
[INFO] [stderr]    |
[INFO] [stderr]    = note: `cargo::non_kebab_case_bins` is set to `warn` by default
[INFO] [stderr] help: to change the binary name to `fc-listener`, convert `package.name`
[INFO] [stderr]   --> Cargo.toml:12:8
[INFO] [stderr]    |
[INFO] [stderr] 12 - name = "fc_listener"
[INFO] [stderr] 12 + name = "fc-listener"
[INFO] [stderr]    |
[INFO] [stderr] help: to change the binary name to `fc-listener`, specify `bin.name`
[INFO] [stderr]   --> Cargo.toml:13:19
[INFO] [stderr]    |
[INFO] [stderr] 13 ~ version = "0.1.0"
[INFO] [stderr] 14 + [[bin]]
[INFO] [stderr] 15 + name = "fc-listener"
[INFO] [stderr] 16 + path = "src/main.rs"
[INFO] [stderr]    |
[INFO] [stderr] warning: `fc_listener` (manifest) generated 1 warning
[INFO] [stderr]  Downloading crates ...
[INFO] [stderr]   Downloaded emath v0.31.1
[INFO] [stderr]   Downloaded epaint v0.31.1
[INFO] [stderr]   Downloaded egui_plot v0.32.1
[INFO] [stderr]   Downloaded ecolor v0.31.1
[INFO] [stderr]   Downloaded accesskit_unix v0.13.1
[INFO] [stderr]   Downloaded type-map v0.5.0
[INFO] [stderr]   Downloaded accesskit_winit v0.23.1
[INFO] [stderr]   Downloaded accesskit v0.17.1
[INFO] [stderr]   Downloaded libloading v0.8.7
[INFO] [stderr]   Downloaded egui-winit v0.31.1
[INFO] [stderr]   Downloaded accesskit_consumer v0.26.0
[INFO] [stderr]   Downloaded accesskit_macos v0.18.1
[INFO] [stderr]   Downloaded egui-wgpu v0.31.1
[INFO] [stderr]   Downloaded accesskit_windows v0.24.1
[INFO] [stderr]   Downloaded accesskit_atspi_common v0.10.1
[INFO] [stderr]   Downloaded webbrowser v1.0.4
[INFO] [stderr]   Downloaded wayland-protocols-plasma v0.3.8
[INFO] [stderr]   Downloaded egui_glow v0.31.1
[INFO] [stderr]   Downloaded eframe v0.31.1
[INFO] [stderr]   Downloaded cc v1.2.23
[INFO] [stderr]   Downloaded egui v0.31.1
[INFO] [stderr]   Downloaded tokio v1.45.0
[INFO] [stderr]   Downloaded epaint_default_fonts v0.31.1
[INFO] running `Command { std: "docker" "create" "-v" "/var/lib/crater-agent-workspace/builds/worker-0-tc1/source:/opt/rustwide/workdir:ro,Z" "-v" "/var/lib/crater-agent-workspace/builds/worker-0-tc1/target:/opt/rustwide/target:rw,Z" "-v" "/var/lib/crater-agent-workspace/cargo-home:/opt/rustwide/cargo-home:ro,Z" "-v" "/var/lib/crater-agent-workspace/rustup-home:/opt/rustwide/rustup-home:ro,Z" "-m" "1610612736" "--network" "none" "ghcr.io/rust-lang/crates-build-env/linux@sha256:8683fc1fc2eb5c9ac98e0d076ab094b2ffac7f99da555d2b6a2e27f346de2ec7" "sleep" "infinity", kill_on_drop: false }`
[INFO] [stdout] 7f7bf20a4574a1c136b342b7b8448468a40af53e6a906c767b25ea64be45c691
[INFO] running `Command { std: "docker" "start" "7f7bf20a4574a1c136b342b7b8448468a40af53e6a906c767b25ea64be45c691", kill_on_drop: false }`
[INFO] running `Command { std: "docker" "inspect" "7f7bf20a4574a1c136b342b7b8448468a40af53e6a906c767b25ea64be45c691", kill_on_drop: false }`
[INFO] running `Command { std: "docker" "exec" "-e" "SOURCE_DIR=/opt/rustwide/workdir" "-e" "CARGO_HOME=/opt/rustwide/cargo-home" "-e" "RUSTUP_HOME=/opt/rustwide/rustup-home" "-e" "CARGO_TARGET_DIR=/opt/rustwide/target" "-w" "/opt/rustwide/workdir" "--user" "0:0" "7f7bf20a4574a1c136b342b7b8448468a40af53e6a906c767b25ea64be45c691" "/opt/rustwide/cargo-home/bin/cargo" "+eca445e5ae4a6679cc27d3a09106ce245e13a5a6" "metadata" "--no-deps" "--format-version=1", kill_on_drop: false }`
[INFO] running `Command { std: "docker" "inspect" "7f7bf20a4574a1c136b342b7b8448468a40af53e6a906c767b25ea64be45c691", kill_on_drop: false }`
[INFO] running `Command { std: "docker" "exec" "-e" "SOURCE_DIR=/opt/rustwide/workdir" "-e" "CARGO_HOME=/opt/rustwide/cargo-home" "-e" "RUSTUP_HOME=/opt/rustwide/rustup-home" "-e" "CARGO_TARGET_DIR=/opt/rustwide/target" "-e" "CARGO_INCREMENTAL=0" "-e" "RUST_BACKTRACE=full" "-e" "RUSTFLAGS=--cap-lints=forbid" "-e" "RUSTDOCFLAGS=--cap-lints=forbid" "-w" "/opt/rustwide/workdir" "--user" "0:0" "7f7bf20a4574a1c136b342b7b8448468a40af53e6a906c767b25ea64be45c691" "/opt/rustwide/cargo-home/bin/cargo" "+eca445e5ae4a6679cc27d3a09106ce245e13a5a6" "check" "--frozen" "--all" "--all-targets" "--message-format=json", kill_on_drop: false }`
[INFO] [stderr] warning: binary `fc_listener` should have a kebab-case name
[INFO] [stderr]    |
[INFO] [stderr]  1 | /opt/rustwide/target/.../fc_listener
[INFO] [stderr]    |                          ^^^^^^^^^^^
[INFO] [stderr]    |
[INFO] [stderr]    = note: `cargo::non_kebab_case_bins` is set to `warn` by default
[INFO] [stderr] help: to change the binary name to `fc-listener`, convert `package.name`
[INFO] [stderr]   --> Cargo.toml:12:8
[INFO] [stderr]    |
[INFO] [stderr] 12 - name = "fc_listener"
[INFO] [stderr] 12 + name = "fc-listener"
[INFO] [stderr]    |
[INFO] [stderr] help: to change the binary name to `fc-listener`, specify `bin.name`
[INFO] [stderr]   --> Cargo.toml:13:19
[INFO] [stderr]    |
[INFO] [stderr] 13 ~ version = "0.1.0"
[INFO] [stderr] 14 + [[bin]]
[INFO] [stderr] 15 + name = "fc-listener"
[INFO] [stderr] 16 + path = "src/main.rs"
[INFO] [stderr]    |
[INFO] [stderr] warning: `fc_listener` (manifest) generated 1 warning
[INFO] [stderr]    Compiling libc v0.2.172
[INFO] [stderr]     Checking smallvec v1.14.0
[INFO] [stderr]    Compiling hashbrown v0.15.3
[INFO] [stderr]    Compiling syn v2.0.101
[INFO] [stderr]    Compiling winnow v0.7.10
[INFO] [stderr]    Compiling toml_datetime v0.6.9
[INFO] [stderr]     Checking libloading v0.8.7
[INFO] [stderr]    Compiling wayland-sys v0.31.6
[INFO] [stderr]    Compiling cc v1.2.23
[INFO] [stderr]     Checking dlib v0.5.2
[INFO] [stderr]     Checking event-listener v5.4.0
[INFO] [stderr]    Compiling quick-xml v0.37.5
[INFO] [stderr]    Compiling wayland-client v0.31.10
[INFO] [stderr]     Checking futures-lite v2.6.0
[INFO] [stderr]     Checking event-listener-strategy v0.5.4
[INFO] [stderr]    Compiling memoffset v0.9.1
[INFO] [stderr]     Checking endi v1.1.0
[INFO] [stderr]    Compiling static_assertions v1.1.0
[INFO] [stderr]    Compiling indexmap v2.9.0
[INFO] [stderr]     Checking async-channel v2.3.1
[INFO] [stderr]    Compiling wayland-scanner v0.31.6
[INFO] [stderr]     Checking async-lock v3.4.0
[INFO] [stderr]    Compiling nix v0.29.0
[INFO] [stderr]    Compiling khronos_api v3.1.0
[INFO] [stderr]     Checking owned_ttf_parser v0.25.0
[INFO] [stderr]     Checking blocking v1.6.1
[INFO] [stderr]    Compiling ahash v0.8.12
[INFO] [stderr]    Compiling wayland-backend v0.3.10
[INFO] [stderr]     Checking ab_glyph v0.2.29
[INFO] [stderr]     Checking async-fs v2.1.2
[INFO] [stderr]     Checking async-executor v1.13.2
[INFO] [stderr]     Checking async-broadcast v0.7.2
[INFO] [stderr]     Checking getrandom v0.2.16
[INFO] [stderr]     Checking getrandom v0.3.3
[INFO] [stderr]     Checking rand_core v0.6.4
[INFO] [stderr]     Checking xdg-home v1.3.0
[INFO] [stderr]     Checking ordered-stream v0.2.0
[INFO] [stderr]    Compiling gl_generator v0.14.0
[INFO] [stderr]     Checking rand_chacha v0.3.1
[INFO] [stderr]     Checking rand v0.8.5
[INFO] [stderr]    Compiling toml_edit v0.22.26
[INFO] [stderr]     Checking parking_lot_core v0.9.10
[INFO] [stderr]     Checking accesskit v0.17.1
[INFO] [stderr]     Checking wayland-csd-frame v0.3.0
[INFO] [stderr]    Compiling x11-dl v2.21.0
[INFO] [stderr]     Checking parking_lot v0.12.3
[INFO] [stderr]     Checking memmap2 v0.9.5
[INFO] [stderr]     Checking as-raw-xcb-connection v1.0.1
[INFO] [stderr]     Checking x11rb-protocol v0.13.1
[INFO] [stderr]     Checking miniz_oxide v0.8.8
[INFO] [stderr]     Checking immutable-chunkmap v2.0.6
[INFO] [stderr]    Compiling winit v0.30.10
[INFO] [stderr]     Checking nohash-hasher v0.2.0
[INFO] [stderr]     Checking profiling v1.0.16
[INFO] [stderr]     Checking epaint_default_fonts v0.31.1
[INFO] [stderr]     Checking accesskit_consumer v0.26.0
[INFO] [stderr]     Checking flate2 v1.1.1
[INFO] [stderr]     Checking xkbcommon-dl v0.4.2
[INFO] [stderr]    Compiling glutin_glx_sys v0.6.1
[INFO] [stderr]    Compiling glutin_egl_sys v0.7.1
[INFO] [stderr]     Checking smol_str v0.2.2
[INFO] [stderr]     Checking dpi v0.1.2
[INFO] [stderr]     Checking wayland-protocols v0.32.8
[INFO] [stderr]     Checking wayland-cursor v0.31.10
[INFO] [stderr]    Compiling proc-macro-crate v3.3.0
[INFO] [stderr]     Checking png v0.17.16
[INFO] [stderr]     Checking form_urlencoded v1.2.1
[INFO] [stderr]    Compiling glutin v0.32.3
[INFO] [stderr]    Compiling glutin-winit v0.5.0
[INFO] [stderr]     Checking home v0.5.11
[INFO] [stderr]    Compiling zvariant_utils v2.1.0
[INFO] [stderr]    Compiling synstructure v0.13.2
[INFO] [stderr]     Checking web-time v1.1.0
[INFO] [stderr]    Compiling litrs v0.4.1
[INFO] [stderr]     Checking socket2 v0.5.8
[INFO] [stderr]     Checking mio v1.0.3
[INFO] [stderr]     Checking signal-hook-registry v1.4.2
[INFO] [stderr]     Checking bytes v1.10.0
[INFO] [stderr]    Compiling document-features v0.2.11
[INFO] [stderr]    Compiling serde_derive v1.0.219
[INFO] [stderr]    Compiling enumflags2_derive v0.7.11
[INFO] [stderr]    Compiling tracing-attributes v0.1.28
[INFO] [stderr]    Compiling zvariant_derive v4.2.0
[INFO] [stderr]    Compiling bytemuck_derive v1.9.3
[INFO] [stderr]    Compiling zerofrom-derive v0.1.6
[INFO] [stderr]    Compiling yoke-derive v0.8.0
[INFO] [stderr]    Compiling zerovec-derive v0.11.1
[INFO] [stderr]    Compiling thiserror-impl v1.0.69
[INFO] [stderr]     Checking bytemuck v1.23.0
[INFO] [stderr]     Checking zerofrom v0.1.6
[INFO] [stderr]     Checking tracing v0.1.41
[INFO] [stderr]     Checking yoke v0.8.0
[INFO] [stderr]    Compiling displaydoc v0.2.5
[INFO] [stderr]     Checking polling v3.7.4
[INFO] [stderr]    Compiling futures-macro v0.3.31
[INFO] [stderr]     Checking async-io v2.4.0
[INFO] [stderr]     Checking zerovec v0.11.2
[INFO] [stderr]    Compiling serde_repr v0.1.20
[INFO] [stderr]     Checking thiserror v1.0.69
[INFO] [stderr]    Compiling async-trait v0.1.88
[INFO] [stderr]    Compiling zbus_macros v4.4.0
[INFO] [stderr]     Checking futures-util v0.3.31
[INFO] [stderr]     Checking calloop v0.13.0
[INFO] [stderr]     Checking zerotrie v0.2.2
[INFO] [stderr]     Checking calloop-wayland-source v0.3.0
[INFO] [stderr]     Checking tinystr v0.8.1
[INFO] [stderr]     Checking potential_utf v0.1.2
[INFO] [stderr]     Checking emath v0.31.1
[INFO] [stderr]     Checking icu_collections v2.0.0
[INFO] [stderr]     Checking icu_locale_core v2.0.0
[INFO] [stderr]     Checking wayland-protocols-wlr v0.3.8
[INFO] [stderr]     Checking tiny-skia-path v0.11.4
[INFO] [stderr]     Checking ecolor v0.31.1
[INFO] [stderr]     Checking epaint v0.31.1
[INFO] [stderr]    Compiling serde v1.0.219
[INFO] [stderr]     Checking icu_provider v2.0.0
[INFO] [stderr]     Checking icu_properties v2.0.1
[INFO] [stderr]     Checking smithay-client-toolkit v0.19.2
[INFO] [stderr]     Checking icu_normalizer v2.0.0
[INFO] [stderr]     Checking tiny-skia v0.11.4
[INFO] [stderr]     Checking wayland-protocols-plasma v0.3.8
[INFO] [stderr]     Checking idna_adapter v1.2.1
[INFO] [stderr]     Checking egui v0.31.1
[INFO] [stderr]     Checking idna v1.0.3
[INFO] [stderr]     Checking image v0.25.6
[INFO] [stderr]     Checking url v2.5.4
[INFO] [stderr]     Checking sctk-adwaita v0.10.1
[INFO] [stderr]     Checking smithay-clipboard v0.7.2
[INFO] [stderr]     Checking webbrowser v1.0.4
[INFO] [stderr]    Compiling tokio-macros v2.5.0
[INFO] [stderr]    Compiling enumflags2 v0.7.11
[INFO] [stderr]    Compiling quick-xml v0.30.0
[INFO] [stderr]    Compiling zvariant v4.2.0
[INFO] [stderr]     Checking tokio v1.45.0
[INFO] [stderr]     Checking x11rb v0.13.1
[INFO] [stderr]     Checking egui_glow v0.31.1
[INFO] [stderr]     Checking egui_plot v0.32.1
[INFO] [stderr]     Checking arboard v3.5.0
[INFO] [stderr]    Compiling zbus_names v3.0.0
[INFO] [stderr]    Compiling zbus_xml v4.0.0
[INFO] [stderr]     Checking zbus v4.4.0
[INFO] [stderr]    Compiling zbus-lockstep v0.4.4
[INFO] [stderr]    Compiling zbus-lockstep-macros v0.4.4
[INFO] [stderr]     Checking atspi-common v0.6.0
[INFO] [stderr]     Checking atspi-proxies v0.6.0
[INFO] [stderr]     Checking accesskit_atspi_common v0.10.1
[INFO] [stderr]     Checking atspi-connection v0.6.0
[INFO] [stderr]     Checking atspi v0.22.0
[INFO] [stderr]     Checking accesskit_unix v0.13.1
[INFO] [stderr]     Checking accesskit_winit v0.23.1
[INFO] [stderr]     Checking egui-winit v0.31.1
[INFO] [stderr]     Checking eframe v0.31.1
[INFO] [stderr]     Checking fc_listener v0.1.0 (/opt/rustwide/workdir)
[INFO] [stdout] error[E0425]: cannot find value `ui` in this scope
[INFO] [stdout]    --> src/main.rs:130:15
[INFO] [stdout]     |
[INFO] [stdout] 130 |         .show(ui, |plot_ui| plot_ui.line(line));
[INFO] [stdout]     |               ^^ not found in this scope
[INFO] [stdout] 
[INFO] [stdout] 
[INFO] [stdout] error[E0425]: cannot find value `ui` in this scope
[INFO] [stdout]    --> src/main.rs:130:15
[INFO] [stdout]     |
[INFO] [stdout] 130 |         .show(ui, |plot_ui| plot_ui.line(line));
[INFO] [stdout]     |               ^^ not found in this scope
[INFO] [stdout] 
[INFO] [stdout] 
[INFO] [stdout] error[E0507]: cannot move out of `self.points` which is behind a mutable reference
[INFO] [stdout]   --> src/main.rs:92:52
[INFO] [stdout]    |
[INFO] [stdout] 85 |     fn update(&mut self, ctx: &egui::Context, _frame: &mut eframe::Frame) {
[INFO] [stdout]    |               --------- move occurs because `self.points` has type `PlotPoints<'_>`, which does not implement the `Copy` trait
[INFO] [stdout] ...
[INFO] [stdout] 92 |                     plot_ui.line(Line::new("line", self.points));
[INFO] [stdout]    |                                                    ^^^^^^^^^^^ `self.points` is moved here
[INFO] [stdout] 
[INFO] [stdout] 
[INFO] [stdout] Some errors have detailed explanations: E0425, E0507.
[INFO] [stdout] 
[INFO] [stdout] For more information about an error, try `rustc --explain E0425`.
[INFO] [stdout] 
[INFO] [stderr] error: could not compile `fc_listener` (bin "fc_listener" test) due to 2 previous errors
[INFO] [stdout] error[E0507]: cannot move out of `self.points` which is behind a mutable reference
[INFO] [stdout]   --> src/main.rs:92:52
[INFO] [stdout]    |
[INFO] [stdout] 85 |     fn update(&mut self, ctx: &egui::Context, _frame: &mut eframe::Frame) {
[INFO] [stdout]    |               --------- move occurs because `self.points` has type `PlotPoints<'_>`, which does not implement the `Copy` trait
[INFO] [stdout] ...
[INFO] [stdout] 92 |                     plot_ui.line(Line::new("line", self.points));
[INFO] [stdout]    |                                                    ^^^^^^^^^^^ `self.points` is moved here
[INFO] [stdout] 
[INFO] [stdout] 
[INFO] [stderr] warning: build failed, waiting for other jobs to finish...
[INFO] [stdout] Some errors have detailed explanations: E0425, E0507.
[INFO] [stdout] 
[INFO] [stdout] For more information about an error, try `rustc --explain E0425`.
[INFO] [stdout] 
[INFO] [stderr] error: could not compile `fc_listener` (bin "fc_listener") due to 2 previous errors
[INFO] running `Command { std: "docker" "inspect" "7f7bf20a4574a1c136b342b7b8448468a40af53e6a906c767b25ea64be45c691", kill_on_drop: false }`
[INFO] running `Command { std: "docker" "rm" "-f" "7f7bf20a4574a1c136b342b7b8448468a40af53e6a906c767b25ea64be45c691", kill_on_drop: false }`
[INFO] [stdout] 7f7bf20a4574a1c136b342b7b8448468a40af53e6a906c767b25ea64be45c691
