[INFO] cloning repository https://github.com/nacardin/fluvio-opentelemetry
[INFO] running `Command { std: "git" "-c" "credential.helper=" "-c" "credential.helper=/workspace/cargo-home/bin/git-credential-null" "clone" "--bare" "https://github.com/nacardin/fluvio-opentelemetry" "/workspace/cache/git-repos/https%3A%2F%2Fgithub.com%2Fnacardin%2Ffluvio-opentelemetry", kill_on_drop: false }`
[INFO] [stderr] Cloning into bare repository '/workspace/cache/git-repos/https%3A%2F%2Fgithub.com%2Fnacardin%2Ffluvio-opentelemetry'...
[INFO] running `Command { std: "git" "rev-parse" "HEAD", kill_on_drop: false }`
[INFO] [stdout] 1ad1b6ba4b2abb3e7d92968d2fd249db74c1e474
[INFO] checking nacardin/fluvio-opentelemetry/1ad1b6ba4b2abb3e7d92968d2fd249db74c1e474 against eca445e5ae4a6679cc27d3a09106ce245e13a5a6 for pr-162478
[INFO] running `Command { std: "git" "clone" "/workspace/cache/git-repos/https%3A%2F%2Fgithub.com%2Fnacardin%2Ffluvio-opentelemetry" "/workspace/builds/worker-1-tc1/source", kill_on_drop: false }`
[INFO] [stderr] Cloning into '/workspace/builds/worker-1-tc1/source'...
[INFO] [stderr] done.
[INFO] started tweaking git repo https://github.com/nacardin/fluvio-opentelemetry
[INFO] finished tweaking git repo https://github.com/nacardin/fluvio-opentelemetry
[INFO] tweaked toml for git repo https://github.com/nacardin/fluvio-opentelemetry written to /workspace/builds/worker-1-tc1/source/Cargo.toml
[INFO] validating manifest of git repo https://github.com/nacardin/fluvio-opentelemetry on toolchain eca445e5ae4a6679cc27d3a09106ce245e13a5a6
[INFO] running `Command { std: CARGO_HOME="/workspace/cargo-home" RUSTUP_HOME="/workspace/rustup-home" "/workspace/cargo-home/bin/cargo" "+eca445e5ae4a6679cc27d3a09106ce245e13a5a6" "metadata" "--manifest-path" "Cargo.toml" "--no-deps", kill_on_drop: false }`
[INFO] crate git repo https://github.com/nacardin/fluvio-opentelemetry already has a lockfile, it will not be regenerated
[INFO] running `Command { std: CARGO_HOME="/workspace/cargo-home" RUSTUP_HOME="/workspace/rustup-home" "/workspace/cargo-home/bin/cargo" "+eca445e5ae4a6679cc27d3a09106ce245e13a5a6" "fetch" "--manifest-path" "Cargo.toml", kill_on_drop: false }`
[INFO] [stderr]     Updating crates.io index
[INFO] [stderr]     Updating git repository `https://github.com/infinyon/opentelemetry-types.git`
[INFO] [stderr]     Updating git submodule `https://github.com/open-telemetry/opentelemetry-proto.git`
[INFO] [stderr]     Blocking waiting for file lock on package cache
[INFO] [stderr]  Downloading crates ...
[INFO] [stderr]   Downloaded value-bag v1.10.0
[INFO] [stderr]   Downloaded tracing-opentelemetry v0.29.0
[INFO] [stderr]   Downloaded opentelemetry_sdk v0.28.0
[INFO] [stderr]   Downloaded opentelemetry v0.28.0
[INFO] [stderr]   Downloaded pin-project v1.1.9
[INFO] [stderr]   Downloaded multimap v0.10.0
[INFO] [stderr]   Downloaded fluvio v0.25.0
[INFO] [stderr]   Downloaded pin-project-internal v1.1.9
[INFO] [stderr]   Downloaded fluvio-wasm-timer v0.2.5
[INFO] [stderr]   Downloaded fluvio-spu-schema v0.17.0
[INFO] [stderr]   Downloaded lenient_semver_version_builder v0.4.2
[INFO] [stderr]   Downloaded fluvio-protocol-derive v0.5.4
[INFO] [stderr]   Downloaded lenient_semver_parser v0.4.2
[INFO] [stderr]   Downloaded fluvio-future v0.7.1
[INFO] [stderr]   Downloaded fluvio-stream-model v0.11.5
[INFO] [stderr]   Downloaded fluvio-smartmodule v0.8.0
[INFO] [stderr]   Downloaded fluvio-smartmodule-derive v0.6.4
[INFO] [stderr]   Downloaded fluvio-compression v0.3.5
[INFO] [stderr]   Downloaded content_inspector v0.2.4
[INFO] [stderr]   Downloaded winnow v0.7.2
[INFO] [stderr]   Downloaded fluvio-stream-dispatcher v0.13.7
[INFO] [stderr]   Downloaded flv-util v0.5.2
[INFO] [stderr]   Downloaded humantime-serde v1.1.1
[INFO] [stderr]   Downloaded fluvio-socket v0.15.1
[INFO] [stderr]   Downloaded fluvio-types v0.5.2
[INFO] [stderr]   Downloaded fluvio-protocol v0.12.0
[INFO] [stderr]   Downloaded k8-types v0.8.7
[INFO] [stderr]   Downloaded fluvio-sc-schema v0.25.0
[INFO] [stderr]   Downloaded lenient_semver v0.4.2
[INFO] [stderr]   Downloaded openssl-src v300.4.2+3.4.1
[INFO] [stderr]   Downloaded fluvio-controlplane-metadata v0.30.1
[INFO] running `Command { std: "docker" "create" "-v" "/var/lib/crater-agent-workspace/builds/worker-1-tc1/source:/opt/rustwide/workdir:ro,Z" "-v" "/var/lib/crater-agent-workspace/builds/worker-1-tc1/target:/opt/rustwide/target:rw,Z" "-v" "/var/lib/crater-agent-workspace/cargo-home:/opt/rustwide/cargo-home:ro,Z" "-v" "/var/lib/crater-agent-workspace/rustup-home:/opt/rustwide/rustup-home:ro,Z" "-m" "1610612736" "--network" "none" "ghcr.io/rust-lang/crates-build-env/linux@sha256:8683fc1fc2eb5c9ac98e0d076ab094b2ffac7f99da555d2b6a2e27f346de2ec7" "sleep" "infinity", kill_on_drop: false }`
[INFO] [stdout] 4dada842f411fdd71b88a06ba782b4454713cd13169ac99eace52a5f6d457ef8
[INFO] running `Command { std: "docker" "start" "4dada842f411fdd71b88a06ba782b4454713cd13169ac99eace52a5f6d457ef8", kill_on_drop: false }`
[INFO] running `Command { std: "docker" "inspect" "4dada842f411fdd71b88a06ba782b4454713cd13169ac99eace52a5f6d457ef8", kill_on_drop: false }`
[INFO] running `Command { std: "docker" "exec" "-e" "SOURCE_DIR=/opt/rustwide/workdir" "-e" "CARGO_HOME=/opt/rustwide/cargo-home" "-e" "RUSTUP_HOME=/opt/rustwide/rustup-home" "-e" "CARGO_TARGET_DIR=/opt/rustwide/target" "-w" "/opt/rustwide/workdir" "--user" "0:0" "4dada842f411fdd71b88a06ba782b4454713cd13169ac99eace52a5f6d457ef8" "/opt/rustwide/cargo-home/bin/cargo" "+eca445e5ae4a6679cc27d3a09106ce245e13a5a6" "metadata" "--no-deps" "--format-version=1", kill_on_drop: false }`
[INFO] running `Command { std: "docker" "inspect" "4dada842f411fdd71b88a06ba782b4454713cd13169ac99eace52a5f6d457ef8", kill_on_drop: false }`
[INFO] running `Command { std: "docker" "exec" "-e" "SOURCE_DIR=/opt/rustwide/workdir" "-e" "CARGO_HOME=/opt/rustwide/cargo-home" "-e" "RUSTUP_HOME=/opt/rustwide/rustup-home" "-e" "CARGO_TARGET_DIR=/opt/rustwide/target" "-e" "CARGO_INCREMENTAL=0" "-e" "RUST_BACKTRACE=full" "-e" "RUSTFLAGS=--cap-lints=forbid" "-e" "RUSTDOCFLAGS=--cap-lints=forbid" "-w" "/opt/rustwide/workdir" "--user" "0:0" "4dada842f411fdd71b88a06ba782b4454713cd13169ac99eace52a5f6d457ef8" "/opt/rustwide/cargo-home/bin/cargo" "+eca445e5ae4a6679cc27d3a09106ce245e13a5a6" "check" "--frozen" "--all" "--all-targets" "--message-format=json", kill_on_drop: false }`
[INFO] [stderr]    Compiling unicode-ident v1.0.17
[INFO] [stderr]    Compiling serde v1.0.217
[INFO] [stderr]     Checking tracing-core v0.1.33
[INFO] [stderr]    Compiling rustix v0.38.44
[INFO] [stderr]     Checking linux-raw-sys v0.4.15
[INFO] [stderr]     Checking value-bag v1.10.0
[INFO] [stderr]    Compiling thiserror v2.0.11
[INFO] [stderr]    Compiling cc v1.2.14
[INFO] [stderr]     Checking async-executor v1.13.1
[INFO] [stderr]     Checking indexmap v2.7.1
[INFO] [stderr]     Checking async-channel v1.9.0
[INFO] [stderr]    Compiling semver v1.0.25
[INFO] [stderr]     Checking winnow v0.7.2
[INFO] [stderr]     Checking event-listener-strategy v0.5.3
[INFO] [stderr]    Compiling zstd-safe v7.2.1
[INFO] [stderr]    Compiling proc-macro2 v1.0.93
[INFO] [stderr]     Checking async-lock v3.4.0
[INFO] [stderr]     Checking async-channel v2.3.1
[INFO] [stderr]    Compiling openssl v0.10.71
[INFO] [stderr]     Checking log v0.4.25
[INFO] [stderr]     Checking twox-hash v1.6.3
[INFO] [stderr]     Checking miniz_oxide v0.8.4
[INFO] [stderr]    Compiling eyre v0.6.12
[INFO] [stderr]    Compiling itertools v0.12.1
[INFO] [stderr]     Checking blocking v1.6.1
[INFO] [stderr]    Compiling anyhow v1.0.95
[INFO] [stderr]    Compiling quote v1.0.38
[INFO] [stderr]    Compiling rustc_version v0.4.1
[INFO] [stderr]     Checking lz4_flex v0.11.3
[INFO] [stderr]    Compiling syn v2.0.98
[INFO] [stderr]    Compiling syn v1.0.109
[INFO] [stderr]     Checking flate2 v1.0.35
[INFO] [stderr]     Checking content_inspector v0.2.4
[INFO] [stderr]     Checking kv-log-macro v1.0.7
[INFO] [stderr]    Compiling bitflags v2.8.0
[INFO] [stderr]    Compiling regex-syntax v0.8.5
[INFO] [stderr]    Compiling crc32c v0.6.8
[INFO] [stderr]    Compiling bytes v1.10.0
[INFO] [stderr]     Checking smallvec v1.14.0
[INFO] [stderr]    Compiling prettyplease v0.2.29
[INFO] [stderr]    Compiling nix v0.29.0
[INFO] [stderr]    Compiling getrandom v0.3.1
[INFO] [stderr]    Compiling built v0.7.7
[INFO] [stderr]    Compiling multimap v0.10.0
[INFO] [stderr]     Checking parking_lot_core v0.9.10
[INFO] [stderr]    Compiling openssl-src v300.4.2+3.4.1
[INFO] [stderr]     Checking dirs-sys v0.5.0
[INFO] [stderr]    Compiling fluvio v0.25.0
[INFO] [stderr]     Checking chrono v0.4.39
[INFO] [stderr]     Checking dirs v6.0.0
[INFO] [stderr]     Checking parking_lot v0.12.3
[INFO] [stderr]     Checking tracing-log v0.2.0
[INFO] [stderr]    Compiling fluvio-socket v0.15.1
[INFO] [stderr]     Checking thread_local v1.1.8
[INFO] [stderr]    Compiling petgraph v0.6.5
[INFO] [stderr]    Compiling openssl-sys v0.9.106
[INFO] [stderr]    Compiling zstd-sys v2.0.13+zstd.1.5.6
[INFO] [stderr]     Checking tracing-subscriber v0.3.19
[INFO] [stderr]    Compiling regex-automata v0.4.9
[INFO] [stderr]    Compiling tempfile v3.17.1
[INFO] [stderr]    Compiling regex v1.11.1
[INFO] [stderr]    Compiling darling_core v0.20.10
[INFO] [stderr]    Compiling serde_derive v1.0.217
[INFO] [stderr]    Compiling tracing-attributes v0.1.28
[INFO] [stderr]    Compiling thiserror-impl v2.0.11
[INFO] [stderr]    Compiling tokio-macros v2.5.0
[INFO] [stderr]    Compiling futures-macro v0.3.31
[INFO] [stderr]    Compiling thiserror-impl v1.0.69
[INFO] [stderr]    Compiling async-trait v0.1.86
[INFO] [stderr]    Compiling openssl-macros v0.1.1
[INFO] [stderr]    Compiling pin-project-internal v1.1.9
[INFO] [stderr]    Compiling prost-derive v0.13.5
[INFO] [stderr]    Compiling zerocopy-derive v0.7.35
[INFO] [stderr]    Compiling enum-ordinalize-derive v4.3.1
[INFO] [stderr]    Compiling fluvio-smartmodule-derive v0.6.4
[INFO] [stderr]     Checking zstd v0.13.2
[INFO] [stderr]     Checking tokio v1.43.0
[INFO] [stderr]    Compiling enum-ordinalize v4.3.0
[INFO] [stderr]    Compiling educe v0.6.0
[INFO] [stderr]     Checking futures-util v0.3.31
[INFO] [stderr]     Checking zerocopy v0.7.35
[INFO] [stderr]     Checking pin-project v1.1.9
[INFO] [stderr]     Checking thiserror v1.0.69
[INFO] [stderr]     Checking tracing v0.1.41
[INFO] [stderr]    Compiling darling_macro v0.20.10
[INFO] [stderr]    Compiling fluvio-protocol-derive v0.5.4
[INFO] [stderr]    Compiling darling v0.20.10
[INFO] [stderr]    Compiling derive_builder_core v0.20.2
[INFO] [stderr]     Checking polling v3.7.4
[INFO] [stderr]     Checking flv-util v0.5.2
[INFO] [stderr]     Checking opentelemetry v0.28.0
[INFO] [stderr]     Checking ppv-lite86 v0.2.20
[INFO] [stderr]    Compiling prost v0.13.5
[INFO] [stderr]     Checking rand_chacha v0.3.1
[INFO] [stderr]    Compiling prost-types v0.13.5
[INFO] [stderr]     Checking async-io v2.4.0
[INFO] [stderr]     Checking rand v0.8.5
[INFO] [stderr]     Checking async-signal v0.2.10
[INFO] [stderr]     Checking async-global-executor v2.4.1
[INFO] [stderr]     Checking async-net v2.0.0
[INFO] [stderr]     Checking async-process v2.3.0
[INFO] [stderr]    Compiling derive_builder_macro v0.20.2
[INFO] [stderr]     Checking derive_builder v0.20.2
[INFO] [stderr]     Checking async-std v1.13.0
[INFO] [stderr]    Compiling prost-build v0.13.5
[INFO] [stderr]     Checking tokio-util v0.7.13
[INFO] [stderr]     Checking tokio-stream v0.1.17
[INFO] [stderr]    Compiling opentelemetry-types v0.0.0 (https://github.com/infinyon/opentelemetry-types.git?rev=caa72d01413903cd6f8d2662eb2cd80485c3794c#caa72d01)
[INFO] [stderr]     Checking futures-executor v0.3.31
[INFO] [stderr]     Checking serde_spanned v0.6.8
[INFO] [stderr]     Checking toml_datetime v0.6.8
[INFO] [stderr]     Checking serde_json v1.0.138
[INFO] [stderr]     Checking serde_yaml v0.9.34+deprecated
[INFO] [stderr]     Checking bytesize v1.3.2
[INFO] [stderr]     Checking humantime-serde v1.1.1
[INFO] [stderr]     Checking toml_edit v0.22.24
[INFO] [stderr]     Checking lenient_semver_version_builder v0.4.2
[INFO] [stderr]     Checking lenient_semver_parser v0.4.2
[INFO] [stderr]     Checking lenient_semver v0.4.2
[INFO] [stderr]     Checking k8-types v0.8.7
[INFO] [stderr]     Checking opentelemetry_sdk v0.28.0
[INFO] [stderr]     Checking toml v0.8.20
[INFO] [stderr]     Checking fluvio-types v0.5.2
[INFO] [stderr]     Checking fluvio-compression v0.3.5
[INFO] [stderr]     Checking tracing-opentelemetry v0.29.0
[INFO] [stderr]     Checking fluvio-stream-model v0.11.5
[INFO] [stderr]     Checking fluvio-future v0.7.1
[INFO] [stderr]     Checking fluvio-protocol v0.12.0
[INFO] [stderr]     Checking fluvio-stream-dispatcher v0.13.7
[INFO] [stderr]     Checking fluvio-controlplane-metadata v0.30.1
[INFO] [stderr]     Checking fluvio-smartmodule v0.8.0
[INFO] [stderr]     Checking fluvio-spu-schema v0.17.0
[INFO] [stderr]     Checking fluvio-sc-schema v0.25.0
[INFO] [stderr]     Checking fluvio-opentelemetry v0.1.0 (/opt/rustwide/workdir)
[INFO] [stdout] error[E0432]: unresolved import `prost`
[INFO] [stdout]   --> src/lib.rs:41:13
[INFO] [stdout]    |
[INFO] [stdout] 41 |         use prost::Message;
[INFO] [stdout]    |             ^^^^^ use of unresolved module or unlinked crate `prost`
[INFO] [stdout]    |
[INFO] [stdout]    = help: if you wanted to use a crate named `prost`, use `cargo add prost` to add it to your `Cargo.toml`
[INFO] [stdout] 
[INFO] [stdout] 
[INFO] [stdout] error[E0432]: unresolved import `transform::SpanDataProto`
[INFO] [stdout]   --> src/lib.rs:42:13
[INFO] [stdout]    |
[INFO] [stdout] 42 |         use transform::SpanDataProto;
[INFO] [stdout]    |             ^^^^^^^^^^^-------------
[INFO] [stdout]    |                        |
[INFO] [stdout]    |                        no `SpanDataProto` in `transform`
[INFO] [stdout] 
[INFO] [stdout] 
[INFO] [stdout] warning: unused import: `Attributes`
[INFO] [stdout]  --> src/transform/trace.rs:2:66
[INFO] [stdout]   |
[INFO] [stdout] 2 |     attributes_from_kv, convert_instrumentation_scope, to_nanos, Attributes,
[INFO] [stdout]   |                                                                  ^^^^^^^^^^
[INFO] [stdout]   |
[INFO] [stdout]   = note: `#[warn(unused_imports)]` (part of `#[warn(unused)]`) on by default
[INFO] [stdout] 
[INFO] [stdout] 
[INFO] [stdout] error[E0728]: `await` is only allowed inside `async` functions and blocks
[INFO] [stdout]   --> src/lib.rs:50:18
[INFO] [stdout]    |
[INFO] [stdout] 50 |                 .await
[INFO] [stdout]    |                  ^^^^^ only allowed inside `async` functions and blocks
[INFO] [stdout] 
[INFO] [stdout] 
[INFO] [stdout] error[E0433]: cannot find `tonic` in the crate root
[INFO] [stdout]    --> src/transform/trace.rs:151:16
[INFO] [stdout]     |
[INFO] [stdout] 151 |     use crate::tonic::common::v1::any_value::Value;
[INFO] [stdout]     |                ^^^^^ could not find `tonic` in the crate root
[INFO] [stdout] 
[INFO] [stdout] 
[INFO] [stdout] error[E0432]: unresolved import `prost`
[INFO] [stdout]   --> src/lib.rs:41:13
[INFO] [stdout]    |
[INFO] [stdout] 41 |         use prost::Message;
[INFO] [stdout]    |             ^^^^^ use of unresolved module or unlinked crate `prost`
[INFO] [stdout]    |
[INFO] [stdout]    = help: if you wanted to use a crate named `prost`, use `cargo add prost` to add it to your `Cargo.toml`
[INFO] [stdout] 
[INFO] [stdout] 
[INFO] [stdout] error[E0432]: unresolved import `transform::SpanDataProto`
[INFO] [stdout]   --> src/lib.rs:42:13
[INFO] [stdout]    |
[INFO] [stdout] 42 |         use transform::SpanDataProto;
[INFO] [stdout]    |             ^^^^^^^^^^^-------------
[INFO] [stdout]    |                        |
[INFO] [stdout]    |                        no `SpanDataProto` in `transform`
[INFO] [stdout] 
[INFO] [stdout] 
[INFO] [stdout] error[E0432]: unresolved import `crate::transform::common::tonic`
[INFO] [stdout]    --> src/transform/trace.rs:152:35
[INFO] [stdout]     |
[INFO] [stdout] 152 |     use crate::transform::common::tonic::ResourceAttributesWithSchema;
[INFO] [stdout]     |                                   ^^^^^ could not find `tonic` in `common`
[INFO] [stdout] 
[INFO] [stdout] 
[INFO] [stdout] error[E0433]: cannot find `tonic` in `trace`
[INFO] [stdout]    --> src/transform/trace.rs:201:38
[INFO] [stdout]     |
[INFO] [stdout] 201 |             crate::transform::trace::tonic::group_spans_by_resource_and_scope(spans, &resource);
[INFO] [stdout]     |                                      ^^^^^ could not find `tonic` in `trace`
[INFO] [stdout] 
[INFO] [stdout] 
[INFO] [stdout] error[E0433]: cannot find `tonic` in `trace`
[INFO] [stdout]    --> src/transform/trace.rs:250:38
[INFO] [stdout]     |
[INFO] [stdout] 250 |             crate::transform::trace::tonic::group_spans_by_resource_and_scope(spans, &resource);
[INFO] [stdout]     |                                      ^^^^^ could not find `tonic` in `trace`
[INFO] [stdout] 
[INFO] [stdout] 
[INFO] [stdout] warning: unused import: `Attributes`
[INFO] [stdout]  --> src/transform/trace.rs:2:66
[INFO] [stdout]   |
[INFO] [stdout] 2 |     attributes_from_kv, convert_instrumentation_scope, to_nanos, Attributes,
[INFO] [stdout]   |                                                                  ^^^^^^^^^^
[INFO] [stdout]   |
[INFO] [stdout]   = note: `#[warn(unused_imports)]` (part of `#[warn(unused)]`) on by default
[INFO] [stdout] 
[INFO] [stdout] 
[INFO] [stdout] error[E0728]: `await` is only allowed inside `async` functions and blocks
[INFO] [stdout]   --> src/lib.rs:50:18
[INFO] [stdout]    |
[INFO] [stdout] 50 |                 .await
[INFO] [stdout]    |                  ^^^^^ only allowed inside `async` functions and blocks
[INFO] [stdout] 
[INFO] [stdout] 
[INFO] [stdout] Some errors have detailed explanations: E0432, E0728.
[INFO] [stdout] 
[INFO] [stdout] For more information about an error, try `rustc --explain E0432`.
[INFO] [stdout] 
[INFO] [stderr] error: could not compile `fluvio-opentelemetry` (lib) due to 3 previous errors; 1 warning emitted
[INFO] [stderr] warning: build failed, waiting for other jobs to finish...
[INFO] [stdout] Some errors have detailed explanations: E0432, E0433, E0728.
[INFO] [stdout] 
[INFO] [stdout] For more information about an error, try `rustc --explain E0432`.
[INFO] [stdout] 
[INFO] [stderr] error: could not compile `fluvio-opentelemetry` (lib test) due to 7 previous errors; 1 warning emitted
[INFO] running `Command { std: "docker" "inspect" "4dada842f411fdd71b88a06ba782b4454713cd13169ac99eace52a5f6d457ef8", kill_on_drop: false }`
[INFO] running `Command { std: "docker" "rm" "-f" "4dada842f411fdd71b88a06ba782b4454713cd13169ac99eace52a5f6d457ef8", kill_on_drop: false }`
[INFO] [stdout] 4dada842f411fdd71b88a06ba782b4454713cd13169ac99eace52a5f6d457ef8
