[INFO] cloning repository https://github.com/mu-hashmi/mlx-serve
[INFO] running `Command { std: "git" "-c" "credential.helper=" "-c" "credential.helper=/workspace/cargo-home/bin/git-credential-null" "clone" "--bare" "https://github.com/mu-hashmi/mlx-serve" "/workspace/cache/git-repos/https%3A%2F%2Fgithub.com%2Fmu-hashmi%2Fmlx-serve", kill_on_drop: false }`
[INFO] [stderr] Cloning into bare repository '/workspace/cache/git-repos/https%3A%2F%2Fgithub.com%2Fmu-hashmi%2Fmlx-serve'...
[INFO] running `Command { std: "git" "rev-parse" "HEAD", kill_on_drop: false }`
[INFO] [stdout] ebf28404dac62eb638c8d51ba58fdfd7f57387ae
[INFO] checking mu-hashmi/mlx-serve/ebf28404dac62eb638c8d51ba58fdfd7f57387ae against eca445e5ae4a6679cc27d3a09106ce245e13a5a6 for pr-162478
[INFO] running `Command { std: "git" "clone" "/workspace/cache/git-repos/https%3A%2F%2Fgithub.com%2Fmu-hashmi%2Fmlx-serve" "/workspace/builds/worker-6-tc1/source", kill_on_drop: false }`
[INFO] [stderr] Cloning into '/workspace/builds/worker-6-tc1/source'...
[INFO] [stderr] done.
[INFO] started tweaking git repo https://github.com/mu-hashmi/mlx-serve
[INFO] finished tweaking git repo https://github.com/mu-hashmi/mlx-serve
[INFO] tweaked toml for git repo https://github.com/mu-hashmi/mlx-serve written to /workspace/builds/worker-6-tc1/source/Cargo.toml
[INFO] validating manifest of git repo https://github.com/mu-hashmi/mlx-serve on toolchain eca445e5ae4a6679cc27d3a09106ce245e13a5a6
[INFO] running `Command { std: CARGO_HOME="/workspace/cargo-home" RUSTUP_HOME="/workspace/rustup-home" "/workspace/cargo-home/bin/cargo" "+eca445e5ae4a6679cc27d3a09106ce245e13a5a6" "metadata" "--manifest-path" "Cargo.toml" "--no-deps", kill_on_drop: false }`
[INFO] crate git repo https://github.com/mu-hashmi/mlx-serve already has a lockfile, it will not be regenerated
[INFO] running `Command { std: CARGO_HOME="/workspace/cargo-home" RUSTUP_HOME="/workspace/rustup-home" "/workspace/cargo-home/bin/cargo" "+eca445e5ae4a6679cc27d3a09106ce245e13a5a6" "fetch" "--manifest-path" "Cargo.toml", kill_on_drop: false }`
[INFO] [stderr] warning: unused field `readme` in `workspace.package`
[INFO] [stderr]    --> Cargo.toml:117:1
[INFO] [stderr]     |
[INFO] [stderr] 117 | readme = "README.md"
[INFO] [stderr]     | ^^^^^^
[INFO] [stderr]     |
[INFO] [stderr]     = note: `cargo::unused_workspace_package_fields` is set to `warn` by default
[INFO] [stderr] help: consider removing the field `workspace.package.readme`
[INFO] [stderr] warning: workspace (manifest) generated 1 warning
[INFO] [stderr] warning: explicit `package.readme` can be inferred
[INFO] [stderr]  --> crates/mlx-server/Cargo.toml:7:1
[INFO] [stderr]   |
[INFO] [stderr] 7 | readme = "README.md"
[INFO] [stderr]   | ^^^^^^^^^^^^^^^^^^^^
[INFO] [stderr]   |
[INFO] [stderr]   = note: `cargo::manual_readme` is set to `warn` by default
[INFO] [stderr] help: consider removing `package.readme`
[INFO] [stderr] warning: `mlx-server` (manifest) generated 1 warning
[INFO] [stderr] warning: explicit `package.readme` can be inferred
[INFO] [stderr]  --> crates/mlx-sys/Cargo.toml:7:1
[INFO] [stderr]   |
[INFO] [stderr] 7 | readme = "README.md"
[INFO] [stderr]   | ^^^^^^^^^^^^^^^^^^^^
[INFO] [stderr]   |
[INFO] [stderr]   = note: `cargo::manual_readme` is set to `warn` by default
[INFO] [stderr] help: consider removing `package.readme`
[INFO] [stderr] warning: `mlx-sys` (manifest) generated 1 warning
[INFO] [stderr] warning: explicit `package.readme` can be inferred
[INFO] [stderr]  --> crates/mlx-core/Cargo.toml:7:1
[INFO] [stderr]   |
[INFO] [stderr] 7 | readme = "README.md"
[INFO] [stderr]   | ^^^^^^^^^^^^^^^^^^^^
[INFO] [stderr]   |
[INFO] [stderr]   = note: `cargo::manual_readme` is set to `warn` by default
[INFO] [stderr] help: consider removing `package.readme`
[INFO] [stderr] warning: `mlx-core` (manifest) generated 1 warning
[INFO] [stderr] warning: explicit `package.readme` can be inferred
[INFO] [stderr]  --> crates/mlx-engine/Cargo.toml:7:1
[INFO] [stderr]   |
[INFO] [stderr] 7 | readme = "README.md"
[INFO] [stderr]   | ^^^^^^^^^^^^^^^^^^^^
[INFO] [stderr]   |
[INFO] [stderr]   = note: `cargo::manual_readme` is set to `warn` by default
[INFO] [stderr] help: consider removing `package.readme`
[INFO] [stderr] warning: `mlx-engine` (manifest) generated 1 warning
[INFO] [stderr] warning: explicit `package.readme` can be inferred
[INFO] [stderr]  --> mlx-serve/Cargo.toml:7:1
[INFO] [stderr]   |
[INFO] [stderr] 7 | readme = "README.md"
[INFO] [stderr]   | ^^^^^^^^^^^^^^^^^^^^
[INFO] [stderr]   |
[INFO] [stderr]   = note: `cargo::manual_readme` is set to `warn` by default
[INFO] [stderr] help: consider removing `package.readme`
[INFO] [stderr] warning: `mlx-serve` (manifest) generated 1 warning
[INFO] [stderr] warning: explicit `package.readme` can be inferred
[INFO] [stderr]  --> crates/mlx-tokenizers/Cargo.toml:7:1
[INFO] [stderr]   |
[INFO] [stderr] 7 | readme = "README.md"
[INFO] [stderr]   | ^^^^^^^^^^^^^^^^^^^^
[INFO] [stderr]   |
[INFO] [stderr]   = note: `cargo::manual_readme` is set to `warn` by default
[INFO] [stderr] help: consider removing `package.readme`
[INFO] [stderr] warning: `mlx-tokenizers` (manifest) generated 1 warning
[INFO] [stderr] warning: explicit `package.readme` can be inferred
[INFO] [stderr]  --> crates/mlx-models/Cargo.toml:7:1
[INFO] [stderr]   |
[INFO] [stderr] 7 | readme = "README.md"
[INFO] [stderr]   | ^^^^^^^^^^^^^^^^^^^^
[INFO] [stderr]   |
[INFO] [stderr]   = note: `cargo::manual_readme` is set to `warn` by default
[INFO] [stderr] help: consider removing `package.readme`
[INFO] [stderr] warning: `mlx-models` (manifest) generated 1 warning
[INFO] [stderr] warning: explicit `package.readme` can be inferred
[INFO] [stderr]  --> crates/mlx-nn/Cargo.toml:7:1
[INFO] [stderr]   |
[INFO] [stderr] 7 | readme = "README.md"
[INFO] [stderr]   | ^^^^^^^^^^^^^^^^^^^^
[INFO] [stderr]   |
[INFO] [stderr]   = note: `cargo::manual_readme` is set to `warn` by default
[INFO] [stderr] help: consider removing `package.readme`
[INFO] [stderr] warning: `mlx-nn` (manifest) generated 1 warning
[INFO] [stderr]     Updating crates.io index
[INFO] [stderr]  Downloading crates ...
[INFO] [stderr]   Downloaded tracing-serde v0.2.0
[INFO] [stderr]   Downloaded quote v1.0.44
[INFO] [stderr]   Downloaded num_cpus v1.17.0
[INFO] [stderr]   Downloaded safetensors v0.6.2
[INFO] [stderr]   Downloaded monostate-impl v0.1.18
[INFO] [stderr]   Downloaded security-framework-sys v2.16.0
[INFO] [stderr]   Downloaded rayon-cond v0.4.0
[INFO] [stderr]   Downloaded macro_rules_attribute v0.2.2
[INFO] [stderr]   Downloaded unit-prefix v0.5.2
[INFO] [stderr]   Downloaded anyhow v1.0.101
[INFO] [stderr]   Downloaded macro_rules_attribute-proc_macro v0.2.2
[INFO] [stderr]   Downloaded uuid v1.21.0
[INFO] [stderr]   Downloaded getrandom v0.4.1
[INFO] [stderr]   Downloaded libredox v0.1.12
[INFO] [stderr]   Downloaded strum v0.27.2
[INFO] [stderr]   Downloaded memo-map v0.3.3
[INFO] [stderr]   Downloaded mlx-internal-macros v0.25.3
[INFO] [stderr]   Downloaded tempfile v3.25.0
[INFO] [stderr]   Downloaded monostate v0.1.18
[INFO] [stderr]   Downloaded mlx-macros v0.25.3
[INFO] [stderr]   Downloaded uncased v0.9.10
[INFO] [stderr]   Downloaded no-std-compat v0.4.1
[INFO] [stderr]   Downloaded pear_codegen v0.2.9
[INFO] [stderr]   Downloaded proc-macro2-diagnostics v0.10.1
[INFO] [stderr]   Downloaded onig v6.5.1
[INFO] [stderr]   Downloaded socks v0.3.4
[INFO] [stderr]   Downloaded dary_heap v0.3.8
[INFO] [stderr]   Downloaded strum_macros v0.27.2
[INFO] [stderr]   Downloaded clap_lex v1.0.0
[INFO] [stderr]   Downloaded async-stream v0.3.6
[INFO] [stderr]   Downloaded bumpalo v3.20.1
[INFO] [stderr]   Downloaded async-stream-impl v0.3.6
[INFO] [stderr]   Downloaded pear v0.2.9
[INFO] [stderr]   Downloaded console v0.16.2
[INFO] [stderr]   Downloaded hf-hub v0.4.3
[INFO] [stderr]   Downloaded inlinable_string v0.1.15
[INFO] [stderr]   Downloaded clap_derive v4.5.55
[INFO] [stderr]   Downloaded openssl-sys v0.9.111
[INFO] [stderr]   Downloaded axum-macros v0.5.0
[INFO] [stderr]   Downloaded indicatif v0.18.4
[INFO] [stderr]   Downloaded compact_str v0.9.0
[INFO] [stderr]   Downloaded security-framework v3.6.0
[INFO] [stderr]   Downloaded unicode-normalization-alignments v0.1.12
[INFO] [stderr]   Downloaded mach-sys v0.5.4
[INFO] [stderr]   Downloaded figment v0.10.19
[INFO] [stderr]   Downloaded clap v4.5.59
[INFO] [stderr]   Downloaded syn v2.0.116
[INFO] [stderr]   Downloaded zerocopy-derive v0.8.39
[INFO] [stderr]   Downloaded governor v0.8.1
[INFO] [stderr]   Downloaded esaxx-rs v0.1.10
[INFO] [stderr]   Downloaded minijinja v2.15.1
[INFO] [stderr]   Downloaded mlx-sys v0.2.0
[INFO] [stderr]   Downloaded clap_builder v4.5.59
[INFO] [stderr]   Downloaded mlx-rs v0.25.3
[INFO] [stderr]   Downloaded tokenizers v0.22.2
[INFO] [stderr]   Downloaded bindgen v0.70.1
[INFO] [stderr]   Downloaded openssl v0.10.75
[INFO] [stderr]   Downloaded zerocopy v0.8.39
[INFO] [stderr]   Downloaded regex-syntax v0.8.9
[INFO] [stderr]   Downloaded rustix v1.1.3
[INFO] [stderr]   Downloaded spm_precompiled v0.1.4
[INFO] [stderr]   Downloaded onig_sys v69.9.1
[INFO] running `Command { std: "docker" "create" "-v" "/var/lib/crater-agent-workspace/builds/worker-6-tc1/source:/opt/rustwide/workdir:ro,Z" "-v" "/var/lib/crater-agent-workspace/builds/worker-6-tc1/target:/opt/rustwide/target:rw,Z" "-v" "/var/lib/crater-agent-workspace/cargo-home:/opt/rustwide/cargo-home:ro,Z" "-v" "/var/lib/crater-agent-workspace/rustup-home:/opt/rustwide/rustup-home:ro,Z" "-m" "1610612736" "--network" "none" "ghcr.io/rust-lang/crates-build-env/linux@sha256:8683fc1fc2eb5c9ac98e0d076ab094b2ffac7f99da555d2b6a2e27f346de2ec7" "sleep" "infinity", kill_on_drop: false }`
[INFO] [stdout] 08bd4ccd8b002972de19c68835e234cc4310e58022c5dfe9dd846366c3902cb0
[INFO] running `Command { std: "docker" "start" "08bd4ccd8b002972de19c68835e234cc4310e58022c5dfe9dd846366c3902cb0", kill_on_drop: false }`
[INFO] running `Command { std: "docker" "inspect" "08bd4ccd8b002972de19c68835e234cc4310e58022c5dfe9dd846366c3902cb0", kill_on_drop: false }`
[INFO] running `Command { std: "docker" "exec" "-e" "SOURCE_DIR=/opt/rustwide/workdir" "-e" "CARGO_HOME=/opt/rustwide/cargo-home" "-e" "RUSTUP_HOME=/opt/rustwide/rustup-home" "-e" "CARGO_TARGET_DIR=/opt/rustwide/target" "-w" "/opt/rustwide/workdir" "--user" "0:0" "08bd4ccd8b002972de19c68835e234cc4310e58022c5dfe9dd846366c3902cb0" "/opt/rustwide/cargo-home/bin/cargo" "+eca445e5ae4a6679cc27d3a09106ce245e13a5a6" "metadata" "--no-deps" "--format-version=1", kill_on_drop: false }`
[INFO] running `Command { std: "docker" "inspect" "08bd4ccd8b002972de19c68835e234cc4310e58022c5dfe9dd846366c3902cb0", kill_on_drop: false }`
[INFO] running `Command { std: "docker" "exec" "-e" "SOURCE_DIR=/opt/rustwide/workdir" "-e" "CARGO_HOME=/opt/rustwide/cargo-home" "-e" "RUSTUP_HOME=/opt/rustwide/rustup-home" "-e" "CARGO_TARGET_DIR=/opt/rustwide/target" "-e" "CARGO_INCREMENTAL=0" "-e" "RUST_BACKTRACE=full" "-e" "RUSTFLAGS=--cap-lints=forbid" "-e" "RUSTDOCFLAGS=--cap-lints=forbid" "-w" "/opt/rustwide/workdir" "--user" "0:0" "08bd4ccd8b002972de19c68835e234cc4310e58022c5dfe9dd846366c3902cb0" "/opt/rustwide/cargo-home/bin/cargo" "+eca445e5ae4a6679cc27d3a09106ce245e13a5a6" "check" "--frozen" "--all" "--all-targets" "--message-format=json", kill_on_drop: false }`
[INFO] [stderr] warning: unused field `readme` in `workspace.package`
[INFO] [stderr]    --> Cargo.toml:117:1
[INFO] [stderr]     |
[INFO] [stderr] 117 | readme = "README.md"
[INFO] [stderr]     | ^^^^^^
[INFO] [stderr]     |
[INFO] [stderr]     = note: `cargo::unused_workspace_package_fields` is set to `warn` by default
[INFO] [stderr] help: consider removing the field `workspace.package.readme`
[INFO] [stderr] warning: workspace (manifest) generated 1 warning
[INFO] [stderr] warning: explicit `package.readme` can be inferred
[INFO] [stderr]  --> crates/mlx-tokenizers/Cargo.toml:7:1
[INFO] [stderr]   |
[INFO] [stderr] 7 | readme = "README.md"
[INFO] [stderr]   | ^^^^^^^^^^^^^^^^^^^^
[INFO] [stderr]   |
[INFO] [stderr]   = note: `cargo::manual_readme` is set to `warn` by default
[INFO] [stderr] help: consider removing `package.readme`
[INFO] [stderr] warning: `mlx-tokenizers` (manifest) generated 1 warning
[INFO] [stderr] warning: explicit `package.readme` can be inferred
[INFO] [stderr]  --> crates/mlx-server/Cargo.toml:7:1
[INFO] [stderr]   |
[INFO] [stderr] 7 | readme = "README.md"
[INFO] [stderr]   | ^^^^^^^^^^^^^^^^^^^^
[INFO] [stderr]   |
[INFO] [stderr]   = note: `cargo::manual_readme` is set to `warn` by default
[INFO] [stderr] help: consider removing `package.readme`
[INFO] [stderr] warning: `mlx-server` (manifest) generated 1 warning
[INFO] [stderr] warning: explicit `package.readme` can be inferred
[INFO] [stderr]  --> crates/mlx-nn/Cargo.toml:7:1
[INFO] [stderr]   |
[INFO] [stderr] 7 | readme = "README.md"
[INFO] [stderr]   | ^^^^^^^^^^^^^^^^^^^^
[INFO] [stderr]   |
[INFO] [stderr]   = note: `cargo::manual_readme` is set to `warn` by default
[INFO] [stderr] help: consider removing `package.readme`
[INFO] [stderr] warning: `mlx-nn` (manifest) generated 1 warning
[INFO] [stderr] warning: explicit `package.readme` can be inferred
[INFO] [stderr]  --> mlx-serve/Cargo.toml:7:1
[INFO] [stderr]   |
[INFO] [stderr] 7 | readme = "README.md"
[INFO] [stderr]   | ^^^^^^^^^^^^^^^^^^^^
[INFO] [stderr]   |
[INFO] [stderr]   = note: `cargo::manual_readme` is set to `warn` by default
[INFO] [stderr] help: consider removing `package.readme`
[INFO] [stderr] warning: `mlx-serve` (manifest) generated 1 warning
[INFO] [stderr] warning: explicit `package.readme` can be inferred
[INFO] [stderr]  --> crates/mlx-sys/Cargo.toml:7:1
[INFO] [stderr]   |
[INFO] [stderr] 7 | readme = "README.md"
[INFO] [stderr]   | ^^^^^^^^^^^^^^^^^^^^
[INFO] [stderr]   |
[INFO] [stderr]   = note: `cargo::manual_readme` is set to `warn` by default
[INFO] [stderr] help: consider removing `package.readme`
[INFO] [stderr] warning: `mlx-sys` (manifest) generated 1 warning
[INFO] [stderr] warning: explicit `package.readme` can be inferred
[INFO] [stderr]  --> crates/mlx-core/Cargo.toml:7:1
[INFO] [stderr]   |
[INFO] [stderr] 7 | readme = "README.md"
[INFO] [stderr]   | ^^^^^^^^^^^^^^^^^^^^
[INFO] [stderr]   |
[INFO] [stderr]   = note: `cargo::manual_readme` is set to `warn` by default
[INFO] [stderr] help: consider removing `package.readme`
[INFO] [stderr] warning: `mlx-core` (manifest) generated 1 warning
[INFO] [stderr] warning: explicit `package.readme` can be inferred
[INFO] [stderr]  --> crates/mlx-engine/Cargo.toml:7:1
[INFO] [stderr]   |
[INFO] [stderr] 7 | readme = "README.md"
[INFO] [stderr]   | ^^^^^^^^^^^^^^^^^^^^
[INFO] [stderr]   |
[INFO] [stderr]   = note: `cargo::manual_readme` is set to `warn` by default
[INFO] [stderr] help: consider removing `package.readme`
[INFO] [stderr] warning: `mlx-engine` (manifest) generated 1 warning
[INFO] [stderr] warning: explicit `package.readme` can be inferred
[INFO] [stderr]  --> crates/mlx-models/Cargo.toml:7:1
[INFO] [stderr]   |
[INFO] [stderr] 7 | readme = "README.md"
[INFO] [stderr]   | ^^^^^^^^^^^^^^^^^^^^
[INFO] [stderr]   |
[INFO] [stderr]   = note: `cargo::manual_readme` is set to `warn` by default
[INFO] [stderr] help: consider removing `package.readme`
[INFO] [stderr] warning: `mlx-models` (manifest) generated 1 warning
[INFO] [stderr]    Compiling proc-macro2 v1.0.106
[INFO] [stderr]    Compiling unicode-ident v1.0.24
[INFO] [stderr]    Compiling quote v1.0.44
[INFO] [stderr]    Compiling libc v0.2.182
[INFO] [stderr]    Compiling find-msvc-tools v0.1.9
[INFO] [stderr]     Checking smallvec v1.15.1
[INFO] [stderr]    Compiling serde_core v1.0.228
[INFO] [stderr]     Checking memchr v2.8.0
[INFO] [stderr]    Compiling parking_lot_core v0.9.12
[INFO] [stderr]    Compiling cc v1.2.56
[INFO] [stderr]     Checking itoa v1.0.17
[INFO] [stderr]     Checking lock_api v0.4.14
[INFO] [stderr]    Compiling serde v1.0.228
[INFO] [stderr]     Checking futures-core v0.3.32
[INFO] [stderr]     Checking log v0.4.29
[INFO] [stderr]     Checking futures-sink v0.3.32
[INFO] [stderr]     Checking stable_deref_trait v1.2.1
[INFO] [stderr]     Checking tracing-core v0.1.36
[INFO] [stderr]    Compiling zerocopy v0.8.39
[INFO] [stderr]    Compiling zmij v1.0.21
[INFO] [stderr]     Checking bitflags v2.11.0
[INFO] [stderr]    Compiling version_check v0.9.5
[INFO] [stderr]    Compiling serde_json v1.0.149
[INFO] [stderr]     Checking slab v0.4.12
[INFO] [stderr]     Checking futures-channel v0.3.32
[INFO] [stderr]     Checking http v1.4.0
[INFO] [stderr]    Compiling syn v2.0.116
[INFO] [stderr]    Compiling either v1.15.0
[INFO] [stderr]    Compiling prettyplease v0.2.37
[INFO] [stderr]     Checking futures-task v0.3.32
[INFO] [stderr]     Checking futures-io v0.3.32
[INFO] [stderr]    Compiling thiserror v2.0.18
[INFO] [stderr]    Compiling cfg-if v1.0.4
[INFO] [stderr]    Compiling regex-syntax v0.8.9
[INFO] [stderr]     Checking errno v0.3.14
[INFO] [stderr]     Checking signal-hook-registry v1.4.8
[INFO] [stderr]     Checking parking_lot v0.12.5
[INFO] [stderr]     Checking mio v1.1.1
[INFO] [stderr]     Checking socket2 v0.6.2
[INFO] [stderr]    Compiling rustversion v1.0.22
[INFO] [stderr]    Compiling openssl-sys v0.9.111
[INFO] [stderr]    Compiling ring v0.17.14
[INFO] [stderr]    Compiling nom v7.1.3
[INFO] [stderr]     Checking http-body v1.0.1
[INFO] [stderr]    Compiling libloading v0.8.9
[INFO] [stderr]     Checking percent-encoding v2.3.2
[INFO] [stderr]     Checking litemap v0.8.1
[INFO] [stderr]     Checking writeable v0.6.2
[INFO] [stderr]    Compiling bindgen v0.70.1
[INFO] [stderr]    Compiling itertools v0.13.0
[INFO] [stderr]    Compiling regex-automata v0.4.14
[INFO] [stderr]    Compiling clang-sys v1.8.1
[INFO] [stderr]     Checking equivalent v1.0.2
[INFO] [stderr]     Checking hashbrown v0.16.1
[INFO] [stderr]    Compiling httparse v1.10.1
[INFO] [stderr]     Checking tower-service v0.3.3
[INFO] [stderr]    Compiling icu_normalizer_data v2.1.1
[INFO] [stderr]    Compiling icu_properties_data v2.1.2
[INFO] [stderr]    Compiling paste v1.0.15
[INFO] [stderr]    Compiling cexpr v0.6.0
[INFO] [stderr]     Checking indexmap v2.13.0
[INFO] [stderr]     Checking getrandom v0.2.17
[INFO] [stderr]    Compiling cmake v0.1.57
[INFO] [stderr]    Compiling openssl v0.10.75
[INFO] [stderr]     Checking foreign-types-shared v0.1.1
[INFO] [stderr]     Checking fnv v1.0.7
[INFO] [stderr]    Compiling getrandom v0.3.4
[INFO] [stderr]     Checking try-lock v0.2.5
[INFO] [stderr]    Compiling regex v1.12.3
[INFO] [stderr]    Compiling winnow v0.7.14
[INFO] [stderr]     Checking want v0.3.1
[INFO] [stderr]    Compiling num-traits v0.2.19
[INFO] [stderr]     Checking foreign-types v0.3.2
[INFO] [stderr]     Checking itertools v0.14.0
[INFO] [stderr]    Compiling native-tls v0.2.18
[INFO] [stderr]     Checking httpdate v1.0.3
[INFO] [stderr]    Compiling synstructure v0.13.2
[INFO] [stderr]    Compiling darling_core v0.21.3
[INFO] [stderr]    Compiling getrandom v0.4.1
[INFO] [stderr]    Compiling rustls v0.23.36
[INFO] [stderr]    Compiling toml_datetime v0.7.5+spec-1.1.0
[INFO] [stderr]     Checking rustls-webpki v0.103.9
[INFO] [stderr]     Checking form_urlencoded v1.2.2
[INFO] [stderr]     Checking sync_wrapper v1.0.2
[INFO] [stderr]     Checking openssl-probe v0.2.1
[INFO] [stderr]    Compiling portable-atomic v1.13.1
[INFO] [stderr]     Checking tower-layer v0.3.3
[INFO] [stderr]    Compiling fastrand v2.3.0
[INFO] [stderr]    Compiling toml_parser v1.0.9+spec-1.1.0
[INFO] [stderr]     Checking ipnet v2.11.0
[INFO] [stderr]    Compiling serde_derive v1.0.228
[INFO] [stderr]    Compiling zerofrom-derive v0.1.6
[INFO] [stderr]    Compiling yoke-derive v0.8.1
[INFO] [stderr]    Compiling tokio-macros v2.6.0
[INFO] [stderr]    Compiling zerovec-derive v0.11.2
[INFO] [stderr]    Compiling zerocopy-derive v0.8.39
[INFO] [stderr]     Checking tokio v1.49.0
[INFO] [stderr]    Compiling displaydoc v0.2.5
[INFO] [stderr]     Checking zerofrom v0.1.6
[INFO] [stderr]    Compiling tracing-attributes v0.1.31
[INFO] [stderr]     Checking yoke v0.8.1
[INFO] [stderr]     Checking zerovec v0.11.5
[INFO] [stderr]    Compiling futures-macro v0.3.32
[INFO] [stderr]    Compiling thiserror-impl v2.0.18
[INFO] [stderr]     Checking tinystr v0.8.2
[INFO] [stderr]     Checking futures-util v0.3.32
[INFO] [stderr]     Checking icu_locale_core v2.1.1
[INFO] [stderr]     Checking tracing v0.1.44
[INFO] [stderr]     Checking potential_utf v0.1.4
[INFO] [stderr]     Checking zerotrie v0.2.3
[INFO] [stderr]     Checking icu_collections v2.1.1
[INFO] [stderr]    Compiling openssl-macros v0.1.1
[INFO] [stderr]     Checking icu_provider v2.1.1
[INFO] [stderr]    Compiling darling_macro v0.21.3
[INFO] [stderr]     Checking icu_properties v2.1.2
[INFO] [stderr]     Checking icu_normalizer v2.1.1
[INFO] [stderr]    Compiling toml_edit v0.23.10+spec-1.0.0
[INFO] [stderr]    Compiling darling v0.21.3
[INFO] [stderr]    Compiling mach-sys v0.5.4
[INFO] [stderr]     Checking idna_adapter v1.2.1
[INFO] [stderr]    Compiling proc-macro-crate v3.4.0
[INFO] [stderr]    Compiling darling_core v0.20.11
[INFO] [stderr]     Checking http-body-util v0.1.3
[INFO] [stderr]     Checking tokio-util v0.7.18
[INFO] [stderr]     Checking unicode-width v0.2.2
[INFO] [stderr]     Checking ryu v1.0.23
[INFO] [stderr]     Checking mime v0.3.17
[INFO] [stderr]     Checking idna v1.1.0
[INFO] [stderr]     Checking h2 v0.4.13
[INFO] [stderr]     Checking tower v0.5.3
[INFO] [stderr]    Compiling num_enum_derive v0.7.5
[INFO] [stderr]    Compiling mlx-sys v0.2.0
[INFO] [stderr]    Compiling strum_macros v0.27.2
[INFO] [stderr]     Checking rand_core v0.9.5
[INFO] [stderr]     Checking aho-corasick v1.1.4
[INFO] [stderr]     Checking ppv-lite86 v0.2.21
[INFO] [stderr] error: failed to run custom build command for `mlx-sys v0.2.0`
[INFO] [stderr] note: To improve backtraces for build dependencies, set the CARGO_PROFILE_DEV_BUILD_OVERRIDE_DEBUG=true environment variable to enable debug information generation.
[INFO] [stderr] 
[INFO] [stderr] Caused by:
[INFO] [stderr]   process didn't exit successfully: `/opt/rustwide/target/debug/build/mlx-sys/808ee5a146b61bb1/out/build_script_build` (exit status: 101)
[INFO] [stderr]   --- stdout
[INFO] [stderr]   CMAKE_TOOLCHAIN_FILE_x86_64-unknown-linux-gnu = None
[INFO] [stderr]   CMAKE_TOOLCHAIN_FILE_x86_64_unknown_linux_gnu = None
[INFO] [stderr]   HOST_CMAKE_TOOLCHAIN_FILE = None
[INFO] [stderr]   CMAKE_TOOLCHAIN_FILE = None
[INFO] [stderr]   CMAKE_GENERATOR_x86_64-unknown-linux-gnu = None
[INFO] [stderr]   CMAKE_GENERATOR_x86_64_unknown_linux_gnu = None
[INFO] [stderr]   HOST_CMAKE_GENERATOR = None
[INFO] [stderr]   CMAKE_GENERATOR = None
[INFO] [stderr]   CMAKE_PREFIX_PATH_x86_64-unknown-linux-gnu = None
[INFO] [stderr]   CMAKE_PREFIX_PATH_x86_64_unknown_linux_gnu = None
[INFO] [stderr]   HOST_CMAKE_PREFIX_PATH = None
[INFO] [stderr]   CMAKE_PREFIX_PATH = None
[INFO] [stderr]   CMAKE_x86_64-unknown-linux-gnu = None
[INFO] [stderr]   CMAKE_x86_64_unknown_linux_gnu = None
[INFO] [stderr]   HOST_CMAKE = None
[INFO] [stderr]   CMAKE = None
[INFO] [stderr]   Running with debug output on.
[INFO] [stderr]   -- The CXX compiler identification is GNU 15.2.0
[INFO] [stderr]      Called from: [3]	/opt/rustwide/cargo-home/registry/src/index.crates.io-1949cf8c6b5b557f/mlx-sys-0.2.0/src/mlx-c/CMakeLists.txt
[INFO] [stderr]                   [2]	/usr/share/cmake-4.2/Modules/CMakeDetermineCXXCompiler.cmake
[INFO] [stderr]                   [1]	/usr/share/cmake-4.2/Modules/CMakeDetermineCompilerId.cmake
[INFO] [stderr]   -- The C compiler identification is GNU 15.2.0
[INFO] [stderr]      Called from: [3]	/opt/rustwide/cargo-home/registry/src/index.crates.io-1949cf8c6b5b557f/mlx-sys-0.2.0/src/mlx-c/CMakeLists.txt
[INFO] [stderr]                   [2]	/usr/share/cmake-4.2/Modules/CMakeDetermineCCompiler.cmake
[INFO] [stderr]                   [1]	/usr/share/cmake-4.2/Modules/CMakeDetermineCompilerId.cmake
[INFO] [stderr]   -- Detecting CXX compiler ABI info
[INFO] [stderr]      Called from: [3]	/opt/rustwide/cargo-home/registry/src/index.crates.io-1949cf8c6b5b557f/mlx-sys-0.2.0/src/mlx-c/CMakeLists.txt
[INFO] [stderr]                   [2]	/usr/share/cmake-4.2/Modules/CMakeTestCXXCompiler.cmake
[INFO] [stderr]                   [1]	/usr/share/cmake-4.2/Modules/CMakeDetermineCompilerABI.cmake
[INFO] [stderr]   -- Detecting CXX compiler ABI info - done
[INFO] [stderr]      Called from: [3]	/opt/rustwide/cargo-home/registry/src/index.crates.io-1949cf8c6b5b557f/mlx-sys-0.2.0/src/mlx-c/CMakeLists.txt
[INFO] [stderr]                   [2]	/usr/share/cmake-4.2/Modules/CMakeTestCXXCompiler.cmake
[INFO] [stderr]                   [1]	/usr/share/cmake-4.2/Modules/CMakeDetermineCompilerABI.cmake
[INFO] [stderr]   -- Check for working CXX compiler: /usr/bin/c++ - skipped
[INFO] [stderr]      Called from: [2]	/opt/rustwide/cargo-home/registry/src/index.crates.io-1949cf8c6b5b557f/mlx-sys-0.2.0/src/mlx-c/CMakeLists.txt
[INFO] [stderr]                   [1]	/usr/share/cmake-4.2/Modules/CMakeTestCXXCompiler.cmake
[INFO] [stderr]   -- Detecting CXX compile features
[INFO] [stderr]      Called from: [3]	/opt/rustwide/cargo-home/registry/src/index.crates.io-1949cf8c6b5b557f/mlx-sys-0.2.0/src/mlx-c/CMakeLists.txt
[INFO] [stderr]                   [2]	/usr/share/cmake-4.2/Modules/CMakeTestCXXCompiler.cmake
[INFO] [stderr]                   [1]	/usr/share/cmake-4.2/Modules/CMakeDetermineCompilerSupport.cmake
[INFO] [stderr]   -- Detecting CXX compile features - done
[INFO] [stderr]      Called from: [3]	/opt/rustwide/cargo-home/registry/src/index.crates.io-1949cf8c6b5b557f/mlx-sys-0.2.0/src/mlx-c/CMakeLists.txt
[INFO] [stderr]                   [2]	/usr/share/cmake-4.2/Modules/CMakeTestCXXCompiler.cmake
[INFO] [stderr]                   [1]	/usr/share/cmake-4.2/Modules/CMakeDetermineCompilerSupport.cmake
[INFO] [stderr]   -- Detecting C compiler ABI info
[INFO] [stderr]      Called from: [3]	/opt/rustwide/cargo-home/registry/src/index.crates.io-1949cf8c6b5b557f/mlx-sys-0.2.0/src/mlx-c/CMakeLists.txt
[INFO] [stderr]                   [2]	/usr/share/cmake-4.2/Modules/CMakeTestCCompiler.cmake
[INFO] [stderr]                   [1]	/usr/share/cmake-4.2/Modules/CMakeDetermineCompilerABI.cmake
[INFO] [stderr]   -- Detecting C compiler ABI info - done
[INFO] [stderr]      Called from: [3]	/opt/rustwide/cargo-home/registry/src/index.crates.io-1949cf8c6b5b557f/mlx-sys-0.2.0/src/mlx-c/CMakeLists.txt
[INFO] [stderr]                   [2]	/usr/share/cmake-4.2/Modules/CMakeTestCCompiler.cmake
[INFO] [stderr]                   [1]	/usr/share/cmake-4.2/Modules/CMakeDetermineCompilerABI.cmake
[INFO] [stderr]   -- Check for working C compiler: /usr/bin/cc - skipped
[INFO] [stderr]      Called from: [2]	/opt/rustwide/cargo-home/registry/src/index.crates.io-1949cf8c6b5b557f/mlx-sys-0.2.0/src/mlx-c/CMakeLists.txt
[INFO] [stderr]                   [1]	/usr/share/cmake-4.2/Modules/CMakeTestCCompiler.cmake
[INFO] [stderr]   -- Detecting C compile features
[INFO] [stderr]      Called from: [3]	/opt/rustwide/cargo-home/registry/src/index.crates.io-1949cf8c6b5b557f/mlx-sys-0.2.0/src/mlx-c/CMakeLists.txt
[INFO] [stderr]                   [2]	/usr/share/cmake-4.2/Modules/CMakeTestCCompiler.cmake
[INFO] [stderr]                   [1]	/usr/share/cmake-4.2/Modules/CMakeDetermineCompilerSupport.cmake
[INFO] [stderr]   -- Detecting C compile features - done
[INFO] [stderr]      Called from: [3]	/opt/rustwide/cargo-home/registry/src/index.crates.io-1949cf8c6b5b557f/mlx-sys-0.2.0/src/mlx-c/CMakeLists.txt
[INFO] [stderr]                   [2]	/usr/share/cmake-4.2/Modules/CMakeTestCCompiler.cmake
[INFO] [stderr]                   [1]	/usr/share/cmake-4.2/Modules/CMakeDetermineCompilerSupport.cmake
[INFO] [stderr]   -- Configuring incomplete, errors occurred!
[INFO] [stderr] 
[INFO] [stderr]   --- stderr
[INFO] [stderr]   running: cd "/opt/rustwide/target/debug/build/mlx-sys/ffe259ffffb62f40/out/build" && CMAKE_PREFIX_PATH="" LC_ALL="C" "cmake" "-Wdev" "--debug-output" "/opt/rustwide/cargo-home/registry/src/index.crates.io-1949cf8c6b5b557f/mlx-sys-0.2.0/src/mlx-c" "-B" "/opt/rustwide/target/debug/build/mlx-sys/ffe259ffffb62f40/out/build" "-DCMAKE_INSTALL_PREFIX=." "-DCMAKE_BUILD_TYPE=Debug" "-DMLX_BUILD_METAL=OFF" "-DMLX_BUILD_ACCELERATE=OFF" "-DMLX_BUILD_METAL=ON" "-DMLX_BUILD_ACCELERATE=ON" "-DCMAKE_C_FLAGS= -ffunction-sections -fdata-sections -fPIC -m64 -w" "-DCMAKE_C_COMPILER=/usr/bin/cc" "-DCMAKE_CXX_FLAGS= -ffunction-sections -fdata-sections -fPIC -m64 -w" "-DCMAKE_CXX_COMPILER=/usr/bin/c++" "-DCMAKE_ASM_FLAGS= -ffunction-sections -fdata-sections -fPIC -m64 -w" "-DCMAKE_ASM_COMPILER=/usr/bin/cc" "-DCMAKE_VERBOSE_MAKEFILE:BOOL=ON"
[INFO] [stderr]   CMake Warning (dev) at /usr/share/cmake-4.2/Modules/CMakeDetermineCompiler.cmake:128 (set):
[INFO] [stderr]     Policy CMP0126 is not set: set(CACHE) does not remove a normal variable of
[INFO] [stderr]     the same name.  Run "cmake --help-policy CMP0126" for policy details.  Use
[INFO] [stderr]     the cmake_policy command to set the policy and suppress this warning.
[INFO] [stderr] 
[INFO] [stderr]     For compatibility with older versions of CMake, normal variable
[INFO] [stderr]     "CMAKE_CXX_COMPILER" will be removed from the current scope.
[INFO] [stderr]   Call Stack (most recent call first):
[INFO] [stderr]     /usr/share/cmake-4.2/Modules/CMakeDetermineCXXCompiler.cmake:71 (_cmake_find_compiler_path)
[INFO] [stderr]     CMakeLists.txt:6 (project)
[INFO] [stderr]   This warning is for project developers.  Use -Wno-dev to suppress it.
[INFO] [stderr] 
[INFO] [stderr]      Called from: [3]	/opt/rustwide/cargo-home/registry/src/index.crates.io-1949cf8c6b5b557f/mlx-sys-0.2.0/src/mlx-c/CMakeLists.txt
[INFO] [stderr]                   [2]	/usr/share/cmake-4.2/Modules/CMakeDetermineCXXCompiler.cmake
[INFO] [stderr]                   [1]	/usr/share/cmake-4.2/Modules/CMakeDetermineCompiler.cmake
[INFO] [stderr]   CMake Warning (dev) at /usr/share/cmake-4.2/Modules/CMakeDetermineCompiler.cmake:128 (set):
[INFO] [stderr]     Policy CMP0126 is not set: set(CACHE) does not remove a normal variable of
[INFO] [stderr]     the same name.  Run "cmake --help-policy CMP0126" for policy details.  Use
[INFO] [stderr]     the cmake_policy command to set the policy and suppress this warning.
[INFO] [stderr] 
[INFO] [stderr]     For compatibility with older versions of CMake, normal variable
[INFO] [stderr]     "CMAKE_C_COMPILER" will be removed from the current scope.
[INFO] [stderr]   Call Stack (most recent call first):
[INFO] [stderr]     /usr/share/cmake-4.2/Modules/CMakeDetermineCCompiler.cmake:67 (_cmake_find_compiler_path)
[INFO] [stderr]     CMakeLists.txt:6 (project)
[INFO] [stderr]   This warning is for project developers.  Use -Wno-dev to suppress it.
[INFO] [stderr] 
[INFO] [stderr]      Called from: [3]	/opt/rustwide/cargo-home/registry/src/index.crates.io-1949cf8c6b5b557f/mlx-sys-0.2.0/src/mlx-c/CMakeLists.txt
[INFO] [stderr]                   [2]	/usr/share/cmake-4.2/Modules/CMakeDetermineCCompiler.cmake
[INFO] [stderr]                   [1]	/usr/share/cmake-4.2/Modules/CMakeDetermineCompiler.cmake
[INFO] [stderr]   CMake Warning (dev) at /usr/share/cmake-4.2/Modules/CMakeFindBinUtils.cmake:243 (find_program):
[INFO] [stderr]     Policy CMP0126 is not set: set(CACHE) does not remove a normal variable of
[INFO] [stderr]     the same name.  Run "cmake --help-policy CMP0126" for policy details.  Use
[INFO] [stderr]     the cmake_policy command to set the policy and suppress this warning.
[INFO] [stderr] 
[INFO] [stderr]     For compatibility with older versions of CMake, normal variable
[INFO] [stderr]     "CMAKE_TAPI" will be removed from the current scope.
[INFO] [stderr]   Call Stack (most recent call first):
[INFO] [stderr]     /usr/share/cmake-4.2/Modules/CMakeDetermineCCompiler.cmake:200 (include)
[INFO] [stderr]     CMakeLists.txt:6 (project)
[INFO] [stderr]   This warning is for project developers.  Use -Wno-dev to suppress it.
[INFO] [stderr] 
[INFO] [stderr]      Called from: [3]	/opt/rustwide/cargo-home/registry/src/index.crates.io-1949cf8c6b5b557f/mlx-sys-0.2.0/src/mlx-c/CMakeLists.txt
[INFO] [stderr]                   [2]	/usr/share/cmake-4.2/Modules/CMakeDetermineCCompiler.cmake
[INFO] [stderr]                   [1]	/usr/share/cmake-4.2/Modules/CMakeFindBinUtils.cmake
[INFO] [stderr]   [ 11%] Creating directories for 'mlx-populate'
[INFO] [stderr]   [ 22%] Performing download step (git clone) for 'mlx-populate'
[INFO] [stderr]   Cloning into 'mlx-src'...
[INFO] [stderr]   fatal: unable to access 'https://github.com/ml-explore/mlx.git/': Could not resolve host: github.com
[INFO] [stderr]   Cloning into 'mlx-src'...
[INFO] [stderr]   fatal: unable to access 'https://github.com/ml-explore/mlx.git/': Could not resolve host: github.com
[INFO] [stderr]   Cloning into 'mlx-src'...
[INFO] [stderr]   fatal: unable to access 'https://github.com/ml-explore/mlx.git/': Could not resolve host: github.com
[INFO] [stderr]   Had to git clone more than once: 3 times.
[INFO] [stderr]   CMake Error at mlx-subbuild/mlx-populate-prefix/tmp/mlx-populate-gitclone.cmake:50 (message):
[INFO] [stderr]     Failed to clone repository: 'https://github.com/ml-explore/mlx.git'
[INFO] [stderr] 
[INFO] [stderr] 
[INFO] [stderr]   gmake[2]: *** [CMakeFiles/mlx-populate.dir/build.make:102: mlx-populate-prefix/src/mlx-populate-stamp/mlx-populate-download] Error 1
[INFO] [stderr]   gmake[1]: *** [CMakeFiles/Makefile2:87: CMakeFiles/mlx-populate.dir/all] Error 2
[INFO] [stderr]   gmake: *** [Makefile:91: all] Error 2
[INFO] [stderr] 
[INFO] [stderr]      Called from: [6]	/opt/rustwide/cargo-home/registry/src/index.crates.io-1949cf8c6b5b557f/mlx-sys-0.2.0/src/mlx-c/CMakeLists.txt
[INFO] [stderr]                   [5]	/usr/share/cmake-4.2/Modules/FetchContent.cmake
[INFO] [stderr]                   [4]	/usr/share/cmake-4.2/Modules/FetchContent.cmake
[INFO] [stderr]                   [3]	/usr/share/cmake-4.2/Modules/FetchContent.cmake:2155:EVAL
[INFO] [stderr]                   [2]	/usr/share/cmake-4.2/Modules/FetchContent.cmake
[INFO] [stderr]                   [1]	/usr/share/cmake-4.2/Modules/FetchContent.cmake
[INFO] [stderr]   CMake Error at /usr/share/cmake-4.2/Modules/FetchContent.cmake:1928 (message):
[INFO] [stderr]     Build step for mlx failed: 2
[INFO] [stderr]   Call Stack (most recent call first):
[INFO] [stderr]     /usr/share/cmake-4.2/Modules/FetchContent.cmake:1619 (__FetchContent_populateSubbuild)
[INFO] [stderr]     /usr/share/cmake-4.2/Modules/FetchContent.cmake:2155:EVAL:2 (__FetchContent_doPopulation)
[INFO] [stderr]     /usr/share/cmake-4.2/Modules/FetchContent.cmake:2155 (cmake_language)
[INFO] [stderr]     /usr/share/cmake-4.2/Modules/FetchContent.cmake:2394 (__FetchContent_Populate)
[INFO] [stderr]     CMakeLists.txt:39 (FetchContent_MakeAvailable)
[INFO] [stderr] 
[INFO] [stderr] 
[INFO] [stderr]      Called from: [6]	/opt/rustwide/cargo-home/registry/src/index.crates.io-1949cf8c6b5b557f/mlx-sys-0.2.0/src/mlx-c/CMakeLists.txt
[INFO] [stderr]                   [5]	/usr/share/cmake-4.2/Modules/FetchContent.cmake
[INFO] [stderr]                   [4]	/usr/share/cmake-4.2/Modules/FetchContent.cmake
[INFO] [stderr]                   [3]	/usr/share/cmake-4.2/Modules/FetchContent.cmake:2155:EVAL
[INFO] [stderr]                   [2]	/usr/share/cmake-4.2/Modules/FetchContent.cmake
[INFO] [stderr]                   [1]	/usr/share/cmake-4.2/Modules/FetchContent.cmake
[INFO] [stderr] 
[INFO] [stderr]   thread 'main' (1879) panicked at /opt/rustwide/cargo-home/registry/src/index.crates.io-1949cf8c6b5b557f/cmake-0.1.57/src/lib.rs:1132:5:
[INFO] [stderr] 
[INFO] [stderr]   command did not execute successfully, got: exit status: 1
[INFO] [stderr] 
[INFO] [stderr]   build script failed, must exit now
[INFO] [stderr]   stack backtrace:
[INFO] [stderr]      0:     0x582eb71e9ad1 - std[ddd612a2d0d29126]::backtrace_rs::backtrace::libunwind::trace
[INFO] [stderr]                                  at /rustc/eca445e5ae4a6679cc27d3a09106ce245e13a5a6/library/std/src/../../backtrace/src/backtrace/libunwind.rs:117:9
[INFO] [stderr]      1:     0x582eb71e9ad1 - std[ddd612a2d0d29126]::backtrace_rs::backtrace::trace_unsynchronized::<std[ddd612a2d0d29126]::sys::backtrace::_print_fmt::{closure#1}>
[INFO] [stderr]                                  at /rustc/eca445e5ae4a6679cc27d3a09106ce245e13a5a6/library/std/src/../../backtrace/src/backtrace/mod.rs:66:14
[INFO] [stderr]      2:     0x582eb71e9ad1 - std[ddd612a2d0d29126]::sys::backtrace::_print_fmt
[INFO] [stderr]                                  at /rustc/eca445e5ae4a6679cc27d3a09106ce245e13a5a6/library/std/src/sys/backtrace.rs:74:9
[INFO] [stderr]      3:     0x582eb71e9ad1 - <<std[ddd612a2d0d29126]::sys::backtrace::BacktraceLock>::print::DisplayBacktrace as core[f261d1bed676f694]::fmt::Display>::fmt
[INFO] [stderr]                                  at /rustc/eca445e5ae4a6679cc27d3a09106ce245e13a5a6/library/std/src/sys/backtrace.rs:44:26
[INFO] [stderr]      4:     0x582eb720186a - <core[f261d1bed676f694]::fmt::rt::Argument>::fmt
[INFO] [stderr]                                  at /rustc/eca445e5ae4a6679cc27d3a09106ce245e13a5a6/library/core/src/fmt/rt.rs:152:76
[INFO] [stderr]      5:     0x582eb720186a - core[f261d1bed676f694]::fmt::write
[INFO] [stderr]      6:     0x582eb71efcbc - core[f261d1bed676f694]::io::write::default_write_fmt::<std[ddd612a2d0d29126]::sys::stdio::unix::Stderr>
[INFO] [stderr]                                  at /rustc/eca445e5ae4a6679cc27d3a09106ce245e13a5a6/library/core/src/io/write.rs:402:11
[INFO] [stderr]      7:     0x582eb71efcbc - <std[ddd612a2d0d29126]::sys::stdio::unix::Stderr as core[f261d1bed676f694]::io::write::Write>::write_fmt
[INFO] [stderr]                                  at /rustc/eca445e5ae4a6679cc27d3a09106ce245e13a5a6/library/core/src/io/write.rs:335:13
[INFO] [stderr]      8:     0x582eb71c6976 - <std[ddd612a2d0d29126]::sys::backtrace::BacktraceLock>::print
[INFO] [stderr]                                  at /rustc/eca445e5ae4a6679cc27d3a09106ce245e13a5a6/library/std/src/sys/backtrace.rs:47:9
[INFO] [stderr]      9:     0x582eb71c6976 - std[ddd612a2d0d29126]::panicking::default_hook::{closure#0}
[INFO] [stderr]                                  at /rustc/eca445e5ae4a6679cc27d3a09106ce245e13a5a6/library/std/src/panicking.rs:289:27
[INFO] [stderr]     10:     0x582eb71e37e1 - std[ddd612a2d0d29126]::panicking::default_hook
[INFO] [stderr]                                  at /rustc/eca445e5ae4a6679cc27d3a09106ce245e13a5a6/library/std/src/panicking.rs:316:9
[INFO] [stderr]     11:     0x582eb71e3b0b - std[ddd612a2d0d29126]::panicking::panic_with_hook
[INFO] [stderr]                                  at /rustc/eca445e5ae4a6679cc27d3a09106ce245e13a5a6/library/std/src/panicking.rs:811:13
[INFO] [stderr]     12:     0x582eb71c6a22 - std[ddd612a2d0d29126]::panicking::panic_handler::{closure#0}
[INFO] [stderr]                                  at /rustc/eca445e5ae4a6679cc27d3a09106ce245e13a5a6/library/std/src/panicking.rs:685:13
[INFO] [stderr]     13:     0x582eb71c0749 - std[ddd612a2d0d29126]::sys::backtrace::__rust_end_short_backtrace::<std[ddd612a2d0d29126]::panicking::panic_handler::{closure#0}, !>
[INFO] [stderr]                                  at /rustc/eca445e5ae4a6679cc27d3a09106ce245e13a5a6/library/std/src/sys/backtrace.rs:182:18
[INFO] [stderr]     14:     0x582eb71c725d - __rustc[238efcafc60ef14c]::rust_begin_unwind
[INFO] [stderr]                                  at /rustc/eca445e5ae4a6679cc27d3a09106ce245e13a5a6/library/std/src/panicking.rs:676:5
[INFO] [stderr]     15:     0x582eb720210c - core[f261d1bed676f694]::panicking::panic_fmt
[INFO] [stderr]                                  at /rustc/eca445e5ae4a6679cc27d3a09106ce245e13a5a6/library/core/src/panicking.rs:80:14
[INFO] [stderr]     16:     0x582eb714eba7 - cmake[b2260f6040cb694]::fail
[INFO] [stderr]     17:     0x582eb714e833 - cmake[b2260f6040cb694]::run
[INFO] [stderr]     18:     0x582eb7154112 - <cmake[b2260f6040cb694]::Config>::build
[INFO] [stderr]     19:     0x582eb6c43539 - build_script_build[1d23e95a39ccb10]::build_and_link_mlx_c
[INFO] [stderr]     20:     0x582eb6c4384d - build_script_build[1d23e95a39ccb10]::main
[INFO] [stderr]     21:     0x582eb6c44e73 - <fn() as core[f261d1bed676f694]::ops::function::FnOnce<()>>::call_once
[INFO] [stderr]     22:     0x582eb6c4337e - std[ddd612a2d0d29126]::sys::backtrace::__rust_begin_short_backtrace::<fn(), ()>
[INFO] [stderr]     23:     0x582eb6c43389 - std[ddd612a2d0d29126]::rt::lang_start::<()>::{closure#0}
[INFO] [stderr]     24:     0x582eb71e2ad8 - <&dyn core[f261d1bed676f694]::ops::function::Fn<(), Output = i32> + core[f261d1bed676f694]::marker::Sync + core[f261d1bed676f694]::panic::unwind_safe::RefUnwindSafe as core[f261d1bed676f694]::ops::function::FnOnce<()>>::call_once
[INFO] [stderr]                                  at /rustc/eca445e5ae4a6679cc27d3a09106ce245e13a5a6/library/core/src/ops/function.rs:287:21
[INFO] [stderr]     25:     0x582eb71e2ad8 - std[ddd612a2d0d29126]::panicking::catch_unwind::do_call::<&dyn core[f261d1bed676f694]::ops::function::Fn<(), Output = i32> + core[f261d1bed676f694]::marker::Sync + core[f261d1bed676f694]::panic::unwind_safe::RefUnwindSafe, i32>
[INFO] [stderr]                                  at /rustc/eca445e5ae4a6679cc27d3a09106ce245e13a5a6/library/std/src/panicking.rs:573:43
[INFO] [stderr]     26:     0x582eb71e2ad8 - std[ddd612a2d0d29126]::panicking::catch_unwind::<i32, &dyn core[f261d1bed676f694]::ops::function::Fn<(), Output = i32> + core[f261d1bed676f694]::marker::Sync + core[f261d1bed676f694]::panic::unwind_safe::RefUnwindSafe>
[INFO] [stderr]                                  at /rustc/eca445e5ae4a6679cc27d3a09106ce245e13a5a6/library/std/src/panicking.rs:541:19
[INFO] [stderr]     27:     0x582eb71e2ad8 - std[ddd612a2d0d29126]::panic::catch_unwind::<&dyn core[f261d1bed676f694]::ops::function::Fn<(), Output = i32> + core[f261d1bed676f694]::marker::Sync + core[f261d1bed676f694]::panic::unwind_safe::RefUnwindSafe, i32>
[INFO] [stderr]                                  at /rustc/eca445e5ae4a6679cc27d3a09106ce245e13a5a6/library/std/src/panic.rs:359:14
[INFO] [stderr]     28:     0x582eb71e2ad8 - std[ddd612a2d0d29126]::rt::lang_start_internal::{closure#0}
[INFO] [stderr]                                  at /rustc/eca445e5ae4a6679cc27d3a09106ce245e13a5a6/library/std/src/rt.rs:175:24
[INFO] [stderr]     29:     0x582eb71e2ad8 - std[ddd612a2d0d29126]::panicking::catch_unwind::do_call::<std[ddd612a2d0d29126]::rt::lang_start_internal::{closure#0}, isize>
[INFO] [stderr]                                  at /rustc/eca445e5ae4a6679cc27d3a09106ce245e13a5a6/library/std/src/panicking.rs:573:43
[INFO] [stderr]     30:     0x582eb71e2ad8 - std[ddd612a2d0d29126]::panicking::catch_unwind::<isize, std[ddd612a2d0d29126]::rt::lang_start_internal::{closure#0}>
[INFO] [stderr]                                  at /rustc/eca445e5ae4a6679cc27d3a09106ce245e13a5a6/library/std/src/panicking.rs:541:19
[INFO] [stderr]     31:     0x582eb71e2ad8 - std[ddd612a2d0d29126]::panic::catch_unwind::<std[ddd612a2d0d29126]::rt::lang_start_internal::{closure#0}, isize>
[INFO] [stderr]                                  at /rustc/eca445e5ae4a6679cc27d3a09106ce245e13a5a6/library/std/src/panic.rs:359:14
[INFO] [stderr]     32:     0x582eb71e2ad8 - std[ddd612a2d0d29126]::rt::lang_start_internal
[INFO] [stderr]                                  at /rustc/eca445e5ae4a6679cc27d3a09106ce245e13a5a6/library/std/src/rt.rs:171:5
[INFO] [stderr]     33:     0x582eb6c42d71 - std[ddd612a2d0d29126]::rt::lang_start::<()>
[INFO] [stderr]     34:     0x582eb6c45095 - main
[INFO] [stderr]     35:     0x75541a9f7601 - <unknown>
[INFO] [stderr]     36:     0x75541a9f7718 - __libc_start_main
[INFO] [stderr]     37:     0x582eb6c41a45 - _start
[INFO] [stderr]     38:                0x0 - <unknown>
[INFO] [stderr] warning: build failed, waiting for other jobs to finish...
[INFO] running `Command { std: "docker" "inspect" "08bd4ccd8b002972de19c68835e234cc4310e58022c5dfe9dd846366c3902cb0", kill_on_drop: false }`
[INFO] running `Command { std: "docker" "rm" "-f" "08bd4ccd8b002972de19c68835e234cc4310e58022c5dfe9dd846366c3902cb0", kill_on_drop: false }`
[INFO] [stdout] 08bd4ccd8b002972de19c68835e234cc4310e58022c5dfe9dd846366c3902cb0
