[INFO] cloning repository https://github.com/meng-luo/kiro.rs
[INFO] running `Command { std: "git" "-c" "credential.helper=" "-c" "credential.helper=/workspace/cargo-home/bin/git-credential-null" "clone" "--bare" "https://github.com/meng-luo/kiro.rs" "/workspace/cache/git-repos/https%3A%2F%2Fgithub.com%2Fmeng-luo%2Fkiro.rs", kill_on_drop: false }`
[INFO] [stderr] Cloning into bare repository '/workspace/cache/git-repos/https%3A%2F%2Fgithub.com%2Fmeng-luo%2Fkiro.rs'...
[INFO] running `Command { std: "git" "rev-parse" "HEAD", kill_on_drop: false }`
[INFO] [stdout] 8bd9bea01078ed99d268aad3b92de7987c8368ae
[INFO] checking meng-luo/kiro.rs/8bd9bea01078ed99d268aad3b92de7987c8368ae against eca445e5ae4a6679cc27d3a09106ce245e13a5a6 for pr-162478
[INFO] running `Command { std: "git" "clone" "/workspace/cache/git-repos/https%3A%2F%2Fgithub.com%2Fmeng-luo%2Fkiro.rs" "/workspace/builds/worker-0-tc1/source", kill_on_drop: false }`
[INFO] [stderr] Cloning into '/workspace/builds/worker-0-tc1/source'...
[INFO] [stderr] done.
[INFO] started tweaking git repo https://github.com/meng-luo/kiro.rs
[INFO] finished tweaking git repo https://github.com/meng-luo/kiro.rs
[INFO] tweaked toml for git repo https://github.com/meng-luo/kiro.rs written to /workspace/builds/worker-0-tc1/source/Cargo.toml
[INFO] validating manifest of git repo https://github.com/meng-luo/kiro.rs on toolchain eca445e5ae4a6679cc27d3a09106ce245e13a5a6
[INFO] running `Command { std: CARGO_HOME="/workspace/cargo-home" RUSTUP_HOME="/workspace/rustup-home" "/workspace/cargo-home/bin/cargo" "+eca445e5ae4a6679cc27d3a09106ce245e13a5a6" "metadata" "--manifest-path" "Cargo.toml" "--no-deps", kill_on_drop: false }`
[INFO] crate git repo https://github.com/meng-luo/kiro.rs already has a lockfile, it will not be regenerated
[INFO] running `Command { std: CARGO_HOME="/workspace/cargo-home" RUSTUP_HOME="/workspace/rustup-home" "/workspace/cargo-home/bin/cargo" "+eca445e5ae4a6679cc27d3a09106ce245e13a5a6" "fetch" "--manifest-path" "Cargo.toml", kill_on_drop: false }`
[INFO] [stderr]     Updating crates.io index
[INFO] [stderr]  Downloading crates ...
[INFO] [stderr]   Downloaded zopfli v0.8.3
[INFO] [stderr]   Downloaded crc v3.4.0
[INFO] [stderr]   Downloaded rust-embed-utils v8.9.0
[INFO] [stderr]   Downloaded atomic v0.6.1
[INFO] [stderr]   Downloaded rust-embed-impl v8.9.0
[INFO] [stderr]   Downloaded either v1.18.0
[INFO] [stderr]   Downloaded async-trait v0.1.92
[INFO] [stderr]   Downloaded rustls-native-certs v0.8.3
[INFO] [stderr]   Downloaded hashlink v0.9.1
[INFO] [stderr]   Downloaded find-msvc-tools v0.1.6
[INFO] [stderr]   Downloaded quinn-udp v0.5.14
[INFO] [stderr]   Downloaded zmij v1.0.0
[INFO] [stderr]   Downloaded rustls-pki-types v1.13.2
[INFO] [stderr]   Downloaded backon v1.6.0
[INFO] [stderr]   Downloaded socket2 v0.6.1
[INFO] [stderr]   Downloaded tar v0.4.46
[INFO] [stderr]   Downloaded arc-swap v1.9.2
[INFO] [stderr]   Downloaded openssl-sys v0.9.112
[INFO] [stderr]   Downloaded quinn v0.11.9
[INFO] [stderr]   Downloaded cc v1.2.51
[INFO] [stderr]   Downloaded hyper-util v0.1.19
[INFO] [stderr]   Downloaded num-bigint v0.4.8
[INFO] [stderr]   Downloaded tower-http v0.6.8
[INFO] [stderr]   Downloaded tokio-util v0.7.17
[INFO] [stderr]   Downloaded combine v4.6.8
[INFO] [stderr]   Downloaded iri-string v0.7.9
[INFO] [stderr]   Downloaded rusqlite v0.32.1
[INFO] [stderr]   Downloaded serde_json v1.0.148
[INFO] [stderr]   Downloaded h2 v0.4.13
[INFO] [stderr]   Downloaded openssl v0.10.76
[INFO] [stderr]   Downloaded quinn-proto v0.11.13
[INFO] [stderr]   Downloaded redis v0.27.6
[INFO] [stderr]   Downloaded syn v3.0.4
[INFO] [stderr]   Downloaded tokio v1.48.0
[INFO] [stderr]   Downloaded rust-embed v8.9.0
[INFO] [stderr]   Downloaded libsqlite3-sys v0.30.1
[INFO] [stderr]   Downloaded openssl-src v300.5.5+3.5.5
[INFO] running `Command { std: "docker" "create" "-v" "/var/lib/crater-agent-workspace/builds/worker-0-tc1/source:/opt/rustwide/workdir:ro,Z" "-v" "/var/lib/crater-agent-workspace/builds/worker-0-tc1/target:/opt/rustwide/target:rw,Z" "-v" "/var/lib/crater-agent-workspace/cargo-home:/opt/rustwide/cargo-home:ro,Z" "-v" "/var/lib/crater-agent-workspace/rustup-home:/opt/rustwide/rustup-home:ro,Z" "-m" "1610612736" "--network" "none" "ghcr.io/rust-lang/crates-build-env/linux@sha256:8683fc1fc2eb5c9ac98e0d076ab094b2ffac7f99da555d2b6a2e27f346de2ec7" "sleep" "infinity", kill_on_drop: false }`
[INFO] [stdout] 3a9c307a1cb1df8e051f679930f8a8b63e56748182ec77dd353aad28dbf13a9b
[INFO] running `Command { std: "docker" "start" "3a9c307a1cb1df8e051f679930f8a8b63e56748182ec77dd353aad28dbf13a9b", kill_on_drop: false }`
[INFO] running `Command { std: "docker" "inspect" "3a9c307a1cb1df8e051f679930f8a8b63e56748182ec77dd353aad28dbf13a9b", kill_on_drop: false }`
[INFO] running `Command { std: "docker" "exec" "-e" "SOURCE_DIR=/opt/rustwide/workdir" "-e" "CARGO_HOME=/opt/rustwide/cargo-home" "-e" "RUSTUP_HOME=/opt/rustwide/rustup-home" "-e" "CARGO_TARGET_DIR=/opt/rustwide/target" "-w" "/opt/rustwide/workdir" "--user" "0:0" "3a9c307a1cb1df8e051f679930f8a8b63e56748182ec77dd353aad28dbf13a9b" "/opt/rustwide/cargo-home/bin/cargo" "+eca445e5ae4a6679cc27d3a09106ce245e13a5a6" "metadata" "--no-deps" "--format-version=1", kill_on_drop: false }`
[INFO] running `Command { std: "docker" "inspect" "3a9c307a1cb1df8e051f679930f8a8b63e56748182ec77dd353aad28dbf13a9b", kill_on_drop: false }`
[INFO] running `Command { std: "docker" "exec" "-e" "SOURCE_DIR=/opt/rustwide/workdir" "-e" "CARGO_HOME=/opt/rustwide/cargo-home" "-e" "RUSTUP_HOME=/opt/rustwide/rustup-home" "-e" "CARGO_TARGET_DIR=/opt/rustwide/target" "-e" "CARGO_INCREMENTAL=0" "-e" "RUST_BACKTRACE=full" "-e" "RUSTFLAGS=--cap-lints=forbid" "-e" "RUSTDOCFLAGS=--cap-lints=forbid" "-w" "/opt/rustwide/workdir" "--user" "0:0" "3a9c307a1cb1df8e051f679930f8a8b63e56748182ec77dd353aad28dbf13a9b" "/opt/rustwide/cargo-home/bin/cargo" "+eca445e5ae4a6679cc27d3a09106ce245e13a5a6" "check" "--frozen" "--all" "--all-targets" "--message-format=json", kill_on_drop: false }`
[INFO] [stderr]    Compiling proc-macro2 v1.0.103
[INFO] [stderr]    Compiling libc v0.2.178
[INFO] [stderr]    Compiling find-msvc-tools v0.1.6
[INFO] [stderr]     Checking bytes v1.11.0
[INFO] [stderr]     Checking futures-core v0.3.31
[INFO] [stderr]     Checking futures-sink v0.3.31
[INFO] [stderr]     Checking memchr v2.7.6
[INFO] [stderr]     Checking slab v0.4.11
[INFO] [stderr]    Compiling serde_core v1.0.228
[INFO] [stderr]     Checking futures-io v0.3.31
[INFO] [stderr]     Checking futures-task v0.3.31
[INFO] [stderr]     Checking litemap v0.8.1
[INFO] [stderr]     Checking writeable v0.6.2
[INFO] [stderr]     Checking indexmap v2.13.0
[INFO] [stderr]    Compiling num-traits v0.2.19
[INFO] [stderr]    Compiling typenum v1.19.0
[INFO] [stderr]    Compiling icu_normalizer_data v2.1.1
[INFO] [stderr]    Compiling cc v1.2.51
[INFO] [stderr]    Compiling icu_properties_data v2.1.2
[INFO] [stderr]     Checking futures-channel v0.3.31
[INFO] [stderr]     Checking rustls-pki-types v1.13.2
[INFO] [stderr]     Checking simd-adler32 v0.3.9
[INFO] [stderr]    Compiling openssl v0.10.76
[INFO] [stderr]     Checking sync_wrapper v1.0.2
[INFO] [stderr]    Compiling ahash v0.8.12
[INFO] [stderr]    Compiling rustls v0.23.35
[INFO] [stderr]    Compiling native-tls v0.2.18
[INFO] [stderr]     Checking ipnet v2.11.0
[INFO] [stderr]    Compiling rustix v1.1.3
[INFO] [stderr]    Compiling cpufeatures v0.2.17
[INFO] [stderr]    Compiling serde_json v1.0.148
[INFO] [stderr]     Checking ryu v1.0.22
[INFO] [stderr]     Checking miniz_oxide v0.8.9
[INFO] [stderr]     Checking subtle v2.6.1
[INFO] [stderr]    Compiling walkdir v2.5.0
[INFO] [stderr]    Compiling unicase v2.8.1
[INFO] [stderr]     Checking bytemuck v1.24.0
[INFO] [stderr]     Checking zmij v1.0.0
[INFO] [stderr]     Checking regex-syntax v0.8.8
[INFO] [stderr]     Checking fdeflate v0.3.7
[INFO] [stderr]     Checking hashbrown v0.14.5
[INFO] [stderr]     Checking webpki-roots v1.0.4
[INFO] [stderr]     Checking http v1.4.0
[INFO] [stderr]    Compiling mime_guess v2.0.5
[INFO] [stderr]    Compiling quote v1.0.42
[INFO] [stderr]     Checking rustls-native-certs v0.8.3
[INFO] [stderr]     Checking quick-error v2.0.1
[INFO] [stderr]     Checking bumpalo v3.19.1
[INFO] [stderr]     Checking either v1.18.0
[INFO] [stderr]     Checking flate2 v1.1.9
[INFO] [stderr]     Checking zune-core v0.5.1
[INFO] [stderr]    Compiling generic-array v0.14.7
[INFO] [stderr]     Checking num-integer v0.1.47
[INFO] [stderr]     Checking iri-string v0.7.9
[INFO] [stderr]     Checking pxfm v0.1.29
[INFO] [stderr]    Compiling openssl-src v300.5.5+3.5.5
[INFO] [stderr]    Compiling syn v2.0.111
[INFO] [stderr]    Compiling syn v3.0.4
[INFO] [stderr]     Checking byteorder-lite v0.1.0
[INFO] [stderr]     Checking weezl v0.1.12
[INFO] [stderr]     Checking parking_lot_core v0.9.12
[INFO] [stderr]     Checking errno v0.3.14
[INFO] [stderr]     Checking signal-hook-registry v1.4.8
[INFO] [stderr]     Checking socket2 v0.6.1
[INFO] [stderr]     Checking mio v1.1.1
[INFO] [stderr]     Checking http-body v1.0.1
[INFO] [stderr]     Checking parking_lot v0.12.5
[INFO] [stderr]     Checking getrandom v0.2.16
[INFO] [stderr]     Checking getrandom v0.3.4
[INFO] [stderr]     Checking color_quant v1.1.0
[INFO] [stderr]    Compiling zip v2.4.2
[INFO] [stderr]     Checking http-body-util v0.1.3
[INFO] [stderr]     Checking gif v0.14.2
[INFO] [stderr]     Checking image-webp v0.2.4
[INFO] [stderr]     Checking rand_core v0.9.3
[INFO] [stderr]     Checking num-bigint v0.4.8
[INFO] [stderr]     Checking filetime v0.2.29
[INFO] [stderr]     Checking zune-jpeg v0.5.15
[INFO] [stderr]     Checking itertools v0.13.0
[INFO] [stderr]     Checking rand_chacha v0.9.0
[INFO] [stderr]    Compiling crypto-common v0.1.7
[INFO] [stderr]    Compiling block-buffer v0.10.4
[INFO] [stderr]     Checking regex-automata v0.4.13
[INFO] [stderr]    Compiling openssl-sys v0.9.112
[INFO] [stderr]    Compiling ring v0.17.14
[INFO] [stderr]    Compiling digest v0.10.7
[INFO] [stderr]    Compiling libsqlite3-sys v0.30.1
[INFO] [stderr]     Checking rand v0.9.2
[INFO] [stderr]    Compiling sha2 v0.10.9
[INFO] [stderr]     Checking xattr v1.6.1
[INFO] [stderr]     Checking hashlink v0.9.1
[INFO] [stderr]     Checking zopfli v0.8.3
[INFO] [stderr]    Compiling rust-embed-utils v8.9.0
[INFO] [stderr]     Checking backon v1.6.0
[INFO] [stderr]     Checking png v0.18.1
[INFO] [stderr]     Checking atomic v0.6.1
[INFO] [stderr]     Checking arc-swap v1.9.2
[INFO] [stderr]     Checking crc-catalog v2.4.0
[INFO] [stderr]     Checking iana-time-zone v0.1.64
[INFO] [stderr]     Checking matchit v0.8.4
[INFO] [stderr]     Checking sha1_smol v1.0.1
[INFO] [stderr]     Checking crc v3.4.0
[INFO] [stderr]     Checking tar v0.4.46
[INFO] [stderr]     Checking uuid v1.19.0
[INFO] [stderr]     Checking urlencoding v2.1.3
[INFO] [stderr]     Checking serde_path_to_error v0.1.20
[INFO] [stderr]     Checking moxcms v0.8.1
[INFO] [stderr]     Checking matchers v0.2.0
[INFO] [stderr]    Compiling async-trait v0.1.92
[INFO] [stderr]    Compiling synstructure v0.13.2
[INFO] [stderr]     Checking rustls-webpki v0.103.8
[INFO] [stderr]    Compiling tokio-macros v2.6.0
[INFO] [stderr]    Compiling zerovec-derive v0.11.2
[INFO] [stderr]    Compiling displaydoc v0.2.5
[INFO] [stderr]    Compiling tracing-attributes v0.1.31
[INFO] [stderr]    Compiling futures-macro v0.3.31
[INFO] [stderr]    Compiling serde_derive v1.0.228
[INFO] [stderr]    Compiling openssl-macros v0.1.1
[INFO] [stderr]    Compiling thiserror-impl v2.0.17
[INFO] [stderr]    Compiling rust-embed-impl v8.9.0
[INFO] [stderr]    Compiling clap_derive v4.5.49
[INFO] [stderr]    Compiling thiserror-impl v1.0.69
[INFO] [stderr]    Compiling zerofrom-derive v0.1.6
[INFO] [stderr]    Compiling yoke-derive v0.8.1
[INFO] [stderr]     Checking tokio v1.48.0
[INFO] [stderr]     Checking rust-embed v8.9.0
[INFO] [stderr]     Checking futures-util v0.3.31
[INFO] [stderr]     Checking zerofrom v0.1.6
[INFO] [stderr]     Checking yoke v0.8.1
[INFO] [stderr]     Checking thiserror v1.0.69
[INFO] [stderr]     Checking tracing v0.1.44
[INFO] [stderr]     Checking image v0.25.10
[INFO] [stderr]     Checking thiserror v2.0.17
[INFO] [stderr]     Checking axum-core v0.5.6
[INFO] [stderr]     Checking tracing-subscriber v0.3.22
[INFO] [stderr]     Checking zerovec v0.11.5
[INFO] [stderr]     Checking zerotrie v0.2.3
[INFO] [stderr]     Checking clap v4.5.53
[INFO] [stderr]     Checking tinystr v0.8.2
[INFO] [stderr]     Checking potential_utf v0.1.4
[INFO] [stderr]     Checking icu_collections v2.1.1
[INFO] [stderr]     Checking icu_locale_core v2.1.1
[INFO] [stderr]     Checking serde v1.0.228
[INFO] [stderr]     Checking icu_provider v2.1.1
[INFO] [stderr]     Checking icu_normalizer v2.1.1
[INFO] [stderr]     Checking icu_properties v2.1.2
[INFO] [stderr]     Checking serde_urlencoded v0.7.1
[INFO] [stderr]     Checking chrono v0.4.42
[INFO] [stderr]     Checking futures-executor v0.3.31
[INFO] [stderr]     Checking futures v0.3.31
[INFO] [stderr]     Checking idna_adapter v1.2.1
[INFO] [stderr]     Checking idna v1.1.0
[INFO] [stderr]     Checking rusqlite v0.32.1
[INFO] [stderr]     Checking url v2.5.7
[INFO] [stderr]     Checking tokio-util v0.7.17
[INFO] [stderr]     Checking tower v0.5.2
[INFO] [stderr]     Checking tokio-rustls v0.26.4
[INFO] [stderr]     Checking h2 v0.4.13
[INFO] [stderr]     Checking combine v4.6.8
[INFO] [stderr]     Checking tower-http v0.6.8
[INFO] [stderr]     Checking hyper v1.8.1
[INFO] [stderr]     Checking hyper-util v0.1.19
[INFO] [stderr]     Checking redis v0.27.6
[INFO] [stderr]     Checking hyper-rustls v0.27.7
[INFO] [stderr]     Checking axum v0.8.8
[INFO] [stderr]     Checking tokio-native-tls v0.3.1
[INFO] [stderr]     Checking hyper-tls v0.6.0
[INFO] [stderr]     Checking reqwest v0.12.28
[INFO] [stderr]     Checking kiro-rs v0.8.0 (/opt/rustwide/workdir)
[INFO] [stdout] error: #[derive(RustEmbed)] folder '/opt/rustwide/workdir/admin-ui/dist' does not exist. cwd: '/opt/rustwide/workdir'
[INFO] [stdout]   --> src/admin_ui/router.rs:12:1
[INFO] [stdout]    |
[INFO] [stdout] 12 | / /// 嵌入前端构建产物
[INFO] [stdout] 13 | | #[derive(Embed)]
[INFO] [stdout] 14 | | #[folder = "admin-ui/dist"]
[INFO] [stdout] 15 | | struct Asset;
[INFO] [stdout]    | |_____________^
[INFO] [stdout] 
[INFO] [stdout] 
[INFO] [stdout] error: #[derive(RustEmbed)] folder '/opt/rustwide/workdir/admin-ui/dist' does not exist. cwd: '/opt/rustwide/workdir'
[INFO] [stdout]   --> src/admin_ui/router.rs:12:1
[INFO] [stdout]    |
[INFO] [stdout] 12 | / /// 嵌入前端构建产物
[INFO] [stdout] 13 | | #[derive(Embed)]
[INFO] [stdout] 14 | | #[folder = "admin-ui/dist"]
[INFO] [stdout] 15 | | struct Asset;
[INFO] [stdout]    | |_____________^
[INFO] [stdout] 
[INFO] [stdout] 
[INFO] [stdout] error[E0599]: no associated function or constant named `get` found for struct `Asset` in the current scope
[INFO] [stdout]   --> src/admin_ui/router.rs:42:35
[INFO] [stdout]    |
[INFO] [stdout] 15 | struct Asset;
[INFO] [stdout]    | ------------ associated function or constant `get` not found for this struct
[INFO] [stdout] ...
[INFO] [stdout] 42 |     if let Some(content) = Asset::get(path) {
[INFO] [stdout]    |                                   ^^^ associated function or constant not found in `Asset`
[INFO] [stdout]    |
[INFO] [stdout]    = help: items from traits can only be used if the trait is implemented and in scope
[INFO] [stdout]    = note: the following traits define an item `get`, perhaps you need to implement one of them:
[INFO] [stdout]            candidate #1: `AsyncCommands`
[INFO] [stdout]            candidate #2: `Commands`
[INFO] [stdout]            candidate #3: `Embed`
[INFO] [stdout]            candidate #4: `SliceIndex`
[INFO] [stdout]            candidate #5: `fallible_streaming_iterator::FallibleStreamingIterator`
[INFO] [stdout]            candidate #6: `icu_collections::codepointtrie::cptrie::TypedCodePointTrie`
[INFO] [stdout]            candidate #7: `icu_properties::names::PropertyEnumToValueNameLookup`
[INFO] [stdout]            candidate #8: `icu_provider::baked::DataStore`
[INFO] [stdout]            candidate #9: `itertools::Itertools`
[INFO] [stdout]            candidate #10: `rustls::server::server_conn::StoresServerSessions`
[INFO] [stdout] 
[INFO] [stdout] 
[INFO] [stdout] error[E0599]: no associated function or constant named `get` found for struct `Asset` in the current scope
[INFO] [stdout]   --> src/admin_ui/router.rs:42:35
[INFO] [stdout]    |
[INFO] [stdout] 15 | struct Asset;
[INFO] [stdout]    | ------------ associated function or constant `get` not found for this struct
[INFO] [stdout] ...
[INFO] [stdout] 42 |     if let Some(content) = Asset::get(path) {
[INFO] [stdout]    |                                   ^^^ associated function or constant not found in `Asset`
[INFO] [stdout]    |
[INFO] [stdout]    = help: items from traits can only be used if the trait is implemented and in scope
[INFO] [stdout]    = note: the following traits define an item `get`, perhaps you need to implement one of them:
[INFO] [stdout]            candidate #1: `AsyncCommands`
[INFO] [stdout]            candidate #2: `Commands`
[INFO] [stdout]            candidate #3: `Embed`
[INFO] [stdout]            candidate #4: `SliceIndex`
[INFO] [stdout]            candidate #5: `fallible_streaming_iterator::FallibleStreamingIterator`
[INFO] [stdout]            candidate #6: `icu_collections::codepointtrie::cptrie::TypedCodePointTrie`
[INFO] [stdout]            candidate #7: `icu_properties::names::PropertyEnumToValueNameLookup`
[INFO] [stdout]            candidate #8: `icu_provider::baked::DataStore`
[INFO] [stdout]            candidate #9: `itertools::Itertools`
[INFO] [stdout]            candidate #10: `rustls::server::server_conn::StoresServerSessions`
[INFO] [stdout] 
[INFO] [stdout] 
[INFO] [stdout] warning: overflow evaluating the requirement `{async block@src/anthropic/websearch_loop.rs:1316:18: 1316:28}: std::marker::Send`
[INFO] [stdout]     --> src/anthropic/websearch_loop.rs:1316:5
[INFO] [stdout]      |
[INFO] [stdout] 1316 | /     tokio::spawn(async move {
[INFO] [stdout] 1317 | |         let receiver_guard = sender.clone();
[INFO] [stdout] 1318 | |         let mut emitter = WebSearchSseEmitter::new(sender);
[INFO] [stdout] ...    |
[INFO] [stdout] 1360 | |     });
[INFO] [stdout]      | |______^
[INFO] [stdout]      |
[INFO] [stdout]      = note: which requires `{coroutine witness@src/anthropic/websearch_loop.rs:1316:18: 1316:28}: std::marker::Send`
[INFO] [stdout]      = note: which requires `impl futures::Future<Output = std::option::Option<<futures::future::CatchUnwind<AssertUnwindSafe<impl futures::Future<Output = http::Response<axum::body::Body>>>> as futures::Future>::Output>>: std::marker::Send`
[INFO] [stdout]      = note: which requires `{async fn body of websearch_loop::while_receiver_open<futures::future::CatchUnwind<AssertUnwindSafe<impl futures::Future<Output = http::Response<axum::body::Body>>>>>()}: std::marker::Send`
[INFO] [stdout]      = note: which requires `{coroutine witness@src/anthropic/websearch_loop.rs:1082:1: 1095:2}: std::marker::Send`
[INFO] [stdout]      = note: which requires `std::future::PollFn<{closure@/opt/rustwide/cargo-home/registry/src/index.crates.io-1949cf8c6b5b557f/tokio-1.48.0/src/macros/select.rs:661:46: 661:50}>: std::marker::Send`
[INFO] [stdout]      = note: which requires `{closure@/opt/rustwide/cargo-home/registry/src/index.crates.io-1949cf8c6b5b557f/tokio-1.48.0/src/macros/select.rs:661:46: 661:50}: std::marker::Send`
[INFO] [stdout]      = note: which requires `(&mut u8, &mut (&mut Pin<Box<futures::future::CatchUnwind<AssertUnwindSafe<impl futures::Future<Output = _>>>>>, _)): std::marker::Send`
[INFO] [stdout]      = note: which requires `&mut (&mut Pin<Box<futures::future::CatchUnwind<AssertUnwindSafe<impl futures::Future<Output = http::Response<axum::body::Body>>>>>>, impl futures::Future<Output = ()>): std::marker::Send`
[INFO] [stdout]      = note: which requires `(&mut Pin<Box<futures::future::CatchUnwind<AssertUnwindSafe<impl futures::Future<Output = http::Response<axum::body::Body>>>>>>, impl futures::Future<Output = ()>): std::marker::Send`
[INFO] [stdout]      = note: which requires `&mut Pin<Box<futures::future::CatchUnwind<AssertUnwindSafe<impl futures::Future<Output = http::Response<axum::body::Body>>>>>>: std::marker::Send`
[INFO] [stdout]      = note: which requires `Pin<Box<futures::future::CatchUnwind<AssertUnwindSafe<impl futures::Future<Output = http::Response<axum::body::Body>>>>>>: std::marker::Send`
[INFO] [stdout]      = note: which requires `Box<futures::future::CatchUnwind<AssertUnwindSafe<impl futures::Future<Output = http::Response<axum::body::Body>>>>>: std::marker::Send`
[INFO] [stdout]      = note: which requires `std::ptr::Unique<futures::future::CatchUnwind<AssertUnwindSafe<impl futures::Future<Output = http::Response<axum::body::Body>>>>>: std::marker::Send`
[INFO] [stdout]      = note: which requires `futures::future::CatchUnwind<AssertUnwindSafe<impl futures::Future<Output = http::Response<axum::body::Body>>>>: std::marker::Send`
[INFO] [stdout]      = note: which requires `AssertUnwindSafe<impl futures::Future<Output = http::Response<axum::body::Body>>>: std::marker::Send`
[INFO] [stdout]      = note: and so on...
[INFO] [stdout]      = help: consider adding a manual `impl` of auto traits like `Send` for intermediate types, if auto traits are involved
[INFO] [stdout]      = help: or consider increasing the recursion limit by adding a `#![recursion_limit = "256"]` attribute to your crate (`kiro_rs`)
[INFO] [stdout]      = note: this lint is attached to the whole crate and can't be disabled on a per-function basis
[INFO] [stdout]      = warning: this was previously accepted by the compiler but is being phased out; it will become a hard error in a future release!
[INFO] [stdout]      = note: for more information, see issue #159228 <https://github.com/rust-lang/rust/issues/159228>
[INFO] [stdout]      = note: `#[warn(recursion_depth_exceeding_limit)]` (part of `#[warn(future_incompatible)]`) on by default
[INFO] [stdout] 
[INFO] [stdout] 
[INFO] [stdout] warning: overflow evaluating the requirement `{async block@src/anthropic/websearch_loop.rs:1316:18: 1316:28}: std::marker::Send`
[INFO] [stdout]     --> src/anthropic/websearch_loop.rs:1316:5
[INFO] [stdout]      |
[INFO] [stdout] 1316 | /     tokio::spawn(async move {
[INFO] [stdout] 1317 | |         let receiver_guard = sender.clone();
[INFO] [stdout] 1318 | |         let mut emitter = WebSearchSseEmitter::new(sender);
[INFO] [stdout] ...    |
[INFO] [stdout] 1360 | |     });
[INFO] [stdout]      | |______^
[INFO] [stdout]      |
[INFO] [stdout]      = note: which requires `{coroutine witness@src/anthropic/websearch_loop.rs:1316:18: 1316:28}: std::marker::Send`
[INFO] [stdout]      = note: which requires `impl futures::Future<Output = std::option::Option<<futures::future::CatchUnwind<AssertUnwindSafe<impl futures::Future<Output = http::Response<axum::body::Body>>>> as futures::Future>::Output>>: std::marker::Send`
[INFO] [stdout]      = note: which requires `{async fn body of while_receiver_open<futures::future::CatchUnwind<AssertUnwindSafe<impl futures::Future<Output = http::Response<axum::body::Body>>>>>()}: std::marker::Send`
[INFO] [stdout]      = note: which requires `{coroutine witness@src/anthropic/websearch_loop.rs:1082:1: 1095:2}: std::marker::Send`
[INFO] [stdout]      = note: which requires `std::future::PollFn<{closure@/opt/rustwide/cargo-home/registry/src/index.crates.io-1949cf8c6b5b557f/tokio-1.48.0/src/macros/select.rs:661:46: 661:50}>: std::marker::Send`
[INFO] [stdout]      = note: which requires `{closure@/opt/rustwide/cargo-home/registry/src/index.crates.io-1949cf8c6b5b557f/tokio-1.48.0/src/macros/select.rs:661:46: 661:50}: std::marker::Send`
[INFO] [stdout]      = note: which requires `(&mut u8, &mut (&mut Pin<Box<futures::future::CatchUnwind<AssertUnwindSafe<impl futures::Future<Output = _>>>>>, _)): std::marker::Send`
[INFO] [stdout]      = note: which requires `&mut (&mut Pin<Box<futures::future::CatchUnwind<AssertUnwindSafe<impl futures::Future<Output = http::Response<axum::body::Body>>>>>>, impl futures::Future<Output = ()>): std::marker::Send`
[INFO] [stdout]      = note: which requires `(&mut Pin<Box<futures::future::CatchUnwind<AssertUnwindSafe<impl futures::Future<Output = http::Response<axum::body::Body>>>>>>, impl futures::Future<Output = ()>): std::marker::Send`
[INFO] [stdout]      = note: which requires `&mut Pin<Box<futures::future::CatchUnwind<AssertUnwindSafe<impl futures::Future<Output = http::Response<axum::body::Body>>>>>>: std::marker::Send`
[INFO] [stdout]      = note: which requires `Pin<Box<futures::future::CatchUnwind<AssertUnwindSafe<impl futures::Future<Output = http::Response<axum::body::Body>>>>>>: std::marker::Send`
[INFO] [stdout]      = note: which requires `Box<futures::future::CatchUnwind<AssertUnwindSafe<impl futures::Future<Output = http::Response<axum::body::Body>>>>>: std::marker::Send`
[INFO] [stdout]      = note: which requires `std::ptr::Unique<futures::future::CatchUnwind<AssertUnwindSafe<impl futures::Future<Output = http::Response<axum::body::Body>>>>>: std::marker::Send`
[INFO] [stdout]      = note: which requires `futures::future::CatchUnwind<AssertUnwindSafe<impl futures::Future<Output = http::Response<axum::body::Body>>>>: std::marker::Send`
[INFO] [stdout]      = note: which requires `AssertUnwindSafe<impl futures::Future<Output = http::Response<axum::body::Body>>>: std::marker::Send`
[INFO] [stdout]      = note: and so on...
[INFO] [stdout]      = help: consider adding a manual `impl` of auto traits like `Send` for intermediate types, if auto traits are involved
[INFO] [stdout]      = help: or consider increasing the recursion limit by adding a `#![recursion_limit = "256"]` attribute to your crate (`kiro_rs`)
[INFO] [stdout]      = note: this lint is attached to the whole crate and can't be disabled on a per-function basis
[INFO] [stdout]      = warning: this was previously accepted by the compiler but is being phased out; it will become a hard error in a future release!
[INFO] [stdout]      = note: for more information, see issue #159228 <https://github.com/rust-lang/rust/issues/159228>
[INFO] [stdout]      = note: `#[warn(recursion_depth_exceeding_limit)]` (part of `#[warn(future_incompatible)]`) on by default
[INFO] [stdout] 
[INFO] [stdout] 
[INFO] [stdout] error[E0599]: no associated function or constant named `get` found for struct `Asset` in the current scope
[INFO] [stdout]   --> src/admin_ui/router.rs:72:18
[INFO] [stdout]    |
[INFO] [stdout] 15 | struct Asset;
[INFO] [stdout]    | ------------ associated function or constant `get` not found for this struct
[INFO] [stdout] ...
[INFO] [stdout] 72 |     match Asset::get("index.html") {
[INFO] [stdout]    |                  ^^^ associated function or constant not found in `Asset`
[INFO] [stdout]    |
[INFO] [stdout]    = help: items from traits can only be used if the trait is implemented and in scope
[INFO] [stdout]    = note: the following traits define an item `get`, perhaps you need to implement one of them:
[INFO] [stdout]            candidate #1: `AsyncCommands`
[INFO] [stdout]            candidate #2: `Commands`
[INFO] [stdout]            candidate #3: `Embed`
[INFO] [stdout]            candidate #4: `SliceIndex`
[INFO] [stdout]            candidate #5: `fallible_streaming_iterator::FallibleStreamingIterator`
[INFO] [stdout]            candidate #6: `icu_collections::codepointtrie::cptrie::TypedCodePointTrie`
[INFO] [stdout]            candidate #7: `icu_properties::names::PropertyEnumToValueNameLookup`
[INFO] [stdout]            candidate #8: `icu_provider::baked::DataStore`
[INFO] [stdout]            candidate #9: `itertools::Itertools`
[INFO] [stdout]            candidate #10: `rustls::server::server_conn::StoresServerSessions`
[INFO] [stdout] 
[INFO] [stdout] 
[INFO] [stdout] error[E0599]: no associated function or constant named `get` found for struct `Asset` in the current scope
[INFO] [stdout]   --> src/admin_ui/router.rs:72:18
[INFO] [stdout]    |
[INFO] [stdout] 15 | struct Asset;
[INFO] [stdout]    | ------------ associated function or constant `get` not found for this struct
[INFO] [stdout] ...
[INFO] [stdout] 72 |     match Asset::get("index.html") {
[INFO] [stdout]    |                  ^^^ associated function or constant not found in `Asset`
[INFO] [stdout]    |
[INFO] [stdout]    = help: items from traits can only be used if the trait is implemented and in scope
[INFO] [stdout]    = note: the following traits define an item `get`, perhaps you need to implement one of them:
[INFO] [stdout]            candidate #1: `AsyncCommands`
[INFO] [stdout]            candidate #2: `Commands`
[INFO] [stdout]            candidate #3: `Embed`
[INFO] [stdout]            candidate #4: `SliceIndex`
[INFO] [stdout]            candidate #5: `fallible_streaming_iterator::FallibleStreamingIterator`
[INFO] [stdout]            candidate #6: `icu_collections::codepointtrie::cptrie::TypedCodePointTrie`
[INFO] [stdout]            candidate #7: `icu_properties::names::PropertyEnumToValueNameLookup`
[INFO] [stdout]            candidate #8: `icu_provider::baked::DataStore`
[INFO] [stdout]            candidate #9: `itertools::Itertools`
[INFO] [stdout]            candidate #10: `rustls::server::server_conn::StoresServerSessions`
[INFO] [stdout] 
[INFO] [stdout] 
[INFO] [stdout] For more information about this error, try `rustc --explain E0599`.
[INFO] [stdout] 
[INFO] [stderr] error: could not compile `kiro-rs` (bin "kiro-rs") due to 3 previous errors; 1 warning emitted
[INFO] [stderr] warning: build failed, waiting for other jobs to finish...
[INFO] [stdout] For more information about this error, try `rustc --explain E0599`.
[INFO] [stdout] 
[INFO] [stderr] error: could not compile `kiro-rs` (bin "kiro-rs" test) due to 3 previous errors; 1 warning emitted
[INFO] running `Command { std: "docker" "inspect" "3a9c307a1cb1df8e051f679930f8a8b63e56748182ec77dd353aad28dbf13a9b", kill_on_drop: false }`
[INFO] running `Command { std: "docker" "rm" "-f" "3a9c307a1cb1df8e051f679930f8a8b63e56748182ec77dd353aad28dbf13a9b", kill_on_drop: false }`
[INFO] [stdout] 3a9c307a1cb1df8e051f679930f8a8b63e56748182ec77dd353aad28dbf13a9b
