[INFO] cloning repository https://github.com/f3tox/https-github.com-f3tox-GHunt-tree-ghunt.fetx
[INFO] running `Command { std: "git" "-c" "credential.helper=" "-c" "credential.helper=/workspace/cargo-home/bin/git-credential-null" "clone" "--bare" "https://github.com/f3tox/https-github.com-f3tox-GHunt-tree-ghunt.fetx" "/workspace/cache/git-repos/https%3A%2F%2Fgithub.com%2Ff3tox%2Fhttps-github.com-f3tox-GHunt-tree-ghunt.fetx", kill_on_drop: false }`
[INFO] [stderr] Cloning into bare repository '/workspace/cache/git-repos/https%3A%2F%2Fgithub.com%2Ff3tox%2Fhttps-github.com-f3tox-GHunt-tree-ghunt.fetx'...
[INFO] running `Command { std: "git" "rev-parse" "HEAD", kill_on_drop: false }`
[INFO] [stdout] c729a587e247022b5c339c25948c8018addbdf50
[INFO] checking f3tox/https-github.com-f3tox-GHunt-tree-ghunt.fetx/c729a587e247022b5c339c25948c8018addbdf50 against eca445e5ae4a6679cc27d3a09106ce245e13a5a6 for pr-162478
[INFO] running `Command { std: "git" "clone" "/workspace/cache/git-repos/https%3A%2F%2Fgithub.com%2Ff3tox%2Fhttps-github.com-f3tox-GHunt-tree-ghunt.fetx" "/workspace/builds/worker-4-tc1/source", kill_on_drop: false }`
[INFO] [stderr] Cloning into '/workspace/builds/worker-4-tc1/source'...
[INFO] [stderr] done.
[INFO] started tweaking git repo https://github.com/f3tox/https-github.com-f3tox-GHunt-tree-ghunt.fetx
[INFO] finished tweaking git repo https://github.com/f3tox/https-github.com-f3tox-GHunt-tree-ghunt.fetx
[INFO] tweaked toml for git repo https://github.com/f3tox/https-github.com-f3tox-GHunt-tree-ghunt.fetx written to /workspace/builds/worker-4-tc1/source/Cargo.toml
[INFO] validating manifest of git repo https://github.com/f3tox/https-github.com-f3tox-GHunt-tree-ghunt.fetx on toolchain eca445e5ae4a6679cc27d3a09106ce245e13a5a6
[INFO] running `Command { std: CARGO_HOME="/workspace/cargo-home" RUSTUP_HOME="/workspace/rustup-home" "/workspace/cargo-home/bin/cargo" "+eca445e5ae4a6679cc27d3a09106ce245e13a5a6" "metadata" "--manifest-path" "Cargo.toml" "--no-deps", kill_on_drop: false }`
[INFO] crate git repo https://github.com/f3tox/https-github.com-f3tox-GHunt-tree-ghunt.fetx already has a lockfile, it will not be regenerated
[INFO] running `Command { std: CARGO_HOME="/workspace/cargo-home" RUSTUP_HOME="/workspace/rustup-home" "/workspace/cargo-home/bin/cargo" "+eca445e5ae4a6679cc27d3a09106ce245e13a5a6" "fetch" "--manifest-path" "Cargo.toml", kill_on_drop: false }`
[INFO] [stderr] warning: Cargo.toml: `package.edition` is unspecified, defaulting to `2015` while the latest is `2024`
[INFO] [stderr] warning: `infinity_os` (manifest) generated 1 warning
[INFO] [stderr]     Updating crates.io index
[INFO] [stderr]  Downloading crates ...
[INFO] [stderr]   Downloaded scroll v0.4.0
[INFO] [stderr]   Downloaded bit_field v0.7.0
[INFO] [stderr]   Downloaded spin v0.4.5
[INFO] [stderr]   Downloaded bitflags v0.8.2
[INFO] [stderr]   Downloaded once v0.3.2
[INFO] [stderr]   Downloaded goblin v0.0.9
[INFO] [stderr]   Downloaded volatile v0.1.0
[INFO] [stderr]   Downloaded linked_list_allocator v0.2.5
[INFO] [stderr]   Downloaded multiboot2 v0.3.2
[INFO] [stderr]   Downloaded bitflags v0.4.0
[INFO] [stderr]   Downloaded lazy_static v0.2.8
[INFO] [stderr]   Downloaded rlibc v0.1.5
[INFO] [stderr]   Downloaded raw-cpuid v2.0.2
[INFO] [stderr]   Downloaded x86_64 v0.1.2
[INFO] running `Command { std: "docker" "create" "-v" "/var/lib/crater-agent-workspace/builds/worker-4-tc1/source:/opt/rustwide/workdir:ro,Z" "-v" "/var/lib/crater-agent-workspace/builds/worker-4-tc1/target:/opt/rustwide/target:rw,Z" "-v" "/var/lib/crater-agent-workspace/cargo-home:/opt/rustwide/cargo-home:ro,Z" "-v" "/var/lib/crater-agent-workspace/rustup-home:/opt/rustwide/rustup-home:ro,Z" "-m" "1610612736" "--network" "none" "ghcr.io/rust-lang/crates-build-env/linux@sha256:8683fc1fc2eb5c9ac98e0d076ab094b2ffac7f99da555d2b6a2e27f346de2ec7" "sleep" "infinity", kill_on_drop: false }`
[INFO] [stdout] efe1b64e3e922c439c14b875bf90bea2ff8ae2e308a967caaa0cd3956ca3d3b5
[INFO] running `Command { std: "docker" "start" "efe1b64e3e922c439c14b875bf90bea2ff8ae2e308a967caaa0cd3956ca3d3b5", kill_on_drop: false }`
[INFO] running `Command { std: "docker" "inspect" "efe1b64e3e922c439c14b875bf90bea2ff8ae2e308a967caaa0cd3956ca3d3b5", kill_on_drop: false }`
[INFO] running `Command { std: "docker" "exec" "-e" "SOURCE_DIR=/opt/rustwide/workdir" "-e" "CARGO_HOME=/opt/rustwide/cargo-home" "-e" "RUSTUP_HOME=/opt/rustwide/rustup-home" "-e" "CARGO_TARGET_DIR=/opt/rustwide/target" "-w" "/opt/rustwide/workdir" "--user" "0:0" "efe1b64e3e922c439c14b875bf90bea2ff8ae2e308a967caaa0cd3956ca3d3b5" "/opt/rustwide/cargo-home/bin/cargo" "+eca445e5ae4a6679cc27d3a09106ce245e13a5a6" "metadata" "--no-deps" "--format-version=1", kill_on_drop: false }`
[INFO] running `Command { std: "docker" "inspect" "efe1b64e3e922c439c14b875bf90bea2ff8ae2e308a967caaa0cd3956ca3d3b5", kill_on_drop: false }`
[INFO] running `Command { std: "docker" "exec" "-e" "SOURCE_DIR=/opt/rustwide/workdir" "-e" "CARGO_HOME=/opt/rustwide/cargo-home" "-e" "RUSTUP_HOME=/opt/rustwide/rustup-home" "-e" "CARGO_TARGET_DIR=/opt/rustwide/target" "-e" "CARGO_INCREMENTAL=0" "-e" "RUST_BACKTRACE=full" "-e" "RUSTFLAGS=--cap-lints=forbid" "-e" "RUSTDOCFLAGS=--cap-lints=forbid" "-w" "/opt/rustwide/workdir" "--user" "0:0" "efe1b64e3e922c439c14b875bf90bea2ff8ae2e308a967caaa0cd3956ca3d3b5" "/opt/rustwide/cargo-home/bin/cargo" "+eca445e5ae4a6679cc27d3a09106ce245e13a5a6" "check" "--frozen" "--all" "--all-targets" "--message-format=json", kill_on_drop: false }`
[INFO] [stderr] warning: Cargo.toml: `package.edition` is unspecified, defaulting to `2015` while the latest is `2024`
[INFO] [stderr] warning: `infinity_os` (manifest) generated 1 warning
[INFO] [stderr]     Checking spin v0.4.5
[INFO] [stderr]     Checking bitflags v0.4.0
[INFO] [stderr]     Checking bitflags v0.7.0
[INFO] [stderr]     Checking bit_field v0.7.0
[INFO] [stderr]     Checking linked_list_allocator v0.2.5
[INFO] [stderr]     Checking scroll v0.4.0
[INFO] [stderr]     Checking once v0.3.2
[INFO] [stderr]    Compiling infinity_os v0.1.0 (/opt/rustwide/workdir)
[INFO] [stdout] error[E0557]: feature has been removed
[INFO] [stdout]  --> /opt/rustwide/cargo-home/registry/src/index.crates.io-1949cf8c6b5b557f/linked_list_allocator-0.2.5/src/lib.rs:2:12
[INFO] [stdout]   |
[INFO] [stdout] 2 | #![feature(const_fn)]
[INFO] [stdout]   |            ^^^^^^^^ feature has been removed
[INFO] [stdout]   |
[INFO] [stdout]   = note: removed in 1.54.0; see <https://github.com/rust-lang/rust/pull/85109> for more information
[INFO] [stdout]   = note: split into finer-grained feature gates
[INFO] [stdout] 
[INFO] [stdout] 
[INFO] [stdout] error[E0635]: unknown feature `unique`
[INFO] [stdout]  --> /opt/rustwide/cargo-home/registry/src/index.crates.io-1949cf8c6b5b557f/linked_list_allocator-0.2.5/src/lib.rs:1:12
[INFO] [stdout]   |
[INFO] [stdout] 1 | #![feature(unique)]
[INFO] [stdout]   |            ^^^^^^
[INFO] [stdout] 
[INFO] [stdout] 
[INFO] [stdout] error[E0658]: use of unstable library feature `ptr_internals`: use `NonNull` instead and consider `PhantomData<T>` (if you also use `#[may_dangle]`), `Send`, and/or `Sync`
[INFO] [stdout]  --> /opt/rustwide/cargo-home/registry/src/index.crates.io-1949cf8c6b5b557f/linked_list_allocator-0.2.5/src/hole.rs:1:5
[INFO] [stdout]   |
[INFO] [stdout] 1 | use core::ptr::Unique;
[INFO] [stdout]   |     ^^^^^^^^^^^^^^^^^
[INFO] [stdout]   |
[INFO] [stdout]   = help: add `#![feature(ptr_internals)]` to the crate attributes to enable
[INFO] [stdout]   = note: this compiler was built on 2026-09-09; consider upgrading it if it is out of date
[INFO] [stdout] 
[INFO] [stdout] 
[INFO] [stdout] error[E0658]: use of unstable library feature `ptr_internals`: use `NonNull` instead and consider `PhantomData<T>` (if you also use `#[may_dangle]`), `Send`, and/or `Sync`
[INFO] [stdout]   --> /opt/rustwide/cargo-home/registry/src/index.crates.io-1949cf8c6b5b557f/linked_list_allocator-0.2.5/src/hole.rs:88:18
[INFO] [stdout]    |
[INFO] [stdout] 88 |     next: Option<Unique<Hole>>,
[INFO] [stdout]    |                  ^^^^^^^^^^^^
[INFO] [stdout]    |
[INFO] [stdout]    = help: add `#![feature(ptr_internals)]` to the crate attributes to enable
[INFO] [stdout]    = note: this compiler was built on 2026-09-09; consider upgrading it if it is out of date
[INFO] [stdout] 
[INFO] [stdout] 
[INFO] [stdout] error[E0658]: use of unstable library feature `ptr_internals`: use `NonNull` instead and consider `PhantomData<T>` (if you also use `#[may_dangle]`), `Send`, and/or `Sync`
[INFO] [stdout]    --> /opt/rustwide/cargo-home/registry/src/index.crates.io-1949cf8c6b5b557f/linked_list_allocator-0.2.5/src/hole.rs:284:43
[INFO] [stdout]     |
[INFO] [stdout] 284 |                 hole.next = Some(unsafe { Unique::new(ptr) });
[INFO] [stdout]     |                                           ^^^^^^
[INFO] [stdout]     |
[INFO] [stdout]     = help: add `#![feature(ptr_internals)]` to the crate attributes to enable
[INFO] [stdout]     = note: this compiler was built on 2026-09-09; consider upgrading it if it is out of date
[INFO] [stdout] 
[INFO] [stdout] 
[INFO] [stdout] error[E0658]: use of unstable library feature `ptr_internals`: use `NonNull` instead and consider `PhantomData<T>` (if you also use `#[may_dangle]`), `Send`, and/or `Sync`
[INFO] [stdout]   --> /opt/rustwide/cargo-home/registry/src/index.crates.io-1949cf8c6b5b557f/linked_list_allocator-0.2.5/src/hole.rs:38:28
[INFO] [stdout]    |
[INFO] [stdout] 38 |                 next: Some(Unique::new(ptr)),
[INFO] [stdout]    |                            ^^^^^^
[INFO] [stdout]    |
[INFO] [stdout]    = help: add `#![feature(ptr_internals)]` to the crate attributes to enable
[INFO] [stdout]    = note: this compiler was built on 2026-09-09; consider upgrading it if it is out of date
[INFO] [stdout] 
[INFO] [stdout] 
[INFO] [stdout] error[E0658]: use of unstable library feature `ptr_internals`
[INFO] [stdout]   --> /opt/rustwide/cargo-home/registry/src/index.crates.io-1949cf8c6b5b557f/linked_list_allocator-0.2.5/src/hole.rs:38:28
[INFO] [stdout]    |
[INFO] [stdout] 38 |                 next: Some(Unique::new(ptr)),
[INFO] [stdout]    |                            ^^^^^^^^^^^
[INFO] [stdout]    |
[INFO] [stdout]    = help: add `#![feature(ptr_internals)]` to the crate attributes to enable
[INFO] [stdout]    = note: this compiler was built on 2026-09-09; consider upgrading it if it is out of date
[INFO] [stdout] 
[INFO] [stdout] 
[INFO] [stdout] error[E0308]: mismatched types
[INFO] [stdout]   --> /opt/rustwide/cargo-home/registry/src/index.crates.io-1949cf8c6b5b557f/linked_list_allocator-0.2.5/src/hole.rs:38:28
[INFO] [stdout]    |
[INFO] [stdout] 38 |                 next: Some(Unique::new(ptr)),
[INFO] [stdout]    |                       ---- ^^^^^^^^^^^^^^^^ expected `Unique<Hole>`, found `Option<Unique<Hole>>`
[INFO] [stdout]    |                       |
[INFO] [stdout]    |                       arguments to this enum variant are incorrect
[INFO] [stdout]    |
[INFO] [stdout]    = note: expected struct `Unique<_>`
[INFO] [stdout]                 found enum `Option<Unique<_>>`
[INFO] [stdout] help: the type constructed contains `Option<core::ptr::Unique<Hole>>` due to the type of the argument passed
[INFO] [stdout]   --> /opt/rustwide/cargo-home/registry/src/index.crates.io-1949cf8c6b5b557f/linked_list_allocator-0.2.5/src/hole.rs:38:23
[INFO] [stdout]    |
[INFO] [stdout] 38 |                 next: Some(Unique::new(ptr)),
[INFO] [stdout]    |                       ^^^^^----------------^
[INFO] [stdout]    |                            |
[INFO] [stdout]    |                            this argument influences the type of `Some`
[INFO] [stdout] note: tuple variant defined here
[INFO] [stdout]   --> /rustc/eca445e5ae4a6679cc27d3a09106ce245e13a5a6/library/core/src/option.rs:606:4
[INFO] [stdout] help: consider using `Option::expect` to unwrap the `Option<core::ptr::Unique<Hole>>` value, panicking if the value is an `Option::None`
[INFO] [stdout]    |
[INFO] [stdout] 38 |                 next: Some(Unique::new(ptr).expect("REASON")),
[INFO] [stdout]    |                                            +++++++++++++++++
[INFO] [stdout] 
[INFO] [stdout] 
[INFO] [stderr]     Checking x86_64 v0.1.2
[INFO] [stdout] error[E0557]: feature has been removed
[INFO] [stdout]  --> /opt/rustwide/cargo-home/registry/src/index.crates.io-1949cf8c6b5b557f/x86_64-0.1.2/src/lib.rs:8:12
[INFO] [stdout]   |
[INFO] [stdout] 8 | #![feature(const_fn)]
[INFO] [stdout]   |            ^^^^^^^^ feature has been removed
[INFO] [stdout]   |
[INFO] [stdout]   = note: removed in 1.54.0; see <https://github.com/rust-lang/rust/pull/85109> for more information
[INFO] [stdout]   = note: split into finer-grained feature gates
[INFO] [stdout] 
[INFO] [stdout] 
[INFO] [stdout] error[E0599]: no method named `get_mut` found for mutable reference `&mut core::ptr::Unique<Hole>` in the current scope
[INFO] [stdout]    --> /opt/rustwide/cargo-home/registry/src/index.crates.io-1949cf8c6b5b557f/linked_list_allocator-0.2.5/src/hole.rs:108:46
[INFO] [stdout]     |
[INFO] [stdout] 108 |         unsafe { self.next.as_mut().unwrap().get_mut() }
[INFO] [stdout]     |                                              ^^^^^^^ method not found in `&mut core::ptr::Unique<Hole>`
[INFO] [stdout] 
[INFO] [stdout] 
[INFO] [stdout] error[E0557]: feature has been removed
[INFO] [stdout]  --> /opt/rustwide/cargo-home/registry/src/index.crates.io-1949cf8c6b5b557f/spin-0.4.5/src/lib.rs:8:43
[INFO] [stdout]   |
[INFO] [stdout] 8 | #![cfg_attr(feature = "const_fn", feature(const_fn))]
[INFO] [stdout]   |                                           ^^^^^^^^ feature has been removed
[INFO] [stdout]   |
[INFO] [stdout]   = note: removed in 1.54.0; see <https://github.com/rust-lang/rust/pull/85109> for more information
[INFO] [stdout]   = note: split into finer-grained feature gates
[INFO] [stdout] 
[INFO] [stdout] 
[INFO] [stdout] error[E0599]: no method named `get` found for mutable reference `&mut core::ptr::Unique<Hole>` in the current scope
[INFO] [stdout]    --> /opt/rustwide/cargo-home/registry/src/index.crates.io-1949cf8c6b5b557f/linked_list_allocator-0.2.5/src/hole.rs:191:61
[INFO] [stdout]     |
[INFO] [stdout] 191 |             .and_then(|current| split_hole(unsafe { current.get() }.info(), size, align));
[INFO] [stdout]     |                                                             ^^^ method not found in `&mut core::ptr::Unique<Hole>`
[INFO] [stdout] 
[INFO] [stdout] 
[INFO] [stdout] error: cannot find macro `asm` in this scope
[INFO] [stdout]   --> /opt/rustwide/cargo-home/registry/src/index.crates.io-1949cf8c6b5b557f/x86_64-0.1.2/src/registers/flags.rs:61:14
[INFO] [stdout]    |
[INFO] [stdout] 61 |     unsafe { asm!("pushq $0; popfq" :: "r"(val.bits()) : "memory" "flags") };
[INFO] [stdout]    |              ^^^
[INFO] [stdout]    |
[INFO] [stdout] help: consider importing this macro
[INFO] [stdout]    |
[INFO] [stdout]  3 + use core::arch::asm;
[INFO] [stdout]    |
[INFO] [stdout] 
[INFO] [stdout] 
[INFO] [stdout] error: cannot find macro `asm` in this scope
[INFO] [stdout]   --> /opt/rustwide/cargo-home/registry/src/index.crates.io-1949cf8c6b5b557f/x86_64-0.1.2/src/registers/flags.rs:55:14
[INFO] [stdout]    |
[INFO] [stdout] 55 |     unsafe { asm!("pushfq; popq $0" : "=r"(r) :: "memory") };
[INFO] [stdout]    |              ^^^
[INFO] [stdout]    |
[INFO] [stdout] help: consider importing this macro
[INFO] [stdout]    |
[INFO] [stdout]  3 + use core::arch::asm;
[INFO] [stdout]    |
[INFO] [stdout] 
[INFO] [stdout] 
[INFO] [stdout] error: cannot find macro `asm` in this scope
[INFO] [stdout]    --> /opt/rustwide/cargo-home/registry/src/index.crates.io-1949cf8c6b5b557f/x86_64-0.1.2/src/registers/control_regs.rs:102:14
[INFO] [stdout]     |
[INFO] [stdout] 102 |     unsafe { asm!("mov %cr4, $0" : "=r" (ret)) };
[INFO] [stdout]     |              ^^^
[INFO] [stdout]     |
[INFO] [stdout] help: consider importing this macro
[INFO] [stdout]     |
[INFO] [stdout]   6 + use core::arch::asm;
[INFO] [stdout]     |
[INFO] [stdout] 
[INFO] [stdout] 
[INFO] [stdout] error: cannot find macro `asm` in this scope
[INFO] [stdout]   --> /opt/rustwide/cargo-home/registry/src/index.crates.io-1949cf8c6b5b557f/x86_64-0.1.2/src/registers/control_regs.rs:86:14
[INFO] [stdout]    |
[INFO] [stdout] 86 |     unsafe { asm!("mov %cr3, $0" : "=r" (ret)) };
[INFO] [stdout]    |              ^^^
[INFO] [stdout]    |
[INFO] [stdout] help: consider importing this macro
[INFO] [stdout]    |
[INFO] [stdout]  6 + use core::arch::asm;
[INFO] [stdout]    |
[INFO] [stdout] 
[INFO] [stdout] 
[INFO] [stdout] error: cannot find macro `asm` in this scope
[INFO] [stdout]   --> /opt/rustwide/cargo-home/registry/src/index.crates.io-1949cf8c6b5b557f/x86_64-0.1.2/src/registers/control_regs.rs:79:14
[INFO] [stdout]    |
[INFO] [stdout] 79 |     unsafe { asm!("mov %cr2, $0" : "=r" (ret)) };
[INFO] [stdout]    |              ^^^
[INFO] [stdout]    |
[INFO] [stdout] help: consider importing this macro
[INFO] [stdout]    |
[INFO] [stdout]  6 + use core::arch::asm;
[INFO] [stdout]    |
[INFO] [stdout] 
[INFO] [stdout] 
[INFO] [stdout] error: cannot find macro `asm` in this scope
[INFO] [stdout]   --> /opt/rustwide/cargo-home/registry/src/index.crates.io-1949cf8c6b5b557f/x86_64-0.1.2/src/registers/control_regs.rs:52:14
[INFO] [stdout]    |
[INFO] [stdout] 52 |     unsafe { asm!("mov %cr0, $0" : "=r" (ret)) };
[INFO] [stdout]    |              ^^^
[INFO] [stdout]    |
[INFO] [stdout] help: consider importing this macro
[INFO] [stdout]    |
[INFO] [stdout]  6 + use core::arch::asm;
[INFO] [stdout]    |
[INFO] [stdout] 
[INFO] [stdout] 
[INFO] [stdout] error: cannot find macro `asm` in this scope
[INFO] [stdout]   --> /opt/rustwide/cargo-home/registry/src/index.crates.io-1949cf8c6b5b557f/x86_64-0.1.2/src/instructions/segmentation.rs:62:14
[INFO] [stdout]    |
[INFO] [stdout] 62 |     unsafe { asm!("mov %cs, $0" : "=r" (segment) ) };
[INFO] [stdout]    |              ^^^
[INFO] [stdout]    |
[INFO] [stdout] help: consider importing this macro
[INFO] [stdout]    |
[INFO] [stdout]  3 + use core::arch::asm;
[INFO] [stdout]    |
[INFO] [stdout] 
[INFO] [stdout] 
[INFO] [stdout] error: cannot find macro `asm` in this scope
[INFO] [stdout]  --> /opt/rustwide/cargo-home/registry/src/index.crates.io-1949cf8c6b5b557f/x86_64-0.1.2/src/instructions/tlb.rs:7:14
[INFO] [stdout]   |
[INFO] [stdout] 7 |     unsafe { asm!("invlpg ($0)" :: "r" (addr.0) : "memory") };
[INFO] [stdout]   |              ^^^
[INFO] [stdout]   |
[INFO] [stdout] help: consider importing this macro
[INFO] [stdout]   |
[INFO] [stdout] 3 + use core::arch::asm;
[INFO] [stdout]   |
[INFO] [stdout] 
[INFO] [stdout] 
[INFO] [stdout] error: cannot find macro `asm` in this scope
[INFO] [stdout]    --> /opt/rustwide/cargo-home/registry/src/index.crates.io-1949cf8c6b5b557f/x86_64-0.1.2/src/registers/control_regs.rs:111:5
[INFO] [stdout]     |
[INFO] [stdout] 111 |     asm!("mov $0, %cr4" :: "r" (val.bits) : "memory");
[INFO] [stdout]     |     ^^^
[INFO] [stdout]     |
[INFO] [stdout] help: consider importing this macro
[INFO] [stdout]     |
[INFO] [stdout]   6 + use core::arch::asm;
[INFO] [stdout]     |
[INFO] [stdout] 
[INFO] [stdout] 
[INFO] [stdout] error: cannot find macro `asm` in this scope
[INFO] [stdout]   --> /opt/rustwide/cargo-home/registry/src/index.crates.io-1949cf8c6b5b557f/x86_64-0.1.2/src/registers/control_regs.rs:96:5
[INFO] [stdout]    |
[INFO] [stdout] 96 |     asm!("mov $0, %cr3" :: "r" (val.0) : "memory");
[INFO] [stdout]    |     ^^^
[INFO] [stdout]    |
[INFO] [stdout] help: consider importing this macro
[INFO] [stdout]    |
[INFO] [stdout]  6 + use core::arch::asm;
[INFO] [stdout]    |
[INFO] [stdout] 
[INFO] [stdout] 
[INFO] [stdout] error: cannot find macro `asm` in this scope
[INFO] [stdout]   --> /opt/rustwide/cargo-home/registry/src/index.crates.io-1949cf8c6b5b557f/x86_64-0.1.2/src/registers/control_regs.rs:61:5
[INFO] [stdout]    |
[INFO] [stdout] 61 |     asm!("mov $0, %cr0" :: "r" (val.bits()) : "memory");
[INFO] [stdout]    |     ^^^
[INFO] [stdout]    |
[INFO] [stdout] help: consider importing this macro
[INFO] [stdout]    |
[INFO] [stdout]  6 + use core::arch::asm;
[INFO] [stdout]    |
[INFO] [stdout] 
[INFO] [stdout] 
[INFO] [stdout] error: cannot find macro `asm` in this scope
[INFO] [stdout]   --> /opt/rustwide/cargo-home/registry/src/index.crates.io-1949cf8c6b5b557f/x86_64-0.1.2/src/instructions/mod.rs:66:9
[INFO] [stdout]    |
[INFO] [stdout] 66 |         asm!("rdmsr" : "={eax}" (low), "={edx}" (high) : "{ecx}" (msr) : "memory" : "volatile");
[INFO] [stdout]    |         ^^^
[INFO] [stdout]    |
[INFO] [stdout] help: consider importing this macro
[INFO] [stdout]    |
[INFO] [stdout]  3 + use core::arch::asm;
[INFO] [stdout]    |
[INFO] [stdout] 
[INFO] [stdout] 
[INFO] [stdout] error: cannot find macro `asm` in this scope
[INFO] [stdout]   --> /opt/rustwide/cargo-home/registry/src/index.crates.io-1949cf8c6b5b557f/x86_64-0.1.2/src/instructions/mod.rs:59:5
[INFO] [stdout]    |
[INFO] [stdout] 59 |     asm!("wrmsr" :: "{ecx}" (msr), "{eax}" (low), "{edx}" (high) : "memory" : "volatile" );
[INFO] [stdout]    |     ^^^
[INFO] [stdout]    |
[INFO] [stdout] help: consider importing this macro
[INFO] [stdout]    |
[INFO] [stdout]  3 + use core::arch::asm;
[INFO] [stdout]    |
[INFO] [stdout] 
[INFO] [stdout] 
[INFO] [stdout] error: cannot find macro `asm` in this scope
[INFO] [stdout]   --> /opt/rustwide/cargo-home/registry/src/index.crates.io-1949cf8c6b5b557f/x86_64-0.1.2/src/instructions/mod.rs:48:9
[INFO] [stdout]    |
[INFO] [stdout] 48 |         asm!("rdtscp" : "={eax}" (low), "={edx}" (high) ::: "volatile");
[INFO] [stdout]    |         ^^^
[INFO] [stdout]    |
[INFO] [stdout] help: consider importing this macro
[INFO] [stdout]    |
[INFO] [stdout]  3 + use core::arch::asm;
[INFO] [stdout]    |
[INFO] [stdout] 
[INFO] [stdout] 
[INFO] [stdout] error: cannot find macro `asm` in this scope
[INFO] [stdout]   --> /opt/rustwide/cargo-home/registry/src/index.crates.io-1949cf8c6b5b557f/x86_64-0.1.2/src/instructions/mod.rs:30:9
[INFO] [stdout]    |
[INFO] [stdout] 30 |         asm!("rdtsc" : "={eax}" (low), "={edx}" (high));
[INFO] [stdout]    |         ^^^
[INFO] [stdout]    |
[INFO] [stdout] help: consider importing this macro
[INFO] [stdout]    |
[INFO] [stdout]  3 + use core::arch::asm;
[INFO] [stdout]    |
[INFO] [stdout] 
[INFO] [stdout] 
[INFO] [stdout] error: cannot find macro `asm` in this scope
[INFO] [stdout]   --> /opt/rustwide/cargo-home/registry/src/index.crates.io-1949cf8c6b5b557f/x86_64-0.1.2/src/instructions/mod.rs:12:5
[INFO] [stdout]    |
[INFO] [stdout] 12 |     asm!("hlt" :::: "volatile");
[INFO] [stdout]    |     ^^^
[INFO] [stdout]    |
[INFO] [stdout] help: consider importing this macro
[INFO] [stdout]    |
[INFO] [stdout]  3 + use core::arch::asm;
[INFO] [stdout]    |
[INFO] [stdout] 
[INFO] [stdout] 
[INFO] [stdout] error: cannot find macro `asm` in this scope
[INFO] [stdout]   --> /opt/rustwide/cargo-home/registry/src/index.crates.io-1949cf8c6b5b557f/x86_64-0.1.2/src/instructions/segmentation.rs:56:5
[INFO] [stdout]    |
[INFO] [stdout] 56 |     asm!("movw $0, %gs " :: "r" (sel.0) : "memory");
[INFO] [stdout]    |     ^^^
[INFO] [stdout]    |
[INFO] [stdout] help: consider importing this macro
[INFO] [stdout]    |
[INFO] [stdout]  3 + use core::arch::asm;
[INFO] [stdout]    |
[INFO] [stdout] 
[INFO] [stdout] 
[INFO] [stdout] error: cannot find macro `asm` in this scope
[INFO] [stdout]   --> /opt/rustwide/cargo-home/registry/src/index.crates.io-1949cf8c6b5b557f/x86_64-0.1.2/src/instructions/segmentation.rs:51:5
[INFO] [stdout]    |
[INFO] [stdout] 51 |     asm!("movw $0, %fs " :: "r" (sel.0) : "memory");
[INFO] [stdout]    |     ^^^
[INFO] [stdout]    |
[INFO] [stdout] help: consider importing this macro
[INFO] [stdout]    |
[INFO] [stdout]  3 + use core::arch::asm;
[INFO] [stdout]    |
[INFO] [stdout] 
[INFO] [stdout] 
[INFO] [stdout] error: cannot find macro `asm` in this scope
[INFO] [stdout]   --> /opt/rustwide/cargo-home/registry/src/index.crates.io-1949cf8c6b5b557f/x86_64-0.1.2/src/instructions/segmentation.rs:46:5
[INFO] [stdout]    |
[INFO] [stdout] 46 |     asm!("movw $0, %es " :: "r" (sel.0) : "memory");
[INFO] [stdout]    |     ^^^
[INFO] [stdout]    |
[INFO] [stdout] help: consider importing this macro
[INFO] [stdout]    |
[INFO] [stdout]  3 + use core::arch::asm;
[INFO] [stdout]    |
[INFO] [stdout] 
[INFO] [stdout] 
[INFO] [stdout] error: cannot find macro `asm` in this scope
[INFO] [stdout]   --> /opt/rustwide/cargo-home/registry/src/index.crates.io-1949cf8c6b5b557f/x86_64-0.1.2/src/instructions/segmentation.rs:41:5
[INFO] [stdout]    |
[INFO] [stdout] 41 |     asm!("movw $0, %ds " :: "r" (sel.0) : "memory");
[INFO] [stdout]    |     ^^^
[INFO] [stdout]    |
[INFO] [stdout] help: consider importing this macro
[INFO] [stdout]    |
[INFO] [stdout]  3 + use core::arch::asm;
[INFO] [stdout]    |
[INFO] [stdout] 
[INFO] [stdout] 
[INFO] [stdout] error: cannot find macro `asm` in this scope
[INFO] [stdout]   --> /opt/rustwide/cargo-home/registry/src/index.crates.io-1949cf8c6b5b557f/x86_64-0.1.2/src/instructions/segmentation.rs:36:5
[INFO] [stdout]    |
[INFO] [stdout] 36 |     asm!("movw $0, %ss " :: "r" (sel.0) : "memory");
[INFO] [stdout]    |     ^^^
[INFO] [stdout]    |
[INFO] [stdout] help: consider importing this macro
[INFO] [stdout]    |
[INFO] [stdout]  3 + use core::arch::asm;
[INFO] [stdout]    |
[INFO] [stdout] 
[INFO] [stdout] 
[INFO] [stdout] error: cannot find macro `asm` in this scope
[INFO] [stdout]   --> /opt/rustwide/cargo-home/registry/src/index.crates.io-1949cf8c6b5b557f/x86_64-0.1.2/src/instructions/segmentation.rs:24:9
[INFO] [stdout]    |
[INFO] [stdout] 24 |         asm!("pushq $0; \
[INFO] [stdout]    |         ^^^
[INFO] [stdout]    |
[INFO] [stdout] help: consider importing this macro
[INFO] [stdout]    |
[INFO] [stdout]  3 + use core::arch::asm;
[INFO] [stdout]    |
[INFO] [stdout] 
[INFO] [stdout] 
[INFO] [stdout] error: cannot find macro `asm` in this scope
[INFO] [stdout]   --> /opt/rustwide/cargo-home/registry/src/index.crates.io-1949cf8c6b5b557f/x86_64-0.1.2/src/instructions/tables.rs:33:5
[INFO] [stdout]    |
[INFO] [stdout] 33 |     asm!("ltr $0" :: "r" (sel.0));
[INFO] [stdout]    |     ^^^
[INFO] [stdout]    |
[INFO] [stdout] help: consider importing this macro
[INFO] [stdout]    |
[INFO] [stdout]  3 + use core::arch::asm;
[INFO] [stdout]    |
[INFO] [stdout] 
[INFO] [stdout] 
[INFO] [stdout] error: cannot find macro `asm` in this scope
[INFO] [stdout]   --> /opt/rustwide/cargo-home/registry/src/index.crates.io-1949cf8c6b5b557f/x86_64-0.1.2/src/instructions/tables.rs:28:5
[INFO] [stdout]    |
[INFO] [stdout] 28 |     asm!("lidt ($0)" :: "r" (idt) : "memory");
[INFO] [stdout]    |     ^^^
[INFO] [stdout]    |
[INFO] [stdout] help: consider importing this macro
[INFO] [stdout]    |
[INFO] [stdout]  3 + use core::arch::asm;
[INFO] [stdout]    |
[INFO] [stdout] 
[INFO] [stdout] 
[INFO] [stdout] error: cannot find macro `asm` in this scope
[INFO] [stdout]   --> /opt/rustwide/cargo-home/registry/src/index.crates.io-1949cf8c6b5b557f/x86_64-0.1.2/src/instructions/tables.rs:23:5
[INFO] [stdout]    |
[INFO] [stdout] 23 |     asm!("lldt ($0)" :: "r" (ldt) : "memory");
[INFO] [stdout]    |     ^^^
[INFO] [stdout]    |
[INFO] [stdout] help: consider importing this macro
[INFO] [stdout]    |
[INFO] [stdout]  3 + use core::arch::asm;
[INFO] [stdout]    |
[INFO] [stdout] 
[INFO] [stdout] 
[INFO] [stdout] error: cannot find macro `asm` in this scope
[INFO] [stdout]   --> /opt/rustwide/cargo-home/registry/src/index.crates.io-1949cf8c6b5b557f/x86_64-0.1.2/src/instructions/tables.rs:18:5
[INFO] [stdout]    |
[INFO] [stdout] 18 |     asm!("lgdt ($0)" :: "r" (gdt) : "memory");
[INFO] [stdout]    |     ^^^
[INFO] [stdout]    |
[INFO] [stdout] help: consider importing this macro
[INFO] [stdout]    |
[INFO] [stdout]  3 + use core::arch::asm;
[INFO] [stdout]    |
[INFO] [stdout] 
[INFO] [stdout] 
[INFO] [stdout] error: cannot find macro `asm` in this scope
[INFO] [stdout]   --> /opt/rustwide/cargo-home/registry/src/index.crates.io-1949cf8c6b5b557f/x86_64-0.1.2/src/instructions/interrupts.rs:27:9
[INFO] [stdout]    |
[INFO] [stdout] 27 |         asm!("int3");
[INFO] [stdout]    |         ^^^
[INFO] [stdout]    |
[INFO] [stdout] help: consider importing this macro
[INFO] [stdout]    |
[INFO] [stdout]  3 + use core::arch::asm;
[INFO] [stdout]    |
[INFO] [stdout] 
[INFO] [stdout] 
[INFO] [stdout] error: cannot find macro `asm` in this scope
[INFO] [stdout]   --> /opt/rustwide/cargo-home/registry/src/index.crates.io-1949cf8c6b5b557f/x86_64-0.1.2/src/instructions/interrupts.rs:10:5
[INFO] [stdout]    |
[INFO] [stdout] 10 |     asm!("cli");
[INFO] [stdout]    |     ^^^
[INFO] [stdout]    |
[INFO] [stdout] help: consider importing this macro
[INFO] [stdout]    |
[INFO] [stdout]  3 + use core::arch::asm;
[INFO] [stdout]    |
[INFO] [stdout] 
[INFO] [stdout] 
[INFO] [stdout] error: cannot find macro `asm` in this scope
[INFO] [stdout]  --> /opt/rustwide/cargo-home/registry/src/index.crates.io-1949cf8c6b5b557f/x86_64-0.1.2/src/instructions/interrupts.rs:5:5
[INFO] [stdout]   |
[INFO] [stdout] 5 |     asm!("sti");
[INFO] [stdout]   |     ^^^
[INFO] [stdout]   |
[INFO] [stdout] help: consider importing this macro
[INFO] [stdout]   |
[INFO] [stdout] 3 + use core::arch::asm;
[INFO] [stdout]   |
[INFO] [stdout] 
[INFO] [stdout] 
[INFO] [stdout] error: cannot find macro `asm` in this scope
[INFO] [stdout]   --> /opt/rustwide/cargo-home/registry/src/index.crates.io-1949cf8c6b5b557f/x86_64-0.1.2/src/instructions/port.rs:76:5
[INFO] [stdout]    |
[INFO] [stdout] 76 |     asm!("rep insl %dx, (%edi)"
[INFO] [stdout]    |     ^^^
[INFO] [stdout]    |
[INFO] [stdout] help: consider importing this macro
[INFO] [stdout]    |
[INFO] [stdout]  3 + use core::arch::asm;
[INFO] [stdout]    |
[INFO] [stdout] 
[INFO] [stdout] 
[INFO] [stdout] error: cannot find macro `asm` in this scope
[INFO] [stdout]   --> /opt/rustwide/cargo-home/registry/src/index.crates.io-1949cf8c6b5b557f/x86_64-0.1.2/src/instructions/port.rs:69:5
[INFO] [stdout]    |
[INFO] [stdout] 69 |     asm!("rep outsl (%esi), %dx"
[INFO] [stdout]    |     ^^^
[INFO] [stdout]    |
[INFO] [stdout] help: consider importing this macro
[INFO] [stdout]    |
[INFO] [stdout]  3 + use core::arch::asm;
[INFO] [stdout]    |
[INFO] [stdout] 
[INFO] [stdout] 
[INFO] [stdout] error: cannot find macro `asm` in this scope
[INFO] [stdout]   --> /opt/rustwide/cargo-home/registry/src/index.crates.io-1949cf8c6b5b557f/x86_64-0.1.2/src/instructions/port.rs:62:5
[INFO] [stdout]    |
[INFO] [stdout] 62 |     asm!("rep insw %dx, (%edi)"
[INFO] [stdout]    |     ^^^
[INFO] [stdout]    |
[INFO] [stdout] help: consider importing this macro
[INFO] [stdout]    |
[INFO] [stdout]  3 + use core::arch::asm;
[INFO] [stdout]    |
[INFO] [stdout] 
[INFO] [stdout] 
[INFO] [stdout] error: cannot find macro `asm` in this scope
[INFO] [stdout]   --> /opt/rustwide/cargo-home/registry/src/index.crates.io-1949cf8c6b5b557f/x86_64-0.1.2/src/instructions/port.rs:55:5
[INFO] [stdout]    |
[INFO] [stdout] 55 |     asm!("rep outsw (%esi), %dx"
[INFO] [stdout]    |     ^^^
[INFO] [stdout]    |
[INFO] [stdout] help: consider importing this macro
[INFO] [stdout]    |
[INFO] [stdout]  3 + use core::arch::asm;
[INFO] [stdout]    |
[INFO] [stdout] 
[INFO] [stdout] 
[INFO] [stdout] error: cannot find macro `asm` in this scope
[INFO] [stdout]   --> /opt/rustwide/cargo-home/registry/src/index.crates.io-1949cf8c6b5b557f/x86_64-0.1.2/src/instructions/port.rs:48:5
[INFO] [stdout]    |
[INFO] [stdout] 48 |     asm!("rep insb %dx, (%edi)"
[INFO] [stdout]    |     ^^^
[INFO] [stdout]    |
[INFO] [stdout] help: consider importing this macro
[INFO] [stdout]    |
[INFO] [stdout]  3 + use core::arch::asm;
[INFO] [stdout]    |
[INFO] [stdout] 
[INFO] [stdout] 
[INFO] [stdout] error: cannot find macro `asm` in this scope
[INFO] [stdout]   --> /opt/rustwide/cargo-home/registry/src/index.crates.io-1949cf8c6b5b557f/x86_64-0.1.2/src/instructions/port.rs:41:5
[INFO] [stdout]    |
[INFO] [stdout] 41 |     asm!("rep outsb (%esi), %dx"
[INFO] [stdout]    |     ^^^
[INFO] [stdout]    |
[INFO] [stdout] help: consider importing this macro
[INFO] [stdout]    |
[INFO] [stdout]  3 + use core::arch::asm;
[INFO] [stdout]    |
[INFO] [stdout] 
[INFO] [stdout] 
[INFO] [stdout] error: cannot find macro `asm` in this scope
[INFO] [stdout]   --> /opt/rustwide/cargo-home/registry/src/index.crates.io-1949cf8c6b5b557f/x86_64-0.1.2/src/instructions/port.rs:35:5
[INFO] [stdout]    |
[INFO] [stdout] 35 |     asm!("inl %dx, %eax" : "={ax}"(ret) : "{dx}"(port) :: "volatile");
[INFO] [stdout]    |     ^^^
[INFO] [stdout]    |
[INFO] [stdout] help: consider importing this macro
[INFO] [stdout]    |
[INFO] [stdout]  3 + use core::arch::asm;
[INFO] [stdout]    |
[INFO] [stdout] 
[INFO] [stdout] 
[INFO] [stdout] error: cannot find macro `asm` in this scope
[INFO] [stdout]   --> /opt/rustwide/cargo-home/registry/src/index.crates.io-1949cf8c6b5b557f/x86_64-0.1.2/src/instructions/port.rs:29:5
[INFO] [stdout]    |
[INFO] [stdout] 29 |     asm!("outl %eax, %dx" :: "{dx}"(port), "{al}"(val));
[INFO] [stdout]    |     ^^^
[INFO] [stdout]    |
[INFO] [stdout] help: consider importing this macro
[INFO] [stdout]    |
[INFO] [stdout]  3 + use core::arch::asm;
[INFO] [stdout]    |
[INFO] [stdout] 
[INFO] [stdout] 
[INFO] [stdout] error: cannot find macro `asm` in this scope
[INFO] [stdout]   --> /opt/rustwide/cargo-home/registry/src/index.crates.io-1949cf8c6b5b557f/x86_64-0.1.2/src/instructions/port.rs:23:5
[INFO] [stdout]    |
[INFO] [stdout] 23 |     asm!("inw %dx, %ax" : "={ax}"(ret) : "{dx}"(port) :: "volatile");
[INFO] [stdout]    |     ^^^
[INFO] [stdout]    |
[INFO] [stdout] help: consider importing this macro
[INFO] [stdout]    |
[INFO] [stdout]  3 + use core::arch::asm;
[INFO] [stdout]    |
[INFO] [stdout] 
[INFO] [stdout] 
[INFO] [stdout] error: cannot find macro `asm` in this scope
[INFO] [stdout]   --> /opt/rustwide/cargo-home/registry/src/index.crates.io-1949cf8c6b5b557f/x86_64-0.1.2/src/instructions/port.rs:17:5
[INFO] [stdout]    |
[INFO] [stdout] 17 |     asm!("outw %ax, %dx" :: "{dx}"(port), "{al}"(val));
[INFO] [stdout]    |     ^^^
[INFO] [stdout]    |
[INFO] [stdout] help: consider importing this macro
[INFO] [stdout]    |
[INFO] [stdout]  3 + use core::arch::asm;
[INFO] [stdout]    |
[INFO] [stdout] 
[INFO] [stdout] 
[INFO] [stdout] error: cannot find macro `asm` in this scope
[INFO] [stdout]   --> /opt/rustwide/cargo-home/registry/src/index.crates.io-1949cf8c6b5b557f/x86_64-0.1.2/src/instructions/port.rs:11:5
[INFO] [stdout]    |
[INFO] [stdout] 11 |     asm!("inb %dx, %al" : "={ax}"(ret) : "{dx}"(port) :: "volatile");
[INFO] [stdout]    |     ^^^
[INFO] [stdout]    |
[INFO] [stdout] help: consider importing this macro
[INFO] [stdout]    |
[INFO] [stdout]  3 + use core::arch::asm;
[INFO] [stdout]    |
[INFO] [stdout] 
[INFO] [stdout] 
[INFO] [stdout] error: cannot find macro `asm` in this scope
[INFO] [stdout]  --> /opt/rustwide/cargo-home/registry/src/index.crates.io-1949cf8c6b5b557f/x86_64-0.1.2/src/instructions/port.rs:5:5
[INFO] [stdout]   |
[INFO] [stdout] 5 |     asm!("outb %al, %dx" :: "{dx}"(port), "{al}"(val));
[INFO] [stdout]   |     ^^^
[INFO] [stdout]   |
[INFO] [stdout] help: consider importing this macro
[INFO] [stdout]   |
[INFO] [stdout] 3 + use core::arch::asm;
[INFO] [stdout]   |
[INFO] [stdout] 
[INFO] [stdout] 
[INFO] [stderr]     Checking raw-cpuid v2.0.2
[INFO] [stdout] error[E0599]: no method named `get` found for reference `&core::ptr::Unique<Hole>` in the current scope
[INFO] [stdout]    --> /opt/rustwide/cargo-home/registry/src/index.crates.io-1949cf8c6b5b557f/linked_list_allocator-0.2.5/src/hole.rs:232:74
[INFO] [stdout]     |
[INFO] [stdout] 232 |         let next_hole_info = hole.next.as_ref().map(|next| unsafe { next.get().info() });
[INFO] [stdout]     |                                                                          ^^^ method not found in `&core::ptr::Unique<Hole>`
[INFO] [stdout] 
[INFO] [stdout] 
[INFO] [stderr]     Checking rlibc v0.1.5
[INFO] [stdout] error[E0658]: use of unstable library feature `ptr_internals`
[INFO] [stdout]    --> /opt/rustwide/cargo-home/registry/src/index.crates.io-1949cf8c6b5b557f/linked_list_allocator-0.2.5/src/hole.rs:284:43
[INFO] [stdout]     |
[INFO] [stdout] 284 |                 hole.next = Some(unsafe { Unique::new(ptr) });
[INFO] [stdout]     |                                           ^^^^^^^^^^^
[INFO] [stdout]     |
[INFO] [stdout]     = help: add `#![feature(ptr_internals)]` to the crate attributes to enable
[INFO] [stdout]     = note: this compiler was built on 2026-09-09; consider upgrading it if it is out of date
[INFO] [stdout] 
[INFO] [stdout] 
[INFO] [stdout] warning: unnecessary parentheses around type
[INFO] [stdout]   --> build.rs:45:68
[INFO] [stdout]    |
[INFO] [stdout] 45 | fn fill_from_location(f: &mut fs::File, loc: &Path ) -> Result<(), (Error)> {
[INFO] [stdout]    |                                                                    ^     ^
[INFO] [stdout]    |
[INFO] [stdout]    = note: `#[warn(unused_parens)]` (part of `#[warn(unused)]`) on by default
[INFO] [stdout] help: remove these parentheses
[INFO] [stdout]    |
[INFO] [stdout] 45 - fn fill_from_location(f: &mut fs::File, loc: &Path ) -> Result<(), (Error)> {
[INFO] [stdout] 45 + fn fill_from_location(f: &mut fs::File, loc: &Path ) -> Result<(), Error> {
[INFO] [stdout]    |
[INFO] [stdout] 
[INFO] [stdout] 
[INFO] [stdout] error[E0308]: mismatched types
[INFO] [stdout]    --> /opt/rustwide/cargo-home/registry/src/index.crates.io-1949cf8c6b5b557f/linked_list_allocator-0.2.5/src/hole.rs:284:43
[INFO] [stdout]     |
[INFO] [stdout] 284 |                 hole.next = Some(unsafe { Unique::new(ptr) });
[INFO] [stdout]     |                                           ^^^^^^^^^^^^^^^^ expected `Unique<Hole>`, found `Option<Unique<Hole>>`
[INFO] [stdout]     |
[INFO] [stdout]     = note: expected struct `Unique<_>`
[INFO] [stdout]                  found enum `Option<Unique<_>>`
[INFO] [stdout] help: consider using `Option::expect` to unwrap the `Option<core::ptr::Unique<Hole>>` value, panicking if the value is an `Option::None`
[INFO] [stdout]     |
[INFO] [stdout] 284 |                 hole.next = Some(unsafe { Unique::new(ptr).expect("REASON") });
[INFO] [stdout]     |                                                           +++++++++++++++++
[INFO] [stdout] 
[INFO] [stdout] 
[INFO] [stdout] Some errors have detailed explanations: E0308, E0557, E0599, E0635, E0658.
[INFO] [stdout] 
[INFO] [stdout] For more information about an error, try `rustc --explain E0308`.
[INFO] [stdout] 
[INFO] [stdout] error: cannot find macro `asm` in this scope
[INFO] [stdout]  --> /opt/rustwide/cargo-home/registry/src/index.crates.io-1949cf8c6b5b557f/spin-0.4.5/src/util.rs:8:14
[INFO] [stdout]   |
[INFO] [stdout] 8 |     unsafe { asm!("pause" :::: "volatile"); }
[INFO] [stdout]   |              ^^^
[INFO] [stdout]   |
[INFO] [stdout] help: consider importing this macro
[INFO] [stdout]   |
[INFO] [stdout] 1 + use core::arch::asm;
[INFO] [stdout]   |
[INFO] [stdout] 
[INFO] [stdout] 
[INFO] [stderr]     Checking multiboot2 v0.3.2
[INFO] [stderr] error: could not compile `linked_list_allocator` (lib) due to 13 previous errors
[INFO] [stderr] warning: build failed, waiting for other jobs to finish...
[INFO] [stdout] error[E0507]: cannot move out of a shared reference
[INFO] [stdout]   --> /opt/rustwide/cargo-home/registry/src/index.crates.io-1949cf8c6b5b557f/multiboot2-0.3.2/src/elf_sections.rs:10:5
[INFO] [stdout]    |
[INFO] [stdout]  2 | #[derive(Debug)]
[INFO] [stdout]    |          ----- in this derive macro expansion
[INFO] [stdout] ...
[INFO] [stdout] 10 |     first_section: ElfSection,
[INFO] [stdout]    |     ^^^^^^^^^^^^^^^^^^^^^^^^^ move occurs because value has type `ElfSection`, which does not implement the `Copy` trait
[INFO] [stdout]    |
[INFO] [stdout] note: if `ElfSection` implemented `Clone`, you could clone the value
[INFO] [stdout]   --> /opt/rustwide/cargo-home/registry/src/index.crates.io-1949cf8c6b5b557f/multiboot2-0.3.2/src/elf_sections.rs:82:1
[INFO] [stdout]    |
[INFO] [stdout] 10 |     first_section: ElfSection,
[INFO] [stdout]    |     ------------------------- you could clone this value
[INFO] [stdout] ...
[INFO] [stdout] 82 | pub struct ElfSection {
[INFO] [stdout]    | ^^^^^^^^^^^^^^^^^^^^^ consider implementing `Clone` for this type
[INFO] [stdout]    = note: `#[derive(Debug)]` triggers a move because taking references to the fields of a packed struct is undefined behaviour
[INFO] [stdout] 
[INFO] [stdout] 
[INFO] [stdout] error[E0793]: reference to field of packed struct is unaligned
[INFO] [stdout]   --> /opt/rustwide/cargo-home/registry/src/index.crates.io-1949cf8c6b5b557f/multiboot2-0.3.2/src/elf_sections.rs:16:30
[INFO] [stdout]    |
[INFO] [stdout] 16 |             current_section: &self.first_section,
[INFO] [stdout]    |                              ^^^^^^^^^^^^^^^^^^^
[INFO] [stdout]    |
[INFO] [stdout]    = note: this struct is 1-byte aligned, but the type of this field may require higher alignment
[INFO] [stdout]    = note: creating a misaligned reference is undefined behavior (even if that reference is never dereferenced)
[INFO] [stdout]    = help: copy the field contents to a local variable, or replace the reference with a raw pointer and use `read_unaligned`/`write_unaligned` (loads and stores via `*p` must be properly aligned even when using raw pointers)
[INFO] [stdout] 
[INFO] [stdout] 
[INFO] [stdout] error[E0793]: reference to field of packed struct is unaligned
[INFO] [stdout]   --> /opt/rustwide/cargo-home/registry/src/index.crates.io-1949cf8c6b5b557f/multiboot2-0.3.2/src/elf_sections.rs:25:18
[INFO] [stdout]    |
[INFO] [stdout] 25 |                 (&self.first_section as *const ElfSection).offset(self.shndx as isize);
[INFO] [stdout]    |                  ^^^^^^^^^^^^^^^^^^^
[INFO] [stdout]    |
[INFO] [stdout]    = note: this struct is 1-byte aligned, but the type of this field may require higher alignment
[INFO] [stdout]    = note: creating a misaligned reference is undefined behavior (even if that reference is never dereferenced)
[INFO] [stdout]    = help: copy the field contents to a local variable, or replace the reference with a raw pointer and use `read_unaligned`/`write_unaligned` (loads and stores via `*p` must be properly aligned even when using raw pointers)
[INFO] [stdout] 
[INFO] [stdout] 
[INFO] [stdout] Some errors have detailed explanations: E0507, E0793.
[INFO] [stdout] 
[INFO] [stdout] For more information about an error, try `rustc --explain E0507`.
[INFO] [stdout] 
[INFO] [stderr] error: could not compile `multiboot2` (lib) due to 3 previous errors
[INFO] [stdout] error: cannot find macro `asm` in this scope
[INFO] [stdout]   --> /opt/rustwide/cargo-home/registry/src/index.crates.io-1949cf8c6b5b557f/raw-cpuid-2.0.2/src/lib.rs:48:9
[INFO] [stdout]    |
[INFO] [stdout] 48 |         asm!("cpuid" : "+{eax}"(eax) "={ebx}"(ebx)
[INFO] [stdout]    |         ^^^
[INFO] [stdout]    |
[INFO] [stdout] help: consider importing this macro
[INFO] [stdout]    |
[INFO] [stdout] 14 + use core::arch::asm;
[INFO] [stdout]    |
[INFO] [stdout] 
[INFO] [stdout] 
[INFO] [stdout] error: cannot find macro `asm` in this scope
[INFO] [stdout]   --> /opt/rustwide/cargo-home/registry/src/index.crates.io-1949cf8c6b5b557f/raw-cpuid-2.0.2/src/lib.rs:64:9
[INFO] [stdout]    |
[INFO] [stdout] 64 |         asm!("cpuid" : "+{eax}"(eax) "={ebx}"(ebx)
[INFO] [stdout]    |         ^^^
[INFO] [stdout]    |
[INFO] [stdout] help: consider importing this macro
[INFO] [stdout]    |
[INFO] [stdout] 14 + use core::arch::asm;
[INFO] [stdout]    |
[INFO] [stdout] 
[INFO] [stdout] 
[INFO] [stdout] For more information about this error, try `rustc --explain E0557`.
[INFO] [stdout] 
[INFO] [stderr] error: could not compile `spin` (lib) due to 2 previous errors
[INFO] [stdout] error[E0793]: reference to field of packed struct is unaligned
[INFO] [stdout]    --> /opt/rustwide/cargo-home/registry/src/index.crates.io-1949cf8c6b5b557f/x86_64-0.1.2/src/structures/idt.rs:511:9
[INFO] [stdout]     |
[INFO] [stdout] 511 |         self.options.set_present(true);
[INFO] [stdout]     |         ^^^^^^^^^^^^
[INFO] [stdout]     |
[INFO] [stdout]     = note: this struct is 1-byte aligned, but the type of this field may require higher alignment
[INFO] [stdout]     = note: creating a misaligned reference is undefined behavior (even if that reference is never dereferenced)
[INFO] [stdout]     = help: copy the field contents to a local variable, or replace the reference with a raw pointer and use `read_unaligned`/`write_unaligned` (loads and stores via `*p` must be properly aligned even when using raw pointers)
[INFO] [stdout] 
[INFO] [stdout] 
[INFO] [stdout] error[E0793]: reference to field of packed struct is unaligned
[INFO] [stdout]    --> /opt/rustwide/cargo-home/registry/src/index.crates.io-1949cf8c6b5b557f/x86_64-0.1.2/src/structures/idt.rs:512:9
[INFO] [stdout]     |
[INFO] [stdout] 512 |         &mut self.options
[INFO] [stdout]     |         ^^^^^^^^^^^^^^^^^
[INFO] [stdout]     |
[INFO] [stdout]     = note: this struct is 1-byte aligned, but the type of this field may require higher alignment
[INFO] [stdout]     = note: creating a misaligned reference is undefined behavior (even if that reference is never dereferenced)
[INFO] [stdout]     = help: copy the field contents to a local variable, or replace the reference with a raw pointer and use `read_unaligned`/`write_unaligned` (loads and stores via `*p` must be properly aligned even when using raw pointers)
[INFO] [stdout] 
[INFO] [stdout] 
[INFO] [stdout] Some errors have detailed explanations: E0557, E0793.
[INFO] [stdout] 
[INFO] [stdout] For more information about an error, try `rustc --explain E0557`.
[INFO] [stdout] 
[INFO] [stderr] error: could not compile `x86_64` (lib) due to 44 previous errors
[INFO] [stderr] error: could not compile `raw-cpuid` (lib) due to 2 previous errors
[INFO] running `Command { std: "docker" "inspect" "efe1b64e3e922c439c14b875bf90bea2ff8ae2e308a967caaa0cd3956ca3d3b5", kill_on_drop: false }`
[INFO] running `Command { std: "docker" "rm" "-f" "efe1b64e3e922c439c14b875bf90bea2ff8ae2e308a967caaa0cd3956ca3d3b5", kill_on_drop: false }`
[INFO] [stdout] efe1b64e3e922c439c14b875bf90bea2ff8ae2e308a967caaa0cd3956ca3d3b5
