[INFO] cloning repository https://github.com/JezSonic/ac-cloud-server-manager
[INFO] running `Command { std: "git" "-c" "credential.helper=" "-c" "credential.helper=/workspace/cargo-home/bin/git-credential-null" "clone" "--bare" "https://github.com/JezSonic/ac-cloud-server-manager" "/workspace/cache/git-repos/https%3A%2F%2Fgithub.com%2FJezSonic%2Fac-cloud-server-manager", kill_on_drop: false }`
[INFO] [stderr] Cloning into bare repository '/workspace/cache/git-repos/https%3A%2F%2Fgithub.com%2FJezSonic%2Fac-cloud-server-manager'...
[INFO] running `Command { std: "git" "rev-parse" "HEAD", kill_on_drop: false }`
[INFO] [stdout] 52e3dbba276136e7b58516426e1406ec5f19b3b3
[INFO] checking JezSonic/ac-cloud-server-manager/52e3dbba276136e7b58516426e1406ec5f19b3b3 against eca445e5ae4a6679cc27d3a09106ce245e13a5a6 for pr-162478
[INFO] running `Command { std: "git" "clone" "/workspace/cache/git-repos/https%3A%2F%2Fgithub.com%2FJezSonic%2Fac-cloud-server-manager" "/workspace/builds/worker-3-tc1/source", kill_on_drop: false }`
[INFO] [stderr] Cloning into '/workspace/builds/worker-3-tc1/source'...
[INFO] [stderr] done.
[INFO] started tweaking git repo https://github.com/JezSonic/ac-cloud-server-manager
[INFO] finished tweaking git repo https://github.com/JezSonic/ac-cloud-server-manager
[INFO] tweaked toml for git repo https://github.com/JezSonic/ac-cloud-server-manager written to /workspace/builds/worker-3-tc1/source/Cargo.toml
[INFO] validating manifest of git repo https://github.com/JezSonic/ac-cloud-server-manager on toolchain eca445e5ae4a6679cc27d3a09106ce245e13a5a6
[INFO] running `Command { std: CARGO_HOME="/workspace/cargo-home" RUSTUP_HOME="/workspace/rustup-home" "/workspace/cargo-home/bin/cargo" "+eca445e5ae4a6679cc27d3a09106ce245e13a5a6" "metadata" "--manifest-path" "Cargo.toml" "--no-deps", kill_on_drop: false }`
[INFO] crate git repo https://github.com/JezSonic/ac-cloud-server-manager already has a lockfile, it will not be regenerated
[INFO] running `Command { std: CARGO_HOME="/workspace/cargo-home" RUSTUP_HOME="/workspace/rustup-home" "/workspace/cargo-home/bin/cargo" "+eca445e5ae4a6679cc27d3a09106ce245e13a5a6" "fetch" "--manifest-path" "Cargo.toml", kill_on_drop: false }`
[INFO] [stderr]     Updating crates.io index
[INFO] [stderr]  Downloading crates ...
[INFO] [stderr]   Downloaded cxxbridge-cmd v1.0.194
[INFO] [stderr]   Downloaded hyperlocal v0.9.1
[INFO] [stderr]   Downloaded clang-format v0.3.0
[INFO] [stderr]   Downloaded ssh2 v0.9.5
[INFO] [stderr]   Downloaded zbus-secret-service-keyring-store v1.0.0
[INFO] [stderr]   Downloaded windows-native-keyring-store v1.1.0
[INFO] [stderr]   Downloaded cxx-qt-lib v0.8.1
[INFO] [stderr]   Downloaded cxx-qt-gen v0.8.1
[INFO] [stderr]   Downloaded cxx-qt-build v0.8.1
[INFO] [stderr]   Downloaded cxxbridge-macro v1.0.194
[INFO] [stderr]   Downloaded keyring-core v1.0.0
[INFO] [stderr]   Downloaded qt-build-utils v0.8.1
[INFO] [stderr]   Downloaded cxx v1.0.194
[INFO] [stderr]   Downloaded rust-ini v0.21.3
[INFO] [stderr]   Downloaded cpp_build v0.5.11
[INFO] [stderr]   Downloaded cpp v0.5.11
[INFO] [stderr]   Downloaded scratch v1.0.9
[INFO] [stderr]   Downloaded qmetaobject v0.2.10
[INFO] [stderr]   Downloaded secret-service v5.1.0
[INFO] [stderr]   Downloaded cxx-qt-macro v0.8.1
[INFO] [stderr]   Downloaded openssh v0.11.6
[INFO] [stderr]   Downloaded libz-sys v1.1.29
[INFO] [stderr]   Downloaded ordered-multimap v0.7.3
[INFO] [stderr]   Downloaded bollard-stubs v1.53.1-rc.29.3.1
[INFO] [stderr]   Downloaded cxx-build v1.0.194
[INFO] [stderr]   Downloaded openssl-src v300.6.1+3.6.3
[INFO] [stderr]   Downloaded cxxbridge-flags v1.0.194
[INFO] [stderr]   Downloaded bollard v0.21.0
[INFO] [stderr]   Downloaded libssh2-sys v0.3.1
[INFO] [stderr]   Downloaded dlv-list v0.5.2
[INFO] [stderr]   Downloaded qmetaobject_impl v0.2.10
[INFO] [stderr]   Downloaded cpp_common v0.5.11
[INFO] [stderr]   Downloaded keyring v4.1.2
[INFO] [stderr]   Downloaded link-cplusplus v1.0.12
[INFO] [stderr]   Downloaded hyper-named-pipe v0.1.0
[INFO] [stderr]   Downloaded cxx-qt v0.8.1
[INFO] [stderr]   Downloaded ignore v0.4.26
[INFO] [stderr]   Downloaded cxx-gen v0.7.194
[INFO] [stderr]   Downloaded rust-i18n-support v4.1.0
[INFO] [stderr]   Downloaded cpp_macros v0.5.11
[INFO] [stderr]   Downloaded rust-i18n v4.1.0
[INFO] [stderr]   Downloaded apple-native-keyring-store v1.0.0
[INFO] [stderr]   Downloaded rust-i18n-macro v4.1.0
[INFO] [stderr]   Downloaded uuid v1.23.3
[INFO] running `Command { std: "docker" "create" "-v" "/var/lib/crater-agent-workspace/builds/worker-3-tc1/source:/opt/rustwide/workdir:ro,Z" "-v" "/var/lib/crater-agent-workspace/builds/worker-3-tc1/target:/opt/rustwide/target:rw,Z" "-v" "/var/lib/crater-agent-workspace/cargo-home:/opt/rustwide/cargo-home:ro,Z" "-v" "/var/lib/crater-agent-workspace/rustup-home:/opt/rustwide/rustup-home:ro,Z" "-m" "1610612736" "--network" "none" "ghcr.io/rust-lang/crates-build-env/linux@sha256:8683fc1fc2eb5c9ac98e0d076ab094b2ffac7f99da555d2b6a2e27f346de2ec7" "sleep" "infinity", kill_on_drop: false }`
[INFO] [stdout] 5fb6cf71aa9ab94907bd7c93f613a82109baaa428461b0ba8eb44c41c26ee537
[INFO] running `Command { std: "docker" "start" "5fb6cf71aa9ab94907bd7c93f613a82109baaa428461b0ba8eb44c41c26ee537", kill_on_drop: false }`
[INFO] running `Command { std: "docker" "inspect" "5fb6cf71aa9ab94907bd7c93f613a82109baaa428461b0ba8eb44c41c26ee537", kill_on_drop: false }`
[INFO] running `Command { std: "docker" "exec" "-e" "SOURCE_DIR=/opt/rustwide/workdir" "-e" "CARGO_HOME=/opt/rustwide/cargo-home" "-e" "RUSTUP_HOME=/opt/rustwide/rustup-home" "-e" "CARGO_TARGET_DIR=/opt/rustwide/target" "-w" "/opt/rustwide/workdir" "--user" "0:0" "5fb6cf71aa9ab94907bd7c93f613a82109baaa428461b0ba8eb44c41c26ee537" "/opt/rustwide/cargo-home/bin/cargo" "+eca445e5ae4a6679cc27d3a09106ce245e13a5a6" "metadata" "--no-deps" "--format-version=1", kill_on_drop: false }`
[INFO] running `Command { std: "docker" "inspect" "5fb6cf71aa9ab94907bd7c93f613a82109baaa428461b0ba8eb44c41c26ee537", kill_on_drop: false }`
[INFO] running `Command { std: "docker" "exec" "-e" "SOURCE_DIR=/opt/rustwide/workdir" "-e" "CARGO_HOME=/opt/rustwide/cargo-home" "-e" "RUSTUP_HOME=/opt/rustwide/rustup-home" "-e" "CARGO_TARGET_DIR=/opt/rustwide/target" "-e" "CARGO_INCREMENTAL=0" "-e" "RUST_BACKTRACE=full" "-e" "RUSTFLAGS=--cap-lints=forbid" "-e" "RUSTDOCFLAGS=--cap-lints=forbid" "-w" "/opt/rustwide/workdir" "--user" "0:0" "5fb6cf71aa9ab94907bd7c93f613a82109baaa428461b0ba8eb44c41c26ee537" "/opt/rustwide/cargo-home/bin/cargo" "+eca445e5ae4a6679cc27d3a09106ce245e13a5a6" "check" "--frozen" "--all" "--all-targets" "--message-format=json", kill_on_drop: false }`
[INFO] [stderr]    Compiling proc-macro2 v1.0.106
[INFO] [stderr]    Compiling memchr v2.8.2
[INFO] [stderr]    Compiling libc v0.2.186
[INFO] [stderr]     Checking typenum v1.20.1
[INFO] [stderr]     Checking getrandom v0.2.17
[INFO] [stderr]    Compiling generic-array v0.14.7
[INFO] [stderr]    Compiling regex-syntax v0.8.11
[INFO] [stderr]    Compiling semver v1.0.28
[INFO] [stderr]    Compiling rustix v1.1.4
[INFO] [stderr]     Checking rand_core v0.6.4
[INFO] [stderr]     Checking linux-raw-sys v0.12.1
[INFO] [stderr]    Compiling termcolor v1.4.1
[INFO] [stderr]    Compiling itoa v1.0.18
[INFO] [stderr]    Compiling zmij v1.0.21
[INFO] [stderr]    Compiling aho-corasick v1.1.4
[INFO] [stderr]    Compiling unicode-width v0.2.2
[INFO] [stderr]    Compiling serde_json v1.0.150
[INFO] [stderr]    Compiling quote v1.0.45
[INFO] [stderr]    Compiling codespan-reporting v0.13.1
[INFO] [stderr]    Compiling syn v2.0.118
[INFO] [stderr]    Compiling jobserver v0.1.34
[INFO] [stderr]    Compiling cc v1.2.65
[INFO] [stderr]    Compiling unicode-segmentation v1.13.3
[INFO] [stderr]    Compiling anyhow v1.0.102
[INFO] [stderr]     Checking crypto-common v0.1.7
[INFO] [stderr]    Compiling convert_case v0.6.0
[INFO] [stderr]    Compiling num-traits v0.2.19
[INFO] [stderr]    Compiling crossbeam-utils v0.8.21
[INFO] [stderr]     Checking subtle v2.6.1
[INFO] [stderr]    Compiling indoc v2.0.7
[INFO] [stderr]    Compiling regex-automata v0.4.14
[INFO] [stderr]     Checking parking_lot_core v0.9.12
[INFO] [stderr]    Compiling unicode-width v0.1.14
[INFO] [stderr]     Checking parking_lot v0.12.5
[INFO] [stderr]    Compiling codespan-reporting v0.11.1
[INFO] [stderr]     Checking block-padding v0.3.3
[INFO] [stderr]     Checking inout v0.1.4
[INFO] [stderr]     Checking getrandom v0.4.3
[INFO] [stderr]    Compiling bstr v1.12.1
[INFO] [stderr]    Compiling log v0.4.33
[INFO] [stderr]    Compiling link-cplusplus v1.0.12
[INFO] [stderr]    Compiling crossbeam-epoch v0.9.18
[INFO] [stderr]    Compiling cxxbridge-flags v1.0.194
[INFO] [stderr]    Compiling cxx v1.0.194
[INFO] [stderr]     Checking num-integer v0.1.46
[INFO] [stderr]    Compiling crunchy v0.2.4
[INFO] [stderr]     Checking cipher v0.4.4
[INFO] [stderr]    Compiling crossbeam-deque v0.8.6
[INFO] [stderr]     Checking block-buffer v0.10.4
[INFO] [stderr]    Compiling tiny-keccak v2.0.2
[INFO] [stderr]     Checking digest v0.10.7
[INFO] [stderr]    Compiling openssl-src v300.6.1+3.6.3
[INFO] [stderr]    Compiling bitflags v1.3.2
[INFO] [stderr]     Checking num-bigint v0.4.6
[INFO] [stderr]    Compiling openssl-sys v0.9.117
[INFO] [stderr]    Compiling libz-sys v1.1.29
[INFO] [stderr]    Compiling toml_write v0.1.2
[INFO] [stderr]    Compiling once_cell v1.21.4
[INFO] [stderr]    Compiling const-random-macro v0.1.16
[INFO] [stderr]     Checking hmac v0.12.1
[INFO] [stderr]     Checking aes v0.8.4
[INFO] [stderr]    Compiling regex v1.12.4
[INFO] [stderr]    Compiling globset v0.4.18
[INFO] [stderr]    Compiling synstructure v0.13.2
[INFO] [stderr]    Compiling cxx-gen v0.7.194
[INFO] [stderr]    Compiling cpp_common v0.5.11
[INFO] [stderr]    Compiling ignore v0.4.26
[INFO] [stderr]     Checking polling v3.11.0
[INFO] [stderr]     Checking async-io v2.6.0
[INFO] [stderr]    Compiling cpp_build v0.5.11
[INFO] [stderr]     Checking num-rational v0.4.2
[INFO] [stderr]     Checking num-iter v0.1.45
[INFO] [stderr]     Checking num-complex v0.4.6
[INFO] [stderr]     Checking uuid v1.23.3
[INFO] [stderr]     Checking async-signal v0.2.14
[INFO] [stderr]     Checking async-process v2.5.0
[INFO] [stderr]    Compiling arc-swap v1.9.1
[INFO] [stderr]     Checking futures-channel v0.3.32
[INFO] [stderr]     Checking httpdate v1.0.3
[INFO] [stderr]    Compiling globwalk v0.8.1
[INFO] [stderr]     Checking percent-encoding v2.3.2
[INFO] [stderr]    Compiling ryu v1.0.23
[INFO] [stderr]    Compiling either v1.16.0
[INFO] [stderr]    Compiling unsafe-libyaml v0.2.11
[INFO] [stderr]    Compiling stable_deref_trait v1.2.1
[INFO] [stderr]    Compiling byteorder v1.5.0
[INFO] [stderr]     Checking form_urlencoded v1.2.2
[INFO] [stderr]     Checking num v0.4.3
[INFO] [stderr]    Compiling itertools v0.11.0
[INFO] [stderr]     Checking hkdf v0.12.4
[INFO] [stderr]     Checking const-random v0.1.18
[INFO] [stderr]     Checking sha2 v0.10.9
[INFO] [stderr]    Compiling serde_derive v1.0.228
[INFO] [stderr]    Compiling zerofrom-derive v0.1.7
[INFO] [stderr]    Compiling thiserror-impl v1.0.69
[INFO] [stderr]    Compiling yoke-derive v0.8.2
[INFO] [stderr]    Compiling zerovec-derive v0.11.3
[INFO] [stderr]    Compiling displaydoc v0.2.6
[INFO] [stderr]     Checking zerofrom v0.1.8
[INFO] [stderr]    Compiling enumflags2_derive v0.7.12
[INFO] [stderr]    Compiling thiserror v1.0.69
[INFO] [stderr]     Checking yoke v0.8.3
[INFO] [stderr]    Compiling clang-format v0.3.0
[INFO] [stderr]    Compiling cxx-qt-gen v0.8.1
[INFO] [stderr]    Compiling tokio-macros v2.7.0
[INFO] [stderr]     Checking zerovec v0.11.6
[INFO] [stderr]    Compiling tracing-attributes v0.1.31
[INFO] [stderr]     Checking zerotrie v0.2.4
[INFO] [stderr]    Compiling futures-macro v0.3.32
[INFO] [stderr]    Compiling serde_repr v0.1.20
[INFO] [stderr]     Checking tokio v1.52.3
[INFO] [stderr]     Checking tinystr v0.8.3
[INFO] [stderr]     Checking potential_utf v0.1.5
[INFO] [stderr]     Checking icu_collections v2.2.0
[INFO] [stderr]     Checking icu_locale_core v2.2.0
[INFO] [stderr]     Checking futures-util v0.3.32
[INFO] [stderr]    Compiling async-trait v0.1.89
[INFO] [stderr]     Checking tracing v0.1.44
[INFO] [stderr]    Compiling qttypes v0.2.12
[INFO] [stderr]    Compiling async-recursion v1.1.1
[INFO] [stderr]     Checking icu_provider v2.2.0
[INFO] [stderr]     Checking icu_properties v2.2.0
[INFO] [stderr]     Checking icu_normalizer v2.2.0
[INFO] [stderr]    Compiling serde v1.0.228
[INFO] [stderr]     Checking enumflags2 v0.7.12
[INFO] [stderr]    Compiling zvariant_utils v3.4.0
[INFO] [stderr]    Compiling qt-build-utils v0.8.1
[INFO] [stderr]    Compiling zvariant_derive v5.12.0
[INFO] [stderr]    Compiling toml_datetime v0.6.11
[INFO] [stderr]    Compiling serde_spanned v0.6.9
[INFO] [stderr]    Compiling cxx-qt-build v0.8.1
[INFO] [stderr]    Compiling toml_edit v0.22.27
[INFO] [stderr]     Checking idna_adapter v1.2.2
[INFO] [stderr]    Compiling triomphe v0.1.15
[INFO] [stderr]    Compiling serde_yaml v0.9.34+deprecated
[INFO] [stderr]    Compiling cxxbridge-macro v1.0.194
[INFO] [stderr]    Compiling zvariant v5.12.0
[INFO] [stderr]    Compiling cxx-qt v0.8.1
[INFO] [stderr]     Checking hyper v1.10.1
[INFO] [stderr]    Compiling zbus_names v4.3.2
[INFO] [stderr]    Compiling toml v0.8.23
[INFO] [stderr]    Compiling cxx-qt-lib v0.8.1
[INFO] [stderr]    Compiling zbus_macros v5.16.0
[INFO] [stderr]    Compiling cpp_macros v0.5.11
[INFO] [stderr]    Compiling thiserror-impl v2.0.18
[INFO] [stderr]     Checking cbc v0.1.2
[INFO] [stderr]    Compiling libssh2-sys v0.3.1
[INFO] [stderr]     Checking universal-hash v0.5.1
[INFO] [stderr]     Checking option-ext v0.2.0
[INFO] [stderr]    Compiling normpath v1.5.1
[INFO] [stderr]     Checking foldhash v0.2.0
[INFO] [stderr]    Compiling base62 v2.2.4
[INFO] [stderr]     Checking cpp v0.5.11
[INFO] [stderr]     Checking polyval v0.6.2
[INFO] [stderr]     Checking hyper-util v0.1.20
[INFO] [stderr]    Compiling rust-i18n-support v4.1.0
[INFO] [stderr]     Checking thiserror v2.0.18
[INFO] [stderr]     Checking dirs-sys v0.5.0
[INFO] [stderr]     Checking idna v1.1.0
[INFO] [stderr]    Compiling cxx-qt-macro v0.8.1
[INFO] [stderr]    Compiling rust-i18n v4.1.0
[INFO] [stderr]     Checking dlv-list v0.5.2
[INFO] [stderr]    Compiling qmetaobject v0.2.10
[INFO] [stderr]    Compiling syn v1.0.109
[INFO] [stderr]     Checking tempfile v3.27.0
[INFO] [stderr]     Checking keyring-core v1.0.0
[INFO] [stderr]     Checking hashbrown v0.14.5
[INFO] [stderr]     Checking shell-escape v0.1.5
[INFO] [stderr]    Compiling glob v0.3.3
[INFO] [stderr]     Checking simd-adler32 v0.3.9
[INFO] [stderr]     Checking hyperlocal v0.9.1
[INFO] [stderr]     Checking miniz_oxide v0.8.9
[INFO] [stderr]     Checking openssh v0.11.6
[INFO] [stderr]    Compiling rust-i18n-macro v4.1.0
[INFO] [stderr]     Checking ordered-multimap v0.7.3
[INFO] [stderr]     Checking zbus v5.16.0
[INFO] [stderr]     Checking serde_urlencoded v0.7.1
[INFO] [stderr]     Checking tokio-util v0.7.18
[INFO] [stderr]     Checking bollard-stubs v1.53.1-rc.29.3.1
[INFO] [stderr]     Checking url v2.5.8
[INFO] [stderr]     Checking dirs v6.0.0
[INFO] [stderr]     Checking ghash v0.5.1
[INFO] [stderr]    Compiling ac-cloud-server-manager v0.1.0 (/opt/rustwide/workdir)
[INFO] [stderr]     Checking xattr v1.6.1
[INFO] [stderr]     Checking ctr v0.9.2
[INFO] [stderr]     Checking aead v0.5.2
[INFO] [stderr]     Checking filetime v0.2.29
[INFO] [stderr]     Checking tar v0.4.46
[INFO] [stderr]     Checking aes-gcm v0.10.3
[INFO] [stderr]     Checking shellexpand v3.1.2
[INFO] [stderr]     Checking flate2 v1.1.9
[INFO] [stderr]     Checking rust-ini v0.21.3
[INFO] [stderr]     Checking tokio-stream v0.1.18
[INFO] [stderr]    Compiling qmetaobject_impl v0.2.10
[INFO] [stderr]     Checking secret-service v5.1.0
[INFO] [stderr]     Checking zbus-secret-service-keyring-store v1.0.0
[INFO] [stderr]     Checking keyring v4.1.2
[INFO] [stderr] warning: qmetaobject@0.2.10: c++: fatal error: Killed signal terminated program cc1plus
[INFO] [stderr] warning: qmetaobject@0.2.10: compilation terminated.
[INFO] [stderr] error: failed to run custom build command for `qmetaobject v0.2.10`
[INFO] [stderr] note: To improve backtraces for build dependencies, set the CARGO_PROFILE_DEV_BUILD_OVERRIDE_DEBUG=true environment variable to enable debug information generation.
[INFO] [stderr] 
[INFO] [stderr] Caused by:
[INFO] [stderr]   process didn't exit successfully: `/opt/rustwide/target/debug/build/qmetaobject/933770b037351327/out/build_script_build` (exit status: 1)
[INFO] [stderr]   --- stdout
[INFO] [stderr]   cargo:rerun-if-env-changed=CC_FORCE_DISABLE
[INFO] [stderr]   CC_FORCE_DISABLE = None
[INFO] [stderr]   cargo:rerun-if-env-changed=CXX_x86_64-unknown-linux-gnu
[INFO] [stderr]   CXX_x86_64-unknown-linux-gnu = None
[INFO] [stderr]   cargo:rerun-if-env-changed=CXX_x86_64_unknown_linux_gnu
[INFO] [stderr]   CXX_x86_64_unknown_linux_gnu = None
[INFO] [stderr]   cargo:rerun-if-env-changed=HOST_CXX
[INFO] [stderr]   HOST_CXX = None
[INFO] [stderr]   cargo:rerun-if-env-changed=CXX
[INFO] [stderr]   CXX = None
[INFO] [stderr]   cargo:rerun-if-env-changed=CC_ENABLE_DEBUG_OUTPUT
[INFO] [stderr]   cargo:rerun-if-env-changed=CRATE_CC_NO_DEFAULTS
[INFO] [stderr]   CRATE_CC_NO_DEFAULTS = None
[INFO] [stderr]   cargo:rerun-if-env-changed=CXXFLAGS
[INFO] [stderr]   CXXFLAGS = None
[INFO] [stderr]   cargo:rerun-if-env-changed=HOST_CXXFLAGS
[INFO] [stderr]   HOST_CXXFLAGS = None
[INFO] [stderr]   cargo:rerun-if-env-changed=CXXFLAGS_x86_64_unknown_linux_gnu
[INFO] [stderr]   CXXFLAGS_x86_64_unknown_linux_gnu = None
[INFO] [stderr]   cargo:rerun-if-env-changed=CXXFLAGS_x86_64-unknown-linux-gnu
[INFO] [stderr]   CXXFLAGS_x86_64-unknown-linux-gnu = None
[INFO] [stderr]   cargo:rerun-if-env-changed=CC_ENABLE_DEBUG_OUTPUT
[INFO] [stderr]   cargo:rerun-if-env-changed=CRATE_CC_NO_DEFAULTS
[INFO] [stderr]   CRATE_CC_NO_DEFAULTS = None
[INFO] [stderr]   cargo:rerun-if-env-changed=CXXFLAGS
[INFO] [stderr]   CXXFLAGS = None
[INFO] [stderr]   cargo:rerun-if-env-changed=HOST_CXXFLAGS
[INFO] [stderr]   HOST_CXXFLAGS = None
[INFO] [stderr]   cargo:rerun-if-env-changed=CXXFLAGS_x86_64_unknown_linux_gnu
[INFO] [stderr]   CXXFLAGS_x86_64_unknown_linux_gnu = None
[INFO] [stderr]   cargo:rerun-if-env-changed=CXXFLAGS_x86_64-unknown-linux-gnu
[INFO] [stderr]   CXXFLAGS_x86_64-unknown-linux-gnu = None
[INFO] [stderr]   cargo:warning=c++: fatal error: Killed signal terminated program cc1plus
[INFO] [stderr]   cargo:warning=compilation terminated.
[INFO] [stderr] 
[INFO] [stderr]   --- stderr
[INFO] [stderr] 
[INFO] [stderr] 
[INFO] [stderr]   error occurred: ToolExecError: command did not execute successfully (status code exit status: 1): LC_ALL="C" "c++" "-O0" "-ffunction-sections" "-fdata-sections" "-fPIC" "-g" "-gdwarf-4" "-fno-omit-frame-pointer" "-m64" "-I" "/opt/rustwide/cargo-home/registry/src/index.crates.io-1949cf8c6b5b557f/qmetaobject-0.2.10" "-I" "/usr/include/x86_64-linux-gnu/qt6" "-Wall" "-Wextra" "-std=c++17" "-fno-lto" "-o" "/opt/rustwide/target/debug/build/qmetaobject/ecef04bc99cfa124/out/08af5498c87dbc5c-cpp_closures.o" "-c" "/opt/rustwide/target/debug/build/qmetaobject/ecef04bc99cfa124/out/rust_cpp/cpp_closures.cpp"
[INFO] [stderr] 
[INFO] [stderr] 
[INFO] [stderr] warning: build failed, waiting for other jobs to finish...
[ERROR] error running command: no output for 300 seconds
[INFO] running `Command { std: "docker" "inspect" "5fb6cf71aa9ab94907bd7c93f613a82109baaa428461b0ba8eb44c41c26ee537", kill_on_drop: false }`
[INFO] running `Command { std: "docker" "rm" "-f" "5fb6cf71aa9ab94907bd7c93f613a82109baaa428461b0ba8eb44c41c26ee537", kill_on_drop: false }`
[INFO] [stdout] 5fb6cf71aa9ab94907bd7c93f613a82109baaa428461b0ba8eb44c41c26ee537
