[INFO] fetching crate opencc-sys 0.5.2+1.4.1...
[INFO] checking opencc-sys-0.5.2+1.4.1 against f4dd856795debe636f2ba39a900f162f5abeb7e8 for pr-160904
[INFO] extracting crate opencc-sys 0.5.2+1.4.1 into /workspace/builds/worker-7-tc2/source
[INFO] started tweaking crates.io crate opencc-sys 0.5.2+1.4.1
[INFO] finished tweaking crates.io crate opencc-sys 0.5.2+1.4.1
[INFO] tweaked toml for crates.io crate opencc-sys 0.5.2+1.4.1 written to /workspace/builds/worker-7-tc2/source/Cargo.toml
[INFO] validating manifest of crates.io crate opencc-sys 0.5.2+1.4.1 on toolchain f4dd856795debe636f2ba39a900f162f5abeb7e8
[INFO] running `Command { std: CARGO_HOME="/workspace/cargo-home" RUSTUP_HOME="/workspace/rustup-home" "/workspace/cargo-home/bin/cargo" "+f4dd856795debe636f2ba39a900f162f5abeb7e8" "metadata" "--manifest-path" "Cargo.toml" "--no-deps", kill_on_drop: false }`
[INFO] crate crates.io crate opencc-sys 0.5.2+1.4.1 already has a lockfile, it will not be regenerated
[INFO] running `Command { std: CARGO_HOME="/workspace/cargo-home" RUSTUP_HOME="/workspace/rustup-home" "/workspace/cargo-home/bin/cargo" "+f4dd856795debe636f2ba39a900f162f5abeb7e8" "fetch" "--manifest-path" "Cargo.toml", kill_on_drop: false }`
[INFO] [stderr] warning: `package.homepage` is redundant with `package.repository`
[INFO] [stderr]   --> Cargo.toml:31:12
[INFO] [stderr]    |
[INFO] [stderr] 31 | homepage = "https://github.com/novel-rs/opencc-rs"
[INFO] [stderr]    |            ^^^^^^^^^^^^^^^^^^^^^^^^^^^^^^^^^^^^^^^
[INFO] [stderr] ...
[INFO] [stderr] 37 | repository = "https://github.com/novel-rs/opencc-rs"
[INFO] [stderr]    |              ---------------------------------------
[INFO] [stderr]    |
[INFO] [stderr]    = note: `cargo::redundant_homepage` is set to `warn` by default
[INFO] [stderr] help: consider removing `package.homepage`
[INFO] [stderr] warning: `opencc-sys` (manifest) generated 1 warning
[INFO] running `Command { std: "docker" "create" "-v" "/var/lib/crater-agent-workspace/builds/worker-7-tc2/source:/opt/rustwide/workdir:ro,Z" "-v" "/var/lib/crater-agent-workspace/builds/worker-7-tc2/target:/opt/rustwide/target:rw,Z" "-v" "/var/lib/crater-agent-workspace/cargo-home:/opt/rustwide/cargo-home:ro,Z" "-v" "/var/lib/crater-agent-workspace/rustup-home:/opt/rustwide/rustup-home:ro,Z" "-m" "1610612736" "--network" "none" "ghcr.io/rust-lang/crates-build-env/linux@sha256:3111399a4047eeb3a02b7a90e478d715f38a8c6669b5c4b49d30a17385265909" "sleep" "infinity", kill_on_drop: false }`
[INFO] [stdout] aa2736bd605a204e88439cc3ac6fe2a7ab5f28038834ee0deca0b59d65f7899c
[INFO] running `Command { std: "docker" "start" "aa2736bd605a204e88439cc3ac6fe2a7ab5f28038834ee0deca0b59d65f7899c", kill_on_drop: false }`
[INFO] running `Command { std: "docker" "inspect" "aa2736bd605a204e88439cc3ac6fe2a7ab5f28038834ee0deca0b59d65f7899c", kill_on_drop: false }`
[INFO] running `Command { std: "docker" "exec" "-e" "SOURCE_DIR=/opt/rustwide/workdir" "-e" "CARGO_HOME=/opt/rustwide/cargo-home" "-e" "RUSTUP_HOME=/opt/rustwide/rustup-home" "-e" "CARGO_TARGET_DIR=/opt/rustwide/target" "-w" "/opt/rustwide/workdir" "--user" "0:0" "aa2736bd605a204e88439cc3ac6fe2a7ab5f28038834ee0deca0b59d65f7899c" "/opt/rustwide/cargo-home/bin/cargo" "+f4dd856795debe636f2ba39a900f162f5abeb7e8" "metadata" "--no-deps" "--format-version=1", kill_on_drop: false }`
[INFO] running `Command { std: "docker" "inspect" "aa2736bd605a204e88439cc3ac6fe2a7ab5f28038834ee0deca0b59d65f7899c", kill_on_drop: false }`
[INFO] running `Command { std: "docker" "exec" "-e" "SOURCE_DIR=/opt/rustwide/workdir" "-e" "CARGO_HOME=/opt/rustwide/cargo-home" "-e" "RUSTUP_HOME=/opt/rustwide/rustup-home" "-e" "CARGO_TARGET_DIR=/opt/rustwide/target" "-e" "CARGO_INCREMENTAL=0" "-e" "RUST_BACKTRACE=full" "-e" "RUSTFLAGS=--cap-lints=forbid" "-e" "RUSTDOCFLAGS=--cap-lints=forbid" "-w" "/opt/rustwide/workdir" "--user" "0:0" "aa2736bd605a204e88439cc3ac6fe2a7ab5f28038834ee0deca0b59d65f7899c" "/opt/rustwide/cargo-home/bin/cargo" "+f4dd856795debe636f2ba39a900f162f5abeb7e8" "check" "--frozen" "--all" "--all-targets" "--message-format=json", kill_on_drop: false }`
[INFO] [stderr] warning: `package.homepage` is redundant with `package.repository`
[INFO] [stderr]   --> Cargo.toml:31:12
[INFO] [stderr]    |
[INFO] [stderr] 31 | homepage = "https://github.com/novel-rs/opencc-rs"
[INFO] [stderr]    |            ^^^^^^^^^^^^^^^^^^^^^^^^^^^^^^^^^^^^^^^
[INFO] [stderr] ...
[INFO] [stderr] 37 | repository = "https://github.com/novel-rs/opencc-rs"
[INFO] [stderr]    |              ---------------------------------------
[INFO] [stderr]    |
[INFO] [stderr]    = note: `cargo::redundant_homepage` is set to `warn` by default
[INFO] [stderr] help: consider removing `package.homepage`
[INFO] [stderr] warning: `opencc-sys` (manifest) generated 1 warning
[INFO] [stderr]    Compiling either v1.18.0
[INFO] [stderr]    Compiling bindgen v0.72.1
[INFO] [stderr]    Compiling rustc-hash v2.1.3
[INFO] [stderr]    Compiling bitflags v2.13.1
[INFO] [stderr]    Compiling clang-sys v1.9.1
[INFO] [stderr]    Compiling link-cplusplus v1.0.12
[INFO] [stderr]    Compiling cmake v0.1.58
[INFO] [stderr]    Compiling quote v1.0.47
[INFO] [stderr]    Compiling syn v2.0.119
[INFO] [stderr]    Compiling itertools v0.13.0
[INFO] [stderr]    Compiling opencc-sys v0.5.2+1.4.1 (/opt/rustwide/workdir)
[INFO] [stderr] error: failed to run custom build command for `opencc-sys v0.5.2+1.4.1 (/opt/rustwide/workdir)`
[INFO] [stderr] note: To improve backtraces for build dependencies, set the CARGO_PROFILE_DEV_BUILD_OVERRIDE_DEBUG=true environment variable to enable debug information generation.
[INFO] [stderr] 
[INFO] [stderr] Caused by:
[INFO] [stderr]   process didn't exit successfully: `/opt/rustwide/target/debug/build/opencc-sys/898e5ac3b97de719/out/build_script_build` (exit status: 101)
[INFO] [stderr]   --- stdout
[INFO] [stderr]   CMAKE_TOOLCHAIN_FILE_x86_64-unknown-linux-gnu = None
[INFO] [stderr]   CMAKE_TOOLCHAIN_FILE_x86_64_unknown_linux_gnu = None
[INFO] [stderr]   HOST_CMAKE_TOOLCHAIN_FILE = None
[INFO] [stderr]   CMAKE_TOOLCHAIN_FILE = None
[INFO] [stderr]   CMAKE_GENERATOR_x86_64-unknown-linux-gnu = None
[INFO] [stderr]   CMAKE_GENERATOR_x86_64_unknown_linux_gnu = None
[INFO] [stderr]   HOST_CMAKE_GENERATOR = None
[INFO] [stderr]   CMAKE_GENERATOR = None
[INFO] [stderr]   CMAKE_PREFIX_PATH_x86_64-unknown-linux-gnu = None
[INFO] [stderr]   CMAKE_PREFIX_PATH_x86_64_unknown_linux_gnu = None
[INFO] [stderr]   HOST_CMAKE_PREFIX_PATH = None
[INFO] [stderr]   CMAKE_PREFIX_PATH = None
[INFO] [stderr]   CMAKE_x86_64-unknown-linux-gnu = None
[INFO] [stderr]   CMAKE_x86_64_unknown_linux_gnu = None
[INFO] [stderr]   HOST_CMAKE = None
[INFO] [stderr]   CMAKE = None
[INFO] [stderr]   Running with debug output on.
[INFO] [stderr]   -- The CXX compiler identification is GNU 15.2.0
[INFO] [stderr]      Called from: [3]	/opt/rustwide/workdir/OpenCC/CMakeLists.txt
[INFO] [stderr]                   [2]	/usr/share/cmake-4.2/Modules/CMakeDetermineCXXCompiler.cmake
[INFO] [stderr]                   [1]	/usr/share/cmake-4.2/Modules/CMakeDetermineCompilerId.cmake
[INFO] [stderr]   -- Detecting CXX compiler ABI info
[INFO] [stderr]      Called from: [3]	/opt/rustwide/workdir/OpenCC/CMakeLists.txt
[INFO] [stderr]                   [2]	/usr/share/cmake-4.2/Modules/CMakeTestCXXCompiler.cmake
[INFO] [stderr]                   [1]	/usr/share/cmake-4.2/Modules/CMakeDetermineCompilerABI.cmake
[INFO] [stderr]   -- Detecting CXX compiler ABI info - done
[INFO] [stderr]      Called from: [3]	/opt/rustwide/workdir/OpenCC/CMakeLists.txt
[INFO] [stderr]                   [2]	/usr/share/cmake-4.2/Modules/CMakeTestCXXCompiler.cmake
[INFO] [stderr]                   [1]	/usr/share/cmake-4.2/Modules/CMakeDetermineCompilerABI.cmake
[INFO] [stderr]   -- Check for working CXX compiler: /usr/bin/c++ - skipped
[INFO] [stderr]      Called from: [2]	/opt/rustwide/workdir/OpenCC/CMakeLists.txt
[INFO] [stderr]                   [1]	/usr/share/cmake-4.2/Modules/CMakeTestCXXCompiler.cmake
[INFO] [stderr]   -- Detecting CXX compile features
[INFO] [stderr]      Called from: [3]	/opt/rustwide/workdir/OpenCC/CMakeLists.txt
[INFO] [stderr]                   [2]	/usr/share/cmake-4.2/Modules/CMakeTestCXXCompiler.cmake
[INFO] [stderr]                   [1]	/usr/share/cmake-4.2/Modules/CMakeDetermineCompilerSupport.cmake
[INFO] [stderr]   -- Detecting CXX compile features - done
[INFO] [stderr]      Called from: [3]	/opt/rustwide/workdir/OpenCC/CMakeLists.txt
[INFO] [stderr]                   [2]	/usr/share/cmake-4.2/Modules/CMakeTestCXXCompiler.cmake
[INFO] [stderr]                   [1]	/usr/share/cmake-4.2/Modules/CMakeDetermineCompilerSupport.cmake
[INFO] [stderr]   -- Git not available — using fallback version 1.4.2
[INFO] [stderr]      Called from: [2]	/opt/rustwide/workdir/OpenCC/CMakeLists.txt
[INFO] [stderr]                   [1]	/opt/rustwide/workdir/OpenCC/cmake/GitVersion.cmake
[INFO] [stderr]   -- OpenCC version: 1.4.2
[INFO] [stderr]      Called from: [2]	/opt/rustwide/workdir/OpenCC/CMakeLists.txt
[INFO] [stderr]                   [1]	/opt/rustwide/workdir/OpenCC/cmake/GitVersion.cmake
[INFO] [stderr]   -- Use bundled marisa library.
[INFO] [stderr]      Called from: [1]	/opt/rustwide/workdir/OpenCC/CMakeLists.txt
[INFO] [stderr]   -- Looking for dlopen in dl
[INFO] [stderr]      Called from: [2]	/opt/rustwide/workdir/OpenCC/src/CMakeLists.txt
[INFO] [stderr]                   [1]	/usr/share/cmake-4.2/Modules/CheckLibraryExists.cmake
[INFO] [stderr]   -- Looking for dlopen in dl - found
[INFO] [stderr]      Called from: [2]	/opt/rustwide/workdir/OpenCC/src/CMakeLists.txt
[INFO] [stderr]                   [1]	/usr/share/cmake-4.2/Modules/CheckLibraryExists.cmake
[INFO] [stderr]   -- Performing Test COMPILER_HAS_HIDDEN_VISIBILITY
[INFO] [stderr]      Called from: [6]	/opt/rustwide/workdir/OpenCC/src/CMakeLists.txt
[INFO] [stderr]                   [5]	/usr/share/cmake-4.2/Modules/GenerateExportHeader.cmake
[INFO] [stderr]                   [4]	/usr/share/cmake-4.2/Modules/GenerateExportHeader.cmake
[INFO] [stderr]                   [3]	/usr/share/cmake-4.2/Modules/CheckCompilerFlag.cmake
[INFO] [stderr]                   [2]	/usr/share/cmake-4.2/Modules/Internal/CheckCompilerFlag.cmake
[INFO] [stderr]                   [1]	/usr/share/cmake-4.2/Modules/Internal/CheckSourceCompiles.cmake
[INFO] [stderr]   -- Performing Test COMPILER_HAS_HIDDEN_VISIBILITY - Success
[INFO] [stderr]      Called from: [6]	/opt/rustwide/workdir/OpenCC/src/CMakeLists.txt
[INFO] [stderr]                   [5]	/usr/share/cmake-4.2/Modules/GenerateExportHeader.cmake
[INFO] [stderr]                   [4]	/usr/share/cmake-4.2/Modules/GenerateExportHeader.cmake
[INFO] [stderr]                   [3]	/usr/share/cmake-4.2/Modules/CheckCompilerFlag.cmake
[INFO] [stderr]                   [2]	/usr/share/cmake-4.2/Modules/Internal/CheckCompilerFlag.cmake
[INFO] [stderr]                   [1]	/usr/share/cmake-4.2/Modules/Internal/CheckSourceCompiles.cmake
[INFO] [stderr]   -- Performing Test COMPILER_HAS_HIDDEN_INLINE_VISIBILITY
[INFO] [stderr]      Called from: [6]	/opt/rustwide/workdir/OpenCC/src/CMakeLists.txt
[INFO] [stderr]                   [5]	/usr/share/cmake-4.2/Modules/GenerateExportHeader.cmake
[INFO] [stderr]                   [4]	/usr/share/cmake-4.2/Modules/GenerateExportHeader.cmake
[INFO] [stderr]                   [3]	/usr/share/cmake-4.2/Modules/CheckCompilerFlag.cmake
[INFO] [stderr]                   [2]	/usr/share/cmake-4.2/Modules/Internal/CheckCompilerFlag.cmake
[INFO] [stderr]                   [1]	/usr/share/cmake-4.2/Modules/Internal/CheckSourceCompiles.cmake
[INFO] [stderr]   -- Performing Test COMPILER_HAS_HIDDEN_INLINE_VISIBILITY - Success
[INFO] [stderr]      Called from: [6]	/opt/rustwide/workdir/OpenCC/src/CMakeLists.txt
[INFO] [stderr]                   [5]	/usr/share/cmake-4.2/Modules/GenerateExportHeader.cmake
[INFO] [stderr]                   [4]	/usr/share/cmake-4.2/Modules/GenerateExportHeader.cmake
[INFO] [stderr]                   [3]	/usr/share/cmake-4.2/Modules/CheckCompilerFlag.cmake
[INFO] [stderr]                   [2]	/usr/share/cmake-4.2/Modules/Internal/CheckCompilerFlag.cmake
[INFO] [stderr]                   [1]	/usr/share/cmake-4.2/Modules/Internal/CheckSourceCompiles.cmake
[INFO] [stderr]   -- Performing Test COMPILER_HAS_DEPRECATED_ATTR
[INFO] [stderr]      Called from: [6]	/opt/rustwide/workdir/OpenCC/src/CMakeLists.txt
[INFO] [stderr]                   [5]	/usr/share/cmake-4.2/Modules/GenerateExportHeader.cmake
[INFO] [stderr]                   [4]	/usr/share/cmake-4.2/Modules/GenerateExportHeader.cmake
[INFO] [stderr]                   [3]	/usr/share/cmake-4.2/Modules/GenerateExportHeader.cmake
[INFO] [stderr]                   [2]	/usr/share/cmake-4.2/Modules/CheckSourceCompiles.cmake
[INFO] [stderr]                   [1]	/usr/share/cmake-4.2/Modules/Internal/CheckSourceCompiles.cmake
[INFO] [stderr]   -- Performing Test COMPILER_HAS_DEPRECATED_ATTR - Success
[INFO] [stderr]      Called from: [6]	/opt/rustwide/workdir/OpenCC/src/CMakeLists.txt
[INFO] [stderr]                   [5]	/usr/share/cmake-4.2/Modules/GenerateExportHeader.cmake
[INFO] [stderr]                   [4]	/usr/share/cmake-4.2/Modules/GenerateExportHeader.cmake
[INFO] [stderr]                   [3]	/usr/share/cmake-4.2/Modules/GenerateExportHeader.cmake
[INFO] [stderr]                   [2]	/usr/share/cmake-4.2/Modules/CheckSourceCompiles.cmake
[INFO] [stderr]                   [1]	/usr/share/cmake-4.2/Modules/Internal/CheckSourceCompiles.cmake
[INFO] [stderr]   -- Found Python3: /usr/bin/python3 (found version "3.14.4") found components: Interpreter
[INFO] [stderr]      Called from: [5]	/opt/rustwide/workdir/OpenCC/data/CMakeLists.txt
[INFO] [stderr]                   [4]	/usr/share/cmake-4.2/Modules/FindPython3.cmake
[INFO] [stderr]                   [3]	/usr/share/cmake-4.2/Modules/FindPython/Support.cmake
[INFO] [stderr]                   [2]	/usr/share/cmake-4.2/Modules/FindPackageHandleStandardArgs.cmake
[INFO] [stderr]                   [1]	/usr/share/cmake-4.2/Modules/FindPackageMessage.cmake
[INFO] [stderr]   -- Configuring done (2.3s)
[INFO] [stderr]   -- Generating /opt/rustwide/target/debug/build/opencc-sys/2bdccb429f8cd977/out/build
[INFO] [stderr]      Called from: [1]	/opt/rustwide/workdir/OpenCC/CMakeLists.txt
[INFO] [stderr]   -- Generating /opt/rustwide/target/debug/build/opencc-sys/2bdccb429f8cd977/out/build/deps/marisa-0.3.1
[INFO] [stderr]      Called from: [1]	/opt/rustwide/workdir/OpenCC/deps/marisa-0.3.1/CMakeLists.txt
[INFO] [stderr]   -- Generating /opt/rustwide/target/debug/build/opencc-sys/2bdccb429f8cd977/out/build/src
[INFO] [stderr]      Called from: [1]	/opt/rustwide/workdir/OpenCC/src/CMakeLists.txt
[INFO] [stderr]   -- Generating /opt/rustwide/target/debug/build/opencc-sys/2bdccb429f8cd977/out/build/src/tools
[INFO] [stderr]      Called from: [1]	/opt/rustwide/workdir/OpenCC/src/tools/CMakeLists.txt
[INFO] [stderr]   -- Generating /opt/rustwide/target/debug/build/opencc-sys/2bdccb429f8cd977/out/build/doc
[INFO] [stderr]      Called from: [1]	/opt/rustwide/workdir/OpenCC/doc/CMakeLists.txt
[INFO] [stderr]   -- Generating /opt/rustwide/target/debug/build/opencc-sys/2bdccb429f8cd977/out/build/data
[INFO] [stderr]      Called from: [1]	/opt/rustwide/workdir/OpenCC/data/CMakeLists.txt
[INFO] [stderr]   -- Generating /opt/rustwide/target/debug/build/opencc-sys/2bdccb429f8cd977/out/build/plugins
[INFO] [stderr]      Called from: [1]	/opt/rustwide/workdir/OpenCC/plugins/CMakeLists.txt
[INFO] [stderr]   -- Generating /opt/rustwide/target/debug/build/opencc-sys/2bdccb429f8cd977/out/build/test
[INFO] [stderr]      Called from: [1]	/opt/rustwide/workdir/OpenCC/test/CMakeLists.txt
[INFO] [stderr]   -- Generating done (0.1s)
[INFO] [stderr]   -- Build files have been written to: /opt/rustwide/target/debug/build/opencc-sys/2bdccb429f8cd977/out/build
[INFO] [stderr]   Change Dir: '/opt/rustwide/target/debug/build/opencc-sys/2bdccb429f8cd977/out/build'
[INFO] [stderr] 
[INFO] [stderr]   Run Build Command(s): /usr/bin/cmake -E env VERBOSE=1 /usr/bin/gmake -f Makefile marisa
[INFO] [stderr]   /usr/bin/cmake -S/opt/rustwide/workdir/OpenCC -B/opt/rustwide/target/debug/build/opencc-sys/2bdccb429f8cd977/out/build --check-build-system CMakeFiles/Makefile.cmake 0
[INFO] [stderr]   /usr/bin/gmake  -f CMakeFiles/Makefile2 marisa
[INFO] [stderr]   gmake[1]: Entering directory '/opt/rustwide/target/debug/build/opencc-sys/2bdccb429f8cd977/out/build'
[INFO] [stderr]   /usr/bin/cmake -S/opt/rustwide/workdir/OpenCC -B/opt/rustwide/target/debug/build/opencc-sys/2bdccb429f8cd977/out/build --check-build-system CMakeFiles/Makefile.cmake 0
[INFO] [stderr]   /usr/bin/cmake -E cmake_progress_start /opt/rustwide/target/debug/build/opencc-sys/2bdccb429f8cd977/out/build/CMakeFiles 10
[INFO] [stderr]   /usr/bin/gmake  -f CMakeFiles/Makefile2 deps/marisa-0.3.1/CMakeFiles/marisa.dir/all
[INFO] [stderr]   gmake[2]: Entering directory '/opt/rustwide/target/debug/build/opencc-sys/2bdccb429f8cd977/out/build'
[INFO] [stderr]   /usr/bin/gmake  -f deps/marisa-0.3.1/CMakeFiles/marisa.dir/build.make deps/marisa-0.3.1/CMakeFiles/marisa.dir/depend
[INFO] [stderr]   gmake[3]: Entering directory '/opt/rustwide/target/debug/build/opencc-sys/2bdccb429f8cd977/out/build'
[INFO] [stderr]   cd /opt/rustwide/target/debug/build/opencc-sys/2bdccb429f8cd977/out/build && /usr/bin/cmake -E cmake_depends "Unix Makefiles" /opt/rustwide/workdir/OpenCC /opt/rustwide/workdir/OpenCC/deps/marisa-0.3.1 /opt/rustwide/target/debug/build/opencc-sys/2bdccb429f8cd977/out/build /opt/rustwide/target/debug/build/opencc-sys/2bdccb429f8cd977/out/build/deps/marisa-0.3.1 /opt/rustwide/target/debug/build/opencc-sys/2bdccb429f8cd977/out/build/deps/marisa-0.3.1/CMakeFiles/marisa.dir/DependInfo.cmake "--color=" marisa
[INFO] [stderr]   gmake[3]: Leaving directory '/opt/rustwide/target/debug/build/opencc-sys/2bdccb429f8cd977/out/build'
[INFO] [stderr]   /usr/bin/gmake  -f deps/marisa-0.3.1/CMakeFiles/marisa.dir/build.make deps/marisa-0.3.1/CMakeFiles/marisa.dir/build
[INFO] [stderr]   gmake[3]: Entering directory '/opt/rustwide/target/debug/build/opencc-sys/2bdccb429f8cd977/out/build'
[INFO] [stderr]   [ 10%] Building CXX object deps/marisa-0.3.1/CMakeFiles/marisa.dir/lib/marisa/grimoire/io/mapper.cc.o
[INFO] [stderr]   cd /opt/rustwide/target/debug/build/opencc-sys/2bdccb429f8cd977/out/build/deps/marisa-0.3.1 && /usr/bin/c++ -DLOCALEDIR=\"/opt/rustwide/target/debug/build/opencc-sys/2bdccb429f8cd977/out/share/locale\" -DOPENCC_SEGMENTATION_PLUGIN_DIR=\"/opt/rustwide/target/debug/build/opencc-sys/2bdccb429f8cd977/out/lib/opencc/plugins\" -DOPENCC_VERSION=\"1.4.2\" -DOpencc_BUILT_AS_STATIC -DPACKAGE_NAME=\"opencc\" -DPKGDATADIR=\"/opt/rustwide/target/debug/build/opencc-sys/2bdccb429f8cd977/out/share/opencc\" -I/opt/rustwide/workdir/OpenCC/deps/marisa-0.3.1/include -I/opt/rustwide/workdir/OpenCC/deps/marisa-0.3.1/lib -ffunction-sections -fdata-sections -fPIC -m64 -w -O3 -DNDEBUG -std=gnu++17 -fPIC -Wall -MD -MT deps/marisa-0.3.1/CMakeFiles/marisa.dir/lib/marisa/grimoire/io/mapper.cc.o -MF CMakeFiles/marisa.dir/lib/marisa/grimoire/io/mapper.cc.o.d -o CMakeFiles/marisa.dir/lib/marisa/grimoire/io/mapper.cc.o -c /opt/rustwide/workdir/OpenCC/deps/marisa-0.3.1/lib/marisa/grimoire/io/mapper.cc
[INFO] [stderr]   [ 20%] Building CXX object deps/marisa-0.3.1/CMakeFiles/marisa.dir/lib/marisa/grimoire/vector/bit-vector.cc.o
[INFO] [stderr]   [ 30%] Building CXX object deps/marisa-0.3.1/CMakeFiles/marisa.dir/lib/marisa/keyset.cc.o
[INFO] [stderr]   [ 40%] Building CXX object deps/marisa-0.3.1/CMakeFiles/marisa.dir/lib/marisa/grimoire/trie/louds-trie.cc.o
[INFO] [stderr]   [ 50%] Building CXX object deps/marisa-0.3.1/CMakeFiles/marisa.dir/lib/marisa/trie.cc.o
[INFO] [stderr]   [ 60%] Building CXX object deps/marisa-0.3.1/CMakeFiles/marisa.dir/lib/marisa/grimoire/io/reader.cc.o
[INFO] [stderr]   [ 70%] Building CXX object deps/marisa-0.3.1/CMakeFiles/marisa.dir/lib/marisa/grimoire/io/writer.cc.o
[INFO] [stderr]   cd /opt/rustwide/target/debug/build/opencc-sys/2bdccb429f8cd977/out/build/deps/marisa-0.3.1 && /usr/bin/c++ -DLOCALEDIR=\"/opt/rustwide/target/debug/build/opencc-sys/2bdccb429f8cd977/out/share/locale\" -DOPENCC_SEGMENTATION_PLUGIN_DIR=\"/opt/rustwide/target/debug/build/opencc-sys/2bdccb429f8cd977/out/lib/opencc/plugins\" -DOPENCC_VERSION=\"1.4.2\" -DOpencc_BUILT_AS_STATIC -DPACKAGE_NAME=\"opencc\" -DPKGDATADIR=\"/opt/rustwide/target/debug/build/opencc-sys/2bdccb429f8cd977/out/share/opencc\" -I/opt/rustwide/workdir/OpenCC/deps/marisa-0.3.1/include -I/opt/rustwide/workdir/OpenCC/deps/marisa-0.3.1/lib -ffunction-sections -fdata-sections -fPIC -m64 -w -O3 -DNDEBUG -std=gnu++17 -fPIC -Wall -MD -MT deps/marisa-0.3.1/CMakeFiles/marisa.dir/lib/marisa/trie.cc.o -MF CMakeFiles/marisa.dir/lib/marisa/trie.cc.o.d -o CMakeFiles/marisa.dir/lib/marisa/trie.cc.o -c /opt/rustwide/workdir/OpenCC/deps/marisa-0.3.1/lib/marisa/trie.cc
[INFO] [stderr]   cd /opt/rustwide/target/debug/build/opencc-sys/2bdccb429f8cd977/out/build/deps/marisa-0.3.1 && /usr/bin/c++ -DLOCALEDIR=\"/opt/rustwide/target/debug/build/opencc-sys/2bdccb429f8cd977/out/share/locale\" -DOPENCC_SEGMENTATION_PLUGIN_DIR=\"/opt/rustwide/target/debug/build/opencc-sys/2bdccb429f8cd977/out/lib/opencc/plugins\" -DOPENCC_VERSION=\"1.4.2\" -DOpencc_BUILT_AS_STATIC -DPACKAGE_NAME=\"opencc\" -DPKGDATADIR=\"/opt/rustwide/target/debug/build/opencc-sys/2bdccb429f8cd977/out/share/opencc\" -I/opt/rustwide/workdir/OpenCC/deps/marisa-0.3.1/include -I/opt/rustwide/workdir/OpenCC/deps/marisa-0.3.1/lib -ffunction-sections -fdata-sections -fPIC -m64 -w -O3 -DNDEBUG -std=gnu++17 -fPIC -Wall -MD -MT deps/marisa-0.3.1/CMakeFiles/marisa.dir/lib/marisa/grimoire/io/writer.cc.o -MF CMakeFiles/marisa.dir/lib/marisa/grimoire/io/writer.cc.o.d -o CMakeFiles/marisa.dir/lib/marisa/grimoire/io/writer.cc.o -c /opt/rustwide/workdir/OpenCC/deps/marisa-0.3.1/lib/marisa/grimoire/io/writer.cc
[INFO] [stderr]   cd /opt/rustwide/target/debug/build/opencc-sys/2bdccb429f8cd977/out/build/deps/marisa-0.3.1 && /usr/bin/c++ -DLOCALEDIR=\"/opt/rustwide/target/debug/build/opencc-sys/2bdccb429f8cd977/out/share/locale\" -DOPENCC_SEGMENTATION_PLUGIN_DIR=\"/opt/rustwide/target/debug/build/opencc-sys/2bdccb429f8cd977/out/lib/opencc/plugins\" -DOPENCC_VERSION=\"1.4.2\" -DOpencc_BUILT_AS_STATIC -DPACKAGE_NAME=\"opencc\" -DPKGDATADIR=\"/opt/rustwide/target/debug/build/opencc-sys/2bdccb429f8cd977/out/share/opencc\" -I/opt/rustwide/workdir/OpenCC/deps/marisa-0.3.1/include -I/opt/rustwide/workdir/OpenCC/deps/marisa-0.3.1/lib -ffunction-sections -fdata-sections -fPIC -m64 -w -O3 -DNDEBUG -std=gnu++17 -fPIC -Wall -MD -MT deps/marisa-0.3.1/CMakeFiles/marisa.dir/lib/marisa/grimoire/io/reader.cc.o -MF CMakeFiles/marisa.dir/lib/marisa/grimoire/io/reader.cc.o.d -o CMakeFiles/marisa.dir/lib/marisa/grimoire/io/reader.cc.o -c /opt/rustwide/workdir/OpenCC/deps/marisa-0.3.1/lib/marisa/grimoire/io/reader.cc
[INFO] [stderr]   cd /opt/rustwide/target/debug/build/opencc-sys/2bdccb429f8cd977/out/build/deps/marisa-0.3.1 && /usr/bin/c++ -DLOCALEDIR=\"/opt/rustwide/target/debug/build/opencc-sys/2bdccb429f8cd977/out/share/locale\" -DOPENCC_SEGMENTATION_PLUGIN_DIR=\"/opt/rustwide/target/debug/build/opencc-sys/2bdccb429f8cd977/out/lib/opencc/plugins\" -DOPENCC_VERSION=\"1.4.2\" -DOpencc_BUILT_AS_STATIC -DPACKAGE_NAME=\"opencc\" -DPKGDATADIR=\"/opt/rustwide/target/debug/build/opencc-sys/2bdccb429f8cd977/out/share/opencc\" -I/opt/rustwide/workdir/OpenCC/deps/marisa-0.3.1/include -I/opt/rustwide/workdir/OpenCC/deps/marisa-0.3.1/lib -ffunction-sections -fdata-sections -fPIC -m64 -w -O3 -DNDEBUG -std=gnu++17 -fPIC -Wall -MD -MT deps/marisa-0.3.1/CMakeFiles/marisa.dir/lib/marisa/grimoire/trie/louds-trie.cc.o -MF CMakeFiles/marisa.dir/lib/marisa/grimoire/trie/louds-trie.cc.o.d -o CMakeFiles/marisa.dir/lib/marisa/grimoire/trie/louds-trie.cc.o -c /opt/rustwide/workdir/OpenCC/deps/marisa-0.3.1/lib/marisa/grimoire/trie/louds-trie.cc
[INFO] [stderr]   cd /opt/rustwide/target/debug/build/opencc-sys/2bdccb429f8cd977/out/build/deps/marisa-0.3.1 && /usr/bin/c++ -DLOCALEDIR=\"/opt/rustwide/target/debug/build/opencc-sys/2bdccb429f8cd977/out/share/locale\" -DOPENCC_SEGMENTATION_PLUGIN_DIR=\"/opt/rustwide/target/debug/build/opencc-sys/2bdccb429f8cd977/out/lib/opencc/plugins\" -DOPENCC_VERSION=\"1.4.2\" -DOpencc_BUILT_AS_STATIC -DPACKAGE_NAME=\"opencc\" -DPKGDATADIR=\"/opt/rustwide/target/debug/build/opencc-sys/2bdccb429f8cd977/out/share/opencc\" -I/opt/rustwide/workdir/OpenCC/deps/marisa-0.3.1/include -I/opt/rustwide/workdir/OpenCC/deps/marisa-0.3.1/lib -ffunction-sections -fdata-sections -fPIC -m64 -w -O3 -DNDEBUG -std=gnu++17 -fPIC -Wall -MD -MT deps/marisa-0.3.1/CMakeFiles/marisa.dir/lib/marisa/grimoire/vector/bit-vector.cc.o -MF CMakeFiles/marisa.dir/lib/marisa/grimoire/vector/bit-vector.cc.o.d -o CMakeFiles/marisa.dir/lib/marisa/grimoire/vector/bit-vector.cc.o -c /opt/rustwide/workdir/OpenCC/deps/marisa-0.3.1/lib/marisa/grimoire/vector/bit-vector.cc
[INFO] [stderr]   cd /opt/rustwide/target/debug/build/opencc-sys/2bdccb429f8cd977/out/build/deps/marisa-0.3.1 && /usr/bin/c++ -DLOCALEDIR=\"/opt/rustwide/target/debug/build/opencc-sys/2bdccb429f8cd977/out/share/locale\" -DOPENCC_SEGMENTATION_PLUGIN_DIR=\"/opt/rustwide/target/debug/build/opencc-sys/2bdccb429f8cd977/out/lib/opencc/plugins\" -DOPENCC_VERSION=\"1.4.2\" -DOpencc_BUILT_AS_STATIC -DPACKAGE_NAME=\"opencc\" -DPKGDATADIR=\"/opt/rustwide/target/debug/build/opencc-sys/2bdccb429f8cd977/out/share/opencc\" -I/opt/rustwide/workdir/OpenCC/deps/marisa-0.3.1/include -I/opt/rustwide/workdir/OpenCC/deps/marisa-0.3.1/lib -ffunction-sections -fdata-sections -fPIC -m64 -w -O3 -DNDEBUG -std=gnu++17 -fPIC -Wall -MD -MT deps/marisa-0.3.1/CMakeFiles/marisa.dir/lib/marisa/keyset.cc.o -MF CMakeFiles/marisa.dir/lib/marisa/keyset.cc.o.d -o CMakeFiles/marisa.dir/lib/marisa/keyset.cc.o -c /opt/rustwide/workdir/OpenCC/deps/marisa-0.3.1/lib/marisa/keyset.cc
[INFO] [stderr]   [ 80%] Building CXX object deps/marisa-0.3.1/CMakeFiles/marisa.dir/lib/marisa/agent.cc.o
[INFO] [stderr]   [ 90%] Building CXX object deps/marisa-0.3.1/CMakeFiles/marisa.dir/lib/marisa/grimoire/trie/tail.cc.o
[INFO] [stderr]   cd /opt/rustwide/target/debug/build/opencc-sys/2bdccb429f8cd977/out/build/deps/marisa-0.3.1 && /usr/bin/c++ -DLOCALEDIR=\"/opt/rustwide/target/debug/build/opencc-sys/2bdccb429f8cd977/out/share/locale\" -DOPENCC_SEGMENTATION_PLUGIN_DIR=\"/opt/rustwide/target/debug/build/opencc-sys/2bdccb429f8cd977/out/lib/opencc/plugins\" -DOPENCC_VERSION=\"1.4.2\" -DOpencc_BUILT_AS_STATIC -DPACKAGE_NAME=\"opencc\" -DPKGDATADIR=\"/opt/rustwide/target/debug/build/opencc-sys/2bdccb429f8cd977/out/share/opencc\" -I/opt/rustwide/workdir/OpenCC/deps/marisa-0.3.1/include -I/opt/rustwide/workdir/OpenCC/deps/marisa-0.3.1/lib -ffunction-sections -fdata-sections -fPIC -m64 -w -O3 -DNDEBUG -std=gnu++17 -fPIC -Wall -MD -MT deps/marisa-0.3.1/CMakeFiles/marisa.dir/lib/marisa/grimoire/trie/tail.cc.o -MF CMakeFiles/marisa.dir/lib/marisa/grimoire/trie/tail.cc.o.d -o CMakeFiles/marisa.dir/lib/marisa/grimoire/trie/tail.cc.o -c /opt/rustwide/workdir/OpenCC/deps/marisa-0.3.1/lib/marisa/grimoire/trie/tail.cc
[INFO] [stderr]   cd /opt/rustwide/target/debug/build/opencc-sys/2bdccb429f8cd977/out/build/deps/marisa-0.3.1 && /usr/bin/c++ -DLOCALEDIR=\"/opt/rustwide/target/debug/build/opencc-sys/2bdccb429f8cd977/out/share/locale\" -DOPENCC_SEGMENTATION_PLUGIN_DIR=\"/opt/rustwide/target/debug/build/opencc-sys/2bdccb429f8cd977/out/lib/opencc/plugins\" -DOPENCC_VERSION=\"1.4.2\" -DOpencc_BUILT_AS_STATIC -DPACKAGE_NAME=\"opencc\" -DPKGDATADIR=\"/opt/rustwide/target/debug/build/opencc-sys/2bdccb429f8cd977/out/share/opencc\" -I/opt/rustwide/workdir/OpenCC/deps/marisa-0.3.1/include -I/opt/rustwide/workdir/OpenCC/deps/marisa-0.3.1/lib -ffunction-sections -fdata-sections -fPIC -m64 -w -O3 -DNDEBUG -std=gnu++17 -fPIC -Wall -MD -MT deps/marisa-0.3.1/CMakeFiles/marisa.dir/lib/marisa/agent.cc.o -MF CMakeFiles/marisa.dir/lib/marisa/agent.cc.o.d -o CMakeFiles/marisa.dir/lib/marisa/agent.cc.o -c /opt/rustwide/workdir/OpenCC/deps/marisa-0.3.1/lib/marisa/agent.cc
[INFO] [stderr]   [100%] Linking CXX static library libmarisa.a
[INFO] [stderr]   cd /opt/rustwide/target/debug/build/opencc-sys/2bdccb429f8cd977/out/build/deps/marisa-0.3.1 && /usr/bin/cmake -P CMakeFiles/marisa.dir/cmake_clean_target.cmake
[INFO] [stderr]   cd /opt/rustwide/target/debug/build/opencc-sys/2bdccb429f8cd977/out/build/deps/marisa-0.3.1 && /usr/bin/cmake -E cmake_link_script CMakeFiles/marisa.dir/link.txt --verbose=1
[INFO] [stderr]   /usr/bin/ar qc libmarisa.a CMakeFiles/marisa.dir/lib/marisa/trie.cc.o CMakeFiles/marisa.dir/lib/marisa/agent.cc.o CMakeFiles/marisa.dir/lib/marisa/grimoire/io/reader.cc.o CMakeFiles/marisa.dir/lib/marisa/grimoire/io/writer.cc.o CMakeFiles/marisa.dir/lib/marisa/grimoire/io/mapper.cc.o "CMakeFiles/marisa.dir/lib/marisa/grimoire/trie/louds-trie.cc.o" CMakeFiles/marisa.dir/lib/marisa/grimoire/trie/tail.cc.o "CMakeFiles/marisa.dir/lib/marisa/grimoire/vector/bit-vector.cc.o" CMakeFiles/marisa.dir/lib/marisa/keyset.cc.o
[INFO] [stderr]   /usr/bin/ranlib libmarisa.a
[INFO] [stderr]   gmake[3]: Leaving directory '/opt/rustwide/target/debug/build/opencc-sys/2bdccb429f8cd977/out/build'
[INFO] [stderr]   [100%] Built target marisa
[INFO] [stderr]   gmake[2]: Leaving directory '/opt/rustwide/target/debug/build/opencc-sys/2bdccb429f8cd977/out/build'
[INFO] [stderr]   /usr/bin/cmake -E cmake_progress_start /opt/rustwide/target/debug/build/opencc-sys/2bdccb429f8cd977/out/build/CMakeFiles 0
[INFO] [stderr]   gmake[1]: Leaving directory '/opt/rustwide/target/debug/build/opencc-sys/2bdccb429f8cd977/out/build'
[INFO] [stderr] 
[INFO] [stderr]   cargo:root=/opt/rustwide/target/debug/build/opencc-sys/2bdccb429f8cd977/out
[INFO] [stderr]   Running with debug output on.
[INFO] [stderr]   -- Git not available — using fallback version 1.4.2
[INFO] [stderr]      Called from: [2]	/opt/rustwide/workdir/OpenCC/CMakeLists.txt
[INFO] [stderr]                   [1]	/opt/rustwide/workdir/OpenCC/cmake/GitVersion.cmake
[INFO] [stderr]   -- OpenCC version: 1.4.2
[INFO] [stderr]      Called from: [2]	/opt/rustwide/workdir/OpenCC/CMakeLists.txt
[INFO] [stderr]                   [1]	/opt/rustwide/workdir/OpenCC/cmake/GitVersion.cmake
[INFO] [stderr]   -- Use bundled marisa library.
[INFO] [stderr]      Called from: [1]	/opt/rustwide/workdir/OpenCC/CMakeLists.txt
[INFO] [stderr]   -- Configuring done (0.3s)
[INFO] [stderr]   -- Generating /opt/rustwide/target/debug/build/opencc-sys/2bdccb429f8cd977/out/build
[INFO] [stderr]      Called from: [1]	/opt/rustwide/workdir/OpenCC/CMakeLists.txt
[INFO] [stderr]   -- Generating /opt/rustwide/target/debug/build/opencc-sys/2bdccb429f8cd977/out/build/deps/marisa-0.3.1
[INFO] [stderr]      Called from: [1]	/opt/rustwide/workdir/OpenCC/deps/marisa-0.3.1/CMakeLists.txt
[INFO] [stderr]   -- Generating /opt/rustwide/target/debug/build/opencc-sys/2bdccb429f8cd977/out/build/src
[INFO] [stderr]      Called from: [1]	/opt/rustwide/workdir/OpenCC/src/CMakeLists.txt
[INFO] [stderr]   -- Generating /opt/rustwide/target/debug/build/opencc-sys/2bdccb429f8cd977/out/build/src/tools
[INFO] [stderr]      Called from: [1]	/opt/rustwide/workdir/OpenCC/src/tools/CMakeLists.txt
[INFO] [stderr]   -- Generating /opt/rustwide/target/debug/build/opencc-sys/2bdccb429f8cd977/out/build/doc
[INFO] [stderr]      Called from: [1]	/opt/rustwide/workdir/OpenCC/doc/CMakeLists.txt
[INFO] [stderr]   -- Generating /opt/rustwide/target/debug/build/opencc-sys/2bdccb429f8cd977/out/build/data
[INFO] [stderr]      Called from: [1]	/opt/rustwide/workdir/OpenCC/data/CMakeLists.txt
[INFO] [stderr]   -- Generating /opt/rustwide/target/debug/build/opencc-sys/2bdccb429f8cd977/out/build/plugins
[INFO] [stderr]      Called from: [1]	/opt/rustwide/workdir/OpenCC/plugins/CMakeLists.txt
[INFO] [stderr]   -- Generating /opt/rustwide/target/debug/build/opencc-sys/2bdccb429f8cd977/out/build/test
[INFO] [stderr]      Called from: [1]	/opt/rustwide/workdir/OpenCC/test/CMakeLists.txt
[INFO] [stderr]   -- Generating done (0.0s)
[INFO] [stderr]   -- Build files have been written to: /opt/rustwide/target/debug/build/opencc-sys/2bdccb429f8cd977/out/build
[INFO] [stderr]   Change Dir: '/opt/rustwide/target/debug/build/opencc-sys/2bdccb429f8cd977/out/build'
[INFO] [stderr] 
[INFO] [stderr]   Run Build Command(s): /usr/bin/cmake -E env VERBOSE=1 /usr/bin/gmake -f Makefile libopencc
[INFO] [stderr]   /usr/bin/cmake -S/opt/rustwide/workdir/OpenCC -B/opt/rustwide/target/debug/build/opencc-sys/2bdccb429f8cd977/out/build --check-build-system CMakeFiles/Makefile.cmake 0
[INFO] [stderr]   /usr/bin/gmake  -f CMakeFiles/Makefile2 libopencc
[INFO] [stderr]   gmake[1]: Entering directory '/opt/rustwide/target/debug/build/opencc-sys/2bdccb429f8cd977/out/build'
[INFO] [stderr]   /usr/bin/cmake -S/opt/rustwide/workdir/OpenCC -B/opt/rustwide/target/debug/build/opencc-sys/2bdccb429f8cd977/out/build --check-build-system CMakeFiles/Makefile.cmake 0
[INFO] [stderr]   /usr/bin/cmake -E cmake_progress_start /opt/rustwide/target/debug/build/opencc-sys/2bdccb429f8cd977/out/build/CMakeFiles 39
[INFO] [stderr]   /usr/bin/gmake  -f CMakeFiles/Makefile2 src/CMakeFiles/libopencc.dir/all
[INFO] [stderr]   gmake[2]: Entering directory '/opt/rustwide/target/debug/build/opencc-sys/2bdccb429f8cd977/out/build'
[INFO] [stderr]   /usr/bin/gmake  -f deps/marisa-0.3.1/CMakeFiles/marisa.dir/build.make deps/marisa-0.3.1/CMakeFiles/marisa.dir/depend
[INFO] [stderr]   gmake[3]: Entering directory '/opt/rustwide/target/debug/build/opencc-sys/2bdccb429f8cd977/out/build'
[INFO] [stderr]   cd /opt/rustwide/target/debug/build/opencc-sys/2bdccb429f8cd977/out/build && /usr/bin/cmake -E cmake_depends "Unix Makefiles" /opt/rustwide/workdir/OpenCC /opt/rustwide/workdir/OpenCC/deps/marisa-0.3.1 /opt/rustwide/target/debug/build/opencc-sys/2bdccb429f8cd977/out/build /opt/rustwide/target/debug/build/opencc-sys/2bdccb429f8cd977/out/build/deps/marisa-0.3.1 /opt/rustwide/target/debug/build/opencc-sys/2bdccb429f8cd977/out/build/deps/marisa-0.3.1/CMakeFiles/marisa.dir/DependInfo.cmake "--color=" marisa
[INFO] [stderr]   Dependencies file "deps/marisa-0.3.1/CMakeFiles/marisa.dir/lib/marisa/agent.cc.o.d" is newer than depends file "/opt/rustwide/target/debug/build/opencc-sys/2bdccb429f8cd977/out/build/deps/marisa-0.3.1/CMakeFiles/marisa.dir/compiler_depend.internal".
[INFO] [stderr]   Dependencies file "deps/marisa-0.3.1/CMakeFiles/marisa.dir/lib/marisa/grimoire/io/mapper.cc.o.d" is newer than depends file "/opt/rustwide/target/debug/build/opencc-sys/2bdccb429f8cd977/out/build/deps/marisa-0.3.1/CMakeFiles/marisa.dir/compiler_depend.internal".
[INFO] [stderr]   Dependencies file "deps/marisa-0.3.1/CMakeFiles/marisa.dir/lib/marisa/grimoire/io/reader.cc.o.d" is newer than depends file "/opt/rustwide/target/debug/build/opencc-sys/2bdccb429f8cd977/out/build/deps/marisa-0.3.1/CMakeFiles/marisa.dir/compiler_depend.internal".
[INFO] [stderr]   Dependencies file "deps/marisa-0.3.1/CMakeFiles/marisa.dir/lib/marisa/grimoire/io/writer.cc.o.d" is newer than depends file "/opt/rustwide/target/debug/build/opencc-sys/2bdccb429f8cd977/out/build/deps/marisa-0.3.1/CMakeFiles/marisa.dir/compiler_depend.internal".
[INFO] [stderr]   Dependencies file "deps/marisa-0.3.1/CMakeFiles/marisa.dir/lib/marisa/grimoire/trie/louds-trie.cc.o.d" is newer than depends file "/opt/rustwide/target/debug/build/opencc-sys/2bdccb429f8cd977/out/build/deps/marisa-0.3.1/CMakeFiles/marisa.dir/compiler_depend.internal".
[INFO] [stderr]   Dependencies file "deps/marisa-0.3.1/CMakeFiles/marisa.dir/lib/marisa/grimoire/trie/tail.cc.o.d" is newer than depends file "/opt/rustwide/target/debug/build/opencc-sys/2bdccb429f8cd977/out/build/deps/marisa-0.3.1/CMakeFiles/marisa.dir/compiler_depend.internal".
[INFO] [stderr]   Dependencies file "deps/marisa-0.3.1/CMakeFiles/marisa.dir/lib/marisa/grimoire/vector/bit-vector.cc.o.d" is newer than depends file "/opt/rustwide/target/debug/build/opencc-sys/2bdccb429f8cd977/out/build/deps/marisa-0.3.1/CMakeFiles/marisa.dir/compiler_depend.internal".
[INFO] [stderr]   Dependencies file "deps/marisa-0.3.1/CMakeFiles/marisa.dir/lib/marisa/keyset.cc.o.d" is newer than depends file "/opt/rustwide/target/debug/build/opencc-sys/2bdccb429f8cd977/out/build/deps/marisa-0.3.1/CMakeFiles/marisa.dir/compiler_depend.internal".
[INFO] [stderr]   Dependencies file "deps/marisa-0.3.1/CMakeFiles/marisa.dir/lib/marisa/trie.cc.o.d" is newer than depends file "/opt/rustwide/target/debug/build/opencc-sys/2bdccb429f8cd977/out/build/deps/marisa-0.3.1/CMakeFiles/marisa.dir/compiler_depend.internal".
[INFO] [stderr]   Consolidate compiler generated dependencies of target marisa
[INFO] [stderr]   gmake[3]: Leaving directory '/opt/rustwide/target/debug/build/opencc-sys/2bdccb429f8cd977/out/build'
[INFO] [stderr]   /usr/bin/gmake  -f deps/marisa-0.3.1/CMakeFiles/marisa.dir/build.make deps/marisa-0.3.1/CMakeFiles/marisa.dir/build
[INFO] [stderr]   gmake[3]: Entering directory '/opt/rustwide/target/debug/build/opencc-sys/2bdccb429f8cd977/out/build'
[INFO] [stderr]   gmake[3]: Nothing to be done for 'deps/marisa-0.3.1/CMakeFiles/marisa.dir/build'.
[INFO] [stderr]   gmake[3]: Leaving directory '/opt/rustwide/target/debug/build/opencc-sys/2bdccb429f8cd977/out/build'
[INFO] [stderr]   [ 25%] Built target marisa
[INFO] [stderr]   /usr/bin/gmake  -f src/CMakeFiles/libopencc.dir/build.make src/CMakeFiles/libopencc.dir/depend
[INFO] [stderr]   gmake[3]: Entering directory '/opt/rustwide/target/debug/build/opencc-sys/2bdccb429f8cd977/out/build'
[INFO] [stderr]   cd /opt/rustwide/target/debug/build/opencc-sys/2bdccb429f8cd977/out/build && /usr/bin/cmake -E cmake_depends "Unix Makefiles" /opt/rustwide/workdir/OpenCC /opt/rustwide/workdir/OpenCC/src /opt/rustwide/target/debug/build/opencc-sys/2bdccb429f8cd977/out/build /opt/rustwide/target/debug/build/opencc-sys/2bdccb429f8cd977/out/build/src /opt/rustwide/target/debug/build/opencc-sys/2bdccb429f8cd977/out/build/src/CMakeFiles/libopencc.dir/DependInfo.cmake "--color=" libopencc
[INFO] [stderr]   gmake[3]: Leaving directory '/opt/rustwide/target/debug/build/opencc-sys/2bdccb429f8cd977/out/build'
[INFO] [stderr]   /usr/bin/gmake  -f src/CMakeFiles/libopencc.dir/build.make src/CMakeFiles/libopencc.dir/build
[INFO] [stderr]   gmake[3]: Entering directory '/opt/rustwide/target/debug/build/opencc-sys/2bdccb429f8cd977/out/build'
[INFO] [stderr]   [ 28%] Building CXX object src/CMakeFiles/libopencc.dir/Conversion.cpp.o
[INFO] [stderr]   [ 30%] Building CXX object src/CMakeFiles/libopencc.dir/Config.cpp.o
[INFO] [stderr]   [ 33%] Building CXX object src/CMakeFiles/libopencc.dir/ConversionCandidates.cpp.o
[INFO] [stderr]   cd /opt/rustwide/target/debug/build/opencc-sys/2bdccb429f8cd977/out/build/src && /usr/bin/c++ -DLOCALEDIR=\"/opt/rustwide/target/debug/build/opencc-sys/2bdccb429f8cd977/out/share/locale\" -DOPENCC_SEGMENTATION_PLUGIN_DIR=\"/opt/rustwide/target/debug/build/opencc-sys/2bdccb429f8cd977/out/lib/opencc/plugins\" -DOPENCC_VERSION=\"1.4.2\" -DOpencc_BUILT_AS_STATIC -DPACKAGE_NAME=\"opencc\" -DPKGDATADIR=\"/opt/rustwide/target/debug/build/opencc-sys/2bdccb429f8cd977/out/share/opencc\" -I/opt/rustwide/target/debug/build/opencc-sys/2bdccb429f8cd977/out/build/src -I/opt/rustwide/workdir/OpenCC/src -isystem /opt/rustwide/workdir/OpenCC/src/../deps/marisa-0.3.1/include -isystem /opt/rustwide/workdir/OpenCC/src/../deps/rapidjson-1.1.0 -isystem /opt/rustwide/workdir/OpenCC/src/../deps/tclap-1.2.5 -isystem /opt/rustwide/workdir/OpenCC/src/../deps/darts-clone-0.32h/include -ffunction-sections -fdata-sections -fPIC -m64 -w -O3 -DNDEBUG -std=gnu++17 -fPIC -Wall -MD -MT src/CMakeFiles/libopencc.dir/Config.cpp.o -MF CMakeFiles/libopencc.dir/Config.cpp.o.d -o CMakeFiles/libopencc.dir/Config.cpp.o -c /opt/rustwide/workdir/OpenCC/src/Config.cpp
[INFO] [stderr]   cd /opt/rustwide/target/debug/build/opencc-sys/2bdccb429f8cd977/out/build/src && /usr/bin/c++ -DLOCALEDIR=\"/opt/rustwide/target/debug/build/opencc-sys/2bdccb429f8cd977/out/share/locale\" -DOPENCC_SEGMENTATION_PLUGIN_DIR=\"/opt/rustwide/target/debug/build/opencc-sys/2bdccb429f8cd977/out/lib/opencc/plugins\" -DOPENCC_VERSION=\"1.4.2\" -DOpencc_BUILT_AS_STATIC -DPACKAGE_NAME=\"opencc\" -DPKGDATADIR=\"/opt/rustwide/target/debug/build/opencc-sys/2bdccb429f8cd977/out/share/opencc\" -I/opt/rustwide/target/debug/build/opencc-sys/2bdccb429f8cd977/out/build/src -I/opt/rustwide/workdir/OpenCC/src -isystem /opt/rustwide/workdir/OpenCC/src/../deps/marisa-0.3.1/include -isystem /opt/rustwide/workdir/OpenCC/src/../deps/rapidjson-1.1.0 -isystem /opt/rustwide/workdir/OpenCC/src/../deps/tclap-1.2.5 -isystem /opt/rustwide/workdir/OpenCC/src/../deps/darts-clone-0.32h/include -ffunction-sections -fdata-sections -fPIC -m64 -w -O3 -DNDEBUG -std=gnu++17 -fPIC -Wall -MD -MT src/CMakeFiles/libopencc.dir/Conversion.cpp.o -MF CMakeFiles/libopencc.dir/Conversion.cpp.o.d -o CMakeFiles/libopencc.dir/Conversion.cpp.o -c /opt/rustwide/workdir/OpenCC/src/Conversion.cpp
[INFO] [stderr]   [ 35%] Building CXX object src/CMakeFiles/libopencc.dir/Converter.cpp.o
[INFO] [stderr]   [ 38%] Building CXX object src/CMakeFiles/libopencc.dir/ConversionAmbiguities.cpp.o
[INFO] [stderr]   [ 41%] Building CXX object src/CMakeFiles/libopencc.dir/ConversionChain.cpp.o
[INFO] [stderr]   [ 43%] Building CXX object src/CMakeFiles/libopencc.dir/DictConverter.cpp.o
[INFO] [stderr]   [ 46%] Building CXX object src/CMakeFiles/libopencc.dir/Dict.cpp.o
[INFO] [stderr]   cd /opt/rustwide/target/debug/build/opencc-sys/2bdccb429f8cd977/out/build/src && /usr/bin/c++ -DLOCALEDIR=\"/opt/rustwide/target/debug/build/opencc-sys/2bdccb429f8cd977/out/share/locale\" -DOPENCC_SEGMENTATION_PLUGIN_DIR=\"/opt/rustwide/target/debug/build/opencc-sys/2bdccb429f8cd977/out/lib/opencc/plugins\" -DOPENCC_VERSION=\"1.4.2\" -DOpencc_BUILT_AS_STATIC -DPACKAGE_NAME=\"opencc\" -DPKGDATADIR=\"/opt/rustwide/target/debug/build/opencc-sys/2bdccb429f8cd977/out/share/opencc\" -I/opt/rustwide/target/debug/build/opencc-sys/2bdccb429f8cd977/out/build/src -I/opt/rustwide/workdir/OpenCC/src -isystem /opt/rustwide/workdir/OpenCC/src/../deps/marisa-0.3.1/include -isystem /opt/rustwide/workdir/OpenCC/src/../deps/rapidjson-1.1.0 -isystem /opt/rustwide/workdir/OpenCC/src/../deps/tclap-1.2.5 -isystem /opt/rustwide/workdir/OpenCC/src/../deps/darts-clone-0.32h/include -ffunction-sections -fdata-sections -fPIC -m64 -w -O3 -DNDEBUG -std=gnu++17 -fPIC -Wall -MD -MT src/CMakeFiles/libopencc.dir/ConversionAmbiguities.cpp.o -MF CMakeFiles/libopencc.dir/ConversionAmbiguities.cpp.o.d -o CMakeFiles/libopencc.dir/ConversionAmbiguities.cpp.o -c /opt/rustwide/workdir/OpenCC/src/ConversionAmbiguities.cpp
[INFO] [stderr]   cd /opt/rustwide/target/debug/build/opencc-sys/2bdccb429f8cd977/out/build/src && /usr/bin/c++ -DLOCALEDIR=\"/opt/rustwide/target/debug/build/opencc-sys/2bdccb429f8cd977/out/share/locale\" -DOPENCC_SEGMENTATION_PLUGIN_DIR=\"/opt/rustwide/target/debug/build/opencc-sys/2bdccb429f8cd977/out/lib/opencc/plugins\" -DOPENCC_VERSION=\"1.4.2\" -DOpencc_BUILT_AS_STATIC -DPACKAGE_NAME=\"opencc\" -DPKGDATADIR=\"/opt/rustwide/target/debug/build/opencc-sys/2bdccb429f8cd977/out/share/opencc\" -I/opt/rustwide/target/debug/build/opencc-sys/2bdccb429f8cd977/out/build/src -I/opt/rustwide/workdir/OpenCC/src -isystem /opt/rustwide/workdir/OpenCC/src/../deps/marisa-0.3.1/include -isystem /opt/rustwide/workdir/OpenCC/src/../deps/rapidjson-1.1.0 -isystem /opt/rustwide/workdir/OpenCC/src/../deps/tclap-1.2.5 -isystem /opt/rustwide/workdir/OpenCC/src/../deps/darts-clone-0.32h/include -ffunction-sections -fdata-sections -fPIC -m64 -w -O3 -DNDEBUG -std=gnu++17 -fPIC -Wall -MD -MT src/CMakeFiles/libopencc.dir/ConversionCandidates.cpp.o -MF CMakeFiles/libopencc.dir/ConversionCandidates.cpp.o.d -o CMakeFiles/libopencc.dir/ConversionCandidates.cpp.o -c /opt/rustwide/workdir/OpenCC/src/ConversionCandidates.cpp
[INFO] [stderr]   cd /opt/rustwide/target/debug/build/opencc-sys/2bdccb429f8cd977/out/build/src && /usr/bin/c++ -DLOCALEDIR=\"/opt/rustwide/target/debug/build/opencc-sys/2bdccb429f8cd977/out/share/locale\" -DOPENCC_SEGMENTATION_PLUGIN_DIR=\"/opt/rustwide/target/debug/build/opencc-sys/2bdccb429f8cd977/out/lib/opencc/plugins\" -DOPENCC_VERSION=\"1.4.2\" -DOpencc_BUILT_AS_STATIC -DPACKAGE_NAME=\"opencc\" -DPKGDATADIR=\"/opt/rustwide/target/debug/build/opencc-sys/2bdccb429f8cd977/out/share/opencc\" -I/opt/rustwide/target/debug/build/opencc-sys/2bdccb429f8cd977/out/build/src -I/opt/rustwide/workdir/OpenCC/src -isystem /opt/rustwide/workdir/OpenCC/src/../deps/marisa-0.3.1/include -isystem /opt/rustwide/workdir/OpenCC/src/../deps/rapidjson-1.1.0 -isystem /opt/rustwide/workdir/OpenCC/src/../deps/tclap-1.2.5 -isystem /opt/rustwide/workdir/OpenCC/src/../deps/darts-clone-0.32h/include -ffunction-sections -fdata-sections -fPIC -m64 -w -O3 -DNDEBUG -std=gnu++17 -fPIC -Wall -MD -MT src/CMakeFiles/libopencc.dir/ConversionChain.cpp.o -MF CMakeFiles/libopencc.dir/ConversionChain.cpp.o.d -o CMakeFiles/libopencc.dir/ConversionChain.cpp.o -c /opt/rustwide/workdir/OpenCC/src/ConversionChain.cpp
[INFO] [stderr]   cd /opt/rustwide/target/debug/build/opencc-sys/2bdccb429f8cd977/out/build/src && /usr/bin/c++ -DLOCALEDIR=\"/opt/rustwide/target/debug/build/opencc-sys/2bdccb429f8cd977/out/share/locale\" -DOPENCC_SEGMENTATION_PLUGIN_DIR=\"/opt/rustwide/target/debug/build/opencc-sys/2bdccb429f8cd977/out/lib/opencc/plugins\" -DOPENCC_VERSION=\"1.4.2\" -DOpencc_BUILT_AS_STATIC -DPACKAGE_NAME=\"opencc\" -DPKGDATADIR=\"/opt/rustwide/target/debug/build/opencc-sys/2bdccb429f8cd977/out/share/opencc\" -I/opt/rustwide/target/debug/build/opencc-sys/2bdccb429f8cd977/out/build/src -I/opt/rustwide/workdir/OpenCC/src -isystem /opt/rustwide/workdir/OpenCC/src/../deps/marisa-0.3.1/include -isystem /opt/rustwide/workdir/OpenCC/src/../deps/rapidjson-1.1.0 -isystem /opt/rustwide/workdir/OpenCC/src/../deps/tclap-1.2.5 -isystem /opt/rustwide/workdir/OpenCC/src/../deps/darts-clone-0.32h/include -ffunction-sections -fdata-sections -fPIC -m64 -w -O3 -DNDEBUG -std=gnu++17 -fPIC -Wall -MD -MT src/CMakeFiles/libopencc.dir/Converter.cpp.o -MF CMakeFiles/libopencc.dir/Converter.cpp.o.d -o CMakeFiles/libopencc.dir/Converter.cpp.o -c /opt/rustwide/workdir/OpenCC/src/Converter.cpp
[INFO] [stderr]   cd /opt/rustwide/target/debug/build/opencc-sys/2bdccb429f8cd977/out/build/src && /usr/bin/c++ -DLOCALEDIR=\"/opt/rustwide/target/debug/build/opencc-sys/2bdccb429f8cd977/out/share/locale\" -DOPENCC_SEGMENTATION_PLUGIN_DIR=\"/opt/rustwide/target/debug/build/opencc-sys/2bdccb429f8cd977/out/lib/opencc/plugins\" -DOPENCC_VERSION=\"1.4.2\" -DOpencc_BUILT_AS_STATIC -DPACKAGE_NAME=\"opencc\" -DPKGDATADIR=\"/opt/rustwide/target/debug/build/opencc-sys/2bdccb429f8cd977/out/share/opencc\" -I/opt/rustwide/target/debug/build/opencc-sys/2bdccb429f8cd977/out/build/src -I/opt/rustwide/workdir/OpenCC/src -isystem /opt/rustwide/workdir/OpenCC/src/../deps/marisa-0.3.1/include -isystem /opt/rustwide/workdir/OpenCC/src/../deps/rapidjson-1.1.0 -isystem /opt/rustwide/workdir/OpenCC/src/../deps/tclap-1.2.5 -isystem /opt/rustwide/workdir/OpenCC/src/../deps/darts-clone-0.32h/include -ffunction-sections -fdata-sections -fPIC -m64 -w -O3 -DNDEBUG -std=gnu++17 -fPIC -Wall -MD -MT src/CMakeFiles/libopencc.dir/Dict.cpp.o -MF CMakeFiles/libopencc.dir/Dict.cpp.o.d -o CMakeFiles/libopencc.dir/Dict.cpp.o -c /opt/rustwide/workdir/OpenCC/src/Dict.cpp
[INFO] [stderr]   [ 48%] Building CXX object src/CMakeFiles/libopencc.dir/DictEntry.cpp.o
[INFO] [stderr]   cd /opt/rustwide/target/debug/build/opencc-sys/2bdccb429f8cd977/out/build/src && /usr/bin/c++ -DLOCALEDIR=\"/opt/rustwide/target/debug/build/opencc-sys/2bdccb429f8cd977/out/share/locale\" -DOPENCC_SEGMENTATION_PLUGIN_DIR=\"/opt/rustwide/target/debug/build/opencc-sys/2bdccb429f8cd977/out/lib/opencc/plugins\" -DOPENCC_VERSION=\"1.4.2\" -DOpencc_BUILT_AS_STATIC -DPACKAGE_NAME=\"opencc\" -DPKGDATADIR=\"/opt/rustwide/target/debug/build/opencc-sys/2bdccb429f8cd977/out/share/opencc\" -I/opt/rustwide/target/debug/build/opencc-sys/2bdccb429f8cd977/out/build/src -I/opt/rustwide/workdir/OpenCC/src -isystem /opt/rustwide/workdir/OpenCC/src/../deps/marisa-0.3.1/include -isystem /opt/rustwide/workdir/OpenCC/src/../deps/rapidjson-1.1.0 -isystem /opt/rustwide/workdir/OpenCC/src/../deps/tclap-1.2.5 -isystem /opt/rustwide/workdir/OpenCC/src/../deps/darts-clone-0.32h/include -ffunction-sections -fdata-sections -fPIC -m64 -w -O3 -DNDEBUG -std=gnu++17 -fPIC -Wall -MD -MT src/CMakeFiles/libopencc.dir/DictConverter.cpp.o -MF CMakeFiles/libopencc.dir/DictConverter.cpp.o.d -o CMakeFiles/libopencc.dir/DictConverter.cpp.o -c /opt/rustwide/workdir/OpenCC/src/DictConverter.cpp
[INFO] [stderr]   [ 51%] Building CXX object src/CMakeFiles/libopencc.dir/DictGroup.cpp.o
[INFO] [stderr]   cd /opt/rustwide/target/debug/build/opencc-sys/2bdccb429f8cd977/out/build/src && /usr/bin/c++ -DLOCALEDIR=\"/opt/rustwide/target/debug/build/opencc-sys/2bdccb429f8cd977/out/share/locale\" -DOPENCC_SEGMENTATION_PLUGIN_DIR=\"/opt/rustwide/target/debug/build/opencc-sys/2bdccb429f8cd977/out/lib/opencc/plugins\" -DOPENCC_VERSION=\"1.4.2\" -DOpencc_BUILT_AS_STATIC -DPACKAGE_NAME=\"opencc\" -DPKGDATADIR=\"/opt/rustwide/target/debug/build/opencc-sys/2bdccb429f8cd977/out/share/opencc\" -I/opt/rustwide/target/debug/build/opencc-sys/2bdccb429f8cd977/out/build/src -I/opt/rustwide/workdir/OpenCC/src -isystem /opt/rustwide/workdir/OpenCC/src/../deps/marisa-0.3.1/include -isystem /opt/rustwide/workdir/OpenCC/src/../deps/rapidjson-1.1.0 -isystem /opt/rustwide/workdir/OpenCC/src/../deps/tclap-1.2.5 -isystem /opt/rustwide/workdir/OpenCC/src/../deps/darts-clone-0.32h/include -ffunction-sections -fdata-sections -fPIC -m64 -w -O3 -DNDEBUG -std=gnu++17 -fPIC -Wall -MD -MT src/CMakeFiles/libopencc.dir/DictEntry.cpp.o -MF CMakeFiles/libopencc.dir/DictEntry.cpp.o.d -o CMakeFiles/libopencc.dir/DictEntry.cpp.o -c /opt/rustwide/workdir/OpenCC/src/DictEntry.cpp
[INFO] [stderr]   cd /opt/rustwide/target/debug/build/opencc-sys/2bdccb429f8cd977/out/build/src && /usr/bin/c++ -DLOCALEDIR=\"/opt/rustwide/target/debug/build/opencc-sys/2bdccb429f8cd977/out/share/locale\" -DOPENCC_SEGMENTATION_PLUGIN_DIR=\"/opt/rustwide/target/debug/build/opencc-sys/2bdccb429f8cd977/out/lib/opencc/plugins\" -DOPENCC_VERSION=\"1.4.2\" -DOpencc_BUILT_AS_STATIC -DPACKAGE_NAME=\"opencc\" -DPKGDATADIR=\"/opt/rustwide/target/debug/build/opencc-sys/2bdccb429f8cd977/out/share/opencc\" -I/opt/rustwide/target/debug/build/opencc-sys/2bdccb429f8cd977/out/build/src -I/opt/rustwide/workdir/OpenCC/src -isystem /opt/rustwide/workdir/OpenCC/src/../deps/marisa-0.3.1/include -isystem /opt/rustwide/workdir/OpenCC/src/../deps/rapidjson-1.1.0 -isystem /opt/rustwide/workdir/OpenCC/src/../deps/tclap-1.2.5 -isystem /opt/rustwide/workdir/OpenCC/src/../deps/darts-clone-0.32h/include -ffunction-sections -fdata-sections -fPIC -m64 -w -O3 -DNDEBUG -std=gnu++17 -fPIC -Wall -MD -MT src/CMakeFiles/libopencc.dir/DictGroup.cpp.o -MF CMakeFiles/libopencc.dir/DictGroup.cpp.o.d -o CMakeFiles/libopencc.dir/DictGroup.cpp.o -c /opt/rustwide/workdir/OpenCC/src/DictGroup.cpp
[INFO] [stderr]   [ 53%] Building CXX object src/CMakeFiles/libopencc.dir/PipelineConverter.cpp.o
[INFO] [stderr]   [ 56%] Building CXX object src/CMakeFiles/libopencc.dir/PhraseExtract.cpp.o
[INFO] [stderr]   cd /opt/rustwide/target/debug/build/opencc-sys/2bdccb429f8cd977/out/build/src && /usr/bin/c++ -DLOCALEDIR=\"/opt/rustwide/target/debug/build/opencc-sys/2bdccb429f8cd977/out/share/locale\" -DOPENCC_SEGMENTATION_PLUGIN_DIR=\"/opt/rustwide/target/debug/build/opencc-sys/2bdccb429f8cd977/out/lib/opencc/plugins\" -DOPENCC_VERSION=\"1.4.2\" -DOpencc_BUILT_AS_STATIC -DPACKAGE_NAME=\"opencc\" -DPKGDATADIR=\"/opt/rustwide/target/debug/build/opencc-sys/2bdccb429f8cd977/out/share/opencc\" -I/opt/rustwide/target/debug/build/opencc-sys/2bdccb429f8cd977/out/build/src -I/opt/rustwide/workdir/OpenCC/src -isystem /opt/rustwide/workdir/OpenCC/src/../deps/marisa-0.3.1/include -isystem /opt/rustwide/workdir/OpenCC/src/../deps/rapidjson-1.1.0 -isystem /opt/rustwide/workdir/OpenCC/src/../deps/tclap-1.2.5 -isystem /opt/rustwide/workdir/OpenCC/src/../deps/darts-clone-0.32h/include -ffunction-sections -fdata-sections -fPIC -m64 -w -O3 -DNDEBUG -std=gnu++17 -fPIC -Wall -MD -MT src/CMakeFiles/libopencc.dir/PhraseExtract.cpp.o -MF CMakeFiles/libopencc.dir/PhraseExtract.cpp.o.d -o CMakeFiles/libopencc.dir/PhraseExtract.cpp.o -c /opt/rustwide/workdir/OpenCC/src/PhraseExtract.cpp
[INFO] [stderr]   cd /opt/rustwide/target/debug/build/opencc-sys/2bdccb429f8cd977/out/build/src && /usr/bin/c++ -DLOCALEDIR=\"/opt/rustwide/target/debug/build/opencc-sys/2bdccb429f8cd977/out/share/locale\" -DOPENCC_SEGMENTATION_PLUGIN_DIR=\"/opt/rustwide/target/debug/build/opencc-sys/2bdccb429f8cd977/out/lib/opencc/plugins\" -DOPENCC_VERSION=\"1.4.2\" -DOpencc_BUILT_AS_STATIC -DPACKAGE_NAME=\"opencc\" -DPKGDATADIR=\"/opt/rustwide/target/debug/build/opencc-sys/2bdccb429f8cd977/out/share/opencc\" -I/opt/rustwide/target/debug/build/opencc-sys/2bdccb429f8cd977/out/build/src -I/opt/rustwide/workdir/OpenCC/src -isystem /opt/rustwide/workdir/OpenCC/src/../deps/marisa-0.3.1/include -isystem /opt/rustwide/workdir/OpenCC/src/../deps/rapidjson-1.1.0 -isystem /opt/rustwide/workdir/OpenCC/src/../deps/tclap-1.2.5 -isystem /opt/rustwide/workdir/OpenCC/src/../deps/darts-clone-0.32h/include -ffunction-sections -fdata-sections -fPIC -m64 -w -O3 -DNDEBUG -std=gnu++17 -fPIC -Wall -MD -MT src/CMakeFiles/libopencc.dir/PipelineConverter.cpp.o -MF CMakeFiles/libopencc.dir/PipelineConverter.cpp.o.d -o CMakeFiles/libopencc.dir/PipelineConverter.cpp.o -c /opt/rustwide/workdir/OpenCC/src/PipelineConverter.cpp
[INFO] [stderr]   [ 58%] Building CXX object src/CMakeFiles/libopencc.dir/Lexicon.cpp.o
[INFO] [stderr]   cd /opt/rustwide/target/debug/build/opencc-sys/2bdccb429f8cd977/out/build/src && /usr/bin/c++ -DLOCALEDIR=\"/opt/rustwide/target/debug/build/opencc-sys/2bdccb429f8cd977/out/share/locale\" -DOPENCC_SEGMENTATION_PLUGIN_DIR=\"/opt/rustwide/target/debug/build/opencc-sys/2bdccb429f8cd977/out/lib/opencc/plugins\" -DOPENCC_VERSION=\"1.4.2\" -DOpencc_BUILT_AS_STATIC -DPACKAGE_NAME=\"opencc\" -DPKGDATADIR=\"/opt/rustwide/target/debug/build/opencc-sys/2bdccb429f8cd977/out/share/opencc\" -I/opt/rustwide/target/debug/build/opencc-sys/2bdccb429f8cd977/out/build/src -I/opt/rustwide/workdir/OpenCC/src -isystem /opt/rustwide/workdir/OpenCC/src/../deps/marisa-0.3.1/include -isystem /opt/rustwide/workdir/OpenCC/src/../deps/rapidjson-1.1.0 -isystem /opt/rustwide/workdir/OpenCC/src/../deps/tclap-1.2.5 -isystem /opt/rustwide/workdir/OpenCC/src/../deps/darts-clone-0.32h/include -ffunction-sections -fdata-sections -fPIC -m64 -w -O3 -DNDEBUG -std=gnu++17 -fPIC -Wall -MD -MT src/CMakeFiles/libopencc.dir/Lexicon.cpp.o -MF CMakeFiles/libopencc.dir/Lexicon.cpp.o.d -o CMakeFiles/libopencc.dir/Lexicon.cpp.o -c /opt/rustwide/workdir/OpenCC/src/Lexicon.cpp
[INFO] [stderr]   [ 61%] Building CXX object src/CMakeFiles/libopencc.dir/MaxMatchSegmentation.cpp.o
[INFO] [stderr]   [ 64%] Building CXX object src/CMakeFiles/libopencc.dir/MarisaDict.cpp.o
[INFO] [stderr]   cd /opt/rustwide/target/debug/build/opencc-sys/2bdccb429f8cd977/out/build/src && /usr/bin/c++ -DLOCALEDIR=\"/opt/rustwide/target/debug/build/opencc-sys/2bdccb429f8cd977/out/share/locale\" -DOPENCC_SEGMENTATION_PLUGIN_DIR=\"/opt/rustwide/target/debug/build/opencc-sys/2bdccb429f8cd977/out/lib/opencc/plugins\" -DOPENCC_VERSION=\"1.4.2\" -DOpencc_BUILT_AS_STATIC -DPACKAGE_NAME=\"opencc\" -DPKGDATADIR=\"/opt/rustwide/target/debug/build/opencc-sys/2bdccb429f8cd977/out/share/opencc\" -I/opt/rustwide/target/debug/build/opencc-sys/2bdccb429f8cd977/out/build/src -I/opt/rustwide/workdir/OpenCC/src -isystem /opt/rustwide/workdir/OpenCC/src/../deps/marisa-0.3.1/include -isystem /opt/rustwide/workdir/OpenCC/src/../deps/rapidjson-1.1.0 -isystem /opt/rustwide/workdir/OpenCC/src/../deps/tclap-1.2.5 -isystem /opt/rustwide/workdir/OpenCC/src/../deps/darts-clone-0.32h/include -ffunction-sections -fdata-sections -fPIC -m64 -w -O3 -DNDEBUG -std=gnu++17 -fPIC -Wall -MD -MT src/CMakeFiles/libopencc.dir/MaxMatchSegmentation.cpp.o -MF CMakeFiles/libopencc.dir/MaxMatchSegmentation.cpp.o.d -o CMakeFiles/libopencc.dir/MaxMatchSegmentation.cpp.o -c /opt/rustwide/workdir/OpenCC/src/MaxMatchSegmentation.cpp
[INFO] [stderr]   cd /opt/rustwide/target/debug/build/opencc-sys/2bdccb429f8cd977/out/build/src && /usr/bin/c++ -DLOCALEDIR=\"/opt/rustwide/target/debug/build/opencc-sys/2bdccb429f8cd977/out/share/locale\" -DOPENCC_SEGMENTATION_PLUGIN_DIR=\"/opt/rustwide/target/debug/build/opencc-sys/2bdccb429f8cd977/out/lib/opencc/plugins\" -DOPENCC_VERSION=\"1.4.2\" -DOpencc_BUILT_AS_STATIC -DPACKAGE_NAME=\"opencc\" -DPKGDATADIR=\"/opt/rustwide/target/debug/build/opencc-sys/2bdccb429f8cd977/out/share/opencc\" -I/opt/rustwide/target/debug/build/opencc-sys/2bdccb429f8cd977/out/build/src -I/opt/rustwide/workdir/OpenCC/src -isystem /opt/rustwide/workdir/OpenCC/src/../deps/marisa-0.3.1/include -isystem /opt/rustwide/workdir/OpenCC/src/../deps/rapidjson-1.1.0 -isystem /opt/rustwide/workdir/OpenCC/src/../deps/tclap-1.2.5 -isystem /opt/rustwide/workdir/OpenCC/src/../deps/darts-clone-0.32h/include -ffunction-sections -fdata-sections -fPIC -m64 -w -O3 -DNDEBUG -std=gnu++17 -fPIC -Wall -MD -MT src/CMakeFiles/libopencc.dir/MarisaDict.cpp.o -MF CMakeFiles/libopencc.dir/MarisaDict.cpp.o.d -o CMakeFiles/libopencc.dir/MarisaDict.cpp.o -c /opt/rustwide/workdir/OpenCC/src/MarisaDict.cpp
[INFO] [stderr]   [ 66%] Building CXX object src/CMakeFiles/libopencc.dir/PluginSegmentation.cpp.o
[INFO] [stderr]   cd /opt/rustwide/target/debug/build/opencc-sys/2bdccb429f8cd977/out/build/src && /usr/bin/c++ -DLOCALEDIR=\"/opt/rustwide/target/debug/build/opencc-sys/2bdccb429f8cd977/out/share/locale\" -DOPENCC_SEGMENTATION_PLUGIN_DIR=\"/opt/rustwide/target/debug/build/opencc-sys/2bdccb429f8cd977/out/lib/opencc/plugins\" -DOPENCC_VERSION=\"1.4.2\" -DOpencc_BUILT_AS_STATIC -DPACKAGE_NAME=\"opencc\" -DPKGDATADIR=\"/opt/rustwide/target/debug/build/opencc-sys/2bdccb429f8cd977/out/share/opencc\" -I/opt/rustwide/target/debug/build/opencc-sys/2bdccb429f8cd977/out/build/src -I/opt/rustwide/workdir/OpenCC/src -isystem /opt/rustwide/workdir/OpenCC/src/../deps/marisa-0.3.1/include -isystem /opt/rustwide/workdir/OpenCC/src/../deps/rapidjson-1.1.0 -isystem /opt/rustwide/workdir/OpenCC/src/../deps/tclap-1.2.5 -isystem /opt/rustwide/workdir/OpenCC/src/../deps/darts-clone-0.32h/include -ffunction-sections -fdata-sections -fPIC -m64 -w -O3 -DNDEBUG -std=gnu++17 -fPIC -Wall -MD -MT src/CMakeFiles/libopencc.dir/PluginSegmentation.cpp.o -MF CMakeFiles/libopencc.dir/PluginSegmentation.cpp.o.d -o CMakeFiles/libopencc.dir/PluginSegmentation.cpp.o -c /opt/rustwide/workdir/OpenCC/src/PluginSegmentation.cpp
[INFO] [stderr]   [ 69%] Building CXX object src/CMakeFiles/libopencc.dir/PrefixMatch.cpp.o
[INFO] [stderr]   cd /opt/rustwide/target/debug/build/opencc-sys/2bdccb429f8cd977/out/build/src && /usr/bin/c++ -DLOCALEDIR=\"/opt/rustwide/target/debug/build/opencc-sys/2bdccb429f8cd977/out/share/locale\" -DOPENCC_SEGMENTATION_PLUGIN_DIR=\"/opt/rustwide/target/debug/build/opencc-sys/2bdccb429f8cd977/out/lib/opencc/plugins\" -DOPENCC_VERSION=\"1.4.2\" -DOpencc_BUILT_AS_STATIC -DPACKAGE_NAME=\"opencc\" -DPKGDATADIR=\"/opt/rustwide/target/debug/build/opencc-sys/2bdccb429f8cd977/out/share/opencc\" -I/opt/rustwide/target/debug/build/opencc-sys/2bdccb429f8cd977/out/build/src -I/opt/rustwide/workdir/OpenCC/src -isystem /opt/rustwide/workdir/OpenCC/src/../deps/marisa-0.3.1/include -isystem /opt/rustwide/workdir/OpenCC/src/../deps/rapidjson-1.1.0 -isystem /opt/rustwide/workdir/OpenCC/src/../deps/tclap-1.2.5 -isystem /opt/rustwide/workdir/OpenCC/src/../deps/darts-clone-0.32h/include -ffunction-sections -fdata-sections -fPIC -m64 -w -O3 -DNDEBUG -std=gnu++17 -fPIC -Wall -MD -MT src/CMakeFiles/libopencc.dir/PrefixMatch.cpp.o -MF CMakeFiles/libopencc.dir/PrefixMatch.cpp.o.d -o CMakeFiles/libopencc.dir/PrefixMatch.cpp.o -c /opt/rustwide/workdir/OpenCC/src/PrefixMatch.cpp
[INFO] [stderr]   [ 71%] Building CXX object src/CMakeFiles/libopencc.dir/SingleStageConverter.cpp.o
[INFO] [stderr]   cd /opt/rustwide/target/debug/build/opencc-sys/2bdccb429f8cd977/out/build/src && /usr/bin/c++ -DLOCALEDIR=\"/opt/rustwide/target/debug/build/opencc-sys/2bdccb429f8cd977/out/share/locale\" -DOPENCC_SEGMENTATION_PLUGIN_DIR=\"/opt/rustwide/target/debug/build/opencc-sys/2bdccb429f8cd977/out/lib/opencc/plugins\" -DOPENCC_VERSION=\"1.4.2\" -DOpencc_BUILT_AS_STATIC -DPACKAGE_NAME=\"opencc\" -DPKGDATADIR=\"/opt/rustwide/target/debug/build/opencc-sys/2bdccb429f8cd977/out/share/opencc\" -I/opt/rustwide/target/debug/build/opencc-sys/2bdccb429f8cd977/out/build/src -I/opt/rustwide/workdir/OpenCC/src -isystem /opt/rustwide/workdir/OpenCC/src/../deps/marisa-0.3.1/include -isystem /opt/rustwide/workdir/OpenCC/src/../deps/rapidjson-1.1.0 -isystem /opt/rustwide/workdir/OpenCC/src/../deps/tclap-1.2.5 -isystem /opt/rustwide/workdir/OpenCC/src/../deps/darts-clone-0.32h/include -ffunction-sections -fdata-sections -fPIC -m64 -w -O3 -DNDEBUG -std=gnu++17 -fPIC -Wall -MD -MT src/CMakeFiles/libopencc.dir/SingleStageConverter.cpp.o -MF CMakeFiles/libopencc.dir/SingleStageConverter.cpp.o.d -o CMakeFiles/libopencc.dir/SingleStageConverter.cpp.o -c /opt/rustwide/workdir/OpenCC/src/SingleStageConverter.cpp
[INFO] [stderr]   gmake[3]: Leaving directory '/opt/rustwide/target/debug/build/opencc-sys/2bdccb429f8cd977/out/build'
[INFO] [stderr]   gmake[2]: Leaving directory '/opt/rustwide/target/debug/build/opencc-sys/2bdccb429f8cd977/out/build'
[INFO] [stderr]   gmake[1]: Leaving directory '/opt/rustwide/target/debug/build/opencc-sys/2bdccb429f8cd977/out/build'
[INFO] [stderr] 
[INFO] [stderr] 
[INFO] [stderr]   --- stderr
[INFO] [stderr]   running: cd "/opt/rustwide/target/debug/build/opencc-sys/2bdccb429f8cd977/out/build" && CMAKE_PREFIX_PATH="" LC_ALL="C" "cmake" "-Wdev" "--debug-output" "/opt/rustwide/workdir/OpenCC" "-B" "/opt/rustwide/target/debug/build/opencc-sys/2bdccb429f8cd977/out/build" "-DCMAKE_BUILD_TYPE=Release" "-DBUILD_TESTING=OFF" "-DBUILD_DOCUMENTATION=OFF" "-DBUILD_SHARED_LIBS=OFF" "-DOPENCC_ENABLE_INSTALL=OFF" "-DENABLE_GTEST=OFF" "-DENABLE_BENCHMARK=OFF" "-DBUILD_OPENCC_JIEBA_PLUGIN=OFF" "-DBUILD_PYTHON=OFF" "-DUSE_SYSTEM_DARTS=OFF" "-DUSE_SYSTEM_GOOGLE_BENCHMARK=OFF" "-DUSE_SYSTEM_GTEST=OFF" "-DUSE_SYSTEM_MARISA=OFF" "-DUSE_SYSTEM_PYBIND11=OFF" "-DUSE_SYSTEM_RAPIDJSON=OFF" "-DUSE_SYSTEM_TCLAP=OFF" "-DPYTHON_EXECUTABLE=${PYTHON}" "-DCMAKE_INSTALL_PREFIX=/opt/rustwide/target/debug/build/opencc-sys/2bdccb429f8cd977/out" "-DCMAKE_C_FLAGS= -ffunction-sections -fdata-sections -fPIC -m64 -w" "-DCMAKE_C_COMPILER=/usr/bin/cc" "-DCMAKE_CXX_FLAGS= -ffunction-sections -fdata-sections -fPIC -m64 -w" "-DCMAKE_CXX_COMPILER=/usr/bin/c++" "-DCMAKE_ASM_FLAGS= -ffunction-sections -fdata-sections -fPIC -m64 -w" "-DCMAKE_ASM_COMPILER=/usr/bin/cc" "-DCMAKE_VERBOSE_MAKEFILE:BOOL=ON"
[INFO] [stderr]   CMake Warning (dev) at /usr/share/cmake-4.2/Modules/CMakeDetermineCompiler.cmake:128 (set):
[INFO] [stderr]     Policy CMP0126 is not set: set(CACHE) does not remove a normal variable of
[INFO] [stderr]     the same name.  Run "cmake --help-policy CMP0126" for policy details.  Use
[INFO] [stderr]     the cmake_policy command to set the policy and suppress this warning.
[INFO] [stderr] 
[INFO] [stderr]     For compatibility with older versions of CMake, normal variable
[INFO] [stderr]     "CMAKE_CXX_COMPILER" will be removed from the current scope.
[INFO] [stderr]   Call Stack (most recent call first):
[INFO] [stderr]     /usr/share/cmake-4.2/Modules/CMakeDetermineCXXCompiler.cmake:71 (_cmake_find_compiler_path)
[INFO] [stderr]     CMakeLists.txt:22 (project)
[INFO] [stderr]   This warning is for project developers.  Use -Wno-dev to suppress it.
[INFO] [stderr] 
[INFO] [stderr]      Called from: [3]	/opt/rustwide/workdir/OpenCC/CMakeLists.txt
[INFO] [stderr]                   [2]	/usr/share/cmake-4.2/Modules/CMakeDetermineCXXCompiler.cmake
[INFO] [stderr]                   [1]	/usr/share/cmake-4.2/Modules/CMakeDetermineCompiler.cmake
[INFO] [stderr]      Entering             /opt/rustwide/workdir/OpenCC/deps/marisa-0.3.1
[INFO] [stderr]      Called from: [1]	/opt/rustwide/workdir/OpenCC/CMakeLists.txt
[INFO] [stderr]      Returning to         /opt/rustwide/workdir/OpenCC
[INFO] [stderr]      Called from: [1]	/opt/rustwide/workdir/OpenCC/CMakeLists.txt
[INFO] [stderr]      Entering             /opt/rustwide/workdir/OpenCC/src
[INFO] [stderr]      Called from: [1]	/opt/rustwide/workdir/OpenCC/CMakeLists.txt
[INFO] [stderr]      Entering             /opt/rustwide/workdir/OpenCC/src/tools
[INFO] [stderr]      Called from: [1]	/opt/rustwide/workdir/OpenCC/src/CMakeLists.txt
[INFO] [stderr]      Returning to         /opt/rustwide/workdir/OpenCC/src
[INFO] [stderr]      Called from: [1]	/opt/rustwide/workdir/OpenCC/src/CMakeLists.txt
[INFO] [stderr]      Returning to         /opt/rustwide/workdir/OpenCC
[INFO] [stderr]      Called from: [1]	/opt/rustwide/workdir/OpenCC/CMakeLists.txt
[INFO] [stderr]      Entering             /opt/rustwide/workdir/OpenCC/doc
[INFO] [stderr]      Called from: [1]	/opt/rustwide/workdir/OpenCC/CMakeLists.txt
[INFO] [stderr]      Returning to         /opt/rustwide/workdir/OpenCC
[INFO] [stderr]      Called from: [1]	/opt/rustwide/workdir/OpenCC/CMakeLists.txt
[INFO] [stderr]      Entering             /opt/rustwide/workdir/OpenCC/data
[INFO] [stderr]      Called from: [1]	/opt/rustwide/workdir/OpenCC/CMakeLists.txt
[INFO] [stderr]      Returning to         /opt/rustwide/workdir/OpenCC
[INFO] [stderr]      Called from: [1]	/opt/rustwide/workdir/OpenCC/CMakeLists.txt
[INFO] [stderr]      Entering             /opt/rustwide/workdir/OpenCC/plugins
[INFO] [stderr]      Called from: [1]	/opt/rustwide/workdir/OpenCC/CMakeLists.txt
[INFO] [stderr]      Returning to         /opt/rustwide/workdir/OpenCC
[INFO] [stderr]      Called from: [1]	/opt/rustwide/workdir/OpenCC/CMakeLists.txt
[INFO] [stderr]      Entering             /opt/rustwide/workdir/OpenCC/test
[INFO] [stderr]      Called from: [1]	/opt/rustwide/workdir/OpenCC/CMakeLists.txt
[INFO] [stderr]      Returning to         /opt/rustwide/workdir/OpenCC
[INFO] [stderr]      Called from: [1]	/opt/rustwide/workdir/OpenCC/CMakeLists.txt
[INFO] [stderr]   CMake Warning (dev) at data/CMakeLists.txt:137 (add_custom_target):
[INFO] [stderr]     Policy CMP0112 is not set: Target file component generator expressions do
[INFO] [stderr]     not add target dependencies.  Run "cmake --help-policy CMP0112" for policy
[INFO] [stderr]     details.  Use the cmake_policy command to set the policy and suppress this
[INFO] [stderr]     warning.
[INFO] [stderr] 
[INFO] [stderr]     Dependency being added to target:
[INFO] [stderr] 
[INFO] [stderr]       "opencc_dict"
[INFO] [stderr] 
[INFO] [stderr]   This warning is for project developers.  Use -Wno-dev to suppress it.
[INFO] [stderr] 
[INFO] [stderr]   CMake Warning (dev) in deps/marisa-0.3.1/CMakeLists.txt:
[INFO] [stderr]     Policy CMP0128 is not set: Selection of language standard and extension
[INFO] [stderr]     flags improved.  Run "cmake --help-policy CMP0128" for policy details.  Use
[INFO] [stderr]     the cmake_policy command to set the policy and suppress this warning.
[INFO] [stderr] 
[INFO] [stderr]     For compatibility with older versions of CMake, unnecessary flags for
[INFO] [stderr]     language standard or compiler extensions may be added.
[INFO] [stderr]   This warning is for project developers.  Use -Wno-dev to suppress it.
[INFO] [stderr] 
[INFO] [stderr]      Called from: [1]	/opt/rustwide/workdir/OpenCC/deps/marisa-0.3.1/CMakeLists.txt
[INFO] [stderr]   CMake Warning (dev) at deps/marisa-0.3.1/CMakeLists.txt:17 (add_library):
[INFO] [stderr]     Policy CMP0156 is not set: De-duplicate libraries on link lines based on
[INFO] [stderr]     linker capabilities.  Run "cmake --help-policy CMP0156" for policy details.
[INFO] [stderr]     Use the cmake_policy command to set the policy and suppress this warning.
[INFO] [stderr] 
[INFO] [stderr]     Since the policy is not set, legacy libraries de-duplication strategy will
[INFO] [stderr]     be applied.
[INFO] [stderr]   This warning is for project developers.  Use -Wno-dev to suppress it.
[INFO] [stderr] 
[INFO] [stderr]      Called from: [1]	/opt/rustwide/workdir/OpenCC/deps/marisa-0.3.1/CMakeLists.txt
[INFO] [stderr]   CMake Warning (dev) in src/CMakeLists.txt:
[INFO] [stderr]     Policy CMP0128 is not set: Selection of language standard and extension
[INFO] [stderr]     flags improved.  Run "cmake --help-policy CMP0128" for policy details.  Use
[INFO] [stderr]     the cmake_policy command to set the policy and suppress this warning.
[INFO] [stderr] 
[INFO] [stderr]     For compatibility with older versions of CMake, unnecessary flags for
[INFO] [stderr]     language standard or compiler extensions may be added.
[INFO] [stderr]   This warning is for project developers.  Use -Wno-dev to suppress it.
[INFO] [stderr] 
[INFO] [stderr]      Called from: [1]	/opt/rustwide/workdir/OpenCC/src/CMakeLists.txt
[INFO] [stderr]   CMake Warning (dev) at src/CMakeLists.txt:145 (add_library):
[INFO] [stderr]     Policy CMP0156 is not set: De-duplicate libraries on link lines based on
[INFO] [stderr]     linker capabilities.  Run "cmake --help-policy CMP0156" for policy details.
[INFO] [stderr]     Use the cmake_policy command to set the policy and suppress this warning.
[INFO] [stderr] 
[INFO] [stderr]     Since the policy is not set, legacy libraries de-duplication strategy will
[INFO] [stderr]     be applied.
[INFO] [stderr]   This warning is for project developers.  Use -Wno-dev to suppress it.
[INFO] [stderr] 
[INFO] [stderr]      Called from: [1]	/opt/rustwide/workdir/OpenCC/src/CMakeLists.txt
[INFO] [stderr]   CMake Warning (dev) in src/tools/CMakeLists.txt:
[INFO] [stderr]     Policy CMP0128 is not set: Selection of language standard and extension
[INFO] [stderr]     flags improved.  Run "cmake --help-policy CMP0128" for policy details.  Use
[INFO] [stderr]     the cmake_policy command to set the policy and suppress this warning.
[INFO] [stderr] 
[INFO] [stderr]     For compatibility with older versions of CMake, unnecessary flags for
[INFO] [stderr]     language standard or compiler extensions may be added.
[INFO] [stderr]   This warning is for project developers.  Use -Wno-dev to suppress it.
[INFO] [stderr] 
[INFO] [stderr]      Called from: [1]	/opt/rustwide/workdir/OpenCC/src/tools/CMakeLists.txt
[INFO] [stderr]   CMake Warning (dev) at src/tools/CMakeLists.txt:36 (add_executable):
[INFO] [stderr]     Policy CMP0156 is not set: De-duplicate libraries on link lines based on
[INFO] [stderr]     linker capabilities.  Run "cmake --help-policy CMP0156" for policy details.
[INFO] [stderr]     Use the cmake_policy command to set the policy and suppress this warning.
[INFO] [stderr] 
[INFO] [stderr]     Since the policy is not set, legacy libraries de-duplication strategy will
[INFO] [stderr]     be applied.
[INFO] [stderr]   This warning is for project developers.  Use -Wno-dev to suppress it.
[INFO] [stderr] 
[INFO] [stderr]      Called from: [1]	/opt/rustwide/workdir/OpenCC/src/tools/CMakeLists.txt
[INFO] [stderr]   CMake Warning (dev) at src/tools/CMakeLists.txt:36 (add_executable):
[INFO] [stderr]     Policy CMP0181 is not set: Link command-line fragment variables are parsed
[INFO] [stderr]     and re-quoted.  Run "cmake --help-policy CMP0181" for policy details.  Use
[INFO] [stderr]     the cmake_policy command to set the policy and suppress this warning.
[INFO] [stderr] 
[INFO] [stderr]     Since the policy is not set, the contents of variable
[INFO] [stderr]     'CMAKE_EXE_LINKER_FLAGS' will be used as is.
[INFO] [stderr]   This warning is for project developers.  Use -Wno-dev to suppress it.
[INFO] [stderr] 
[INFO] [stderr]      Called from: [1]	/opt/rustwide/workdir/OpenCC/src/tools/CMakeLists.txt
[INFO] [stderr]   CMake Warning (dev) at src/tools/CMakeLists.txt:36 (add_executable):
[INFO] [stderr]     Policy CMP0181 is not set: Link command-line fragment variables are parsed
[INFO] [stderr]     and re-quoted.  Run "cmake --help-policy CMP0181" for policy details.  Use
[INFO] [stderr]     the cmake_policy command to set the policy and suppress this warning.
[INFO] [stderr] 
[INFO] [stderr]     Since the policy is not set, the contents of variable
[INFO] [stderr]     'CMAKE_CXX_CREATE_CONSOLE_EXE' will be used as is.
[INFO] [stderr]   This warning is for project developers.  Use -Wno-dev to suppress it.
[INFO] [stderr] 
[INFO] [stderr]      Called from: [1]	/opt/rustwide/workdir/OpenCC/src/tools/CMakeLists.txt
[INFO] [stderr]   CMake Warning (dev) in src/tools/CMakeLists.txt:
[INFO] [stderr]     Policy CMP0128 is not set: Selection of language standard and extension
[INFO] [stderr]     flags improved.  Run "cmake --help-policy CMP0128" for policy details.  Use
[INFO] [stderr]     the cmake_policy command to set the policy and suppress this warning.
[INFO] [stderr] 
[INFO] [stderr]     For compatibility with older versions of CMake, unnecessary flags for
[INFO] [stderr]     language standard or compiler extensions may be added.
[INFO] [stderr]   This warning is for project developers.  Use -Wno-dev to suppress it.
[INFO] [stderr] 
[INFO] [stderr]      Called from: [1]	/opt/rustwide/workdir/OpenCC/src/tools/CMakeLists.txt
[INFO] [stderr]   CMake Warning (dev) at src/tools/CMakeLists.txt:47 (add_executable):
[INFO] [stderr]     Policy CMP0156 is not set: De-duplicate libraries on link lines based on
[INFO] [stderr]     linker capabilities.  Run "cmake --help-policy CMP0156" for policy details.
[INFO] [stderr]     Use the cmake_policy command to set the policy and suppress this warning.
[INFO] [stderr] 
[INFO] [stderr]     Since the policy is not set, legacy libraries de-duplication strategy will
[INFO] [stderr]     be applied.
[INFO] [stderr]   This warning is for project developers.  Use -Wno-dev to suppress it.
[INFO] [stderr] 
[INFO] [stderr]      Called from: [1]	/opt/rustwide/workdir/OpenCC/src/tools/CMakeLists.txt
[INFO] [stderr]   CMake Warning (dev) at src/tools/CMakeLists.txt:47 (add_executable):
[INFO] [stderr]     Policy CMP0181 is not set: Link command-line fragment variables are parsed
[INFO] [stderr]     and re-quoted.  Run "cmake --help-policy CMP0181" for policy details.  Use
[INFO] [stderr]     the cmake_policy command to set the policy and suppress this warning.
[INFO] [stderr] 
[INFO] [stderr]     Since the policy is not set, the contents of variable
[INFO] [stderr]     'CMAKE_EXE_LINKER_FLAGS' will be used as is.
[INFO] [stderr]   This warning is for project developers.  Use -Wno-dev to suppress it.
[INFO] [stderr] 
[INFO] [stderr]      Called from: [1]	/opt/rustwide/workdir/OpenCC/src/tools/CMakeLists.txt
[INFO] [stderr]   CMake Warning (dev) at src/tools/CMakeLists.txt:47 (add_executable):
[INFO] [stderr]     Policy CMP0181 is not set: Link command-line fragment variables are parsed
[INFO] [stderr]     and re-quoted.  Run "cmake --help-policy CMP0181" for policy details.  Use
[INFO] [stderr]     the cmake_policy command to set the policy and suppress this warning.
[INFO] [stderr] 
[INFO] [stderr]     Since the policy is not set, the contents of variable
[INFO] [stderr]     'CMAKE_CXX_CREATE_CONSOLE_EXE' will be used as is.
[INFO] [stderr]   This warning is for project developers.  Use -Wno-dev to suppress it.
[INFO] [stderr] 
[INFO] [stderr]      Called from: [1]	/opt/rustwide/workdir/OpenCC/src/tools/CMakeLists.txt
[INFO] [stderr]   CMake Warning (dev) in src/tools/CMakeLists.txt:
[INFO] [stderr]     Policy CMP0128 is not set: Selection of language standard and extension
[INFO] [stderr]     flags improved.  Run "cmake --help-policy CMP0128" for policy details.  Use
[INFO] [stderr]     the cmake_policy command to set the policy and suppress this warning.
[INFO] [stderr] 
[INFO] [stderr]     For compatibility with older versions of CMake, unnecessary flags for
[INFO] [stderr]     language standard or compiler extensions may be added.
[INFO] [stderr]   This warning is for project developers.  Use -Wno-dev to suppress it.
[INFO] [stderr] 
[INFO] [stderr]      Called from: [1]	/opt/rustwide/workdir/OpenCC/src/tools/CMakeLists.txt
[INFO] [stderr]   CMake Warning (dev) at src/tools/CMakeLists.txt:51 (add_executable):
[INFO] [stderr]     Policy CMP0156 is not set: De-duplicate libraries on link lines based on
[INFO] [stderr]     linker capabilities.  Run "cmake --help-policy CMP0156" for policy details.
[INFO] [stderr]     Use the cmake_policy command to set the policy and suppress this warning.
[INFO] [stderr] 
[INFO] [stderr]     Since the policy is not set, legacy libraries de-duplication strategy will
[INFO] [stderr]     be applied.
[INFO] [stderr]   This warning is for project developers.  Use -Wno-dev to suppress it.
[INFO] [stderr] 
[INFO] [stderr]      Called from: [1]	/opt/rustwide/workdir/OpenCC/src/tools/CMakeLists.txt
[INFO] [stderr]   CMake Warning (dev) at src/tools/CMakeLists.txt:51 (add_executable):
[INFO] [stderr]     Policy CMP0181 is not set: Link command-line fragment variables are parsed
[INFO] [stderr]     and re-quoted.  Run "cmake --help-policy CMP0181" for policy details.  Use
[INFO] [stderr]     the cmake_policy command to set the policy and suppress this warning.
[INFO] [stderr] 
[INFO] [stderr]     Since the policy is not set, the contents of variable
[INFO] [stderr]     'CMAKE_EXE_LINKER_FLAGS' will be used as is.
[INFO] [stderr]   This warning is for project developers.  Use -Wno-dev to suppress it.
[INFO] [stderr] 
[INFO] [stderr]      Called from: [1]	/opt/rustwide/workdir/OpenCC/src/tools/CMakeLists.txt
[INFO] [stderr]   CMake Warning (dev) at src/tools/CMakeLists.txt:51 (add_executable):
[INFO] [stderr]     Policy CMP0181 is not set: Link command-line fragment variables are parsed
[INFO] [stderr]     and re-quoted.  Run "cmake --help-policy CMP0181" for policy details.  Use
[INFO] [stderr]     the cmake_policy command to set the policy and suppress this warning.
[INFO] [stderr] 
[INFO] [stderr]     Since the policy is not set, the contents of variable
[INFO] [stderr]     'CMAKE_CXX_CREATE_CONSOLE_EXE' will be used as is.
[INFO] [stderr]   This warning is for project developers.  Use -Wno-dev to suppress it.
[INFO] [stderr] 
[INFO] [stderr]      Called from: [1]	/opt/rustwide/workdir/OpenCC/src/tools/CMakeLists.txt
[INFO] [stderr]   CMake Warning (dev) at data/CMakeLists.txt:137 (add_custom_target):
[INFO] [stderr]     Policy CMP0112 is not set: Target file component generator expressions do
[INFO] [stderr]     not add target dependencies.  Run "cmake --help-policy CMP0112" for policy
[INFO] [stderr]     details.  Use the cmake_policy command to set the policy and suppress this
[INFO] [stderr]     warning.
[INFO] [stderr] 
[INFO] [stderr]     Dependency being added to target:
[INFO] [stderr] 
[INFO] [stderr]       "opencc_dict"
[INFO] [stderr] 
[INFO] [stderr]   This warning is for project developers.  Use -Wno-dev to suppress it.
[INFO] [stderr] 
[INFO] [stderr]      Called from: [1]	/opt/rustwide/workdir/OpenCC/data/CMakeLists.txt
[INFO] [stderr]   CMake Warning:
[INFO] [stderr]     Manually-specified variables were not used by the project:
[INFO] [stderr] 
[INFO] [stderr]       CMAKE_ASM_COMPILER
[INFO] [stderr]       CMAKE_ASM_FLAGS
[INFO] [stderr]       CMAKE_C_COMPILER
[INFO] [stderr]       CMAKE_C_FLAGS
[INFO] [stderr] 
[INFO] [stderr] 
[INFO] [stderr]   running: cd "/opt/rustwide/target/debug/build/opencc-sys/2bdccb429f8cd977/out/build" && LC_ALL="C" MAKEFLAGS="-j --jobserver-fds=4,5 --jobserver-auth=4,5" "cmake" "--build" "/opt/rustwide/target/debug/build/opencc-sys/2bdccb429f8cd977/out/build" "--target" "marisa" "--config" "Release"
[INFO] [stderr]   running: cd "/opt/rustwide/target/debug/build/opencc-sys/2bdccb429f8cd977/out/build" && CMAKE_PREFIX_PATH="" LC_ALL="C" "cmake" "-Wdev" "--debug-output" "/opt/rustwide/workdir/OpenCC" "-B" "/opt/rustwide/target/debug/build/opencc-sys/2bdccb429f8cd977/out/build" "-DCMAKE_BUILD_TYPE=Release" "-DBUILD_TESTING=OFF" "-DBUILD_DOCUMENTATION=OFF" "-DBUILD_SHARED_LIBS=OFF" "-DOPENCC_ENABLE_INSTALL=OFF" "-DENABLE_GTEST=OFF" "-DENABLE_BENCHMARK=OFF" "-DBUILD_OPENCC_JIEBA_PLUGIN=OFF" "-DBUILD_PYTHON=OFF" "-DUSE_SYSTEM_DARTS=OFF" "-DUSE_SYSTEM_GOOGLE_BENCHMARK=OFF" "-DUSE_SYSTEM_GTEST=OFF" "-DUSE_SYSTEM_MARISA=OFF" "-DUSE_SYSTEM_PYBIND11=OFF" "-DUSE_SYSTEM_RAPIDJSON=OFF" "-DUSE_SYSTEM_TCLAP=OFF" "-DPYTHON_EXECUTABLE=${PYTHON}" "-DCMAKE_INSTALL_PREFIX=/opt/rustwide/target/debug/build/opencc-sys/2bdccb429f8cd977/out" "-DCMAKE_C_FLAGS= -ffunction-sections -fdata-sections -fPIC -m64 -w" "-DCMAKE_C_COMPILER=/usr/bin/cc" "-DCMAKE_CXX_FLAGS= -ffunction-sections -fdata-sections -fPIC -m64 -w" "-DCMAKE_CXX_COMPILER=/usr/bin/c++" "-DCMAKE_ASM_FLAGS= -ffunction-sections -fdata-sections -fPIC -m64 -w" "-DCMAKE_ASM_COMPILER=/usr/bin/cc" "-DCMAKE_VERBOSE_MAKEFILE:BOOL=ON"
[INFO] [stderr]      Entering             /opt/rustwide/workdir/OpenCC/deps/marisa-0.3.1
[INFO] [stderr]      Called from: [1]	/opt/rustwide/workdir/OpenCC/CMakeLists.txt
[INFO] [stderr]      Returning to         /opt/rustwide/workdir/OpenCC
[INFO] [stderr]      Called from: [1]	/opt/rustwide/workdir/OpenCC/CMakeLists.txt
[INFO] [stderr]      Entering             /opt/rustwide/workdir/OpenCC/src
[INFO] [stderr]      Called from: [1]	/opt/rustwide/workdir/OpenCC/CMakeLists.txt
[INFO] [stderr]      Entering             /opt/rustwide/workdir/OpenCC/src/tools
[INFO] [stderr]      Called from: [1]	/opt/rustwide/workdir/OpenCC/src/CMakeLists.txt
[INFO] [stderr]      Returning to         /opt/rustwide/workdir/OpenCC/src
[INFO] [stderr]      Called from: [1]	/opt/rustwide/workdir/OpenCC/src/CMakeLists.txt
[INFO] [stderr]      Returning to         /opt/rustwide/workdir/OpenCC
[INFO] [stderr]      Called from: [1]	/opt/rustwide/workdir/OpenCC/CMakeLists.txt
[INFO] [stderr]      Entering             /opt/rustwide/workdir/OpenCC/doc
[INFO] [stderr]      Called from: [1]	/opt/rustwide/workdir/OpenCC/CMakeLists.txt
[INFO] [stderr]      Returning to         /opt/rustwide/workdir/OpenCC
[INFO] [stderr]      Called from: [1]	/opt/rustwide/workdir/OpenCC/CMakeLists.txt
[INFO] [stderr]      Entering             /opt/rustwide/workdir/OpenCC/data
[INFO] [stderr]      Called from: [1]	/opt/rustwide/workdir/OpenCC/CMakeLists.txt
[INFO] [stderr]      Returning to         /opt/rustwide/workdir/OpenCC
[INFO] [stderr]      Called from: [1]	/opt/rustwide/workdir/OpenCC/CMakeLists.txt
[INFO] [stderr]      Entering             /opt/rustwide/workdir/OpenCC/plugins
[INFO] [stderr]      Called from: [1]	/opt/rustwide/workdir/OpenCC/CMakeLists.txt
[INFO] [stderr]      Returning to         /opt/rustwide/workdir/OpenCC
[INFO] [stderr]      Called from: [1]	/opt/rustwide/workdir/OpenCC/CMakeLists.txt
[INFO] [stderr]      Entering             /opt/rustwide/workdir/OpenCC/test
[INFO] [stderr]      Called from: [1]	/opt/rustwide/workdir/OpenCC/CMakeLists.txt
[INFO] [stderr]      Returning to         /opt/rustwide/workdir/OpenCC
[INFO] [stderr]      Called from: [1]	/opt/rustwide/workdir/OpenCC/CMakeLists.txt
[INFO] [stderr]   CMake Warning (dev) at data/CMakeLists.txt:137 (add_custom_target):
[INFO] [stderr]     Policy CMP0112 is not set: Target file component generator expressions do
[INFO] [stderr]     not add target dependencies.  Run "cmake --help-policy CMP0112" for policy
[INFO] [stderr]     details.  Use the cmake_policy command to set the policy and suppress this
[INFO] [stderr]     warning.
[INFO] [stderr] 
[INFO] [stderr]     Dependency being added to target:
[INFO] [stderr] 
[INFO] [stderr]       "opencc_dict"
[INFO] [stderr] 
[INFO] [stderr]   This warning is for project developers.  Use -Wno-dev to suppress it.
[INFO] [stderr] 
[INFO] [stderr]   CMake Warning (dev) in deps/marisa-0.3.1/CMakeLists.txt:
[INFO] [stderr]     Policy CMP0128 is not set: Selection of language standard and extension
[INFO] [stderr]     flags improved.  Run "cmake --help-policy CMP0128" for policy details.  Use
[INFO] [stderr]     the cmake_policy command to set the policy and suppress this warning.
[INFO] [stderr] 
[INFO] [stderr]     For compatibility with older versions of CMake, unnecessary flags for
[INFO] [stderr]     language standard or compiler extensions may be added.
[INFO] [stderr]   This warning is for project developers.  Use -Wno-dev to suppress it.
[INFO] [stderr] 
[INFO] [stderr]      Called from: [1]	/opt/rustwide/workdir/OpenCC/deps/marisa-0.3.1/CMakeLists.txt
[INFO] [stderr]   CMake Warning (dev) at deps/marisa-0.3.1/CMakeLists.txt:17 (add_library):
[INFO] [stderr]     Policy CMP0156 is not set: De-duplicate libraries on link lines based on
[INFO] [stderr]     linker capabilities.  Run "cmake --help-policy CMP0156" for policy details.
[INFO] [stderr]     Use the cmake_policy command to set the policy and suppress this warning.
[INFO] [stderr] 
[INFO] [stderr]     Since the policy is not set, legacy libraries de-duplication strategy will
[INFO] [stderr]     be applied.
[INFO] [stderr]   This warning is for project developers.  Use -Wno-dev to suppress it.
[INFO] [stderr] 
[INFO] [stderr]      Called from: [1]	/opt/rustwide/workdir/OpenCC/deps/marisa-0.3.1/CMakeLists.txt
[INFO] [stderr]   CMake Warning (dev) in src/CMakeLists.txt:
[INFO] [stderr]     Policy CMP0128 is not set: Selection of language standard and extension
[INFO] [stderr]     flags improved.  Run "cmake --help-policy CMP0128" for policy details.  Use
[INFO] [stderr]     the cmake_policy command to set the policy and suppress this warning.
[INFO] [stderr] 
[INFO] [stderr]     For compatibility with older versions of CMake, unnecessary flags for
[INFO] [stderr]     language standard or compiler extensions may be added.
[INFO] [stderr]   This warning is for project developers.  Use -Wno-dev to suppress it.
[INFO] [stderr] 
[INFO] [stderr]      Called from: [1]	/opt/rustwide/workdir/OpenCC/src/CMakeLists.txt
[INFO] [stderr]   CMake Warning (dev) at src/CMakeLists.txt:145 (add_library):
[INFO] [stderr]     Policy CMP0156 is not set: De-duplicate libraries on link lines based on
[INFO] [stderr]     linker capabilities.  Run "cmake --help-policy CMP0156" for policy details.
[INFO] [stderr]     Use the cmake_policy command to set the policy and suppress this warning.
[INFO] [stderr] 
[INFO] [stderr]     Since the policy is not set, legacy libraries de-duplication strategy will
[INFO] [stderr]     be applied.
[INFO] [stderr]   This warning is for project developers.  Use -Wno-dev to suppress it.
[INFO] [stderr] 
[INFO] [stderr]      Called from: [1]	/opt/rustwide/workdir/OpenCC/src/CMakeLists.txt
[INFO] [stderr]   CMake Warning (dev) in src/tools/CMakeLists.txt:
[INFO] [stderr]     Policy CMP0128 is not set: Selection of language standard and extension
[INFO] [stderr]     flags improved.  Run "cmake --help-policy CMP0128" for policy details.  Use
[INFO] [stderr]     the cmake_policy command to set the policy and suppress this warning.
[INFO] [stderr] 
[INFO] [stderr]     For compatibility with older versions of CMake, unnecessary flags for
[INFO] [stderr]     language standard or compiler extensions may be added.
[INFO] [stderr]   This warning is for project developers.  Use -Wno-dev to suppress it.
[INFO] [stderr] 
[INFO] [stderr]      Called from: [1]	/opt/rustwide/workdir/OpenCC/src/tools/CMakeLists.txt
[INFO] [stderr]   CMake Warning (dev) at src/tools/CMakeLists.txt:36 (add_executable):
[INFO] [stderr]     Policy CMP0156 is not set: De-duplicate libraries on link lines based on
[INFO] [stderr]     linker capabilities.  Run "cmake --help-policy CMP0156" for policy details.
[INFO] [stderr]     Use the cmake_policy command to set the policy and suppress this warning.
[INFO] [stderr] 
[INFO] [stderr]     Since the policy is not set, legacy libraries de-duplication strategy will
[INFO] [stderr]     be applied.
[INFO] [stderr]   This warning is for project developers.  Use -Wno-dev to suppress it.
[INFO] [stderr] 
[INFO] [stderr]      Called from: [1]	/opt/rustwide/workdir/OpenCC/src/tools/CMakeLists.txt
[INFO] [stderr]   CMake Warning (dev) at src/tools/CMakeLists.txt:36 (add_executable):
[INFO] [stderr]     Policy CMP0181 is not set: Link command-line fragment variables are parsed
[INFO] [stderr]     and re-quoted.  Run "cmake --help-policy CMP0181" for policy details.  Use
[INFO] [stderr]     the cmake_policy command to set the policy and suppress this warning.
[INFO] [stderr] 
[INFO] [stderr]     Since the policy is not set, the contents of variable
[INFO] [stderr]     'CMAKE_EXE_LINKER_FLAGS' will be used as is.
[INFO] [stderr]   This warning is for project developers.  Use -Wno-dev to suppress it.
[INFO] [stderr] 
[INFO] [stderr]      Called from: [1]	/opt/rustwide/workdir/OpenCC/src/tools/CMakeLists.txt
[INFO] [stderr]   CMake Warning (dev) at src/tools/CMakeLists.txt:36 (add_executable):
[INFO] [stderr]     Policy CMP0181 is not set: Link command-line fragment variables are parsed
[INFO] [stderr]     and re-quoted.  Run "cmake --help-policy CMP0181" for policy details.  Use
[INFO] [stderr]     the cmake_policy command to set the policy and suppress this warning.
[INFO] [stderr] 
[INFO] [stderr]     Since the policy is not set, the contents of variable
[INFO] [stderr]     'CMAKE_CXX_CREATE_CONSOLE_EXE' will be used as is.
[INFO] [stderr]   This warning is for project developers.  Use -Wno-dev to suppress it.
[INFO] [stderr] 
[INFO] [stderr]      Called from: [1]	/opt/rustwide/workdir/OpenCC/src/tools/CMakeLists.txt
[INFO] [stderr]   CMake Warning (dev) in src/tools/CMakeLists.txt:
[INFO] [stderr]     Policy CMP0128 is not set: Selection of language standard and extension
[INFO] [stderr]     flags improved.  Run "cmake --help-policy CMP0128" for policy details.  Use
[INFO] [stderr]     the cmake_policy command to set the policy and suppress this warning.
[INFO] [stderr] 
[INFO] [stderr]     For compatibility with older versions of CMake, unnecessary flags for
[INFO] [stderr]     language standard or compiler extensions may be added.
[INFO] [stderr]   This warning is for project developers.  Use -Wno-dev to suppress it.
[INFO] [stderr] 
[INFO] [stderr]      Called from: [1]	/opt/rustwide/workdir/OpenCC/src/tools/CMakeLists.txt
[INFO] [stderr]   CMake Warning (dev) at src/tools/CMakeLists.txt:47 (add_executable):
[INFO] [stderr]     Policy CMP0156 is not set: De-duplicate libraries on link lines based on
[INFO] [stderr]     linker capabilities.  Run "cmake --help-policy CMP0156" for policy details.
[INFO] [stderr]     Use the cmake_policy command to set the policy and suppress this warning.
[INFO] [stderr] 
[INFO] [stderr]     Since the policy is not set, legacy libraries de-duplication strategy will
[INFO] [stderr]     be applied.
[INFO] [stderr]   This warning is for project developers.  Use -Wno-dev to suppress it.
[INFO] [stderr] 
[INFO] [stderr]      Called from: [1]	/opt/rustwide/workdir/OpenCC/src/tools/CMakeLists.txt
[INFO] [stderr]   CMake Warning (dev) at src/tools/CMakeLists.txt:47 (add_executable):
[INFO] [stderr]     Policy CMP0181 is not set: Link command-line fragment variables are parsed
[INFO] [stderr]     and re-quoted.  Run "cmake --help-policy CMP0181" for policy details.  Use
[INFO] [stderr]     the cmake_policy command to set the policy and suppress this warning.
[INFO] [stderr] 
[INFO] [stderr]     Since the policy is not set, the contents of variable
[INFO] [stderr]     'CMAKE_EXE_LINKER_FLAGS' will be used as is.
[INFO] [stderr]   This warning is for project developers.  Use -Wno-dev to suppress it.
[INFO] [stderr] 
[INFO] [stderr]      Called from: [1]	/opt/rustwide/workdir/OpenCC/src/tools/CMakeLists.txt
[INFO] [stderr]   CMake Warning (dev) at src/tools/CMakeLists.txt:47 (add_executable):
[INFO] [stderr]     Policy CMP0181 is not set: Link command-line fragment variables are parsed
[INFO] [stderr]     and re-quoted.  Run "cmake --help-policy CMP0181" for policy details.  Use
[INFO] [stderr]     the cmake_policy command to set the policy and suppress this warning.
[INFO] [stderr] 
[INFO] [stderr]     Since the policy is not set, the contents of variable
[INFO] [stderr]     'CMAKE_CXX_CREATE_CONSOLE_EXE' will be used as is.
[INFO] [stderr]   This warning is for project developers.  Use -Wno-dev to suppress it.
[INFO] [stderr] 
[INFO] [stderr]      Called from: [1]	/opt/rustwide/workdir/OpenCC/src/tools/CMakeLists.txt
[INFO] [stderr]   CMake Warning (dev) in src/tools/CMakeLists.txt:
[INFO] [stderr]     Policy CMP0128 is not set: Selection of language standard and extension
[INFO] [stderr]     flags improved.  Run "cmake --help-policy CMP0128" for policy details.  Use
[INFO] [stderr]     the cmake_policy command to set the policy and suppress this warning.
[INFO] [stderr] 
[INFO] [stderr]     For compatibility with older versions of CMake, unnecessary flags for
[INFO] [stderr]     language standard or compiler extensions may be added.
[INFO] [stderr]   This warning is for project developers.  Use -Wno-dev to suppress it.
[INFO] [stderr] 
[INFO] [stderr]      Called from: [1]	/opt/rustwide/workdir/OpenCC/src/tools/CMakeLists.txt
[INFO] [stderr]   CMake Warning (dev) at src/tools/CMakeLists.txt:51 (add_executable):
[INFO] [stderr]     Policy CMP0156 is not set: De-duplicate libraries on link lines based on
[INFO] [stderr]     linker capabilities.  Run "cmake --help-policy CMP0156" for policy details.
[INFO] [stderr]     Use the cmake_policy command to set the policy and suppress this warning.
[INFO] [stderr] 
[INFO] [stderr]     Since the policy is not set, legacy libraries de-duplication strategy will
[INFO] [stderr]     be applied.
[INFO] [stderr]   This warning is for project developers.  Use -Wno-dev to suppress it.
[INFO] [stderr] 
[INFO] [stderr]      Called from: [1]	/opt/rustwide/workdir/OpenCC/src/tools/CMakeLists.txt
[INFO] [stderr]   CMake Warning (dev) at src/tools/CMakeLists.txt:51 (add_executable):
[INFO] [stderr]     Policy CMP0181 is not set: Link command-line fragment variables are parsed
[INFO] [stderr]     and re-quoted.  Run "cmake --help-policy CMP0181" for policy details.  Use
[INFO] [stderr]     the cmake_policy command to set the policy and suppress this warning.
[INFO] [stderr] 
[INFO] [stderr]     Since the policy is not set, the contents of variable
[INFO] [stderr]     'CMAKE_EXE_LINKER_FLAGS' will be used as is.
[INFO] [stderr]   This warning is for project developers.  Use -Wno-dev to suppress it.
[INFO] [stderr] 
[INFO] [stderr]      Called from: [1]	/opt/rustwide/workdir/OpenCC/src/tools/CMakeLists.txt
[INFO] [stderr]   CMake Warning (dev) at src/tools/CMakeLists.txt:51 (add_executable):
[INFO] [stderr]     Policy CMP0181 is not set: Link command-line fragment variables are parsed
[INFO] [stderr]     and re-quoted.  Run "cmake --help-policy CMP0181" for policy details.  Use
[INFO] [stderr]     the cmake_policy command to set the policy and suppress this warning.
[INFO] [stderr] 
[INFO] [stderr]     Since the policy is not set, the contents of variable
[INFO] [stderr]     'CMAKE_CXX_CREATE_CONSOLE_EXE' will be used as is.
[INFO] [stderr]   This warning is for project developers.  Use -Wno-dev to suppress it.
[INFO] [stderr] 
[INFO] [stderr]      Called from: [1]	/opt/rustwide/workdir/OpenCC/src/tools/CMakeLists.txt
[INFO] [stderr]   CMake Warning (dev) at data/CMakeLists.txt:137 (add_custom_target):
[INFO] [stderr]     Policy CMP0112 is not set: Target file component generator expressions do
[INFO] [stderr]     not add target dependencies.  Run "cmake --help-policy CMP0112" for policy
[INFO] [stderr]     details.  Use the cmake_policy command to set the policy and suppress this
[INFO] [stderr]     warning.
[INFO] [stderr] 
[INFO] [stderr]     Dependency being added to target:
[INFO] [stderr] 
[INFO] [stderr]       "opencc_dict"
[INFO] [stderr] 
[INFO] [stderr]   This warning is for project developers.  Use -Wno-dev to suppress it.
[INFO] [stderr] 
[INFO] [stderr]      Called from: [1]	/opt/rustwide/workdir/OpenCC/data/CMakeLists.txt
[INFO] [stderr]   running: cd "/opt/rustwide/target/debug/build/opencc-sys/2bdccb429f8cd977/out/build" && LC_ALL="C" MAKEFLAGS="-j --jobserver-fds=4,5 --jobserver-auth=4,5" "cmake" "--build" "/opt/rustwide/target/debug/build/opencc-sys/2bdccb429f8cd977/out/build" "--target" "libopencc" "--config" "Release"
[INFO] [stderr]   c++: fatal error: Killed signal terminated program cc1plus
[INFO] [stderr]   compilation terminated.
[INFO] [stderr]   gmake[3]: *** [src/CMakeFiles/libopencc.dir/build.make:264: src/CMakeFiles/libopencc.dir/PhraseExtract.cpp.o] Error 1
[INFO] [stderr]   gmake[3]: *** Waiting for unfinished jobs....
[INFO] [stderr]   gmake[2]: *** [CMakeFiles/Makefile2:285: src/CMakeFiles/libopencc.dir/all] Error 2
[INFO] [stderr]   gmake[1]: *** [CMakeFiles/Makefile2:292: src/CMakeFiles/libopencc.dir/rule] Error 2
[INFO] [stderr]   gmake: *** [Makefile:160: libopencc] Error 2
[INFO] [stderr] 
[INFO] [stderr]   thread 'main' (291) panicked at /opt/rustwide/cargo-home/registry/src/index.crates.io-1949cf8c6b5b557f/cmake-0.1.58/src/lib.rs:1132:5:
[INFO] [stderr] 
[INFO] [stderr]   command did not execute successfully, got: exit status: 2
[INFO] [stderr] 
[INFO] [stderr]   build script failed, must exit now
[INFO] [stderr]   stack backtrace:
[INFO] [stderr]      0:     0x62c758dda0a1 - std[18c5f2a687b463a0]::backtrace_rs::backtrace::libunwind::trace
[INFO] [stderr]                                  at /rustc/f4dd856795debe636f2ba39a900f162f5abeb7e8/library/std/src/../../backtrace/src/backtrace/libunwind.rs:117:9
[INFO] [stderr]      1:     0x62c758dda0a1 - std[18c5f2a687b463a0]::backtrace_rs::backtrace::trace_unsynchronized::<std[18c5f2a687b463a0]::sys::backtrace::_print_fmt::{closure#1}>
[INFO] [stderr]                                  at /rustc/f4dd856795debe636f2ba39a900f162f5abeb7e8/library/std/src/../../backtrace/src/backtrace/mod.rs:66:14
[INFO] [stderr]      2:     0x62c758dda0a1 - std[18c5f2a687b463a0]::sys::backtrace::_print_fmt
[INFO] [stderr]                                  at /rustc/f4dd856795debe636f2ba39a900f162f5abeb7e8/library/std/src/sys/backtrace.rs:74:9
[INFO] [stderr]      3:     0x62c758dda0a1 - <<std[18c5f2a687b463a0]::sys::backtrace::BacktraceLock>::print::DisplayBacktrace as core[ee3e5f980a4e04aa]::fmt::Display>::fmt
[INFO] [stderr]                                  at /rustc/f4dd856795debe636f2ba39a900f162f5abeb7e8/library/std/src/sys/backtrace.rs:44:26
[INFO] [stderr]      4:     0x62c758df1d9a - <core[ee3e5f980a4e04aa]::fmt::rt::Argument>::fmt
[INFO] [stderr]                                  at /rustc/f4dd856795debe636f2ba39a900f162f5abeb7e8/library/core/src/fmt/rt.rs:152:76
[INFO] [stderr]      5:     0x62c758df1d9a - core[ee3e5f980a4e04aa]::fmt::write
[INFO] [stderr]      6:     0x62c758de019c - core[ee3e5f980a4e04aa]::io::write::default_write_fmt::<std[18c5f2a687b463a0]::sys::stdio::unix::Stderr>
[INFO] [stderr]                                  at /rustc/f4dd856795debe636f2ba39a900f162f5abeb7e8/library/core/src/io/write.rs:402:11
[INFO] [stderr]      7:     0x62c758de019c - <std[18c5f2a687b463a0]::sys::stdio::unix::Stderr as core[ee3e5f980a4e04aa]::io::write::Write>::write_fmt
[INFO] [stderr]                                  at /rustc/f4dd856795debe636f2ba39a900f162f5abeb7e8/library/core/src/io/write.rs:335:13
[INFO] [stderr]      8:     0x62c758db3be6 - <std[18c5f2a687b463a0]::sys::backtrace::BacktraceLock>::print
[INFO] [stderr]                                  at /rustc/f4dd856795debe636f2ba39a900f162f5abeb7e8/library/std/src/sys/backtrace.rs:47:9
[INFO] [stderr]      9:     0x62c758db3be6 - std[18c5f2a687b463a0]::panicking::default_hook::{closure#0}
[INFO] [stderr]                                  at /rustc/f4dd856795debe636f2ba39a900f162f5abeb7e8/library/std/src/panicking.rs:289:27
[INFO] [stderr]     10:     0x62c758dd1941 - std[18c5f2a687b463a0]::panicking::default_hook
[INFO] [stderr]                                  at /rustc/f4dd856795debe636f2ba39a900f162f5abeb7e8/library/std/src/panicking.rs:316:9
[INFO] [stderr]     11:     0x62c758dd1c6b - std[18c5f2a687b463a0]::panicking::panic_with_hook
[INFO] [stderr]                                  at /rustc/f4dd856795debe636f2ba39a900f162f5abeb7e8/library/std/src/panicking.rs:811:13
[INFO] [stderr]     12:     0x62c758db3c92 - std[18c5f2a687b463a0]::panicking::panic_handler::{closure#0}
[INFO] [stderr]                                  at /rustc/f4dd856795debe636f2ba39a900f162f5abeb7e8/library/std/src/panicking.rs:685:13
[INFO] [stderr]     13:     0x62c758dac409 - std[18c5f2a687b463a0]::sys::backtrace::__rust_end_short_backtrace::<std[18c5f2a687b463a0]::panicking::panic_handler::{closure#0}, !>
[INFO] [stderr]                                  at /rustc/f4dd856795debe636f2ba39a900f162f5abeb7e8/library/std/src/sys/backtrace.rs:182:18
[INFO] [stderr]     14:     0x62c758db488d - __rustc[62f6431ebd7834b7]::rust_begin_unwind
[INFO] [stderr]                                  at /rustc/f4dd856795debe636f2ba39a900f162f5abeb7e8/library/std/src/panicking.rs:676:5
[INFO] [stderr]     15:     0x62c758df263c - core[ee3e5f980a4e04aa]::panicking::panic_fmt
[INFO] [stderr]                                  at /rustc/f4dd856795debe636f2ba39a900f162f5abeb7e8/library/core/src/panicking.rs:80:14
[INFO] [stderr]     16:     0x62c7588858d7 - cmake[b08e65fb8b35f6fb]::fail
[INFO] [stderr]     17:     0x62c758885563 - cmake[b08e65fb8b35f6fb]::run
[INFO] [stderr]     18:     0x62c75888b615 - <cmake[b08e65fb8b35f6fb]::Config>::build
[INFO] [stderr]     19:     0x62c758875d4a - build_script_build[14dd27de012d16bc]::main
[INFO] [stderr]     20:     0x62c758877b83 - <fn() as core[ee3e5f980a4e04aa]::ops::function::FnOnce<()>>::call_once
[INFO] [stderr]     21:     0x62c758875586 - std[18c5f2a687b463a0]::sys::backtrace::__rust_begin_short_backtrace::<fn(), ()>
[INFO] [stderr]     22:     0x62c758875599 - std[18c5f2a687b463a0]::rt::lang_start::<()>::{closure#0}
[INFO] [stderr]     23:     0x62c758dd0c38 - <&dyn core[ee3e5f980a4e04aa]::ops::function::Fn<(), Output = i32> + core[ee3e5f980a4e04aa]::panic::unwind_safe::RefUnwindSafe + core[ee3e5f980a4e04aa]::marker::Sync as core[ee3e5f980a4e04aa]::ops::function::FnOnce<()>>::call_once
[INFO] [stderr]                                  at /rustc/f4dd856795debe636f2ba39a900f162f5abeb7e8/library/core/src/ops/function.rs:287:21
[INFO] [stderr]     24:     0x62c758dd0c38 - std[18c5f2a687b463a0]::panicking::catch_unwind::do_call::<&dyn core[ee3e5f980a4e04aa]::ops::function::Fn<(), Output = i32> + core[ee3e5f980a4e04aa]::panic::unwind_safe::RefUnwindSafe + core[ee3e5f980a4e04aa]::marker::Sync, i32>
[INFO] [stderr]                                  at /rustc/f4dd856795debe636f2ba39a900f162f5abeb7e8/library/std/src/panicking.rs:573:43
[INFO] [stderr]     25:     0x62c758dd0c38 - std[18c5f2a687b463a0]::panicking::catch_unwind::<i32, &dyn core[ee3e5f980a4e04aa]::ops::function::Fn<(), Output = i32> + core[ee3e5f980a4e04aa]::panic::unwind_safe::RefUnwindSafe + core[ee3e5f980a4e04aa]::marker::Sync>
[INFO] [stderr]                                  at /rustc/f4dd856795debe636f2ba39a900f162f5abeb7e8/library/std/src/panicking.rs:541:19
[INFO] [stderr]     26:     0x62c758dd0c38 - std[18c5f2a687b463a0]::panic::catch_unwind::<&dyn core[ee3e5f980a4e04aa]::ops::function::Fn<(), Output = i32> + core[ee3e5f980a4e04aa]::panic::unwind_safe::RefUnwindSafe + core[ee3e5f980a4e04aa]::marker::Sync, i32>
[INFO] [stderr]                                  at /rustc/f4dd856795debe636f2ba39a900f162f5abeb7e8/library/std/src/panic.rs:359:14
[INFO] [stderr]     27:     0x62c758dd0c38 - std[18c5f2a687b463a0]::rt::lang_start_internal::{closure#0}
[INFO] [stderr]                                  at /rustc/f4dd856795debe636f2ba39a900f162f5abeb7e8/library/std/src/rt.rs:175:24
[INFO] [stderr]     28:     0x62c758dd0c38 - std[18c5f2a687b463a0]::panicking::catch_unwind::do_call::<std[18c5f2a687b463a0]::rt::lang_start_internal::{closure#0}, isize>
[INFO] [stderr]                                  at /rustc/f4dd856795debe636f2ba39a900f162f5abeb7e8/library/std/src/panicking.rs:573:43
[INFO] [stderr]     29:     0x62c758dd0c38 - std[18c5f2a687b463a0]::panicking::catch_unwind::<isize, std[18c5f2a687b463a0]::rt::lang_start_internal::{closure#0}>
[INFO] [stderr]                                  at /rustc/f4dd856795debe636f2ba39a900f162f5abeb7e8/library/std/src/panicking.rs:541:19
[INFO] [stderr]     30:     0x62c758dd0c38 - std[18c5f2a687b463a0]::panic::catch_unwind::<std[18c5f2a687b463a0]::rt::lang_start_internal::{closure#0}, isize>
[INFO] [stderr]                                  at /rustc/f4dd856795debe636f2ba39a900f162f5abeb7e8/library/std/src/panic.rs:359:14
[INFO] [stderr]     31:     0x62c758dd0c38 - std[18c5f2a687b463a0]::rt::lang_start_internal
[INFO] [stderr]                                  at /rustc/f4dd856795debe636f2ba39a900f162f5abeb7e8/library/std/src/rt.rs:171:5
[INFO] [stderr]     32:     0x62c758874e51 - std[18c5f2a687b463a0]::rt::lang_start::<()>
[INFO] [stderr]     33:     0x62c758877de5 - main
[INFO] [stderr]     34:     0x7d1b907e8601 - <unknown>
[INFO] [stderr]     35:     0x7d1b907e8718 - __libc_start_main
[INFO] [stderr]     36:     0x62c7588739d5 - _start
[INFO] [stderr]     37:                0x0 - <unknown>
[INFO] running `Command { std: "docker" "inspect" "aa2736bd605a204e88439cc3ac6fe2a7ab5f28038834ee0deca0b59d65f7899c", kill_on_drop: false }`
[INFO] running `Command { std: "docker" "rm" "-f" "aa2736bd605a204e88439cc3ac6fe2a7ab5f28038834ee0deca0b59d65f7899c", kill_on_drop: false }`
[INFO] [stdout] aa2736bd605a204e88439cc3ac6fe2a7ab5f28038834ee0deca0b59d65f7899c
