[INFO] cloning repository https://github.com/Apolloccrypt/paramant-core
[INFO] running `Command { std: "git" "-c" "credential.helper=" "-c" "credential.helper=/workspace/cargo-home/bin/git-credential-null" "clone" "--bare" "https://github.com/Apolloccrypt/paramant-core" "/workspace/cache/git-repos/https%3A%2F%2Fgithub.com%2FApolloccrypt%2Fparamant-core", kill_on_drop: false }`
[INFO] [stderr] Cloning into bare repository '/workspace/cache/git-repos/https%3A%2F%2Fgithub.com%2FApolloccrypt%2Fparamant-core'...
[INFO] running `Command { std: "git" "rev-parse" "HEAD", kill_on_drop: false }`
[INFO] [stdout] c96133fd07c413b75f43358e4c3e4ed76da451c8
[INFO] checking Apolloccrypt/paramant-core against c999cef531ea9059e189e82fe0e82c5daf249bc9 for pr-160904
[INFO] running `Command { std: "git" "clone" "/workspace/cache/git-repos/https%3A%2F%2Fgithub.com%2FApolloccrypt%2Fparamant-core" "/workspace/builds/worker-2-tc1/source", kill_on_drop: false }`
[INFO] [stderr] Cloning into '/workspace/builds/worker-2-tc1/source'...
[INFO] [stderr] done.
[INFO] removed /workspace/builds/worker-2-tc1/source/rust-toolchain.toml
[INFO] started tweaking git repo https://github.com/Apolloccrypt/paramant-core
[INFO] finished tweaking git repo https://github.com/Apolloccrypt/paramant-core
[INFO] tweaked toml for git repo https://github.com/Apolloccrypt/paramant-core written to /workspace/builds/worker-2-tc1/source/Cargo.toml
[INFO] validating manifest of git repo https://github.com/Apolloccrypt/paramant-core on toolchain c999cef531ea9059e189e82fe0e82c5daf249bc9
[INFO] running `Command { std: CARGO_HOME="/workspace/cargo-home" RUSTUP_HOME="/workspace/rustup-home" "/workspace/cargo-home/bin/cargo" "+c999cef531ea9059e189e82fe0e82c5daf249bc9" "metadata" "--manifest-path" "Cargo.toml" "--no-deps", kill_on_drop: false }`
[INFO] crate git repo https://github.com/Apolloccrypt/paramant-core already has a lockfile, it will not be regenerated
[INFO] running `Command { std: CARGO_HOME="/workspace/cargo-home" RUSTUP_HOME="/workspace/rustup-home" "/workspace/cargo-home/bin/cargo" "+c999cef531ea9059e189e82fe0e82c5daf249bc9" "fetch" "--manifest-path" "Cargo.toml", kill_on_drop: false }`
[INFO] [stderr] warning: unused workspace dependency `criterion`
[INFO] [stderr]   --> Cargo.toml:13:1
[INFO] [stderr]    |
[INFO] [stderr] 13 | criterion = "0.5"
[INFO] [stderr]    | ^^^^^^^^^
[INFO] [stderr]    |
[INFO] [stderr]    = note: `cargo::unused_workspace_dependencies` is set to `warn` by default
[INFO] [stderr] help: consider removing the workspace dependency `criterion`
[INFO] [stderr] warning: unused workspace dependency `serde`
[INFO] [stderr]   --> Cargo.toml:34:25
[INFO] [stderr]    |
[INFO] [stderr] 34 | [workspace.dependencies.serde]
[INFO] [stderr]    |                         ^^^^^
[INFO] [stderr]    |
[INFO] [stderr] help: consider removing the workspace dependency `serde`
[INFO] [stderr] warning: workspace (manifest) generated 2 warnings
[INFO] [stderr]     Blocking waiting for file lock on package cache
[INFO] [stderr]     Updating git repository `https://github.com/open-quantum-safe/liboqs-rust.git`
[INFO] [stderr]     Updating git submodule `https://github.com/Open-Quantum-Safe/liboqs.git`
[INFO] [stderr]     Updating crates.io index
[INFO] [stderr]     Blocking waiting for file lock on package cache
[INFO] [stderr]  Downloading crates ...
[INFO] [stderr]   Downloaded oqs v0.11.0
[INFO] [stderr]   Downloaded cstr_core v0.2.6
[INFO] [stderr]   Downloaded bitcoin_hashes v0.14.2
[INFO] [stderr]   Downloaded log v0.4.30
[INFO] [stderr]   Downloaded sponge-cursor v0.1.0
[INFO] [stderr]   Downloaded kem v0.3.0
[INFO] [stderr]   Downloaded build-deps v0.1.4
[INFO] [stderr]   Downloaded signature v3.0.0
[INFO] [stderr]   Downloaded napi-build v2.3.2
[INFO] [stderr]   Downloaded napi-sys v2.4.0
[INFO] [stderr]   Downloaded napi-derive v2.16.13
[INFO] [stderr]   Downloaded module-lattice v0.2.3
[INFO] [stderr]   Downloaded ml-kem v0.3.2
[INFO] [stderr]   Downloaded keccak v0.2.0
[INFO] [stderr]   Downloaded spki v0.8.0
[INFO] [stderr]   Downloaded napi-derive-backend v1.0.75
[INFO] [stderr]   Downloaded ml-dsa v0.1.1
[INFO] [stderr]   Downloaded pkcs8 v0.11.0
[INFO] [stderr]   Downloaded napi v2.16.17
[INFO] [stderr]   Downloaded aws-lc-rs v1.17.0
[INFO] [stderr]   Downloaded shake v0.1.0
[INFO] [stderr]   Downloaded sha3 v0.11.0
[INFO] [stderr]   Downloaded aws-lc-sys v0.41.0
[INFO] running `Command { std: "docker" "create" "-v" "/var/lib/crater-agent-workspace/builds/worker-2-tc1/source:/opt/rustwide/workdir:ro,Z" "-v" "/var/lib/crater-agent-workspace/builds/worker-2-tc1/target:/opt/rustwide/target:rw,Z" "-v" "/var/lib/crater-agent-workspace/cargo-home:/opt/rustwide/cargo-home:ro,Z" "-v" "/var/lib/crater-agent-workspace/rustup-home:/opt/rustwide/rustup-home:ro,Z" "-m" "1610612736" "--network" "none" "ghcr.io/rust-lang/crates-build-env/linux@sha256:3111399a4047eeb3a02b7a90e478d715f38a8c6669b5c4b49d30a17385265909" "sleep" "infinity", kill_on_drop: false }`
[INFO] [stdout] 2f1aa59040fbe6a3b4522b9388d82d9c2560244faedd3ede404defbf76f41651
[INFO] running `Command { std: "docker" "start" "2f1aa59040fbe6a3b4522b9388d82d9c2560244faedd3ede404defbf76f41651", kill_on_drop: false }`
[INFO] running `Command { std: "docker" "inspect" "2f1aa59040fbe6a3b4522b9388d82d9c2560244faedd3ede404defbf76f41651", kill_on_drop: false }`
[INFO] running `Command { std: "docker" "exec" "-e" "SOURCE_DIR=/opt/rustwide/workdir" "-e" "CARGO_HOME=/opt/rustwide/cargo-home" "-e" "RUSTUP_HOME=/opt/rustwide/rustup-home" "-e" "CARGO_TARGET_DIR=/opt/rustwide/target" "-w" "/opt/rustwide/workdir" "--user" "0:0" "2f1aa59040fbe6a3b4522b9388d82d9c2560244faedd3ede404defbf76f41651" "/opt/rustwide/cargo-home/bin/cargo" "+c999cef531ea9059e189e82fe0e82c5daf249bc9" "metadata" "--no-deps" "--format-version=1", kill_on_drop: false }`
[INFO] running `Command { std: "docker" "inspect" "2f1aa59040fbe6a3b4522b9388d82d9c2560244faedd3ede404defbf76f41651", kill_on_drop: false }`
[INFO] running `Command { std: "docker" "exec" "-e" "SOURCE_DIR=/opt/rustwide/workdir" "-e" "CARGO_HOME=/opt/rustwide/cargo-home" "-e" "RUSTUP_HOME=/opt/rustwide/rustup-home" "-e" "CARGO_TARGET_DIR=/opt/rustwide/target" "-e" "CARGO_INCREMENTAL=0" "-e" "RUST_BACKTRACE=full" "-e" "RUSTFLAGS=--cap-lints=forbid" "-e" "RUSTDOCFLAGS=--cap-lints=forbid" "-w" "/opt/rustwide/workdir" "--user" "0:0" "2f1aa59040fbe6a3b4522b9388d82d9c2560244faedd3ede404defbf76f41651" "/opt/rustwide/cargo-home/bin/cargo" "+c999cef531ea9059e189e82fe0e82c5daf249bc9" "check" "--frozen" "--all" "--all-targets" "--message-format=json", kill_on_drop: false }`
[INFO] [stderr] warning: unused workspace dependency `criterion`
[INFO] [stderr]   --> Cargo.toml:13:1
[INFO] [stderr]    |
[INFO] [stderr] 13 | criterion = "0.5"
[INFO] [stderr]    | ^^^^^^^^^
[INFO] [stderr]    |
[INFO] [stderr]    = note: `cargo::unused_workspace_dependencies` is set to `warn` by default
[INFO] [stderr] help: consider removing the workspace dependency `criterion`
[INFO] [stderr] warning: unused workspace dependency `serde`
[INFO] [stderr]   --> Cargo.toml:34:25
[INFO] [stderr]    |
[INFO] [stderr] 34 | [workspace.dependencies.serde]
[INFO] [stderr]    |                         ^^^^^
[INFO] [stderr]    |
[INFO] [stderr] help: consider removing the workspace dependency `serde`
[INFO] [stderr] warning: workspace (manifest) generated 2 warnings
[INFO] [stderr]     Checking typenum v1.20.0
[INFO] [stderr]     Checking subtle v2.6.1
[INFO] [stderr]    Compiling getrandom v0.4.2
[INFO] [stderr]    Compiling memchr v2.8.0
[INFO] [stderr]    Compiling glob v0.3.3
[INFO] [stderr]    Compiling regex-syntax v0.8.10
[INFO] [stderr]    Compiling libc v0.2.186
[INFO] [stderr]    Compiling serde_core v1.0.228
[INFO] [stderr]    Compiling prettyplease v0.2.37
[INFO] [stderr]     Checking getrandom v0.2.17
[INFO] [stderr]    Compiling libloading v0.8.9
[INFO] [stderr]    Compiling either v1.16.0
[INFO] [stderr]    Compiling bindgen v0.72.1
[INFO] [stderr]    Compiling log v0.4.30
[INFO] [stderr]    Compiling syn v2.0.117
[INFO] [stderr]    Compiling rustc-hash v2.1.3
[INFO] [stderr]    Compiling bitflags v2.11.1
[INFO] [stderr]     Checking rand_core v0.6.4
[INFO] [stderr]    Compiling build-deps v0.1.4
[INFO] [stderr]    Compiling fs_extra v1.3.0
[INFO] [stderr]    Compiling serde_json v1.0.150
[INFO] [stderr]    Compiling serde v1.0.228
[INFO] [stderr]     Checking hex-conservative v0.2.2
[INFO] [stderr]    Compiling clang-sys v1.8.1
[INFO] [stderr]     Checking getrandom v0.3.4
[INFO] [stderr]    Compiling aws-lc-rs v1.17.0
[INFO] [stderr]    Compiling itertools v0.12.1
[INFO] [stderr]     Checking base64ct v1.8.3
[INFO] [stderr]     Checking cty v0.2.2
[INFO] [stderr]    Compiling zerocopy v0.8.48
[INFO] [stderr]    Compiling oqs v0.11.0
[INFO] [stderr]     Checking cstr_core v0.2.6
[INFO] [stderr]     Checking rand_core v0.9.5
[INFO] [stderr]     Checking bitcoin_hashes v0.14.2
[INFO] [stderr]     Checking unicode-normalization v0.1.25
[INFO] [stderr]     Checking tempfile v3.27.0
[INFO] [stderr]     Checking wait-timeout v0.2.1
[INFO] [stderr]     Checking quick-error v1.2.3
[INFO] [stderr]     Checking bit-vec v0.8.0
[INFO] [stderr]     Checking rand_xorshift v0.4.0
[INFO] [stderr]     Checking rand v0.9.4
[INFO] [stderr]     Checking unarray v0.1.4
[INFO] [stderr]     Checking cmov v0.5.3
[INFO] [stderr]     Checking rusty-fork v0.3.1
[INFO] [stderr]     Checking keccak v0.2.0
[INFO] [stderr]    Compiling aho-corasick v1.1.4
[INFO] [stderr]    Compiling nom v7.1.3
[INFO] [stderr]     Checking password-hash v0.5.0
[INFO] [stderr]     Checking bit-set v0.8.0
[INFO] [stderr]     Checking ctutils v0.4.2
[INFO] [stderr]     Checking const-oid v0.10.2
[INFO] [stderr]     Checking opaque-debug v0.3.1
[INFO] [stderr]     Checking sponge-cursor v0.1.0
[INFO] [stderr]    Compiling unicode-segmentation v1.13.2
[INFO] [stderr]    Compiling semver v1.0.28
[INFO] [stderr]    Compiling napi-build v2.3.2
[INFO] [stderr]     Checking cross-impl-validator v0.1.0 (/opt/rustwide/workdir/crates/cross-impl-validator)
[INFO] [stderr]     Checking napi-sys v2.4.0
[INFO] [stderr]    Compiling jobserver v0.1.34
[INFO] [stderr]    Compiling paramant-core-node v0.1.0 (/opt/rustwide/workdir/crates/paramant-core-node)
[INFO] [stderr]    Compiling cc v1.2.62
[INFO] [stderr]    Compiling convert_case v0.6.0
[INFO] [stderr]     Checking generic-array v0.14.7
[INFO] [stderr]     Checking hybrid-array v0.4.12
[INFO] [stderr]     Checking crypto-common v0.1.7
[INFO] [stderr]     Checking block-buffer v0.10.4
[INFO] [stderr]     Checking inout v0.1.4
[INFO] [stderr]     Checking digest v0.10.7
[INFO] [stderr]     Checking universal-hash v0.5.1
[INFO] [stderr]     Checking cipher v0.4.4
[INFO] [stderr]     Checking aead v0.5.2
[INFO] [stderr]    Compiling regex-automata v0.4.14
[INFO] [stderr]     Checking polyval v0.6.2
[INFO] [stderr]     Checking ghash v0.5.1
[INFO] [stderr]     Checking hmac v0.12.1
[INFO] [stderr]     Checking sha2 v0.10.9
[INFO] [stderr]     Checking hkdf v0.12.4
[INFO] [stderr]     Checking blake2 v0.10.6
[INFO] [stderr]     Checking aes v0.8.4
[INFO] [stderr]    Compiling cmake v0.1.58
[INFO] [stderr]     Checking ctr v0.9.2
[INFO] [stderr]     Checking crypto-common v0.2.2
[INFO] [stderr]     Checking block-buffer v0.12.0
[INFO] [stderr]     Checking module-lattice v0.2.3
[INFO] [stderr]     Checking argon2 v0.5.3
[INFO] [stderr]    Compiling aws-lc-sys v0.41.0
[INFO] [stderr]     Checking aes-gcm v0.10.3
[INFO] [stderr]    Compiling cexpr v0.6.0
[INFO] [stderr]     Checking digest v0.11.3
[INFO] [stderr]     Checking kem v0.3.0
[INFO] [stderr]     Checking sha3 v0.11.0
[INFO] [stderr]     Checking shake v0.1.0
[INFO] [stderr]     Checking signature v3.0.0
[INFO] [stderr]     Checking bip39 v2.2.2
[INFO] [stderr]     Checking ml-kem v0.3.2
[INFO] [stderr]    Compiling regex v1.12.3
[INFO] [stderr]    Compiling napi-derive-backend v1.0.75
[INFO] [stderr]    Compiling zeroize_derive v1.5.0
[INFO] [stderr]    Compiling thiserror-impl v1.0.69
[INFO] [stderr]    Compiling ctor v0.2.9
[INFO] [stderr]     Checking napi v2.16.17
[INFO] [stderr]     Checking zeroize v1.9.0
[INFO] [stderr]     Checking der v0.8.0
[INFO] [stderr]     Checking thiserror v1.0.69
[INFO] [stderr]     Checking ppv-lite86 v0.2.21
[INFO] [stderr]     Checking rand_chacha v0.9.0
[INFO] [stderr]    Compiling napi-derive v2.16.13
[INFO] [stderr]     Checking proptest v1.11.0
[INFO] [stderr]     Checking spki v0.8.0
[INFO] [stderr]     Checking pkcs8 v0.11.0
[INFO] [stderr]     Checking ml-dsa v0.1.1
[INFO] [stderr]    Compiling oqs-sys v0.11.0+liboqs-0.13.0 (https://github.com/open-quantum-safe/liboqs-rust.git?rev=4ca07bae34773cdb1ec04c7d0866345cb551914b#4ca07bae)
[INFO] [stderr] error: failed to run custom build command for `oqs-sys v0.11.0+liboqs-0.13.0 (https://github.com/open-quantum-safe/liboqs-rust.git?rev=4ca07bae34773cdb1ec04c7d0866345cb551914b#4ca07bae)`
[INFO] [stderr] note: To improve backtraces for build dependencies, set the CARGO_PROFILE_DEV_BUILD_OVERRIDE_DEBUG=true environment variable to enable debug information generation.
[INFO] [stderr] 
[INFO] [stderr] Caused by:
[INFO] [stderr]   process didn't exit successfully: `/opt/rustwide/target/debug/build/oqs-sys/9cbeda2ab8a6bbac/out/build_script_build` (exit status: 101)
[INFO] [stderr]   --- stdout
[INFO] [stderr]   cargo:rerun-if-env-changed=LIBOQS_NO_VENDOR
[INFO] [stderr]   cargo:rerun-if-env-changed=LIBOQS_NO_PKG_CONFIG
[INFO] [stderr]   cargo:rerun-if-env-changed=PKG_CONFIG_x86_64-unknown-linux-gnu
[INFO] [stderr]   cargo:rerun-if-env-changed=PKG_CONFIG_x86_64_unknown_linux_gnu
[INFO] [stderr]   cargo:rerun-if-env-changed=HOST_PKG_CONFIG
[INFO] [stderr]   cargo:rerun-if-env-changed=PKG_CONFIG
[INFO] [stderr]   cargo:rerun-if-env-changed=LIBOQS_STATIC
[INFO] [stderr]   cargo:rerun-if-env-changed=LIBOQS_DYNAMIC
[INFO] [stderr]   cargo:rerun-if-env-changed=PKG_CONFIG_ALL_STATIC
[INFO] [stderr]   cargo:rerun-if-env-changed=PKG_CONFIG_ALL_DYNAMIC
[INFO] [stderr]   cargo:rerun-if-env-changed=PKG_CONFIG_PATH_x86_64-unknown-linux-gnu
[INFO] [stderr]   cargo:rerun-if-env-changed=PKG_CONFIG_PATH_x86_64_unknown_linux_gnu
[INFO] [stderr]   cargo:rerun-if-env-changed=HOST_PKG_CONFIG_PATH
[INFO] [stderr]   cargo:rerun-if-env-changed=PKG_CONFIG_PATH
[INFO] [stderr]   cargo:rerun-if-env-changed=PKG_CONFIG_LIBDIR_x86_64-unknown-linux-gnu
[INFO] [stderr]   cargo:rerun-if-env-changed=PKG_CONFIG_LIBDIR_x86_64_unknown_linux_gnu
[INFO] [stderr]   cargo:rerun-if-env-changed=HOST_PKG_CONFIG_LIBDIR
[INFO] [stderr]   cargo:rerun-if-env-changed=PKG_CONFIG_LIBDIR
[INFO] [stderr]   cargo:rerun-if-env-changed=PKG_CONFIG_SYSROOT_DIR_x86_64-unknown-linux-gnu
[INFO] [stderr]   cargo:rerun-if-env-changed=PKG_CONFIG_SYSROOT_DIR_x86_64_unknown_linux_gnu
[INFO] [stderr]   cargo:rerun-if-env-changed=HOST_PKG_CONFIG_SYSROOT_DIR
[INFO] [stderr]   cargo:rerun-if-env-changed=PKG_CONFIG_SYSROOT_DIR
[INFO] [stderr]   CMAKE_TOOLCHAIN_FILE_x86_64-unknown-linux-gnu = None
[INFO] [stderr]   CMAKE_TOOLCHAIN_FILE_x86_64_unknown_linux_gnu = None
[INFO] [stderr]   HOST_CMAKE_TOOLCHAIN_FILE = None
[INFO] [stderr]   CMAKE_TOOLCHAIN_FILE = None
[INFO] [stderr]   CMAKE_GENERATOR_x86_64-unknown-linux-gnu = None
[INFO] [stderr]   CMAKE_GENERATOR_x86_64_unknown_linux_gnu = None
[INFO] [stderr]   HOST_CMAKE_GENERATOR = None
[INFO] [stderr]   CMAKE_GENERATOR = None
[INFO] [stderr]   CMAKE_PREFIX_PATH_x86_64-unknown-linux-gnu = None
[INFO] [stderr]   CMAKE_PREFIX_PATH_x86_64_unknown_linux_gnu = None
[INFO] [stderr]   HOST_CMAKE_PREFIX_PATH = None
[INFO] [stderr]   CMAKE_PREFIX_PATH = None
[INFO] [stderr]   CMAKE_x86_64-unknown-linux-gnu = None
[INFO] [stderr]   CMAKE_x86_64_unknown_linux_gnu = None
[INFO] [stderr]   HOST_CMAKE = None
[INFO] [stderr]   CMAKE = None
[INFO] [stderr]   -- The C compiler identification is GNU 15.2.0
[INFO] [stderr]   -- The ASM compiler identification is GNU
[INFO] [stderr]   -- Found assembler: /usr/bin/cc
[INFO] [stderr]   -- Detecting C compiler ABI info
[INFO] [stderr]   -- Detecting C compiler ABI info - done
[INFO] [stderr]   -- Check for working C compiler: /usr/bin/cc - skipped
[INFO] [stderr]   -- Detecting C compile features
[INFO] [stderr]   -- Detecting C compile features - done
[INFO] [stderr]   -- Performing Test CC_SUPPORTS_WA_NOEXECSTACK
[INFO] [stderr]   -- Performing Test CC_SUPPORTS_WA_NOEXECSTACK - Success
[INFO] [stderr]   -- Performing Test LD_SUPPORTS_WL_Z_NOEXECSTACK
[INFO] [stderr]   -- Performing Test LD_SUPPORTS_WL_Z_NOEXECSTACK - Success
[INFO] [stderr]   -- Performing Test CMAKE_HAVE_LIBC_PTHREAD
[INFO] [stderr]   -- Performing Test CMAKE_HAVE_LIBC_PTHREAD - Success
[INFO] [stderr]   -- Found Threads: TRUE
[INFO] [stderr]   -- Alg enablement unchanged
[INFO] [stderr]   -- Looking for getentropy
[INFO] [stderr]   -- Looking for getentropy - found
[INFO] [stderr]   -- Looking for getentropy
[INFO] [stderr]   -- Looking for getentropy - found
[INFO] [stderr]   -- Looking for aligned_alloc
[INFO] [stderr]   -- Looking for aligned_alloc - found
[INFO] [stderr]   -- Looking for posix_memalign
[INFO] [stderr]   -- Looking for posix_memalign - found
[INFO] [stderr]   -- Looking for memalign
[INFO] [stderr]   -- Looking for memalign - found
[INFO] [stderr]   -- Looking for explicit_bzero
[INFO] [stderr]   -- Looking for explicit_bzero - found
[INFO] [stderr]   -- Looking for explicit_memset
[INFO] [stderr]   -- Looking for explicit_memset - not found
[INFO] [stderr]   -- Looking for memset_s
[INFO] [stderr]   -- Looking for memset_s - not found
[INFO] [stderr]   -- Configuring done (3.8s)
[INFO] [stderr]   -- Generating done (0.5s)
[INFO] [stderr]   -- Build files have been written to: /opt/rustwide/target/debug/build/oqs-sys/6357a60c0b713b45/out/build
[INFO] [stderr]   [  0%] Building C object src/sig/sphincs/CMakeFiles/sphincs_shake_256s_simple_avx2.dir/pqclean_sphincs-shake-256s-simple_avx2/context_shake.c.o
[INFO] [stderr]   [  0%] Building C object src/sig/sphincs/CMakeFiles/sphincs_shake_256s_simple_avx2.dir/pqclean_sphincs-shake-256s-simple_avx2/address.c.o
[INFO] [stderr]   [  0%] Building C object src/kem/ml_kem/CMakeFiles/ml_kem_1024_ref.dir/kem_ml_kem_1024.c.o
[INFO] [stderr]   [  0%] Building C object src/common/sha3/xkcp_low/CMakeFiles/xkcp_low_keccakp_1600_plain64.dir/KeccakP-1600/plain-64bits/KeccakP-1600-opt64.c.o
[INFO] [stderr]   [  1%] Building C object src/kem/ml_kem/CMakeFiles/ml_kem_1024_x86_64.dir/mlkem-native_ml-kem-1024_x86_64/mlkem/compress.c.o
[INFO] [stderr]   [  1%] Building C object src/sig/ml_dsa/CMakeFiles/ml_dsa_44_ref.dir/sig_ml_dsa_44.c.o
[INFO] [stderr]   [  1%] Building ASM object src/common/sha3/xkcp_low/CMakeFiles/xkcp_low_keccakp_1600_avx2.dir/KeccakP-1600/avx2/KeccakP-1600-AVX2.S.o
[INFO] [stderr]   [  1%] Building C object src/common/CMakeFiles/common.dir/aes/aes_impl.c.o
[INFO] [stderr]   [  2%] Building C object src/common/sha3/xkcp_low/CMakeFiles/xkcp_low_keccakp_1600times4_serial.dir/KeccakP-1600times4/serial/KeccakP-1600-times4-on1.c.o
[INFO] [stderr]   [  2%] Building C object src/kem/ml_kem/CMakeFiles/ml_kem_512_x86_64.dir/mlkem-native_ml-kem-512_x86_64/mlkem/compress.c.o
[INFO] [stderr]   [  2%] Building C object src/kem/ml_kem/CMakeFiles/ml_kem_512_ref.dir/kem_ml_kem_512.c.o
[INFO] [stderr]   [  2%] Building C object src/common/sha3/xkcp_low/CMakeFiles/xkcp_low_keccakp_1600times4_avx2.dir/KeccakP-1600times4/avx2/KeccakP-1600-times4-SIMD256.c.o
[INFO] [stderr]   [  2%] Building C object src/common/CMakeFiles/common.dir/aes/aes_c.c.o
[INFO] [stderr]   [  2%] Building C object src/kem/ml_kem/CMakeFiles/ml_kem_768_ref.dir/kem_ml_kem_768.c.o
[INFO] [stderr]   [  2%] Building C object src/kem/ml_kem/CMakeFiles/ml_kem_768_x86_64.dir/mlkem-native_ml-kem-768_x86_64/mlkem/compress.c.o
[INFO] [stderr]   [  2%] Building C object src/sig/ml_dsa/CMakeFiles/ml_dsa_44_avx2.dir/pqcrystals-dilithium-standard_ml-dsa-44_avx2/consts.c.o
[INFO] [stderr]   [  3%] Building C object src/sig/sphincs/CMakeFiles/sphincs_shake_256s_simple_avx2.dir/pqclean_sphincs-shake-256s-simple_avx2/fors.c.o
[INFO] [stderr]   [  3%] Building C object src/sig/ml_dsa/CMakeFiles/ml_dsa_44_ref.dir/pqcrystals-dilithium-standard_ml-dsa-44_ref/ntt.c.o
[INFO] [stderr]   [  3%] Building C object src/kem/ml_kem/CMakeFiles/ml_kem_512_ref.dir/mlkem-native_ml-kem-512_ref/mlkem/compress.c.o
[INFO] [stderr]   [  3%] Built target xkcp_low_keccakp_1600_avx2
[INFO] [stderr]   [  3%] Building C object src/kem/ml_kem/CMakeFiles/ml_kem_768_ref.dir/mlkem-native_ml-kem-768_ref/mlkem/compress.c.o
[INFO] [stderr]   [  3%] Built target xkcp_low_keccakp_1600times4_serial
[INFO] [stderr]   [  4%] Building C object src/kem/ml_kem/CMakeFiles/ml_kem_768_x86_64.dir/mlkem-native_ml-kem-768_x86_64/mlkem/debug.c.o
[INFO] [stderr]   [  4%] Building C object src/kem/ml_kem/CMakeFiles/ml_kem_1024_x86_64.dir/mlkem-native_ml-kem-1024_x86_64/mlkem/debug.c.o
[INFO] [stderr]   [  4%] Building C object src/kem/ml_kem/CMakeFiles/ml_kem_1024_ref.dir/mlkem-native_ml-kem-1024_ref/mlkem/compress.c.o
[INFO] [stderr]   [  5%] Building C object src/sig/ml_dsa/CMakeFiles/ml_dsa_44_ref.dir/pqcrystals-dilithium-standard_ml-dsa-44_ref/packing.c.o
[INFO] [stderr]   [  5%] Building C object src/kem/ml_kem/CMakeFiles/ml_kem_512_x86_64.dir/mlkem-native_ml-kem-512_x86_64/mlkem/debug.c.o
[INFO] [stderr]   [  5%] Building ASM object src/sig/ml_dsa/CMakeFiles/ml_dsa_44_avx2.dir/pqcrystals-dilithium-standard_ml-dsa-44_avx2/invntt.S.o
[INFO] [stderr]   [  5%] Building C object src/sig/sphincs/CMakeFiles/sphincs_shake_256s_simple_avx2.dir/pqclean_sphincs-shake-256s-simple_avx2/hash_shake.c.o
[INFO] [stderr]   [  5%] Building C object src/sig/ml_dsa/CMakeFiles/ml_dsa_44_ref.dir/pqcrystals-dilithium-standard_ml-dsa-44_ref/poly.c.o
[INFO] [stderr]   [  5%] Building C object src/sig/ml_dsa/CMakeFiles/ml_dsa_65_ref.dir/sig_ml_dsa_65.c.o
[INFO] [stderr]   [  5%] Building C object src/kem/ml_kem/CMakeFiles/ml_kem_768_x86_64.dir/mlkem-native_ml-kem-768_x86_64/mlkem/indcpa.c.o
[INFO] [stderr]   [  5%] Building C object src/kem/ml_kem/CMakeFiles/ml_kem_1024_x86_64.dir/mlkem-native_ml-kem-1024_x86_64/mlkem/indcpa.c.o
[INFO] [stderr]   [  5%] Building C object src/sig/ml_dsa/CMakeFiles/ml_dsa_65_ref.dir/pqcrystals-dilithium-standard_ml-dsa-65_ref/ntt.c.o
[INFO] [stderr]   [  5%] Building C object src/kem/ml_kem/CMakeFiles/ml_kem_1024_ref.dir/mlkem-native_ml-kem-1024_ref/mlkem/debug.c.o
[INFO] [stderr]   [  6%] Building C object src/sig/sphincs/CMakeFiles/sphincs_shake_256s_simple_avx2.dir/pqclean_sphincs-shake-256s-simple_avx2/hash_shakex4.c.o
[INFO] [stderr]   [  6%] Building C object src/sig/ml_dsa/CMakeFiles/ml_dsa_65_ref.dir/pqcrystals-dilithium-standard_ml-dsa-65_ref/packing.c.o
[INFO] [stderr]   [  6%] Building C object src/kem/ml_kem/CMakeFiles/ml_kem_768_ref.dir/mlkem-native_ml-kem-768_ref/mlkem/debug.c.o
[INFO] [stderr]   [  6%] Building C object src/kem/ml_kem/CMakeFiles/ml_kem_768_x86_64.dir/mlkem-native_ml-kem-768_x86_64/mlkem/kem.c.o
[INFO] [stderr]   [  7%] Building C object src/kem/ml_kem/CMakeFiles/ml_kem_1024_ref.dir/mlkem-native_ml-kem-1024_ref/mlkem/indcpa.c.o
[INFO] [stderr]   [  7%] Building C object src/sig/ml_dsa/CMakeFiles/ml_dsa_44_ref.dir/pqcrystals-dilithium-standard_ml-dsa-44_ref/polyvec.c.o
[INFO] [stderr]   [  7%] Building C object src/kem/ml_kem/CMakeFiles/ml_kem_768_ref.dir/mlkem-native_ml-kem-768_ref/mlkem/indcpa.c.o
[INFO] [stderr]   [  7%] Building C object src/sig/ml_dsa/CMakeFiles/ml_dsa_65_ref.dir/pqcrystals-dilithium-standard_ml-dsa-65_ref/poly.c.o
[INFO] [stderr]   [  7%] Building C object src/sig/ml_dsa/CMakeFiles/ml_dsa_44_ref.dir/pqcrystals-dilithium-standard_ml-dsa-44_ref/reduce.c.o
[INFO] [stderr]   [  7%] Building C object src/kem/ml_kem/CMakeFiles/ml_kem_512_ref.dir/mlkem-native_ml-kem-512_ref/mlkem/debug.c.o
[INFO] [stderr]   [  7%] Building C object src/sig/ml_dsa/CMakeFiles/ml_dsa_44_ref.dir/pqcrystals-dilithium-standard_ml-dsa-44_ref/rounding.c.o
[INFO] [stderr]   [  7%] Building C object src/kem/ml_kem/CMakeFiles/ml_kem_512_ref.dir/mlkem-native_ml-kem-512_ref/mlkem/indcpa.c.o
[INFO] [stderr]   [  7%] Building C object src/sig/ml_dsa/CMakeFiles/ml_dsa_44_ref.dir/pqcrystals-dilithium-standard_ml-dsa-44_ref/sign.c.o
[INFO] [stderr]   [  8%] Building C object src/sig/ml_dsa/CMakeFiles/ml_dsa_65_ref.dir/pqcrystals-dilithium-standard_ml-dsa-65_ref/polyvec.c.o
[INFO] [stderr]   [  8%] Building C object src/kem/ml_kem/CMakeFiles/ml_kem_512_x86_64.dir/mlkem-native_ml-kem-512_x86_64/mlkem/indcpa.c.o
[INFO] [stderr]   [  8%] Building C object src/sig/ml_dsa/CMakeFiles/ml_dsa_65_ref.dir/pqcrystals-dilithium-standard_ml-dsa-65_ref/reduce.c.o
[INFO] [stderr]   [  9%] Building C object src/sig/ml_dsa/CMakeFiles/ml_dsa_44_ref.dir/pqcrystals-dilithium-standard_ml-dsa-44_ref/symmetric-shake.c.o
[INFO] [stderr]   [  9%] Building C object src/sig/ml_dsa/CMakeFiles/ml_dsa_65_ref.dir/pqcrystals-dilithium-standard_ml-dsa-65_ref/rounding.c.o
[INFO] [stderr]   [  9%] Building C object src/sig/ml_dsa/CMakeFiles/ml_dsa_65_ref.dir/pqcrystals-dilithium-standard_ml-dsa-65_ref/sign.c.o
[INFO] [stderr]   [  9%] Building C object src/common/CMakeFiles/common.dir/aes/aes128_ni.c.o
[INFO] [stderr]   [  9%] Built target ml_dsa_44_ref
[INFO] [stderr]   [  9%] Building C object src/sig/sphincs/CMakeFiles/sphincs_shake_256s_simple_avx2.dir/pqclean_sphincs-shake-256s-simple_avx2/merkle.c.o
[INFO] [stderr]   [  9%] Building C object src/kem/ml_kem/CMakeFiles/ml_kem_1024_x86_64.dir/mlkem-native_ml-kem-1024_x86_64/mlkem/kem.c.o
[INFO] [stderr]   [  9%] Building ASM object src/sig/ml_dsa/CMakeFiles/ml_dsa_44_avx2.dir/pqcrystals-dilithium-standard_ml-dsa-44_avx2/ntt.S.o
[INFO] [stderr]   [ 10%] Building C object src/sig/ml_dsa/CMakeFiles/ml_dsa_44_avx2.dir/pqcrystals-dilithium-standard_ml-dsa-44_avx2/packing.c.o
[INFO] [stderr]   [ 11%] Building C object src/kem/ml_kem/CMakeFiles/ml_kem_768_ref.dir/mlkem-native_ml-kem-768_ref/mlkem/kem.c.o
[INFO] [stderr]   [ 11%] Building C object src/sig/ml_dsa/CMakeFiles/ml_dsa_65_ref.dir/pqcrystals-dilithium-standard_ml-dsa-65_ref/symmetric-shake.c.o
[INFO] [stderr]   [ 11%] Building C object src/sig/sphincs/CMakeFiles/sphincs_shake_256s_simple_avx2.dir/pqclean_sphincs-shake-256s-simple_avx2/sign.c.o
[INFO] [stderr]   [ 11%] Building C object src/kem/ml_kem/CMakeFiles/ml_kem_768_ref.dir/mlkem-native_ml-kem-768_ref/mlkem/poly.c.o
[INFO] [stderr]   [ 11%] Building C object src/common/CMakeFiles/common.dir/aes/aes256_ni.c.o
[INFO] [stderr]   [ 12%] Building C object src/kem/ml_kem/CMakeFiles/ml_kem_512_x86_64.dir/mlkem-native_ml-kem-512_x86_64/mlkem/kem.c.o
[INFO] [stderr]   [ 12%] Built target ml_dsa_65_ref
[INFO] [stderr]   [ 12%] Building C object src/kem/ml_kem/CMakeFiles/ml_kem_512_x86_64.dir/mlkem-native_ml-kem-512_x86_64/mlkem/native/x86_64/src/basemul.c.o
[INFO] [stderr]   [ 12%] Building C object src/sig/sphincs/CMakeFiles/sphincs_shake_256s_simple_avx2.dir/pqclean_sphincs-shake-256s-simple_avx2/thash_shake_simple.c.o
[INFO] [stderr]   [ 12%] Building ASM object src/sig/ml_dsa/CMakeFiles/ml_dsa_44_avx2.dir/pqcrystals-dilithium-standard_ml-dsa-44_avx2/pointwise.S.o
[INFO] [stderr]   [ 12%] Building C object src/kem/ml_kem/CMakeFiles/ml_kem_512_ref.dir/mlkem-native_ml-kem-512_ref/mlkem/kem.c.o
[INFO] [stderr]   [ 12%] Building C object src/sig/sphincs/CMakeFiles/sphincs_shake_256s_simple_avx2.dir/pqclean_sphincs-shake-256s-simple_avx2/thash_shake_simplex4.c.o
[INFO] [stderr]   [ 12%] Building C object src/kem/ml_kem/CMakeFiles/ml_kem_768_x86_64.dir/mlkem-native_ml-kem-768_x86_64/mlkem/native/x86_64/src/basemul.c.o
[INFO] [stderr]   [ 12%] Building C object src/kem/ml_kem/CMakeFiles/ml_kem_1024_ref.dir/mlkem-native_ml-kem-1024_ref/mlkem/kem.c.o
[INFO] [stderr]   [ 12%] Building C object src/common/CMakeFiles/common.dir/aes/aes.c.o
[INFO] [stderr]   [ 12%] Building C object src/sig/ml_dsa/CMakeFiles/ml_dsa_65_avx2.dir/pqcrystals-dilithium-standard_ml-dsa-65_avx2/consts.c.o
[INFO] [stderr]   [ 13%] Building C object src/common/CMakeFiles/common.dir/sha2/sha2_impl.c.o
[INFO] [stderr]   [ 13%] Building C object src/common/CMakeFiles/common.dir/sha2/sha2_c.c.o
[INFO] [stderr]   [ 13%] Building C object src/kem/ml_kem/CMakeFiles/ml_kem_768_ref.dir/mlkem-native_ml-kem-768_ref/mlkem/poly_k.c.o
[INFO] [stderr]   [ 13%] Building C object src/sig/ml_dsa/CMakeFiles/ml_dsa_44_avx2.dir/pqcrystals-dilithium-standard_ml-dsa-44_avx2/poly.c.o
[INFO] [stderr]   [ 14%] Building C object src/sig/ml_dsa/CMakeFiles/ml_dsa_87_ref.dir/sig_ml_dsa_87.c.o
[INFO] [stderr]   [ 14%] Building C object src/kem/ml_kem/CMakeFiles/ml_kem_1024_ref.dir/mlkem-native_ml-kem-1024_ref/mlkem/poly.c.o
[INFO] [stderr]   [ 14%] Building ASM object src/sig/ml_dsa/CMakeFiles/ml_dsa_65_avx2.dir/pqcrystals-dilithium-standard_ml-dsa-65_avx2/invntt.S.o
[INFO] [stderr]   [ 14%] Building C object src/sig/ml_dsa/CMakeFiles/ml_dsa_44_avx2.dir/pqcrystals-dilithium-standard_ml-dsa-44_avx2/polyvec.c.o
[INFO] [stderr]   [ 14%] Building C object src/kem/ml_kem/CMakeFiles/ml_kem_1024_x86_64.dir/mlkem-native_ml-kem-1024_x86_64/mlkem/native/x86_64/src/basemul.c.o
[INFO] [stderr]   [ 14%] Building C object src/sig/sphincs/CMakeFiles/sphincs_shake_256s_simple_avx2.dir/pqclean_sphincs-shake-256s-simple_avx2/utils.c.o
[INFO] [stderr]   [ 14%] Building C object src/sig/ml_dsa/CMakeFiles/ml_dsa_87_ref.dir/pqcrystals-dilithium-standard_ml-dsa-87_ref/ntt.c.o
[INFO] [stderr]   [ 14%] Building C object src/sig/ml_dsa/CMakeFiles/ml_dsa_87_ref.dir/pqcrystals-dilithium-standard_ml-dsa-87_ref/packing.c.o
[INFO] [stderr]   [ 14%] Building C object src/sig/ml_dsa/CMakeFiles/ml_dsa_87_avx2.dir/pqcrystals-dilithium-standard_ml-dsa-87_avx2/consts.c.o
[INFO] [stderr]   [ 15%] Building ASM object src/sig/ml_dsa/CMakeFiles/ml_dsa_87_avx2.dir/pqcrystals-dilithium-standard_ml-dsa-87_avx2/invntt.S.o
[INFO] [stderr]   [ 15%] Building ASM object src/kem/ml_kem/CMakeFiles/ml_kem_768_x86_64.dir/mlkem-native_ml-kem-768_x86_64/mlkem/native/x86_64/src/basemul.S.o
[INFO] [stderr]   [ 15%] Building C object src/kem/ml_kem/CMakeFiles/ml_kem_768_x86_64.dir/mlkem-native_ml-kem-768_x86_64/mlkem/native/x86_64/src/compress_avx2.c.o
[INFO] [stderr]   [ 15%] Building ASM object src/kem/ml_kem/CMakeFiles/ml_kem_512_x86_64.dir/mlkem-native_ml-kem-512_x86_64/mlkem/native/x86_64/src/basemul.S.o
[INFO] [stderr]   [ 16%] Building ASM object src/kem/ml_kem/CMakeFiles/ml_kem_1024_x86_64.dir/mlkem-native_ml-kem-1024_x86_64/mlkem/native/x86_64/src/basemul.S.o
[INFO] [stderr]   [ 16%] Building C object src/kem/ml_kem/CMakeFiles/ml_kem_512_ref.dir/mlkem-native_ml-kem-512_ref/mlkem/poly.c.o
[INFO] [stderr]   [ 17%] Building C object src/sig/sphincs/CMakeFiles/sphincs_shake_256s_simple_avx2.dir/pqclean_sphincs-shake-256s-simple_avx2/utilsx4.c.o
[INFO] [stderr]   [ 17%] Building C object src/kem/ml_kem/CMakeFiles/ml_kem_1024_x86_64.dir/mlkem-native_ml-kem-1024_x86_64/mlkem/native/x86_64/src/compress_avx2.c.o
[INFO] [stderr]   [ 17%] Building C object src/kem/ml_kem/CMakeFiles/ml_kem_512_x86_64.dir/mlkem-native_ml-kem-512_x86_64/mlkem/native/x86_64/src/compress_avx2.c.o
[INFO] [stderr]   [ 17%] Building C object src/sig/ml_dsa/CMakeFiles/ml_dsa_87_ref.dir/pqcrystals-dilithium-standard_ml-dsa-87_ref/poly.c.o
[INFO] [stderr]   [ 17%] Building C object src/sig/sphincs/CMakeFiles/sphincs_shake_256s_simple_avx2.dir/pqclean_sphincs-shake-256s-simple_avx2/wots.c.o
[INFO] [stderr]   [ 17%] Building C object src/kem/ml_kem/CMakeFiles/ml_kem_1024_ref.dir/mlkem-native_ml-kem-1024_ref/mlkem/poly_k.c.o
[INFO] [stderr]   [ 17%] Building ASM object src/sig/ml_dsa/CMakeFiles/ml_dsa_65_avx2.dir/pqcrystals-dilithium-standard_ml-dsa-65_avx2/ntt.S.o
[INFO] [stderr]   [ 17%] Building C object src/sig/ml_dsa/CMakeFiles/ml_dsa_65_avx2.dir/pqcrystals-dilithium-standard_ml-dsa-65_avx2/packing.c.o
[INFO] [stderr]   [ 17%] Built target sphincs_shake_256s_simple_avx2
[INFO] [stderr]   [ 17%] Building C object src/kem/ml_kem/CMakeFiles/ml_kem_512_x86_64.dir/mlkem-native_ml-kem-512_x86_64/mlkem/native/x86_64/src/consts.c.o
[INFO] [stderr]   [ 17%] Building C object src/kem/ml_kem/CMakeFiles/ml_kem_768_ref.dir/mlkem-native_ml-kem-768_ref/mlkem/sampling.c.o
[INFO] [stderr]   [ 17%] Building C object src/common/CMakeFiles/common.dir/sha2/sha2.c.o
[INFO] [stderr]   [ 17%] Building ASM object src/sig/ml_dsa/CMakeFiles/ml_dsa_87_avx2.dir/pqcrystals-dilithium-standard_ml-dsa-87_avx2/ntt.S.o
[INFO] [stderr]   [ 17%] Building C object src/kem/ml_kem/CMakeFiles/ml_kem_1024_ref.dir/mlkem-native_ml-kem-1024_ref/mlkem/sampling.c.o
[INFO] [stderr]   [ 17%] Building C object src/sig/ml_dsa/CMakeFiles/ml_dsa_87_ref.dir/pqcrystals-dilithium-standard_ml-dsa-87_ref/polyvec.c.o
[INFO] [stderr]   [ 17%] Building C object src/common/CMakeFiles/common.dir/sha3/xkcp_sha3.c.o
[INFO] [stderr]   [ 17%] Building C object src/sig/ml_dsa/CMakeFiles/ml_dsa_87_avx2.dir/pqcrystals-dilithium-standard_ml-dsa-87_avx2/packing.c.o
[INFO] [stderr]   [ 17%] Building C object src/sig/ml_dsa/CMakeFiles/ml_dsa_87_ref.dir/pqcrystals-dilithium-standard_ml-dsa-87_ref/reduce.c.o
[INFO] [stderr]   [ 17%] Building C object src/common/CMakeFiles/common.dir/sha3/xkcp_sha3x4.c.o
[INFO] [stderr]   [ 18%] Building C object src/kem/ml_kem/CMakeFiles/ml_kem_768_x86_64.dir/mlkem-native_ml-kem-768_x86_64/mlkem/native/x86_64/src/consts.c.o
[INFO] [stderr]   [ 18%] Building C object src/sig/ml_dsa/CMakeFiles/ml_dsa_44_avx2.dir/pqcrystals-dilithium-standard_ml-dsa-44_avx2/rejsample.c.o
[INFO] [stderr]   [ 18%] Building C object src/kem/ml_kem/CMakeFiles/ml_kem_1024_x86_64.dir/mlkem-native_ml-kem-1024_x86_64/mlkem/native/x86_64/src/consts.c.o
[INFO] [stderr]   [ 18%] Building ASM object src/sig/ml_dsa/CMakeFiles/ml_dsa_87_avx2.dir/pqcrystals-dilithium-standard_ml-dsa-87_avx2/pointwise.S.o
[INFO] [stderr]   [ 19%] Building C object src/sig/ml_dsa/CMakeFiles/ml_dsa_87_ref.dir/pqcrystals-dilithium-standard_ml-dsa-87_ref/rounding.c.o
[INFO] [stderr]   [ 19%] Building C object src/sig/ml_dsa/CMakeFiles/ml_dsa_87_ref.dir/pqcrystals-dilithium-standard_ml-dsa-87_ref/sign.c.o
[INFO] [stderr]   [ 19%] Building ASM object src/kem/ml_kem/CMakeFiles/ml_kem_1024_x86_64.dir/mlkem-native_ml-kem-1024_x86_64/mlkem/native/x86_64/src/intt.S.o
[INFO] [stderr]   [ 19%] Building C object src/common/CMakeFiles/common.dir/sha3/sha3.c.o
[INFO] [stderr]   [ 20%] Building C object src/kem/ml_kem/CMakeFiles/ml_kem_512_ref.dir/mlkem-native_ml-kem-512_ref/mlkem/poly_k.c.o
[INFO] [stderr]   [ 20%] Building C object src/sig/ml_dsa/CMakeFiles/ml_dsa_87_ref.dir/pqcrystals-dilithium-standard_ml-dsa-87_ref/symmetric-shake.c.o
[INFO] [stderr]   [ 20%] Building ASM object src/sig/ml_dsa/CMakeFiles/ml_dsa_65_avx2.dir/pqcrystals-dilithium-standard_ml-dsa-65_avx2/pointwise.S.o
[INFO] [stderr]   [ 20%] Built target ml_dsa_87_ref
[INFO] [stderr]   [ 21%] Building C object src/sig/ml_dsa/CMakeFiles/ml_dsa_44_avx2.dir/pqcrystals-dilithium-standard_ml-dsa-44_avx2/rounding.c.o
[INFO] [stderr]   [ 22%] Building C object src/common/CMakeFiles/common.dir/sha3/sha3x4.c.o
[INFO] [stderr]   [ 23%] Building C object src/sig/ml_dsa/CMakeFiles/ml_dsa_65_avx2.dir/pqcrystals-dilithium-standard_ml-dsa-65_avx2/poly.c.o
[INFO] [stderr]   [ 23%] Building C object src/common/CMakeFiles/common.dir/common.c.o
[INFO] [stderr]   [ 23%] Building C object src/kem/ml_kem/CMakeFiles/ml_kem_1024_ref.dir/mlkem-native_ml-kem-1024_ref/mlkem/verify.c.o
[INFO] [stderr]   [ 23%] Building ASM object src/kem/ml_kem/CMakeFiles/ml_kem_768_x86_64.dir/mlkem-native_ml-kem-768_x86_64/mlkem/native/x86_64/src/intt.S.o
[INFO] [stderr]   [ 23%] Building C object src/sig/ml_dsa/CMakeFiles/ml_dsa_87_avx2.dir/pqcrystals-dilithium-standard_ml-dsa-87_avx2/poly.c.o
[INFO] [stderr]   [ 23%] Building ASM object src/kem/ml_kem/CMakeFiles/ml_kem_1024_x86_64.dir/mlkem-native_ml-kem-1024_x86_64/mlkem/native/x86_64/src/ntt.S.o
[INFO] [stderr]   [ 23%] Building ASM object src/kem/ml_kem/CMakeFiles/ml_kem_512_x86_64.dir/mlkem-native_ml-kem-512_x86_64/mlkem/native/x86_64/src/intt.S.o
[INFO] [stderr]   [ 23%] Building C object src/sig/ml_dsa/CMakeFiles/ml_dsa_65_avx2.dir/pqcrystals-dilithium-standard_ml-dsa-65_avx2/polyvec.c.o
[INFO] [stderr]   [ 24%] Building ASM object src/kem/ml_kem/CMakeFiles/ml_kem_512_x86_64.dir/mlkem-native_ml-kem-512_x86_64/mlkem/native/x86_64/src/ntt.S.o
[INFO] [stderr]   [ 24%] Building ASM object src/kem/ml_kem/CMakeFiles/ml_kem_512_x86_64.dir/mlkem-native_ml-kem-512_x86_64/mlkem/native/x86_64/src/nttfrombytes.S.o
[INFO] [stderr]   [ 24%] Building ASM object src/kem/ml_kem/CMakeFiles/ml_kem_512_x86_64.dir/mlkem-native_ml-kem-512_x86_64/mlkem/native/x86_64/src/nttpack.S.o
[INFO] [stderr]   [ 24%] Building ASM object src/kem/ml_kem/CMakeFiles/ml_kem_768_x86_64.dir/mlkem-native_ml-kem-768_x86_64/mlkem/native/x86_64/src/ntt.S.o
[INFO] [stderr]   [ 24%] Building C object src/common/CMakeFiles/common.dir/pqclean_shims/fips202.c.o
[INFO] [stderr]   [ 24%] Building ASM object src/kem/ml_kem/CMakeFiles/ml_kem_768_x86_64.dir/mlkem-native_ml-kem-768_x86_64/mlkem/native/x86_64/src/nttfrombytes.S.o
[INFO] [stderr]   [ 24%] Building ASM object src/kem/ml_kem/CMakeFiles/ml_kem_768_x86_64.dir/mlkem-native_ml-kem-768_x86_64/mlkem/native/x86_64/src/nttpack.S.o
[INFO] [stderr]   [ 24%] Building ASM object src/kem/ml_kem/CMakeFiles/ml_kem_512_x86_64.dir/mlkem-native_ml-kem-512_x86_64/mlkem/native/x86_64/src/ntttobytes.S.o
[INFO] [stderr]   [ 24%] Building C object src/common/CMakeFiles/common.dir/pqclean_shims/fips202x4.c.o
[INFO] [stderr]   [ 24%] Building ASM object src/kem/ml_kem/CMakeFiles/ml_kem_512_x86_64.dir/mlkem-native_ml-kem-512_x86_64/mlkem/native/x86_64/src/nttunpack.S.o
[INFO] [stderr]   [ 25%] Building ASM object src/kem/ml_kem/CMakeFiles/ml_kem_768_x86_64.dir/mlkem-native_ml-kem-768_x86_64/mlkem/native/x86_64/src/ntttobytes.S.o
[INFO] [stderr]   [ 25%] Building C object src/kem/ml_kem/CMakeFiles/ml_kem_768_ref.dir/mlkem-native_ml-kem-768_ref/mlkem/verify.c.o
[INFO] [stderr]   [ 25%] Building ASM object src/kem/ml_kem/CMakeFiles/ml_kem_512_x86_64.dir/mlkem-native_ml-kem-512_x86_64/mlkem/native/x86_64/src/reduce.S.o
[INFO] [stderr]   [ 25%] Building ASM object src/kem/ml_kem/CMakeFiles/ml_kem_768_x86_64.dir/mlkem-native_ml-kem-768_x86_64/mlkem/native/x86_64/src/nttunpack.S.o
[INFO] [stderr]   [ 25%] Building ASM object src/sig/ml_dsa/CMakeFiles/ml_dsa_44_avx2.dir/pqcrystals-dilithium-standard_ml-dsa-44_avx2/shuffle.S.o
[INFO] [stderr]   [ 25%] Building ASM object src/kem/ml_kem/CMakeFiles/ml_kem_768_x86_64.dir/mlkem-native_ml-kem-768_x86_64/mlkem/native/x86_64/src/reduce.S.o
[INFO] [stderr]   [ 26%] Building C object src/kem/ml_kem/CMakeFiles/ml_kem_512_x86_64.dir/mlkem-native_ml-kem-512_x86_64/mlkem/native/x86_64/src/rej_uniform_avx2.c.o
[INFO] [stderr]   [ 26%] Building C object src/kem/ml_kem/CMakeFiles/ml_kem_512_x86_64.dir/mlkem-native_ml-kem-512_x86_64/mlkem/native/x86_64/src/rej_uniform_table.c.o
[INFO] [stderr]   [ 26%] Building C object src/kem/ml_kem/CMakeFiles/ml_kem_768_x86_64.dir/mlkem-native_ml-kem-768_x86_64/mlkem/native/x86_64/src/rej_uniform_avx2.c.o
[INFO] [stderr]   [ 26%] Building ASM object src/kem/ml_kem/CMakeFiles/ml_kem_512_x86_64.dir/mlkem-native_ml-kem-512_x86_64/mlkem/native/x86_64/src/tomont.S.o
[INFO] [stderr]   [ 26%] Building C object src/sig/ml_dsa/CMakeFiles/ml_dsa_44_avx2.dir/pqcrystals-dilithium-standard_ml-dsa-44_avx2/sign.c.o
[INFO] [stderr]   [ 26%] Built target ml_kem_1024_ref
[INFO] [stderr]   [ 26%] Building ASM object src/kem/ml_kem/CMakeFiles/ml_kem_1024_x86_64.dir/mlkem-native_ml-kem-1024_x86_64/mlkem/native/x86_64/src/nttfrombytes.S.o
[INFO] [stderr]   [ 26%] Built target ml_kem_768_ref
[INFO] [stderr]   [ 26%] Building C object src/common/CMakeFiles/common.dir/rand/rand.c.o
[INFO] [stderr]   [ 27%] Building ASM object src/kem/ml_kem/CMakeFiles/ml_kem_1024_x86_64.dir/mlkem-native_ml-kem-1024_x86_64/mlkem/native/x86_64/src/nttpack.S.o
[INFO] [stderr]   [ 27%] Building C object src/sig/ml_dsa/CMakeFiles/ml_dsa_65_avx2.dir/pqcrystals-dilithium-standard_ml-dsa-65_avx2/rejsample.c.o
[INFO] [stderr]   [ 27%] Building C object src/kem/ml_kem/CMakeFiles/ml_kem_512_ref.dir/mlkem-native_ml-kem-512_ref/mlkem/sampling.c.o
[INFO] [stderr]   [ 27%] Building ASM object src/kem/ml_kem/CMakeFiles/ml_kem_1024_x86_64.dir/mlkem-native_ml-kem-1024_x86_64/mlkem/native/x86_64/src/ntttobytes.S.o
[INFO] [stderr]   [ 27%] Building ASM object src/kem/ml_kem/CMakeFiles/ml_kem_1024_x86_64.dir/mlkem-native_ml-kem-1024_x86_64/mlkem/native/x86_64/src/nttunpack.S.o
[INFO] [stderr]   [ 27%] Building ASM object src/kem/ml_kem/CMakeFiles/ml_kem_1024_x86_64.dir/mlkem-native_ml-kem-1024_x86_64/mlkem/native/x86_64/src/reduce.S.o
[INFO] [stderr]   [ 27%] Building C object src/kem/ml_kem/CMakeFiles/ml_kem_1024_x86_64.dir/mlkem-native_ml-kem-1024_x86_64/mlkem/native/x86_64/src/rej_uniform_avx2.c.o
[INFO] [stderr]   [ 27%] Building C object src/kem/ml_kem/CMakeFiles/ml_kem_512_ref.dir/mlkem-native_ml-kem-512_ref/mlkem/verify.c.o
[INFO] [stderr]   [ 27%] Building C object src/sig/ml_dsa/CMakeFiles/ml_dsa_87_avx2.dir/pqcrystals-dilithium-standard_ml-dsa-87_avx2/polyvec.c.o
[INFO] [stderr]   [ 27%] Building C object src/kem/ml_kem/CMakeFiles/ml_kem_512_x86_64.dir/mlkem-native_ml-kem-512_x86_64/mlkem/poly.c.o
[INFO] [stderr]   [ 27%] Built target common
[INFO] [stderr]   [ 27%] Building C object src/sig/falcon/CMakeFiles/falcon_512_clean.dir/sig_falcon_512.c.o
[INFO] [stderr]   [ 27%] Building C object src/sig/falcon/CMakeFiles/falcon_512_avx2.dir/pqclean_falcon-512_avx2/codec.c.o
[INFO] [stderr]   [ 28%] Building C object src/sig/falcon/CMakeFiles/falcon_512_clean.dir/pqclean_falcon-512_clean/codec.c.o
[INFO] [stderr]   [ 28%] Building C object src/sig/falcon/CMakeFiles/falcon_1024_clean.dir/sig_falcon_1024.c.o
[INFO] [stderr]   [ 28%] Building C object src/sig/falcon/CMakeFiles/falcon_1024_clean.dir/pqclean_falcon-1024_clean/codec.c.o
[INFO] [stderr]   [ 28%] Building C object src/kem/ml_kem/CMakeFiles/ml_kem_768_x86_64.dir/mlkem-native_ml-kem-768_x86_64/mlkem/native/x86_64/src/rej_uniform_table.c.o
[INFO] [stderr]   [ 28%] Building C object src/sig/falcon/CMakeFiles/falcon_512_clean.dir/pqclean_falcon-512_clean/common.c.o
[INFO] [stderr]   [ 28%] Building C object src/kem/ml_kem/CMakeFiles/ml_kem_1024_x86_64.dir/mlkem-native_ml-kem-1024_x86_64/mlkem/native/x86_64/src/rej_uniform_table.c.o
[INFO] [stderr]   [ 28%] Building C object src/sig/ml_dsa/CMakeFiles/ml_dsa_44_avx2.dir/pqcrystals-dilithium-standard_ml-dsa-44_avx2/symmetric-shake.c.o
[INFO] [stderr]   [ 29%] Building C object src/sig/ml_dsa/CMakeFiles/ml_dsa_87_avx2.dir/pqcrystals-dilithium-standard_ml-dsa-87_avx2/rejsample.c.o
[INFO] [stderr]   [ 29%] Building C object src/sig/falcon/CMakeFiles/falcon_512_avx2.dir/pqclean_falcon-512_avx2/common.c.o
[INFO] [stderr]   [ 29%] Building C object src/sig/falcon/CMakeFiles/falcon_512_clean.dir/pqclean_falcon-512_clean/fft.c.o
[INFO] [stderr]   [ 29%] Building C object src/sig/ml_dsa/CMakeFiles/ml_dsa_65_avx2.dir/pqcrystals-dilithium-standard_ml-dsa-65_avx2/rounding.c.o
[INFO] [stderr]   [ 29%] Built target ml_dsa_44_avx2
[INFO] [stderr]   [ 30%] Building ASM object src/kem/ml_kem/CMakeFiles/ml_kem_1024_x86_64.dir/mlkem-native_ml-kem-1024_x86_64/mlkem/native/x86_64/src/tomont.S.o
[INFO] [stderr]   [ 30%] Building C object src/kem/ml_kem/CMakeFiles/ml_kem_512_x86_64.dir/mlkem-native_ml-kem-512_x86_64/mlkem/poly_k.c.o
[INFO] [stderr]   [ 30%] Building C object src/sig/falcon/CMakeFiles/falcon_1024_clean.dir/pqclean_falcon-1024_clean/common.c.o
[INFO] [stderr]   [ 30%] Building C object src/sig/falcon/CMakeFiles/falcon_512_avx2.dir/pqclean_falcon-512_avx2/fft.c.o
[INFO] [stderr]   [ 30%] Building ASM object src/kem/ml_kem/CMakeFiles/ml_kem_768_x86_64.dir/mlkem-native_ml-kem-768_x86_64/mlkem/native/x86_64/src/tomont.S.o
[INFO] [stderr]   [ 30%] Built target ml_kem_512_ref
[INFO] [stderr]   [ 30%] Building ASM object src/sig/ml_dsa/CMakeFiles/ml_dsa_65_avx2.dir/pqcrystals-dilithium-standard_ml-dsa-65_avx2/shuffle.S.o
[INFO] [stderr]   [ 30%] Building C object src/kem/ml_kem/CMakeFiles/ml_kem_1024_x86_64.dir/mlkem-native_ml-kem-1024_x86_64/mlkem/poly.c.o
[INFO] [stderr]   [ 30%] Building C object src/sig/falcon/CMakeFiles/falcon_512_avx2.dir/pqclean_falcon-512_avx2/fpr.c.o
[INFO] [stderr]   [ 31%] Building C object src/kem/ml_kem/CMakeFiles/ml_kem_512_x86_64.dir/mlkem-native_ml-kem-512_x86_64/mlkem/sampling.c.o
[INFO] [stderr]   [ 32%] Building C object src/sig/falcon/CMakeFiles/falcon_1024_clean.dir/pqclean_falcon-1024_clean/fft.c.o
[INFO] [stderr]   [ 32%] Building C object src/kem/ml_kem/CMakeFiles/ml_kem_1024_x86_64.dir/mlkem-native_ml-kem-1024_x86_64/mlkem/poly_k.c.o
[INFO] [stderr]   [ 32%] Building C object src/kem/ml_kem/CMakeFiles/ml_kem_1024_x86_64.dir/mlkem-native_ml-kem-1024_x86_64/mlkem/sampling.c.o
[INFO] [stderr]   [ 32%] Building C object src/sig/falcon/CMakeFiles/falcon_512_clean.dir/pqclean_falcon-512_clean/fpr.c.o
[INFO] [stderr]   [ 32%] Building C object src/sig/falcon/CMakeFiles/falcon_1024_clean.dir/pqclean_falcon-1024_clean/fpr.c.o
[INFO] [stderr]   [ 33%] Building C object src/kem/ml_kem/CMakeFiles/ml_kem_768_x86_64.dir/mlkem-native_ml-kem-768_x86_64/mlkem/poly.c.o
[INFO] [stderr]   [ 33%] Building C object src/sig/ml_dsa/CMakeFiles/ml_dsa_87_avx2.dir/pqcrystals-dilithium-standard_ml-dsa-87_avx2/rounding.c.o
[INFO] [stderr]   [ 33%] Building C object src/kem/ml_kem/CMakeFiles/ml_kem_768_x86_64.dir/mlkem-native_ml-kem-768_x86_64/mlkem/poly_k.c.o
[INFO] [stderr]   [ 33%] Building C object src/kem/ml_kem/CMakeFiles/ml_kem_1024_x86_64.dir/mlkem-native_ml-kem-1024_x86_64/mlkem/verify.c.o
[INFO] [stderr]   [ 33%] Building C object src/sig/falcon/CMakeFiles/falcon_512_clean.dir/pqclean_falcon-512_clean/keygen.c.o
[INFO] [stderr]   [ 34%] Building C object src/sig/ml_dsa/CMakeFiles/ml_dsa_65_avx2.dir/pqcrystals-dilithium-standard_ml-dsa-65_avx2/sign.c.o
[INFO] [stderr]   [ 34%] Building C object src/sig/falcon/CMakeFiles/falcon_1024_clean.dir/pqclean_falcon-1024_clean/keygen.c.o
[INFO] [stderr]   [ 34%] Building C object src/sig/ml_dsa/CMakeFiles/ml_dsa_65_avx2.dir/pqcrystals-dilithium-standard_ml-dsa-65_avx2/symmetric-shake.c.o
[INFO] [stderr]   [ 34%] Building C object src/kem/ml_kem/CMakeFiles/ml_kem_512_x86_64.dir/mlkem-native_ml-kem-512_x86_64/mlkem/verify.c.o
[INFO] [stderr]   [ 34%] Building C object src/sig/falcon/CMakeFiles/falcon_512_avx2.dir/pqclean_falcon-512_avx2/keygen.c.o
[INFO] [stderr]   [ 34%] Building C object src/sig/falcon/CMakeFiles/falcon_1024_avx2.dir/pqclean_falcon-1024_avx2/codec.c.o
[INFO] [stderr]   [ 35%] Building C object src/sig/falcon/CMakeFiles/falcon_1024_avx2.dir/pqclean_falcon-1024_avx2/common.c.o
[INFO] [stderr]   [ 36%] Building C object src/sig/falcon/CMakeFiles/falcon_512_avx2.dir/pqclean_falcon-512_avx2/pqclean.c.o
[INFO] [stderr]   [ 36%] Building ASM object src/sig/ml_dsa/CMakeFiles/ml_dsa_87_avx2.dir/pqcrystals-dilithium-standard_ml-dsa-87_avx2/shuffle.S.o
[INFO] [stderr]   [ 36%] Building C object src/sig/falcon/CMakeFiles/falcon_1024_avx2.dir/pqclean_falcon-1024_avx2/fft.c.o
[INFO] [stderr]   [ 36%] Built target ml_kem_1024_x86_64
[INFO] [stderr]   [ 36%] Building C object src/sig/falcon/CMakeFiles/falcon_512_clean.dir/pqclean_falcon-512_clean/pqclean.c.o
[INFO] [stderr]   [ 36%] Building C object src/sig/ml_dsa/CMakeFiles/ml_dsa_87_avx2.dir/pqcrystals-dilithium-standard_ml-dsa-87_avx2/sign.c.o
[INFO] [stderr]   [ 37%] Building C object src/sig/falcon/CMakeFiles/falcon_512_clean.dir/pqclean_falcon-512_clean/rng.c.o
[INFO] [stderr]   [ 37%] Building C object src/kem/ml_kem/CMakeFiles/ml_kem_768_x86_64.dir/mlkem-native_ml-kem-768_x86_64/mlkem/sampling.c.o
[INFO] [stderr]   [ 37%] Built target ml_kem_512_x86_64
[INFO] [stderr]   [ 37%] Building C object src/sig/falcon/CMakeFiles/falcon_1024_clean.dir/pqclean_falcon-1024_clean/pqclean.c.o
[INFO] [stderr]   [ 37%] Building C object src/sig/falcon/CMakeFiles/falcon_1024_avx2.dir/pqclean_falcon-1024_avx2/fpr.c.o
[INFO] [stderr]   [ 37%] Building C object src/sig/ml_dsa/CMakeFiles/ml_dsa_87_avx2.dir/pqcrystals-dilithium-standard_ml-dsa-87_avx2/symmetric-shake.c.o
[INFO] [stderr]   [ 37%] Building C object src/sig/falcon/CMakeFiles/falcon_512_avx2.dir/pqclean_falcon-512_avx2/rng.c.o
[INFO] [stderr]   [ 37%] Built target ml_dsa_65_avx2
[INFO] [stderr]   [ 37%] Building C object src/sig/falcon/CMakeFiles/falcon_512_avx2.dir/pqclean_falcon-512_avx2/sign.c.o
[INFO] [stderr]   [ 37%] Building C object src/sig/falcon/CMakeFiles/falcon_1024_clean.dir/pqclean_falcon-1024_clean/rng.c.o
[INFO] [stderr]   [ 37%] Building C object src/sig/falcon/CMakeFiles/falcon_512_avx2.dir/pqclean_falcon-512_avx2/vrfy.c.o
[INFO] [stderr]   [ 37%] Built target xkcp_low_keccakp_1600_plain64
[INFO] [stderr]   [ 37%] Building C object src/sig/falcon/CMakeFiles/falcon_padded_512_clean.dir/sig_falcon_padded_512.c.o
[INFO] [stderr]   [ 37%] Building C object src/sig/falcon/CMakeFiles/falcon_1024_avx2.dir/pqclean_falcon-1024_avx2/keygen.c.o
[INFO] [stderr]   [ 37%] Building C object src/sig/falcon/CMakeFiles/falcon_1024_clean.dir/pqclean_falcon-1024_clean/sign.c.o
[INFO] [stderr]   [ 37%] Building C object src/sig/falcon/CMakeFiles/falcon_padded_512_clean.dir/pqclean_falcon-padded-512_clean/codec.c.o
[INFO] [stderr]   [ 38%] Building C object src/sig/falcon/CMakeFiles/falcon_1024_clean.dir/pqclean_falcon-1024_clean/vrfy.c.o
[INFO] [stderr]   [ 38%] Building C object src/kem/ml_kem/CMakeFiles/ml_kem_768_x86_64.dir/mlkem-native_ml-kem-768_x86_64/mlkem/verify.c.o
[INFO] [stderr]   [ 38%] Building C object src/sig/falcon/CMakeFiles/falcon_512_clean.dir/pqclean_falcon-512_clean/sign.c.o
[INFO] [stderr]   [ 38%] Building C object src/sig/falcon/CMakeFiles/falcon_padded_512_clean.dir/pqclean_falcon-padded-512_clean/common.c.o
[INFO] [stderr]   [ 38%] Building C object src/sig/falcon/CMakeFiles/falcon_512_clean.dir/pqclean_falcon-512_clean/vrfy.c.o
[INFO] [stderr]   [ 38%] Built target ml_kem_768_x86_64
[INFO] [stderr]   [ 38%] Building C object src/sig/falcon/CMakeFiles/falcon_1024_avx2.dir/pqclean_falcon-1024_avx2/pqclean.c.o
[INFO] [stderr]   [ 38%] Building C object src/sig/falcon/CMakeFiles/falcon_padded_512_clean.dir/pqclean_falcon-padded-512_clean/fft.c.o
[INFO] [stderr]   [ 39%] Building C object src/sig/falcon/CMakeFiles/falcon_1024_avx2.dir/pqclean_falcon-1024_avx2/rng.c.o
[INFO] [stderr]   [ 39%] Building C object src/sig/falcon/CMakeFiles/falcon_padded_512_avx2.dir/pqclean_falcon-padded-512_avx2/codec.c.o
[INFO] [stderr]   [ 39%] Built target ml_dsa_87_avx2
[INFO] [stderr]   [ 40%] Building C object src/sig/falcon/CMakeFiles/falcon_padded_512_clean.dir/pqclean_falcon-padded-512_clean/fpr.c.o
[INFO] [stderr]   [ 41%] Building C object src/sig/falcon/CMakeFiles/falcon_padded_512_avx2.dir/pqclean_falcon-padded-512_avx2/common.c.o
[INFO] [stderr]   [ 41%] Building C object src/sig/falcon/CMakeFiles/falcon_1024_avx2.dir/pqclean_falcon-1024_avx2/sign.c.o
[INFO] [stderr]   [ 41%] Building C object src/sig/falcon/CMakeFiles/falcon_1024_avx2.dir/pqclean_falcon-1024_avx2/vrfy.c.o
[INFO] [stderr]   [ 41%] Building C object src/sig/falcon/CMakeFiles/falcon_padded_512_clean.dir/pqclean_falcon-padded-512_clean/keygen.c.o
[INFO] [stderr]   [ 41%] Building C object src/sig/falcon/CMakeFiles/falcon_padded_512_clean.dir/pqclean_falcon-padded-512_clean/pqclean.c.o
[INFO] [stderr]   [ 42%] Building C object src/sig/falcon/CMakeFiles/falcon_padded_1024_clean.dir/sig_falcon_padded_1024.c.o
[INFO] [stderr]   [ 42%] Building C object src/sig/falcon/CMakeFiles/falcon_padded_512_avx2.dir/pqclean_falcon-padded-512_avx2/fft.c.o
[INFO] [stderr]   [ 42%] Building C object src/sig/falcon/CMakeFiles/falcon_padded_1024_avx2.dir/pqclean_falcon-padded-1024_avx2/codec.c.o
[INFO] [stderr]   [ 42%] Building C object src/sig/falcon/CMakeFiles/falcon_padded_1024_clean.dir/pqclean_falcon-padded-1024_clean/codec.c.o
[INFO] [stderr]   [ 42%] Built target xkcp_low_keccakp_1600times4_avx2
[INFO] [stderr]   [ 43%] Building C object src/sig/sphincs/CMakeFiles/sphincs_sha2_128f_simple_clean.dir/sig_sphincs_sha2_128f_simple.c.o
[INFO] [stderr]   [ 43%] Building C object src/sig/sphincs/CMakeFiles/sphincs_sha2_128f_simple_clean.dir/pqclean_sphincs-sha2-128f-simple_clean/address.c.o
[INFO] [stderr]   [ 43%] Building C object src/sig/sphincs/CMakeFiles/sphincs_sha2_128f_simple_avx2.dir/pqclean_sphincs-sha2-128f-simple_avx2/address.c.o
[INFO] [stderr]   [ 43%] Building C object src/sig/sphincs/CMakeFiles/sphincs_sha2_128f_simple_clean.dir/pqclean_sphincs-sha2-128f-simple_clean/context_sha2.c.o
[INFO] [stderr]   [ 43%] Building C object src/sig/sphincs/CMakeFiles/sphincs_sha2_128f_simple_clean.dir/pqclean_sphincs-sha2-128f-simple_clean/fors.c.o
[INFO] [stderr]   [ 43%] Building C object src/sig/falcon/CMakeFiles/falcon_padded_1024_clean.dir/pqclean_falcon-padded-1024_clean/common.c.o
[INFO] [stderr]   [ 43%] Building C object src/sig/sphincs/CMakeFiles/sphincs_sha2_128f_simple_clean.dir/pqclean_sphincs-sha2-128f-simple_clean/hash_sha2.c.o
[INFO] [stderr]   [ 43%] Building C object src/sig/falcon/CMakeFiles/falcon_padded_1024_clean.dir/pqclean_falcon-padded-1024_clean/fft.c.o
[INFO] [stderr]   [ 43%] Building C object src/sig/sphincs/CMakeFiles/sphincs_sha2_128f_simple_avx2.dir/pqclean_sphincs-sha2-128f-simple_avx2/context_sha2.c.o
[INFO] [stderr]   [ 43%] Building C object src/sig/sphincs/CMakeFiles/sphincs_sha2_128f_simple_clean.dir/pqclean_sphincs-sha2-128f-simple_clean/merkle.c.o
[INFO] [stderr]   [ 44%] Building C object src/sig/sphincs/CMakeFiles/sphincs_sha2_128f_simple_clean.dir/pqclean_sphincs-sha2-128f-simple_clean/sign.c.o
[INFO] [stderr]   [ 44%] Building C object src/sig/falcon/CMakeFiles/falcon_padded_512_avx2.dir/pqclean_falcon-padded-512_avx2/fpr.c.o
[INFO] [stderr]   [ 44%] Building C object src/sig/falcon/CMakeFiles/falcon_padded_512_clean.dir/pqclean_falcon-padded-512_clean/rng.c.o
[INFO] [stderr]   [ 44%] Building C object src/sig/falcon/CMakeFiles/falcon_padded_1024_clean.dir/pqclean_falcon-padded-1024_clean/fpr.c.o
[INFO] [stderr]   [ 44%] Building C object src/sig/sphincs/CMakeFiles/sphincs_sha2_128f_simple_clean.dir/pqclean_sphincs-sha2-128f-simple_clean/thash_sha2_simple.c.o
[INFO] [stderr]   [ 44%] Building C object src/sig/falcon/CMakeFiles/falcon_padded_512_avx2.dir/pqclean_falcon-padded-512_avx2/keygen.c.o
[INFO] [stderr]   [ 44%] Building C object src/sig/sphincs/CMakeFiles/sphincs_sha2_128f_simple_clean.dir/pqclean_sphincs-sha2-128f-simple_clean/utils.c.o
[INFO] [stderr]   [ 45%] Building C object src/sig/falcon/CMakeFiles/falcon_padded_1024_clean.dir/pqclean_falcon-padded-1024_clean/keygen.c.o
[INFO] [stderr]   [ 45%] Building C object src/sig/sphincs/CMakeFiles/sphincs_sha2_128s_simple_clean.dir/sig_sphincs_sha2_128s_simple.c.o
[INFO] [stderr]   [ 45%] Building C object src/sig/sphincs/CMakeFiles/sphincs_sha2_128f_simple_clean.dir/pqclean_sphincs-sha2-128f-simple_clean/utilsx1.c.o
[INFO] [stderr]   [ 45%] Building C object src/sig/sphincs/CMakeFiles/sphincs_sha2_128s_simple_clean.dir/pqclean_sphincs-sha2-128s-simple_clean/address.c.o
[INFO] [stderr]   [ 45%] Building C object src/sig/sphincs/CMakeFiles/sphincs_sha2_128s_simple_clean.dir/pqclean_sphincs-sha2-128s-simple_clean/context_sha2.c.o
[INFO] [stderr]   [ 45%] Built target falcon_1024_clean
[INFO] [stderr]   [ 46%] Building C object src/sig/sphincs/CMakeFiles/sphincs_sha2_128s_simple_clean.dir/pqclean_sphincs-sha2-128s-simple_clean/fors.c.o
[INFO] [stderr]   [ 46%] Building C object src/sig/falcon/CMakeFiles/falcon_padded_1024_avx2.dir/pqclean_falcon-padded-1024_avx2/common.c.o
[INFO] [stderr]   [ 46%] Building C object src/sig/sphincs/CMakeFiles/sphincs_sha2_128f_simple_clean.dir/pqclean_sphincs-sha2-128f-simple_clean/wots.c.o
[INFO] [stderr]   [ 47%] Building C object src/sig/sphincs/CMakeFiles/sphincs_sha2_128s_simple_avx2.dir/pqclean_sphincs-sha2-128s-simple_avx2/address.c.o
[INFO] [stderr]   [ 47%] Building C object src/sig/sphincs/CMakeFiles/sphincs_sha2_128f_simple_clean.dir/pqclean_sphincs-sha2-128f-simple_clean/wotsx1.c.o
[INFO] [stderr]   [ 47%] Built target sphincs_sha2_128f_simple_clean
[INFO] [stderr]   [ 47%] Building C object src/sig/sphincs/CMakeFiles/sphincs_sha2_128s_simple_clean.dir/pqclean_sphincs-sha2-128s-simple_clean/hash_sha2.c.o
[INFO] [stderr]   [ 47%] Building C object src/sig/falcon/CMakeFiles/falcon_padded_1024_clean.dir/pqclean_falcon-padded-1024_clean/pqclean.c.o
[INFO] [stderr]   [ 47%] Building C object src/sig/falcon/CMakeFiles/falcon_padded_512_clean.dir/pqclean_falcon-padded-512_clean/sign.c.o
[INFO] [stderr]   [ 47%] Building C object src/sig/sphincs/CMakeFiles/sphincs_sha2_128s_simple_clean.dir/pqclean_sphincs-sha2-128s-simple_clean/merkle.c.o
[INFO] [stderr]   [ 47%] Building C object src/sig/sphincs/CMakeFiles/sphincs_sha2_128s_simple_clean.dir/pqclean_sphincs-sha2-128s-simple_clean/sign.c.o
[INFO] [stderr]   [ 47%] Building C object src/sig/sphincs/CMakeFiles/sphincs_sha2_128s_simple_clean.dir/pqclean_sphincs-sha2-128s-simple_clean/thash_sha2_simple.c.o
[INFO] [stderr]   [ 47%] Building C object src/sig/sphincs/CMakeFiles/sphincs_sha2_128f_simple_avx2.dir/pqclean_sphincs-sha2-128f-simple_avx2/fors.c.o
[INFO] [stderr]   [ 47%] Building C object src/sig/falcon/CMakeFiles/falcon_padded_512_avx2.dir/pqclean_falcon-padded-512_avx2/pqclean.c.o
[INFO] [stderr]   [ 47%] Building C object src/sig/falcon/CMakeFiles/falcon_padded_512_avx2.dir/pqclean_falcon-padded-512_avx2/rng.c.o
[INFO] [stderr]   [ 48%] Building C object src/sig/falcon/CMakeFiles/falcon_padded_512_avx2.dir/pqclean_falcon-padded-512_avx2/sign.c.o
[INFO] [stderr]   [ 48%] Building C object src/sig/sphincs/CMakeFiles/sphincs_sha2_128s_simple_clean.dir/pqclean_sphincs-sha2-128s-simple_clean/utils.c.o
[INFO] [stderr]   [ 48%] Building C object src/sig/falcon/CMakeFiles/falcon_padded_1024_clean.dir/pqclean_falcon-padded-1024_clean/rng.c.o
[INFO] [stderr]   [ 48%] Building C object src/sig/falcon/CMakeFiles/falcon_padded_1024_avx2.dir/pqclean_falcon-padded-1024_avx2/fft.c.o
[INFO] [stderr]   [ 48%] Built target falcon_512_clean
[INFO] [stderr]   [ 48%] Building C object src/sig/sphincs/CMakeFiles/sphincs_sha2_128s_simple_avx2.dir/pqclean_sphincs-sha2-128s-simple_avx2/context_sha2.c.o
[INFO] [stderr]   [ 48%] Building C object src/sig/sphincs/CMakeFiles/sphincs_sha2_192f_simple_clean.dir/sig_sphincs_sha2_192f_simple.c.o
[INFO] [stderr]   [ 48%] Building C object src/sig/sphincs/CMakeFiles/sphincs_sha2_192f_simple_clean.dir/pqclean_sphincs-sha2-192f-simple_clean/address.c.o
[INFO] [stderr]   [ 48%] Building C object src/sig/sphincs/CMakeFiles/sphincs_sha2_192f_simple_avx2.dir/pqclean_sphincs-sha2-192f-simple_avx2/address.c.o
[INFO] [stderr]   [ 49%] Building C object src/sig/sphincs/CMakeFiles/sphincs_sha2_128s_simple_clean.dir/pqclean_sphincs-sha2-128s-simple_clean/utilsx1.c.o
[INFO] [stderr]   [ 49%] Building C object src/sig/sphincs/CMakeFiles/sphincs_sha2_192f_simple_clean.dir/pqclean_sphincs-sha2-192f-simple_clean/context_sha2.c.o
[INFO] [stderr]   [ 49%] Building C object src/sig/sphincs/CMakeFiles/sphincs_sha2_128s_simple_clean.dir/pqclean_sphincs-sha2-128s-simple_clean/wots.c.o
[INFO] [stderr]   [ 49%] Building C object src/sig/falcon/CMakeFiles/falcon_padded_512_avx2.dir/pqclean_falcon-padded-512_avx2/vrfy.c.o
[INFO] [stderr]   [ 49%] Building C object src/sig/sphincs/CMakeFiles/sphincs_sha2_192f_simple_clean.dir/pqclean_sphincs-sha2-192f-simple_clean/fors.c.o
[INFO] [stderr]   [ 49%] Building C object src/sig/sphincs/CMakeFiles/sphincs_sha2_128s_simple_clean.dir/pqclean_sphincs-sha2-128s-simple_clean/wotsx1.c.o
[INFO] [stderr]   [ 50%] Building C object src/sig/falcon/CMakeFiles/falcon_padded_512_clean.dir/pqclean_falcon-padded-512_clean/vrfy.c.o
[INFO] [stderr]   [ 50%] Built target sphincs_sha2_128s_simple_clean
[INFO] [stderr]   [ 50%] Building C object src/sig/sphincs/CMakeFiles/sphincs_sha2_192s_simple_clean.dir/sig_sphincs_sha2_192s_simple.c.o
[INFO] [stderr]   [ 50%] Building C object src/sig/sphincs/CMakeFiles/sphincs_sha2_192f_simple_clean.dir/pqclean_sphincs-sha2-192f-simple_clean/hash_sha2.c.o
[INFO] [stderr]   [ 51%] Building C object src/sig/sphincs/CMakeFiles/sphincs_sha2_192s_simple_clean.dir/pqclean_sphincs-sha2-192s-simple_clean/address.c.o
[INFO] [stderr]   [ 51%] Building C object src/sig/sphincs/CMakeFiles/sphincs_sha2_192s_simple_clean.dir/pqclean_sphincs-sha2-192s-simple_clean/context_sha2.c.o
[INFO] [stderr]   [ 52%] Building C object src/sig/sphincs/CMakeFiles/sphincs_sha2_192f_simple_clean.dir/pqclean_sphincs-sha2-192f-simple_clean/merkle.c.o
[INFO] [stderr]   [ 53%] Building C object src/sig/sphincs/CMakeFiles/sphincs_sha2_128f_simple_avx2.dir/pqclean_sphincs-sha2-128f-simple_avx2/hash_sha2.c.o
[INFO] [stderr]   [ 53%] Building C object src/sig/sphincs/CMakeFiles/sphincs_sha2_192f_simple_clean.dir/pqclean_sphincs-sha2-192f-simple_clean/sign.c.o
[INFO] [stderr]   [ 53%] Building C object src/sig/sphincs/CMakeFiles/sphincs_sha2_192s_simple_clean.dir/pqclean_sphincs-sha2-192s-simple_clean/fors.c.o
[INFO] [stderr]   [ 54%] Building C object src/sig/falcon/CMakeFiles/falcon_padded_1024_avx2.dir/pqclean_falcon-padded-1024_avx2/fpr.c.o
[INFO] [stderr]   [ 54%] Building C object src/sig/sphincs/CMakeFiles/sphincs_sha2_192s_simple_clean.dir/pqclean_sphincs-sha2-192s-simple_clean/hash_sha2.c.o
[INFO] [stderr]   [ 54%] Building C object src/sig/falcon/CMakeFiles/falcon_padded_1024_clean.dir/pqclean_falcon-padded-1024_clean/sign.c.o
[INFO] [stderr]   [ 54%] Building C object src/sig/sphincs/CMakeFiles/sphincs_sha2_192f_simple_clean.dir/pqclean_sphincs-sha2-192f-simple_clean/thash_sha2_simple.c.o
[INFO] [stderr]   [ 54%] Building C object src/sig/sphincs/CMakeFiles/sphincs_sha2_128s_simple_avx2.dir/pqclean_sphincs-sha2-128s-simple_avx2/fors.c.o
[INFO] [stderr]   [ 54%] Building C object src/sig/sphincs/CMakeFiles/sphincs_sha2_192f_simple_avx2.dir/pqclean_sphincs-sha2-192f-simple_avx2/context_sha2.c.o
[INFO] [stderr]   [ 54%] Building C object src/sig/sphincs/CMakeFiles/sphincs_sha2_192s_simple_clean.dir/pqclean_sphincs-sha2-192s-simple_clean/merkle.c.o
[INFO] [stderr]   [ 54%] Building C object src/sig/sphincs/CMakeFiles/sphincs_sha2_192f_simple_clean.dir/pqclean_sphincs-sha2-192f-simple_clean/utils.c.o
[INFO] [stderr]   [ 55%] Building C object src/sig/sphincs/CMakeFiles/sphincs_sha2_192s_simple_clean.dir/pqclean_sphincs-sha2-192s-simple_clean/sign.c.o
[INFO] [stderr]   [ 55%] Building C object src/sig/sphincs/CMakeFiles/sphincs_sha2_192f_simple_clean.dir/pqclean_sphincs-sha2-192f-simple_clean/utilsx1.c.o
[INFO] [stderr]   [ 55%] Building C object src/sig/sphincs/CMakeFiles/sphincs_sha2_192s_simple_clean.dir/pqclean_sphincs-sha2-192s-simple_clean/thash_sha2_simple.c.o
[INFO] [stderr]   [ 55%] Building C object src/sig/sphincs/CMakeFiles/sphincs_sha2_128s_simple_avx2.dir/pqclean_sphincs-sha2-128s-simple_avx2/hash_sha2.c.o
[INFO] [stderr]   [ 55%] Building C object src/sig/sphincs/CMakeFiles/sphincs_sha2_192s_simple_avx2.dir/pqclean_sphincs-sha2-192s-simple_avx2/address.c.o
[INFO] [stderr]   [ 56%] Building C object src/sig/sphincs/CMakeFiles/sphincs_sha2_192f_simple_clean.dir/pqclean_sphincs-sha2-192f-simple_clean/wots.c.o
[INFO] [stderr]   [ 56%] Building C object src/sig/sphincs/CMakeFiles/sphincs_sha2_192s_simple_clean.dir/pqclean_sphincs-sha2-192s-simple_clean/utils.c.o
[INFO] [stderr]   [ 57%] Building C object src/sig/sphincs/CMakeFiles/sphincs_sha2_192f_simple_avx2.dir/pqclean_sphincs-sha2-192f-simple_avx2/fors.c.o
[INFO] [stderr]   [ 57%] Building C object src/sig/sphincs/CMakeFiles/sphincs_sha2_192f_simple_clean.dir/pqclean_sphincs-sha2-192f-simple_clean/wotsx1.c.o
[INFO] [stderr]   [ 57%] Building C object src/sig/falcon/CMakeFiles/falcon_padded_1024_avx2.dir/pqclean_falcon-padded-1024_avx2/keygen.c.o
[INFO] [stderr]   [ 57%] Building C object src/sig/sphincs/CMakeFiles/sphincs_sha2_192s_simple_clean.dir/pqclean_sphincs-sha2-192s-simple_clean/utilsx1.c.o
[INFO] [stderr]   [ 57%] Building C object src/sig/sphincs/CMakeFiles/sphincs_sha2_128f_simple_avx2.dir/pqclean_sphincs-sha2-128f-simple_avx2/hash_sha2x8.c.o
[INFO] [stderr]   [ 57%] Built target sphincs_sha2_192f_simple_clean
[INFO] [stderr]   [ 57%] Building C object src/sig/falcon/CMakeFiles/falcon_padded_1024_clean.dir/pqclean_falcon-padded-1024_clean/vrfy.c.o
[INFO] [stderr]   [ 57%] Building C object src/sig/sphincs/CMakeFiles/sphincs_sha2_192s_simple_clean.dir/pqclean_sphincs-sha2-192s-simple_clean/wots.c.o
[INFO] [stderr]   [ 57%] Building C object src/sig/sphincs/CMakeFiles/sphincs_sha2_192s_simple_avx2.dir/pqclean_sphincs-sha2-192s-simple_avx2/context_sha2.c.o
[INFO] [stderr]   [ 57%] Building C object src/sig/sphincs/CMakeFiles/sphincs_sha2_192s_simple_clean.dir/pqclean_sphincs-sha2-192s-simple_clean/wotsx1.c.o
[INFO] [stderr]   [ 57%] Built target sphincs_sha2_192s_simple_clean
[INFO] [stderr]   [ 57%] Building C object src/sig/sphincs/CMakeFiles/sphincs_sha2_192s_simple_avx2.dir/pqclean_sphincs-sha2-192s-simple_avx2/fors.c.o
[INFO] [stderr]   [ 57%] Building C object src/sig/sphincs/CMakeFiles/sphincs_sha2_192f_simple_avx2.dir/pqclean_sphincs-sha2-192f-simple_avx2/hash_sha2.c.o
[INFO] [stderr]   [ 57%] Building C object src/sig/sphincs/CMakeFiles/sphincs_sha2_128s_simple_avx2.dir/pqclean_sphincs-sha2-128s-simple_avx2/hash_sha2x8.c.o
[INFO] [stderr]   [ 57%] Building C object src/sig/sphincs/CMakeFiles/sphincs_sha2_128f_simple_avx2.dir/pqclean_sphincs-sha2-128f-simple_avx2/merkle.c.o
[INFO] [stderr]   [ 57%] Building C object src/sig/sphincs/CMakeFiles/sphincs_sha2_256f_simple_clean.dir/sig_sphincs_sha2_256f_simple.c.o
[INFO] [stderr]   [ 57%] Built target falcon_padded_512_clean
[INFO] [stderr]   [ 57%] Building C object src/sig/sphincs/CMakeFiles/sphincs_sha2_128f_simple_avx2.dir/pqclean_sphincs-sha2-128f-simple_avx2/sha256avx.c.o
[INFO] [stderr]   [ 57%] Building C object src/sig/falcon/CMakeFiles/falcon_padded_1024_avx2.dir/pqclean_falcon-padded-1024_avx2/pqclean.c.o
[INFO] [stderr]   [ 58%] Building C object src/sig/sphincs/CMakeFiles/sphincs_sha2_256f_simple_avx2.dir/pqclean_sphincs-sha2-256f-simple_avx2/address.c.o
[INFO] [stderr]   [ 58%] Building C object src/sig/sphincs/CMakeFiles/sphincs_sha2_256f_simple_clean.dir/pqclean_sphincs-sha2-256f-simple_clean/address.c.o
[INFO] [stderr]   [ 59%] Building C object src/sig/sphincs/CMakeFiles/sphincs_sha2_256f_simple_clean.dir/pqclean_sphincs-sha2-256f-simple_clean/context_sha2.c.o
[INFO] [stderr]   [ 59%] Building C object src/sig/sphincs/CMakeFiles/sphincs_sha2_128f_simple_avx2.dir/pqclean_sphincs-sha2-128f-simple_avx2/sha256x8.c.o
[INFO] [stderr]   [ 59%] Building C object src/sig/sphincs/CMakeFiles/sphincs_sha2_256f_simple_clean.dir/pqclean_sphincs-sha2-256f-simple_clean/fors.c.o
[INFO] [stderr]   [ 59%] Building C object src/sig/sphincs/CMakeFiles/sphincs_sha2_192f_simple_avx2.dir/pqclean_sphincs-sha2-192f-simple_avx2/hash_sha2x8.c.o
[INFO] [stderr]   [ 60%] Building C object src/sig/sphincs/CMakeFiles/sphincs_sha2_128s_simple_avx2.dir/pqclean_sphincs-sha2-128s-simple_avx2/merkle.c.o
[INFO] [stderr]   [ 60%] Building C object src/sig/sphincs/CMakeFiles/sphincs_sha2_256f_simple_clean.dir/pqclean_sphincs-sha2-256f-simple_clean/hash_sha2.c.o
[INFO] [stderr]   [ 60%] Building C object src/sig/sphincs/CMakeFiles/sphincs_sha2_256s_simple_clean.dir/sig_sphincs_sha2_256s_simple.c.o
[INFO] [stderr]   [ 60%] Building C object src/sig/sphincs/CMakeFiles/sphincs_sha2_256f_simple_clean.dir/pqclean_sphincs-sha2-256f-simple_clean/merkle.c.o
[INFO] [stderr]   [ 60%] Building C object src/sig/sphincs/CMakeFiles/sphincs_sha2_192s_simple_avx2.dir/pqclean_sphincs-sha2-192s-simple_avx2/hash_sha2.c.o
[INFO] [stderr]   [ 60%] Building C object src/sig/sphincs/CMakeFiles/sphincs_sha2_256s_simple_clean.dir/pqclean_sphincs-sha2-256s-simple_clean/address.c.o
[INFO] [stderr]   [ 60%] Building C object src/sig/sphincs/CMakeFiles/sphincs_sha2_256f_simple_clean.dir/pqclean_sphincs-sha2-256f-simple_clean/sign.c.o
[INFO] [stderr]   [ 60%] Building C object src/sig/sphincs/CMakeFiles/sphincs_sha2_256s_simple_clean.dir/pqclean_sphincs-sha2-256s-simple_clean/context_sha2.c.o
[INFO] [stderr]   [ 60%] Building C object src/sig/sphincs/CMakeFiles/sphincs_sha2_128s_simple_avx2.dir/pqclean_sphincs-sha2-128s-simple_avx2/sha256avx.c.o
[INFO] [stderr]   [ 60%] Building C object src/sig/falcon/CMakeFiles/falcon_padded_1024_avx2.dir/pqclean_falcon-padded-1024_avx2/rng.c.o
[INFO] [stderr]   [ 60%] Building C object src/sig/sphincs/CMakeFiles/sphincs_sha2_256f_simple_clean.dir/pqclean_sphincs-sha2-256f-simple_clean/thash_sha2_simple.c.o
[INFO] [stderr]   [ 60%] Built target falcon_padded_1024_clean
[INFO] [stderr]   [ 60%] Building C object src/sig/falcon/CMakeFiles/falcon_padded_1024_avx2.dir/pqclean_falcon-padded-1024_avx2/sign.c.o
[INFO] [stderr]   [ 61%] Building C object src/sig/sphincs/CMakeFiles/sphincs_sha2_256f_simple_clean.dir/pqclean_sphincs-sha2-256f-simple_clean/utils.c.o
[INFO] [stderr]   [ 61%] Building C object src/sig/sphincs/CMakeFiles/sphincs_sha2_256s_simple_clean.dir/pqclean_sphincs-sha2-256s-simple_clean/fors.c.o
[INFO] [stderr]   [ 62%] Building C object src/sig/sphincs/CMakeFiles/sphincs_sha2_192s_simple_avx2.dir/pqclean_sphincs-sha2-192s-simple_avx2/hash_sha2x8.c.o
[INFO] [stderr]   [ 62%] Building C object src/sig/sphincs/CMakeFiles/sphincs_sha2_256f_simple_clean.dir/pqclean_sphincs-sha2-256f-simple_clean/utilsx1.c.o
[INFO] [stderr]   [ 62%] Building C object src/sig/sphincs/CMakeFiles/sphincs_sha2_256f_simple_avx2.dir/pqclean_sphincs-sha2-256f-simple_avx2/context_sha2.c.o
[INFO] [stderr]   [ 62%] Building C object src/sig/sphincs/CMakeFiles/sphincs_sha2_192f_simple_avx2.dir/pqclean_sphincs-sha2-192f-simple_avx2/merkle.c.o
[INFO] [stderr]   [ 63%] Building C object src/sig/sphincs/CMakeFiles/sphincs_sha2_256s_simple_clean.dir/pqclean_sphincs-sha2-256s-simple_clean/hash_sha2.c.o
[INFO] [stderr]   [ 63%] Building C object src/sig/sphincs/CMakeFiles/sphincs_sha2_256f_simple_clean.dir/pqclean_sphincs-sha2-256f-simple_clean/wots.c.o
[INFO] [stderr]   [ 63%] Building C object src/sig/sphincs/CMakeFiles/sphincs_sha2_256s_simple_clean.dir/pqclean_sphincs-sha2-256s-simple_clean/merkle.c.o
[INFO] [stderr]   [ 63%] Building C object src/sig/sphincs/CMakeFiles/sphincs_sha2_256f_simple_clean.dir/pqclean_sphincs-sha2-256f-simple_clean/wotsx1.c.o
[INFO] [stderr]   [ 63%] Building C object src/sig/sphincs/CMakeFiles/sphincs_sha2_256s_simple_clean.dir/pqclean_sphincs-sha2-256s-simple_clean/sign.c.o
[INFO] [stderr]   [ 63%] Built target sphincs_sha2_256f_simple_clean
[INFO] [stderr]   [ 64%] Building C object src/sig/sphincs/CMakeFiles/sphincs_sha2_128f_simple_avx2.dir/pqclean_sphincs-sha2-128f-simple_avx2/sign.c.o
[INFO] [stderr]   [ 64%] Building C object src/sig/sphincs/CMakeFiles/sphincs_sha2_128s_simple_avx2.dir/pqclean_sphincs-sha2-128s-simple_avx2/sha256x8.c.o
[INFO] [stderr]   [ 64%] Building C object src/sig/sphincs/CMakeFiles/sphincs_sha2_192s_simple_avx2.dir/pqclean_sphincs-sha2-192s-simple_avx2/merkle.c.o
[INFO] [stderr]   [ 64%] Building C object src/sig/sphincs/CMakeFiles/sphincs_sha2_192s_simple_avx2.dir/pqclean_sphincs-sha2-192s-simple_avx2/sha256avx.c.o
[INFO] [stderr]   [ 64%] Building C object src/sig/sphincs/CMakeFiles/sphincs_sha2_256s_simple_clean.dir/pqclean_sphincs-sha2-256s-simple_clean/thash_sha2_simple.c.o
[INFO] [stderr]   [ 64%] Building C object src/sig/falcon/CMakeFiles/falcon_padded_1024_avx2.dir/pqclean_falcon-padded-1024_avx2/vrfy.c.o
[INFO] [stderr]   [ 64%] Building C object src/sig/sphincs/CMakeFiles/sphincs_sha2_256s_simple_clean.dir/pqclean_sphincs-sha2-256s-simple_clean/utils.c.o
[INFO] [stderr]   [ 64%] Building C object src/sig/sphincs/CMakeFiles/sphincs_sha2_256s_simple_clean.dir/pqclean_sphincs-sha2-256s-simple_clean/utilsx1.c.o
[INFO] [stderr]   [ 65%] Building C object src/sig/sphincs/CMakeFiles/sphincs_sha2_256s_simple_clean.dir/pqclean_sphincs-sha2-256s-simple_clean/wots.c.o
[INFO] [stderr]   [ 65%] Building C object src/sig/sphincs/CMakeFiles/sphincs_sha2_256s_simple_clean.dir/pqclean_sphincs-sha2-256s-simple_clean/wotsx1.c.o
[INFO] [stderr]   [ 65%] Building C object src/sig/sphincs/CMakeFiles/sphincs_sha2_256f_simple_avx2.dir/pqclean_sphincs-sha2-256f-simple_avx2/fors.c.o
[INFO] [stderr]   [ 65%] Building C object src/sig/sphincs/CMakeFiles/sphincs_sha2_128s_simple_avx2.dir/pqclean_sphincs-sha2-128s-simple_avx2/sign.c.o
[INFO] [stderr]   [ 65%] Built target sphincs_sha2_256s_simple_clean
[INFO] [stderr]   [ 65%] Building C object src/sig/sphincs/CMakeFiles/sphincs_sha2_256s_simple_avx2.dir/pqclean_sphincs-sha2-256s-simple_avx2/address.c.o
[INFO] [stderr]   [ 65%] Building C object src/sig/sphincs/CMakeFiles/sphincs_sha2_192f_simple_avx2.dir/pqclean_sphincs-sha2-192f-simple_avx2/sha256avx.c.o
[INFO] [stderr]   [ 65%] Building C object src/sig/sphincs/CMakeFiles/sphincs_sha2_128f_simple_avx2.dir/pqclean_sphincs-sha2-128f-simple_avx2/thash_sha2_simple.c.o
[INFO] [stderr]   [ 65%] Building C object src/sig/sphincs/CMakeFiles/sphincs_sha2_128s_simple_avx2.dir/pqclean_sphincs-sha2-128s-simple_avx2/thash_sha2_simple.c.o
[INFO] [stderr]   [ 65%] Building C object src/sig/sphincs/CMakeFiles/sphincs_sha2_128f_simple_avx2.dir/pqclean_sphincs-sha2-128f-simple_avx2/thash_sha2_simplex8.c.o
[INFO] [stderr]   [ 65%] Building C object src/sig/sphincs/CMakeFiles/sphincs_sha2_256s_simple_avx2.dir/pqclean_sphincs-sha2-256s-simple_avx2/context_sha2.c.o
[INFO] [stderr]   [ 65%] Building C object src/sig/sphincs/CMakeFiles/sphincs_sha2_192s_simple_avx2.dir/pqclean_sphincs-sha2-192s-simple_avx2/sha256x8.c.o
[INFO] [stderr]   [ 65%] Building C object src/sig/sphincs/CMakeFiles/sphincs_sha2_192s_simple_avx2.dir/pqclean_sphincs-sha2-192s-simple_avx2/sha512x4.c.o
[INFO] [stderr]   [ 65%] Building C object src/sig/sphincs/CMakeFiles/sphincs_sha2_192s_simple_avx2.dir/pqclean_sphincs-sha2-192s-simple_avx2/sign.c.o
[INFO] [stderr]   [ 65%] Building C object src/sig/sphincs/CMakeFiles/sphincs_sha2_256f_simple_avx2.dir/pqclean_sphincs-sha2-256f-simple_avx2/hash_sha2.c.o
[INFO] [stderr]   [ 66%] Building C object src/sig/sphincs/CMakeFiles/sphincs_sha2_256s_simple_avx2.dir/pqclean_sphincs-sha2-256s-simple_avx2/fors.c.o
[INFO] [stderr]   [ 66%] Building C object src/sig/sphincs/CMakeFiles/sphincs_sha2_128s_simple_avx2.dir/pqclean_sphincs-sha2-128s-simple_avx2/thash_sha2_simplex8.c.o
[INFO] [stderr]   [ 66%] Building C object src/sig/sphincs/CMakeFiles/sphincs_sha2_192f_simple_avx2.dir/pqclean_sphincs-sha2-192f-simple_avx2/sha256x8.c.o
[INFO] [stderr]   [ 66%] Building C object src/sig/sphincs/CMakeFiles/sphincs_sha2_256f_simple_avx2.dir/pqclean_sphincs-sha2-256f-simple_avx2/hash_sha2x8.c.o
[INFO] [stderr]   [ 67%] Building C object src/sig/sphincs/CMakeFiles/sphincs_sha2_192f_simple_avx2.dir/pqclean_sphincs-sha2-192f-simple_avx2/sha512x4.c.o
[INFO] [stderr]   [ 68%] Building C object src/sig/sphincs/CMakeFiles/sphincs_sha2_192s_simple_avx2.dir/pqclean_sphincs-sha2-192s-simple_avx2/thash_sha2_simple.c.o
[INFO] [stderr]   [ 68%] Building C object src/sig/sphincs/CMakeFiles/sphincs_sha2_128f_simple_avx2.dir/pqclean_sphincs-sha2-128f-simple_avx2/utils.c.o
[INFO] [stderr]   [ 68%] Building C object src/sig/sphincs/CMakeFiles/sphincs_sha2_128f_simple_avx2.dir/pqclean_sphincs-sha2-128f-simple_avx2/utilsx8.c.o
[INFO] [stderr]   [ 68%] Building C object src/sig/sphincs/CMakeFiles/sphincs_sha2_192f_simple_avx2.dir/pqclean_sphincs-sha2-192f-simple_avx2/sign.c.o
[INFO] [stderr]   [ 68%] Building C object src/sig/sphincs/CMakeFiles/sphincs_sha2_192f_simple_avx2.dir/pqclean_sphincs-sha2-192f-simple_avx2/thash_sha2_simple.c.o
[INFO] [stderr]   [ 68%] Building C object src/sig/sphincs/CMakeFiles/sphincs_sha2_256f_simple_avx2.dir/pqclean_sphincs-sha2-256f-simple_avx2/merkle.c.o
[INFO] [stderr]   [ 69%] Building C object src/sig/sphincs/CMakeFiles/sphincs_sha2_128s_simple_avx2.dir/pqclean_sphincs-sha2-128s-simple_avx2/utils.c.o
[INFO] [stderr]   [ 69%] Building C object src/sig/sphincs/CMakeFiles/sphincs_sha2_256s_simple_avx2.dir/pqclean_sphincs-sha2-256s-simple_avx2/hash_sha2.c.o
[INFO] [stderr]   [ 69%] Built target falcon_1024_avx2
[INFO] [stderr]   [ 69%] Building C object src/sig/sphincs/CMakeFiles/sphincs_sha2_192f_simple_avx2.dir/pqclean_sphincs-sha2-192f-simple_avx2/thash_sha2_simplex8.c.o
[INFO] [stderr]   [ 70%] Building C object src/sig/sphincs/CMakeFiles/sphincs_sha2_256f_simple_avx2.dir/pqclean_sphincs-sha2-256f-simple_avx2/sha256avx.c.o
[INFO] [stderr]   [ 70%] Building C object src/sig/sphincs/CMakeFiles/sphincs_sha2_192s_simple_avx2.dir/pqclean_sphincs-sha2-192s-simple_avx2/thash_sha2_simplex8.c.o
[INFO] [stderr]   [ 70%] Building C object src/sig/sphincs/CMakeFiles/sphincs_sha2_256f_simple_avx2.dir/pqclean_sphincs-sha2-256f-simple_avx2/sha256x8.c.o
[INFO] [stderr]   [ 70%] Building C object src/sig/sphincs/CMakeFiles/sphincs_sha2_192s_simple_avx2.dir/pqclean_sphincs-sha2-192s-simple_avx2/utils.c.o
[INFO] [stderr]   [ 70%] Building C object src/sig/sphincs/CMakeFiles/sphincs_sha2_192f_simple_avx2.dir/pqclean_sphincs-sha2-192f-simple_avx2/utils.c.o
[INFO] [stderr]   [ 70%] Building C object src/sig/sphincs/CMakeFiles/sphincs_sha2_256s_simple_avx2.dir/pqclean_sphincs-sha2-256s-simple_avx2/hash_sha2x8.c.o
[INFO] [stderr]   [ 70%] Building C object src/sig/sphincs/CMakeFiles/sphincs_sha2_128f_simple_avx2.dir/pqclean_sphincs-sha2-128f-simple_avx2/wots.c.o
[INFO] [stderr]   [ 70%] Building C object src/sig/sphincs/CMakeFiles/sphincs_sha2_256f_simple_avx2.dir/pqclean_sphincs-sha2-256f-simple_avx2/sha512x4.c.o
[INFO] [stderr]   [ 70%] Building C object src/sig/sphincs/CMakeFiles/sphincs_sha2_256f_simple_avx2.dir/pqclean_sphincs-sha2-256f-simple_avx2/sign.c.o
[INFO] [stderr]   [ 70%] Building C object src/sig/sphincs/CMakeFiles/sphincs_sha2_128s_simple_avx2.dir/pqclean_sphincs-sha2-128s-simple_avx2/utilsx8.c.o
[INFO] [stderr]   [ 70%] Building C object src/sig/sphincs/CMakeFiles/sphincs_sha2_192s_simple_avx2.dir/pqclean_sphincs-sha2-192s-simple_avx2/utilsx8.c.o
[INFO] [stderr]   [ 70%] Building C object src/sig/sphincs/CMakeFiles/sphincs_sha2_192s_simple_avx2.dir/pqclean_sphincs-sha2-192s-simple_avx2/wots.c.o
[INFO] [stderr]   [ 70%] Building C object src/sig/sphincs/CMakeFiles/sphincs_sha2_256s_simple_avx2.dir/pqclean_sphincs-sha2-256s-simple_avx2/merkle.c.o
[INFO] [stderr]   [ 70%] Building C object src/sig/sphincs/CMakeFiles/sphincs_sha2_256f_simple_avx2.dir/pqclean_sphincs-sha2-256f-simple_avx2/thash_sha2_simple.c.o
[INFO] [stderr]   [ 70%] Building C object src/sig/sphincs/CMakeFiles/sphincs_sha2_128s_simple_avx2.dir/pqclean_sphincs-sha2-128s-simple_avx2/wots.c.o
[INFO] [stderr]   [ 70%] Building C object src/sig/sphincs/CMakeFiles/sphincs_sha2_256f_simple_avx2.dir/pqclean_sphincs-sha2-256f-simple_avx2/thash_sha2_simplex8.c.o
[INFO] [stderr]   [ 70%] Building C object src/sig/sphincs/CMakeFiles/sphincs_sha2_192f_simple_avx2.dir/pqclean_sphincs-sha2-192f-simple_avx2/utilsx8.c.o
[INFO] [stderr]   [ 70%] Building C object src/sig/sphincs/CMakeFiles/sphincs_sha2_256s_simple_avx2.dir/pqclean_sphincs-sha2-256s-simple_avx2/sha256avx.c.o
[INFO] [stderr]   [ 71%] Building C object src/sig/sphincs/CMakeFiles/sphincs_sha2_256f_simple_avx2.dir/pqclean_sphincs-sha2-256f-simple_avx2/utils.c.o
[INFO] [stderr]   [ 71%] Building C object src/sig/sphincs/CMakeFiles/sphincs_sha2_256f_simple_avx2.dir/pqclean_sphincs-sha2-256f-simple_avx2/utilsx8.c.o
[INFO] [stderr]   [ 72%] Building C object src/sig/sphincs/CMakeFiles/sphincs_sha2_192f_simple_avx2.dir/pqclean_sphincs-sha2-192f-simple_avx2/wots.c.o
[INFO] [stderr]   [ 72%] Built target falcon_padded_512_avx2
[INFO] [stderr]   [ 72%] Built target sphincs_sha2_128f_simple_avx2
[INFO] [stderr]   [ 72%] Building C object src/sig/sphincs/CMakeFiles/sphincs_sha2_256s_simple_avx2.dir/pqclean_sphincs-sha2-256s-simple_avx2/sha256x8.c.o
[INFO] [stderr]   [ 72%] Building C object src/sig/sphincs/CMakeFiles/sphincs_sha2_256f_simple_avx2.dir/pqclean_sphincs-sha2-256f-simple_avx2/wots.c.o
[INFO] [stderr]   [ 73%] Building C object src/sig/sphincs/CMakeFiles/sphincs_sha2_256s_simple_avx2.dir/pqclean_sphincs-sha2-256s-simple_avx2/sha512x4.c.o
[INFO] [stderr]   [ 73%] Building C object src/sig/sphincs/CMakeFiles/sphincs_sha2_256s_simple_avx2.dir/pqclean_sphincs-sha2-256s-simple_avx2/thash_sha2_simple.c.o
[INFO] [stderr]   [ 73%] Building C object src/sig/sphincs/CMakeFiles/sphincs_sha2_256s_simple_avx2.dir/pqclean_sphincs-sha2-256s-simple_avx2/sign.c.o
[INFO] [stderr]   [ 73%] Built target sphincs_sha2_192s_simple_avx2
[INFO] [stderr]   [ 73%] Building C object src/sig/sphincs/CMakeFiles/sphincs_sha2_256s_simple_avx2.dir/pqclean_sphincs-sha2-256s-simple_avx2/thash_sha2_simplex8.c.o
[INFO] [stderr]   [ 73%] Building C object src/sig/sphincs/CMakeFiles/sphincs_sha2_256s_simple_avx2.dir/pqclean_sphincs-sha2-256s-simple_avx2/utils.c.o
[INFO] [stderr]   [ 74%] Building C object src/sig/sphincs/CMakeFiles/sphincs_sha2_256s_simple_avx2.dir/pqclean_sphincs-sha2-256s-simple_avx2/utilsx8.c.o
[INFO] [stderr]   [ 74%] Building C object src/sig/sphincs/CMakeFiles/sphincs_sha2_256s_simple_avx2.dir/pqclean_sphincs-sha2-256s-simple_avx2/wots.c.o
[INFO] [stderr]   [ 74%] Built target sphincs_sha2_128s_simple_avx2
[INFO] [stderr]   [ 74%] Built target sphincs_sha2_256f_simple_avx2
[INFO] [stderr]   [ 74%] Built target sphincs_sha2_192f_simple_avx2
[INFO] [stderr]   [ 74%] Built target sphincs_sha2_256s_simple_avx2
[INFO] [stderr]   [ 74%] Built target falcon_padded_1024_avx2
[INFO] [stderr] 
[INFO] [stderr]   --- stderr
[INFO] [stderr]   running: cd "/opt/rustwide/target/debug/build/oqs-sys/6357a60c0b713b45/out/build" && CMAKE_PREFIX_PATH="" LC_ALL="C" "cmake" "/opt/rustwide/cargo-home/git/checkouts/liboqs-rust-f74ef268d0798e16/4ca07ba/oqs-sys/liboqs" "-B" "/opt/rustwide/target/debug/build/oqs-sys/6357a60c0b713b45/out/build" "-DOQS_BUILD_ONLY_LIB=Yes" "-DOQS_DIST_BUILD=Yes" "-DOQS_ENABLE_KEM_BIKE=No" "-DOQS_ENABLE_KEM_CLASSIC_MCELIECE=No" "-DOQS_ENABLE_KEM_FRODOKEM=No" "-DOQS_ENABLE_KEM_HQC=No" "-DOQS_ENABLE_KEM_KYBER=No" "-DOQS_ENABLE_KEM_ML_KEM=Yes" "-DOQS_ENABLE_KEM_NTRUPRIME=No" "-DOQS_ENABLE_SIG_CROSS=No" "-DOQS_ENABLE_SIG_DILITHIUM=No" "-DOQS_ENABLE_SIG_FALCON=Yes" "-DOQS_ENABLE_SIG_MAYO=No" "-DOQS_ENABLE_SIG_ML_DSA=Yes" "-DOQS_ENABLE_SIG_SPHINCS=Yes" "-DOQS_ENABLE_SIG_UOV=No" "-DOQS_USE_OPENSSL=No" "-DCMAKE_INSTALL_PREFIX=/opt/rustwide/target/debug/build/oqs-sys/6357a60c0b713b45/out" "-DCMAKE_C_FLAGS= -ffunction-sections -fdata-sections -fPIC -m64 -w" "-DCMAKE_C_COMPILER=/usr/bin/cc" "-DCMAKE_CXX_FLAGS= -ffunction-sections -fdata-sections -fPIC -m64 -w" "-DCMAKE_CXX_COMPILER=/usr/bin/c++" "-DCMAKE_ASM_FLAGS= -ffunction-sections -fdata-sections -fPIC -m64 -w" "-DCMAKE_ASM_COMPILER=/usr/bin/cc" "-DCMAKE_BUILD_TYPE=Release"
[INFO] [stderr]   CMake Warning:
[INFO] [stderr]     Manually-specified variables were not used by the project:
[INFO] [stderr] 
[INFO] [stderr]       CMAKE_CXX_COMPILER
[INFO] [stderr]       CMAKE_CXX_FLAGS
[INFO] [stderr] 
[INFO] [stderr] 
[INFO] [stderr]   running: cd "/opt/rustwide/target/debug/build/oqs-sys/6357a60c0b713b45/out/build" && LC_ALL="C" MAKEFLAGS="-j --jobserver-fds=4,5 --jobserver-auth=4,5" "cmake" "--build" "/opt/rustwide/target/debug/build/oqs-sys/6357a60c0b713b45/out/build" "--target" "install" "--config" "Release"
[INFO] [stderr]   cc: fatal error: Killed signal terminated program cc1
[INFO] [stderr]   compilation terminated.
[INFO] [stderr]   gmake[2]: *** [src/sig/falcon/CMakeFiles/falcon_512_avx2.dir/build.make:135: src/sig/falcon/CMakeFiles/falcon_512_avx2.dir/pqclean_falcon-512_avx2/keygen.c.o] Error 1
[INFO] [stderr]   gmake[1]: *** [CMakeFiles/Makefile2:1134: src/sig/falcon/CMakeFiles/falcon_512_avx2.dir/all] Error 2
[INFO] [stderr]   gmake[1]: *** Waiting for unfinished jobs....
[INFO] [stderr]   gmake: *** [Makefile:156: all] Error 2
[INFO] [stderr] 
[INFO] [stderr]   thread 'main' (2313) panicked at /opt/rustwide/cargo-home/registry/src/index.crates.io-1949cf8c6b5b557f/cmake-0.1.58/src/lib.rs:1132:5:
[INFO] [stderr] 
[INFO] [stderr]   command did not execute successfully, got: exit status: 2
[INFO] [stderr] 
[INFO] [stderr]   build script failed, must exit now
[INFO] [stderr]   stack backtrace:
[INFO] [stderr]      0:     0x63de502f0a61 - std[4a959f5f0894f8b4]::backtrace_rs::backtrace::libunwind::trace
[INFO] [stderr]                                  at /rustc/c999cef531ea9059e189e82fe0e82c5daf249bc9/library/std/src/../../backtrace/src/backtrace/libunwind.rs:117:9
[INFO] [stderr]      1:     0x63de502f0a61 - std[4a959f5f0894f8b4]::backtrace_rs::backtrace::trace_unsynchronized::<std[4a959f5f0894f8b4]::sys::backtrace::_print_fmt::{closure#1}>
[INFO] [stderr]                                  at /rustc/c999cef531ea9059e189e82fe0e82c5daf249bc9/library/std/src/../../backtrace/src/backtrace/mod.rs:66:14
[INFO] [stderr]      2:     0x63de502f0a61 - std[4a959f5f0894f8b4]::sys::backtrace::_print_fmt
[INFO] [stderr]                                  at /rustc/c999cef531ea9059e189e82fe0e82c5daf249bc9/library/std/src/sys/backtrace.rs:74:9
[INFO] [stderr]      3:     0x63de502f0a61 - <<std[4a959f5f0894f8b4]::sys::backtrace::BacktraceLock>::print::DisplayBacktrace as core[703651ec52483874]::fmt::Display>::fmt
[INFO] [stderr]                                  at /rustc/c999cef531ea9059e189e82fe0e82c5daf249bc9/library/std/src/sys/backtrace.rs:44:26
[INFO] [stderr]      4:     0x63de503089fa - <core[703651ec52483874]::fmt::rt::Argument>::fmt
[INFO] [stderr]                                  at /rustc/c999cef531ea9059e189e82fe0e82c5daf249bc9/library/core/src/fmt/rt.rs:152:76
[INFO] [stderr]      5:     0x63de503089fa - core[703651ec52483874]::fmt::write
[INFO] [stderr]      6:     0x63de502f6bac - core[703651ec52483874]::io::write::default_write_fmt::<std[4a959f5f0894f8b4]::sys::stdio::unix::Stderr>
[INFO] [stderr]                                  at /rustc/c999cef531ea9059e189e82fe0e82c5daf249bc9/library/core/src/io/write.rs:402:11
[INFO] [stderr]      7:     0x63de502f6bac - <std[4a959f5f0894f8b4]::sys::stdio::unix::Stderr as core[703651ec52483874]::io::write::Write>::write_fmt
[INFO] [stderr]                                  at /rustc/c999cef531ea9059e189e82fe0e82c5daf249bc9/library/core/src/io/write.rs:335:13
[INFO] [stderr]      8:     0x63de502cd5e6 - <std[4a959f5f0894f8b4]::sys::backtrace::BacktraceLock>::print
[INFO] [stderr]                                  at /rustc/c999cef531ea9059e189e82fe0e82c5daf249bc9/library/std/src/sys/backtrace.rs:47:9
[INFO] [stderr]      9:     0x63de502cd5e6 - std[4a959f5f0894f8b4]::panicking::default_hook::{closure#0}
[INFO] [stderr]                                  at /rustc/c999cef531ea9059e189e82fe0e82c5daf249bc9/library/std/src/panicking.rs:289:27
[INFO] [stderr]     10:     0x63de502ea721 - std[4a959f5f0894f8b4]::panicking::default_hook
[INFO] [stderr]                                  at /rustc/c999cef531ea9059e189e82fe0e82c5daf249bc9/library/std/src/panicking.rs:316:9
[INFO] [stderr]     11:     0x63de502eaa4b - std[4a959f5f0894f8b4]::panicking::panic_with_hook
[INFO] [stderr]                                  at /rustc/c999cef531ea9059e189e82fe0e82c5daf249bc9/library/std/src/panicking.rs:811:13
[INFO] [stderr]     12:     0x63de502cd692 - std[4a959f5f0894f8b4]::panicking::panic_handler::{closure#0}
[INFO] [stderr]                                  at /rustc/c999cef531ea9059e189e82fe0e82c5daf249bc9/library/std/src/panicking.rs:685:13
[INFO] [stderr]     13:     0x63de502c5dd9 - std[4a959f5f0894f8b4]::sys::backtrace::__rust_end_short_backtrace::<std[4a959f5f0894f8b4]::panicking::panic_handler::{closure#0}, !>
[INFO] [stderr]                                  at /rustc/c999cef531ea9059e189e82fe0e82c5daf249bc9/library/std/src/sys/backtrace.rs:182:18
[INFO] [stderr]     14:     0x63de502cdecd - __rustc[686462a491047c20]::rust_begin_unwind
[INFO] [stderr]                                  at /rustc/c999cef531ea9059e189e82fe0e82c5daf249bc9/library/std/src/panicking.rs:676:5
[INFO] [stderr]     15:     0x63de5030929c - core[703651ec52483874]::panicking::panic_fmt
[INFO] [stderr]                                  at /rustc/c999cef531ea9059e189e82fe0e82c5daf249bc9/library/core/src/panicking.rs:80:14
[INFO] [stderr]     16:     0x63de4fc20b47 - cmake[98c24a9a0726608b]::fail
[INFO] [stderr]     17:     0x63de4fc207d3 - cmake[98c24a9a0726608b]::run
[INFO] [stderr]     18:     0x63de4fc267a5 - <cmake[98c24a9a0726608b]::Config>::build
[INFO] [stderr]     19:     0x63de4fbefc1b - build_script_build[b3ebc0053c1d14ac]::build_from_source
[INFO] [stderr]     20:     0x63de4fbf0bcd - build_script_build[b3ebc0053c1d14ac]::includedir_from_source
[INFO] [stderr]     21:     0x63de4fbee713 - build_script_build[b3ebc0053c1d14ac]::probe_includedir
[INFO] [stderr]     22:     0x63de4fbf0c83 - build_script_build[b3ebc0053c1d14ac]::main
[INFO] [stderr]     23:     0x63de4fbf2c13 - <fn() as core[703651ec52483874]::ops::function::FnOnce<()>>::call_once
[INFO] [stderr]     24:     0x63de4fbeddee - std[4a959f5f0894f8b4]::sys::backtrace::__rust_begin_short_backtrace::<fn(), ()>
[INFO] [stderr]     25:     0x63de4fbedfa9 - std[4a959f5f0894f8b4]::rt::lang_start::<()>::{closure#0}
[INFO] [stderr]     26:     0x63de502e9a18 - <&dyn core[703651ec52483874]::ops::function::Fn<(), Output = i32> + core[703651ec52483874]::marker::Sync + core[703651ec52483874]::panic::unwind_safe::RefUnwindSafe as core[703651ec52483874]::ops::function::FnOnce<()>>::call_once
[INFO] [stderr]                                  at /rustc/c999cef531ea9059e189e82fe0e82c5daf249bc9/library/core/src/ops/function.rs:287:21
[INFO] [stderr]     27:     0x63de502e9a18 - std[4a959f5f0894f8b4]::panicking::catch_unwind::do_call::<&dyn core[703651ec52483874]::ops::function::Fn<(), Output = i32> + core[703651ec52483874]::marker::Sync + core[703651ec52483874]::panic::unwind_safe::RefUnwindSafe, i32>
[INFO] [stderr]                                  at /rustc/c999cef531ea9059e189e82fe0e82c5daf249bc9/library/std/src/panicking.rs:573:43
[INFO] [stderr]     28:     0x63de502e9a18 - std[4a959f5f0894f8b4]::panicking::catch_unwind::<i32, &dyn core[703651ec52483874]::ops::function::Fn<(), Output = i32> + core[703651ec52483874]::marker::Sync + core[703651ec52483874]::panic::unwind_safe::RefUnwindSafe>
[INFO] [stderr]                                  at /rustc/c999cef531ea9059e189e82fe0e82c5daf249bc9/library/std/src/panicking.rs:541:19
[INFO] [stderr]     29:     0x63de502e9a18 - std[4a959f5f0894f8b4]::panic::catch_unwind::<&dyn core[703651ec52483874]::ops::function::Fn<(), Output = i32> + core[703651ec52483874]::marker::Sync + core[703651ec52483874]::panic::unwind_safe::RefUnwindSafe, i32>
[INFO] [stderr]                                  at /rustc/c999cef531ea9059e189e82fe0e82c5daf249bc9/library/std/src/panic.rs:359:14
[INFO] [stderr]     30:     0x63de502e9a18 - std[4a959f5f0894f8b4]::rt::lang_start_internal::{closure#0}
[INFO] [stderr]                                  at /rustc/c999cef531ea9059e189e82fe0e82c5daf249bc9/library/std/src/rt.rs:175:24
[INFO] [stderr]     31:     0x63de502e9a18 - std[4a959f5f0894f8b4]::panicking::catch_unwind::do_call::<std[4a959f5f0894f8b4]::rt::lang_start_internal::{closure#0}, isize>
[INFO] [stderr]                                  at /rustc/c999cef531ea9059e189e82fe0e82c5daf249bc9/library/std/src/panicking.rs:573:43
[INFO] [stderr]     32:     0x63de502e9a18 - std[4a959f5f0894f8b4]::panicking::catch_unwind::<isize, std[4a959f5f0894f8b4]::rt::lang_start_internal::{closure#0}>
[INFO] [stderr]                                  at /rustc/c999cef531ea9059e189e82fe0e82c5daf249bc9/library/std/src/panicking.rs:541:19
[INFO] [stderr]     33:     0x63de502e9a18 - std[4a959f5f0894f8b4]::panic::catch_unwind::<std[4a959f5f0894f8b4]::rt::lang_start_internal::{closure#0}, isize>
[INFO] [stderr]                                  at /rustc/c999cef531ea9059e189e82fe0e82c5daf249bc9/library/std/src/panic.rs:359:14
[INFO] [stderr]     34:     0x63de502e9a18 - std[4a959f5f0894f8b4]::rt::lang_start_internal
[INFO] [stderr]                                  at /rustc/c999cef531ea9059e189e82fe0e82c5daf249bc9/library/std/src/rt.rs:171:5
[INFO] [stderr]     35:     0x63de4fbed711 - std[4a959f5f0894f8b4]::rt::lang_start::<()>
[INFO] [stderr]     36:     0x63de4fbf2da5 - main
[INFO] [stderr]     37:     0x6ffe14c36601 - <unknown>
[INFO] [stderr]     38:     0x6ffe14c36718 - __libc_start_main
[INFO] [stderr]     39:     0x63de4fbeb6c5 - _start
[INFO] [stderr]     40:                0x0 - <unknown>
[INFO] running `Command { std: "docker" "inspect" "2f1aa59040fbe6a3b4522b9388d82d9c2560244faedd3ede404defbf76f41651", kill_on_drop: false }`
[INFO] running `Command { std: "docker" "rm" "-f" "2f1aa59040fbe6a3b4522b9388d82d9c2560244faedd3ede404defbf76f41651", kill_on_drop: false }`
[INFO] [stdout] 2f1aa59040fbe6a3b4522b9388d82d9c2560244faedd3ede404defbf76f41651
