[INFO] cloning repository https://github.com/wainwrightmark/intarot
[INFO] running `Command { std: "git" "-c" "credential.helper=" "-c" "credential.helper=/workspace/cargo-home/bin/git-credential-null" "clone" "--bare" "https://github.com/wainwrightmark/intarot" "/workspace/cache/git-repos/https%3A%2F%2Fgithub.com%2Fwainwrightmark%2Fintarot", kill_on_drop: false }`
[INFO] [stderr] Cloning into bare repository '/workspace/cache/git-repos/https%3A%2F%2Fgithub.com%2Fwainwrightmark%2Fintarot'...
[INFO] running `Command { std: "git" "rev-parse" "HEAD", kill_on_drop: false }`
[INFO] [stdout] 287fb1002ceefdde60b62788b887cc15a186586b
[INFO] checking wainwrightmark/intarot against f4dd856795debe636f2ba39a900f162f5abeb7e8 for pr-160904
[INFO] running `Command { std: "git" "clone" "/workspace/cache/git-repos/https%3A%2F%2Fgithub.com%2Fwainwrightmark%2Fintarot" "/workspace/builds/worker-3-tc2/source", kill_on_drop: false }`
[INFO] [stderr] Cloning into '/workspace/builds/worker-3-tc2/source'...
[INFO] [stderr] done.
[INFO] removed /workspace/builds/worker-3-tc2/source/.cargo/config.toml
[INFO] removed /workspace/builds/worker-3-tc2/source/rust-toolchain.toml
[INFO] started tweaking git repo https://github.com/wainwrightmark/intarot
[INFO] finished tweaking git repo https://github.com/wainwrightmark/intarot
[INFO] tweaked toml for git repo https://github.com/wainwrightmark/intarot written to /workspace/builds/worker-3-tc2/source/Cargo.toml
[INFO] validating manifest of git repo https://github.com/wainwrightmark/intarot on toolchain f4dd856795debe636f2ba39a900f162f5abeb7e8
[INFO] running `Command { std: CARGO_HOME="/workspace/cargo-home" RUSTUP_HOME="/workspace/rustup-home" "/workspace/cargo-home/bin/cargo" "+f4dd856795debe636f2ba39a900f162f5abeb7e8" "metadata" "--manifest-path" "Cargo.toml" "--no-deps", kill_on_drop: false }`
[INFO] crate git repo https://github.com/wainwrightmark/intarot already has a lockfile, it will not be regenerated
[INFO] running `Command { std: CARGO_HOME="/workspace/cargo-home" RUSTUP_HOME="/workspace/rustup-home" "/workspace/cargo-home/bin/cargo" "+f4dd856795debe636f2ba39a900f162f5abeb7e8" "fetch" "--manifest-path" "Cargo.toml", kill_on_drop: false }`
[INFO] [stderr] warning: Cargo.toml: unused manifest key: dependencies.serde_with.default-feature
[INFO] [stderr] warning: `intarot` (manifest) generated 1 warning
[INFO] [stderr]     Blocking waiting for file lock on package cache
[INFO] [stderr]     Updating crates.io index
[INFO] [stderr]     Blocking waiting for file lock on package cache
[INFO] [stderr]  Downloading crates ...
[INFO] [stderr]   Downloaded quote v1.0.27
[INFO] [stderr]   Downloaded yewdux v0.9.2
[INFO] [stderr]   Downloaded yewdux-macros v0.9.2
[INFO] [stderr]   Downloaded yew v0.20.0
[INFO] [stderr]   Downloaded implicit-clone v0.3.5
[INFO] [stderr]   Downloaded yew-router-macro v0.17.0
[INFO] [stderr]   Downloaded proc-macro2 v1.0.58
[INFO] [stderr]   Downloaded wasm-bindgen-macro v0.2.86
[INFO] [stderr]   Downloaded yew-router v0.17.0
[INFO] [stderr]   Downloaded wasm-bindgen-shared v0.2.86
[INFO] [stderr]   Downloaded gloo-history v0.1.3
[INFO] [stderr]   Downloaded wasm-bindgen-futures v0.4.36
[INFO] [stderr]   Downloaded gloo-utils v0.1.6
[INFO] [stderr]   Downloaded url-escape v0.1.1
[INFO] [stderr]   Downloaded wasm-bindgen-backend v0.2.86
[INFO] [stderr]   Downloaded time-macros v0.2.9
[INFO] [stderr]   Downloaded anymap v1.0.0-beta.2
[INFO] [stderr]   Downloaded serde_with_macros v3.0.0
[INFO] [stderr]   Downloaded iana-time-zone v0.1.56
[INFO] [stderr]   Downloaded ntest v0.9.0
[INFO] [stderr]   Downloaded ntest_timeout v0.9.0
[INFO] [stderr]   Downloaded ntest_test_cases v0.9.0
[INFO] [stderr]   Downloaded wasm-bindgen-macro-support v0.2.86
[INFO] [stderr]   Downloaded yew-hooks v0.2.0
[INFO] [stderr]   Downloaded importunate v0.1.1
[INFO] [stderr]   Downloaded capacitor_bindings v0.7.0
[INFO] [stderr]   Downloaded yew-macro v0.20.0
[INFO] [stderr]   Downloaded js-sys v0.3.63
[INFO] [stderr]   Downloaded base64 v0.21.1
[INFO] [stderr]   Downloaded toml_edit v0.19.9
[INFO] [stderr]   Downloaded time v0.3.21
[INFO] [stderr]   Downloaded serde_with v3.0.0
[INFO] [stderr]   Downloaded winnow v0.4.6
[INFO] [stderr]   Downloaded h2 v0.3.19
[INFO] [stderr]   Downloaded wasm-bindgen v0.2.86
[INFO] [stderr]   Downloaded chrono v0.4.24
[INFO] [stderr]   Downloaded syn v2.0.16
[INFO] [stderr]   Downloaded gloo v0.8.0
[INFO] [stderr]   Downloaded tokio v1.28.1
[INFO] [stderr]   Downloaded web-sys v0.3.63
[INFO] running `Command { std: "docker" "create" "-v" "/var/lib/crater-agent-workspace/builds/worker-3-tc2/source:/opt/rustwide/workdir:ro,Z" "-v" "/var/lib/crater-agent-workspace/builds/worker-3-tc2/target:/opt/rustwide/target:rw,Z" "-v" "/var/lib/crater-agent-workspace/cargo-home:/opt/rustwide/cargo-home:ro,Z" "-v" "/var/lib/crater-agent-workspace/rustup-home:/opt/rustwide/rustup-home:ro,Z" "-m" "1610612736" "--network" "none" "ghcr.io/rust-lang/crates-build-env/linux@sha256:3111399a4047eeb3a02b7a90e478d715f38a8c6669b5c4b49d30a17385265909" "sleep" "infinity", kill_on_drop: false }`
[INFO] [stdout] bddffa2439bc53e3d3f781c6c7a2e5dddac48538aaff3e1258785e510dd5506d
[INFO] running `Command { std: "docker" "start" "bddffa2439bc53e3d3f781c6c7a2e5dddac48538aaff3e1258785e510dd5506d", kill_on_drop: false }`
[INFO] running `Command { std: "docker" "inspect" "bddffa2439bc53e3d3f781c6c7a2e5dddac48538aaff3e1258785e510dd5506d", kill_on_drop: false }`
[INFO] running `Command { std: "docker" "exec" "-e" "SOURCE_DIR=/opt/rustwide/workdir" "-e" "CARGO_HOME=/opt/rustwide/cargo-home" "-e" "RUSTUP_HOME=/opt/rustwide/rustup-home" "-e" "CARGO_TARGET_DIR=/opt/rustwide/target" "-w" "/opt/rustwide/workdir" "--user" "0:0" "bddffa2439bc53e3d3f781c6c7a2e5dddac48538aaff3e1258785e510dd5506d" "/opt/rustwide/cargo-home/bin/cargo" "+f4dd856795debe636f2ba39a900f162f5abeb7e8" "metadata" "--no-deps" "--format-version=1", kill_on_drop: false }`
[INFO] running `Command { std: "docker" "inspect" "bddffa2439bc53e3d3f781c6c7a2e5dddac48538aaff3e1258785e510dd5506d", kill_on_drop: false }`
[INFO] running `Command { std: "docker" "exec" "-e" "SOURCE_DIR=/opt/rustwide/workdir" "-e" "CARGO_HOME=/opt/rustwide/cargo-home" "-e" "RUSTUP_HOME=/opt/rustwide/rustup-home" "-e" "CARGO_TARGET_DIR=/opt/rustwide/target" "-e" "CARGO_INCREMENTAL=0" "-e" "RUST_BACKTRACE=full" "-e" "RUSTFLAGS=--cap-lints=forbid" "-e" "RUSTDOCFLAGS=--cap-lints=forbid" "-w" "/opt/rustwide/workdir" "--user" "0:0" "bddffa2439bc53e3d3f781c6c7a2e5dddac48538aaff3e1258785e510dd5506d" "/opt/rustwide/cargo-home/bin/cargo" "+f4dd856795debe636f2ba39a900f162f5abeb7e8" "check" "--frozen" "--all" "--all-targets" "--message-format=json", kill_on_drop: false }`
[INFO] [stderr] warning: Cargo.toml: unused manifest key: dependencies.serde_with.default-feature
[INFO] [stderr] warning: `intarot` (manifest) generated 1 warning
[INFO] [stderr]    Compiling proc-macro2 v1.0.58
[INFO] [stderr]    Compiling quote v1.0.27
[INFO] [stderr]    Compiling serde v1.0.163
[INFO] [stderr]    Compiling once_cell v1.17.1
[INFO] [stderr]    Compiling wasm-bindgen-shared v0.2.86
[INFO] [stderr]    Compiling bumpalo v3.13.0
[INFO] [stderr]    Compiling wasm-bindgen v0.2.86
[INFO] [stderr]    Compiling syn v1.0.109
[INFO] [stderr]    Compiling libc v0.2.144
[INFO] [stderr]     Checking itoa v1.0.6
[INFO] [stderr]    Compiling log v0.4.17
[INFO] [stderr]    Compiling serde_json v1.0.96
[INFO] [stderr]     Checking ryu v1.0.13
[INFO] [stderr]    Compiling tokio v1.28.1
[INFO] [stderr]    Compiling rustversion v1.0.12
[INFO] [stderr]     Checking tracing-core v0.1.31
[INFO] [stderr]    Compiling prettyplease v0.1.25
[INFO] [stderr]     Checking anymap2 v0.13.0
[INFO] [stderr]     Checking http v0.2.9
[INFO] [stderr]     Checking implicit-clone v0.3.5
[INFO] [stderr]     Checking unicode-normalization v0.1.22
[INFO] [stderr]    Compiling num-integer v0.1.45
[INFO] [stderr]    Compiling toml_datetime v0.6.2
[INFO] [stderr]    Compiling winnow v0.4.6
[INFO] [stderr]     Checking unicode-bidi v0.3.13
[INFO] [stderr]    Compiling async-trait v0.1.68
[INFO] [stderr]    Compiling anyhow v1.0.71
[INFO] [stderr]    Compiling wee_alloc v0.4.5
[INFO] [stderr]     Checking want v0.3.0
[INFO] [stdout] error[E0635]: unknown feature `proc_macro_span_shrink`
[INFO] [stdout]   --> /opt/rustwide/cargo-home/registry/src/index.crates.io-1949cf8c6b5b557f/proc-macro2-1.0.58/src/lib.rs:92:30
[INFO] [stdout]    |
[INFO] [stdout] 92 |     feature(proc_macro_span, proc_macro_span_shrink)
[INFO] [stdout]    |                              ^^^^^^^^^^^^^^^^^^^^^^
[INFO] [stdout]    |
[INFO] [stdout] help: there is a feature with a similar name: `proc_macro_span_file`
[INFO] [stdout]    |
[INFO] [stdout] 92 -     feature(proc_macro_span, proc_macro_span_shrink)
[INFO] [stdout] 92 +     feature(proc_macro_span, proc_macro_span_file)
[INFO] [stdout]    |
[INFO] [stdout] 
[INFO] [stdout] 
[INFO] [stderr]     Checking encoding_rs v0.8.32
[INFO] [stderr]     Checking either v1.8.1
[INFO] [stderr]     Checking ipnet v2.7.2
[INFO] [stderr]     Checking memory_units v0.4.0
[INFO] [stderr]     Checking base64 v0.21.1
[INFO] [stderr]     Checking anymap v1.0.0-beta.2
[INFO] [stderr]     Checking route-recognizer v0.3.1
[INFO] [stdout] For more information about this error, try `rustc --explain E0635`.
[INFO] [stdout] 
[INFO] [stderr]     Checking idna v0.3.0
[INFO] [stderr] error: could not compile `proc-macro2` (lib) due to 1 previous error
[INFO] [stderr] warning: build failed, waiting for other jobs to finish...
[INFO] [stdout] error[E0804]: cannot add auto trait `Send` to dyn bound via pointer cast
[INFO] [stdout]    --> /opt/rustwide/cargo-home/registry/src/index.crates.io-1949cf8c6b5b557f/anymap-1.0.0-beta.2/src/any.rs:37:40
[INFO] [stdout]     |
[INFO] [stdout]  37 |                 unsafe { Box::from_raw(raw as *mut $t) }
[INFO] [stdout]     |                                        ^^^^^^^^^^^^^^ unsupported cast
[INFO] [stdout] ...
[INFO] [stdout] 144 | impl_clone!(dyn CloneAny + Send);
[INFO] [stdout]     | -------------------------------- in this macro invocation
[INFO] [stdout]     |
[INFO] [stdout]     = note: this could allow UB elsewhere
[INFO] [stdout]     = help: use `transmute` if you're sure this is sound
[INFO] [stdout]     = note: this error originates in the macro `impl_clone` (in Nightly builds, run with -Z macro-backtrace for more info)
[INFO] [stdout] 
[INFO] [stdout] 
[INFO] [stdout] error[E0804]: cannot add auto traits `Send` and `Sync` to dyn bound via pointer cast
[INFO] [stdout]    --> /opt/rustwide/cargo-home/registry/src/index.crates.io-1949cf8c6b5b557f/anymap-1.0.0-beta.2/src/any.rs:37:40
[INFO] [stdout]     |
[INFO] [stdout]  37 |                 unsafe { Box::from_raw(raw as *mut $t) }
[INFO] [stdout]     |                                        ^^^^^^^^^^^^^^ unsupported cast
[INFO] [stdout] ...
[INFO] [stdout] 145 | impl_clone!(dyn CloneAny + Send + Sync);
[INFO] [stdout]     | --------------------------------------- in this macro invocation
[INFO] [stdout]     |
[INFO] [stdout]     = note: this could allow UB elsewhere
[INFO] [stdout]     = help: use `transmute` if you're sure this is sound
[INFO] [stdout]     = note: this error originates in the macro `impl_clone` (in Nightly builds, run with -Z macro-backtrace for more info)
[INFO] [stdout] 
[INFO] [stdout] 
[INFO] [stdout] For more information about this error, try `rustc --explain E0804`.
[INFO] [stdout] 
[INFO] [stderr] error: could not compile `anymap` (lib) due to 2 previous errors
[INFO] running `Command { std: "docker" "inspect" "bddffa2439bc53e3d3f781c6c7a2e5dddac48538aaff3e1258785e510dd5506d", kill_on_drop: false }`
[INFO] running `Command { std: "docker" "rm" "-f" "bddffa2439bc53e3d3f781c6c7a2e5dddac48538aaff3e1258785e510dd5506d", kill_on_drop: false }`
[INFO] [stdout] bddffa2439bc53e3d3f781c6c7a2e5dddac48538aaff3e1258785e510dd5506d
