[INFO] cloning repository https://github.com/tux3/cloudflare_intra_dyndns
[INFO] running `Command { std: "git" "-c" "credential.helper=" "-c" "credential.helper=/workspace/cargo-home/bin/git-credential-null" "clone" "--bare" "https://github.com/tux3/cloudflare_intra_dyndns" "/workspace/cache/git-repos/https%3A%2F%2Fgithub.com%2Ftux3%2Fcloudflare_intra_dyndns", kill_on_drop: false }`
[INFO] [stderr] Cloning into bare repository '/workspace/cache/git-repos/https%3A%2F%2Fgithub.com%2Ftux3%2Fcloudflare_intra_dyndns'...
[INFO] running `Command { std: "git" "rev-parse" "HEAD", kill_on_drop: false }`
[INFO] [stdout] d9e7f3accec7feca310376c4906fac098aadc619
[INFO] checking tux3/cloudflare_intra_dyndns against f4dd856795debe636f2ba39a900f162f5abeb7e8 for pr-160904
[INFO] running `Command { std: "git" "clone" "/workspace/cache/git-repos/https%3A%2F%2Fgithub.com%2Ftux3%2Fcloudflare_intra_dyndns" "/workspace/builds/worker-5-tc2/source", kill_on_drop: false }`
[INFO] [stderr] Cloning into '/workspace/builds/worker-5-tc2/source'...
[INFO] [stderr] done.
[INFO] started tweaking git repo https://github.com/tux3/cloudflare_intra_dyndns
[INFO] finished tweaking git repo https://github.com/tux3/cloudflare_intra_dyndns
[INFO] tweaked toml for git repo https://github.com/tux3/cloudflare_intra_dyndns written to /workspace/builds/worker-5-tc2/source/Cargo.toml
[INFO] validating manifest of git repo https://github.com/tux3/cloudflare_intra_dyndns on toolchain f4dd856795debe636f2ba39a900f162f5abeb7e8
[INFO] running `Command { std: CARGO_HOME="/workspace/cargo-home" RUSTUP_HOME="/workspace/rustup-home" "/workspace/cargo-home/bin/cargo" "+f4dd856795debe636f2ba39a900f162f5abeb7e8" "metadata" "--manifest-path" "Cargo.toml" "--no-deps", kill_on_drop: false }`
[INFO] crate git repo https://github.com/tux3/cloudflare_intra_dyndns already has a lockfile, it will not be regenerated
[INFO] running `Command { std: CARGO_HOME="/workspace/cargo-home" RUSTUP_HOME="/workspace/rustup-home" "/workspace/cargo-home/bin/cargo" "+f4dd856795debe636f2ba39a900f162f5abeb7e8" "fetch" "--manifest-path" "Cargo.toml", kill_on_drop: false }`
[INFO] [stderr]     Blocking waiting for file lock on package cache
[INFO] [stderr]     Blocking waiting for file lock on package cache
[ERROR] error running command: no output for 300 seconds
[INFO] checking tux3/cloudflare_intra_dyndns against f4dd856795debe636f2ba39a900f162f5abeb7e8 for pr-160904
[INFO] running `Command { std: "git" "clone" "/workspace/cache/git-repos/https%3A%2F%2Fgithub.com%2Ftux3%2Fcloudflare_intra_dyndns" "/workspace/builds/worker-5-tc2/source", kill_on_drop: false }`
[INFO] [stderr] Cloning into '/workspace/builds/worker-5-tc2/source'...
[INFO] [stderr] done.
[INFO] started tweaking git repo https://github.com/tux3/cloudflare_intra_dyndns
[INFO] finished tweaking git repo https://github.com/tux3/cloudflare_intra_dyndns
[INFO] tweaked toml for git repo https://github.com/tux3/cloudflare_intra_dyndns written to /workspace/builds/worker-5-tc2/source/Cargo.toml
[INFO] validating manifest of git repo https://github.com/tux3/cloudflare_intra_dyndns on toolchain f4dd856795debe636f2ba39a900f162f5abeb7e8
[INFO] running `Command { std: CARGO_HOME="/workspace/cargo-home" RUSTUP_HOME="/workspace/rustup-home" "/workspace/cargo-home/bin/cargo" "+f4dd856795debe636f2ba39a900f162f5abeb7e8" "metadata" "--manifest-path" "Cargo.toml" "--no-deps", kill_on_drop: false }`
[INFO] crate git repo https://github.com/tux3/cloudflare_intra_dyndns already has a lockfile, it will not be regenerated
[INFO] running `Command { std: CARGO_HOME="/workspace/cargo-home" RUSTUP_HOME="/workspace/rustup-home" "/workspace/cargo-home/bin/cargo" "+f4dd856795debe636f2ba39a900f162f5abeb7e8" "fetch" "--manifest-path" "Cargo.toml", kill_on_drop: false }`
[INFO] [stderr]     Blocking waiting for file lock on package cache
[INFO] [stderr]     Blocking waiting for file lock on package cache
[INFO] [stderr]  Downloading crates ...
[INFO] [stderr]   Downloaded once_cell v1.12.0
[INFO] [stderr]   Downloaded mio v0.8.3
[INFO] [stderr]   Downloaded webpki-roots v0.22.3
[INFO] [stderr]   Downloaded tracing-core v0.1.27
[INFO] [stderr]   Downloaded indexmap v1.8.2
[INFO] [stderr]   Downloaded hyper v0.14.19
[INFO] [stderr]   Downloaded async-compression v0.3.14
[INFO] [stderr]   Downloaded redis v0.21.5
[INFO] [stderr]   Downloaded clap_lex v0.2.0
[INFO] [stderr]   Downloaded os_str_bytes v6.1.0
[INFO] [stderr]   Downloaded clap v3.1.18
[INFO] [stderr]   Downloaded tokio v1.19.2
[INFO] running `Command { std: "docker" "create" "-v" "/var/lib/crater-agent-workspace/builds/worker-5-tc2/source:/opt/rustwide/workdir:ro,Z" "-v" "/var/lib/crater-agent-workspace/builds/worker-5-tc2/target:/opt/rustwide/target:rw,Z" "-v" "/var/lib/crater-agent-workspace/cargo-home:/opt/rustwide/cargo-home:ro,Z" "-v" "/var/lib/crater-agent-workspace/rustup-home:/opt/rustwide/rustup-home:ro,Z" "-m" "1610612736" "--network" "none" "ghcr.io/rust-lang/crates-build-env/linux@sha256:3111399a4047eeb3a02b7a90e478d715f38a8c6669b5c4b49d30a17385265909" "sleep" "infinity", kill_on_drop: false }`
[INFO] [stdout] 5d7ee070b2af6d7a1f5fdd82b3121c216e8e326f12207a55d4658c396d67feae
[INFO] running `Command { std: "docker" "start" "5d7ee070b2af6d7a1f5fdd82b3121c216e8e326f12207a55d4658c396d67feae", kill_on_drop: false }`
[INFO] running `Command { std: "docker" "inspect" "5d7ee070b2af6d7a1f5fdd82b3121c216e8e326f12207a55d4658c396d67feae", kill_on_drop: false }`
[INFO] running `Command { std: "docker" "exec" "-e" "SOURCE_DIR=/opt/rustwide/workdir" "-e" "CARGO_HOME=/opt/rustwide/cargo-home" "-e" "RUSTUP_HOME=/opt/rustwide/rustup-home" "-e" "CARGO_TARGET_DIR=/opt/rustwide/target" "-w" "/opt/rustwide/workdir" "--user" "0:0" "5d7ee070b2af6d7a1f5fdd82b3121c216e8e326f12207a55d4658c396d67feae" "/opt/rustwide/cargo-home/bin/cargo" "+f4dd856795debe636f2ba39a900f162f5abeb7e8" "metadata" "--no-deps" "--format-version=1", kill_on_drop: false }`
[INFO] running `Command { std: "docker" "inspect" "5d7ee070b2af6d7a1f5fdd82b3121c216e8e326f12207a55d4658c396d67feae", kill_on_drop: false }`
[INFO] running `Command { std: "docker" "exec" "-e" "SOURCE_DIR=/opt/rustwide/workdir" "-e" "CARGO_HOME=/opt/rustwide/cargo-home" "-e" "RUSTUP_HOME=/opt/rustwide/rustup-home" "-e" "CARGO_TARGET_DIR=/opt/rustwide/target" "-e" "CARGO_INCREMENTAL=0" "-e" "RUST_BACKTRACE=full" "-e" "RUSTFLAGS=--cap-lints=forbid" "-e" "RUSTDOCFLAGS=--cap-lints=forbid" "-w" "/opt/rustwide/workdir" "--user" "0:0" "5d7ee070b2af6d7a1f5fdd82b3121c216e8e326f12207a55d4658c396d67feae" "/opt/rustwide/cargo-home/bin/cargo" "+f4dd856795debe636f2ba39a900f162f5abeb7e8" "check" "--frozen" "--all" "--all-targets" "--message-format=json", kill_on_drop: false }`
[INFO] [stderr]    Compiling libc v0.2.126
[INFO] [stderr]    Compiling proc-macro2 v1.0.39
[INFO] [stderr]    Compiling unicode-ident v1.0.0
[INFO] [stderr]    Compiling syn v1.0.96
[INFO] [stderr]     Checking once_cell v1.12.0
[INFO] [stderr]    Compiling memchr v2.5.0
[INFO] [stderr]    Compiling ring v0.16.20
[INFO] [stderr]     Checking itoa v1.0.2
[INFO] [stderr]     Checking tracing-core v0.1.27
[INFO] [stderr]    Compiling indexmap v1.8.2
[INFO] [stderr]    Compiling futures-util v0.3.21
[INFO] [stderr]    Compiling serde_derive v1.0.137
[INFO] [stderr]    Compiling serde v1.0.137
[INFO] [stderr]     Checking http v0.2.8
[INFO] [stderr]     Checking tracing v0.1.35
[INFO] [stderr]     Checking tinyvec v1.6.0
[INFO] [stderr]    Compiling httparse v1.7.1
[INFO] [stderr]    Compiling quote v1.0.18
[INFO] [stderr]     Checking num_cpus v1.13.1
[INFO] [stderr]     Checking socket2 v0.4.4
[INFO] [stderr]     Checking mio v0.8.3
[INFO] [stderr]    Compiling crc32fast v1.3.2
[INFO] [stderr]    Compiling rustls v0.20.6
[INFO] [stderr]     Checking slab v0.4.6
[INFO] [stderr]     Checking unicode-bidi v0.3.8
[INFO] [stderr]     Checking want v0.3.0
[INFO] [stderr]     Checking miniz_oxide v0.5.3
[INFO] [stderr]     Checking unicode-normalization v0.1.19
[INFO] [stderr]     Checking http-body v0.4.5
[INFO] [stderr]    Compiling async-trait v0.1.56
[INFO] [stderr]     Checking ryu v1.0.10
[INFO] [stderr]    Compiling encoding_rs v0.8.31
[INFO] [stderr]    Compiling serde_json v1.0.81
[INFO] [stderr]     Checking flate2 v1.0.24
[INFO] [stderr]     Checking sha1_smol v1.0.0
[INFO] [stderr]     Checking os_str_bytes v6.1.0
[INFO] [stderr]    Compiling anyhow v1.0.57
[INFO] [stderr]     Checking rustls-pemfile v0.3.0
[INFO] [stderr]     Checking clap_lex v0.2.0
[INFO] [stderr]     Checking idna v0.2.3
[INFO] [stderr]     Checking sha1 v0.6.1
[INFO] [stderr]     Checking atty v0.2.14
[INFO] [stderr]     Checking dirs-sys-next v0.1.2
[INFO] [stderr]     Checking textwrap v0.15.0
[INFO] [stderr]     Checking termcolor v1.1.3
[INFO] [stderr]     Checking ipnet v2.5.0
[INFO] [stderr]     Checking itoa v0.4.8
[INFO] [stderr]     Checking dtoa v0.4.8
[INFO] [stderr]     Checking url v2.2.2
[INFO] [stderr]     Checking clap v3.1.18
[INFO] [stderr]     Checking directories-next v2.0.0
[INFO] [stderr]     Checking webpki v0.22.0
[INFO] [stderr]     Checking sct v0.7.0
[INFO] [stderr]     Checking webpki-roots v0.22.3
[INFO] [stderr]    Compiling tokio-macros v1.8.0
[INFO] [stderr]     Checking tokio v1.19.2
[INFO] [stderr]     Checking tokio-util v0.7.3
[INFO] [stderr]     Checking tokio-rustls v0.23.4
[INFO] [stderr]     Checking tokio-util v0.6.10
[INFO] [stderr]     Checking async-compression v0.3.14
[INFO] [stderr]     Checking h2 v0.3.13
[INFO] [stderr]     Checking combine v4.6.4
[INFO] [stderr]     Checking serde_urlencoded v0.7.1
[INFO] [stderr]     Checking toml v0.5.9
[INFO] [stderr]     Checking hyper v0.14.19
[INFO] [stderr]     Checking hyper-rustls v0.23.0
[INFO] [stderr]     Checking reqwest v0.11.10
[INFO] [stderr]     Checking redis v0.21.5
[INFO] [stdout] error[E0277]: the trait bound `!: FromRedisValue` is not satisfied
[INFO] [stdout]    --> /opt/rustwide/cargo-home/registry/src/index.crates.io-1949cf8c6b5b557f/redis-0.21.5/src/script.rs:177:21
[INFO] [stdout]     |
[INFO] [stdout] 177 |                     load_cmd.query_async(con).await?;
[INFO] [stdout]     |                     ^^^^^^^^^^^^^^^^^^^^^^^^^ the trait `FromRedisValue` is not implemented for `!`
[INFO] [stdout]     |
[INFO] [stdout]     = help: the following other types implement trait `FromRedisValue`:
[INFO] [stdout]               ()
[INFO] [stdout]               (T12,)
[INFO] [stdout]               (T11, T12)
[INFO] [stdout]               (T10, T11, T12)
[INFO] [stdout]               (T9, T10, T11, T12)
[INFO] [stdout]               (T8, T9, T10, T11, T12)
[INFO] [stdout]               (T7, T8, T9, T10, T11, T12)
[INFO] [stdout]               (T6, T7, T8, T9, T10, T11, T12)
[INFO] [stdout]             and 41 others
[INFO] [stdout]     = note: this error might have been caused by changes to Rust's type-inference algorithm (see issue #148922 <https://github.com/rust-lang/rust/issues/148922> for more information)
[INFO] [stdout]     = help: you might have intended to use the type `()` here instead
[INFO] [stdout] note: required by a bound in `Cmd::query_async`
[INFO] [stdout]    --> /opt/rustwide/cargo-home/registry/src/index.crates.io-1949cf8c6b5b557f/redis-0.21.5/src/cmd.rs:373:36
[INFO] [stdout]     |
[INFO] [stdout] 373 |     pub async fn query_async<C, T: FromRedisValue>(&self, con: &mut C) -> RedisResult<T>
[INFO] [stdout]     |                                    ^^^^^^^^^^^^^^ required by this bound in `Cmd::query_async`
[INFO] [stdout] 
[INFO] [stdout] 
[INFO] [stdout] error[E0277]: the trait bound `!: FromRedisValue` is not satisfied
[INFO] [stdout]    --> /opt/rustwide/cargo-home/registry/src/index.crates.io-1949cf8c6b5b557f/redis-0.21.5/src/script.rs:177:30
[INFO] [stdout]     |
[INFO] [stdout] 177 |                     load_cmd.query_async(con).await?;
[INFO] [stdout]     |                              ^^^^^^^^^^^ the trait `FromRedisValue` is not implemented for `!`
[INFO] [stdout]     |
[INFO] [stdout]     = help: the following other types implement trait `FromRedisValue`:
[INFO] [stdout]               ()
[INFO] [stdout]               (T12,)
[INFO] [stdout]               (T11, T12)
[INFO] [stdout]               (T10, T11, T12)
[INFO] [stdout]               (T9, T10, T11, T12)
[INFO] [stdout]               (T8, T9, T10, T11, T12)
[INFO] [stdout]               (T7, T8, T9, T10, T11, T12)
[INFO] [stdout]               (T6, T7, T8, T9, T10, T11, T12)
[INFO] [stdout]             and 41 others
[INFO] [stdout]     = note: this error might have been caused by changes to Rust's type-inference algorithm (see issue #148922 <https://github.com/rust-lang/rust/issues/148922> for more information)
[INFO] [stdout]     = help: you might have intended to use the type `()` here instead
[INFO] [stdout] note: required by a bound in `Cmd::query_async`
[INFO] [stdout]    --> /opt/rustwide/cargo-home/registry/src/index.crates.io-1949cf8c6b5b557f/redis-0.21.5/src/cmd.rs:373:36
[INFO] [stdout]     |
[INFO] [stdout] 373 |     pub async fn query_async<C, T: FromRedisValue>(&self, con: &mut C) -> RedisResult<T>
[INFO] [stdout]     |                                    ^^^^^^^^^^^^^^ required by this bound in `Cmd::query_async`
[INFO] [stdout] 
[INFO] [stdout] 
[INFO] [stdout] error[E0277]: the trait bound `!: FromRedisValue` is not satisfied
[INFO] [stdout]    --> /opt/rustwide/cargo-home/registry/src/index.crates.io-1949cf8c6b5b557f/redis-0.21.5/src/script.rs:177:47
[INFO] [stdout]     |
[INFO] [stdout] 177 |                     load_cmd.query_async(con).await?;
[INFO] [stdout]     |                                               ^^^^^ the trait `FromRedisValue` is not implemented for `!`
[INFO] [stdout]     |
[INFO] [stdout]     = help: the following other types implement trait `FromRedisValue`:
[INFO] [stdout]               ()
[INFO] [stdout]               (T12,)
[INFO] [stdout]               (T11, T12)
[INFO] [stdout]               (T10, T11, T12)
[INFO] [stdout]               (T9, T10, T11, T12)
[INFO] [stdout]               (T8, T9, T10, T11, T12)
[INFO] [stdout]               (T7, T8, T9, T10, T11, T12)
[INFO] [stdout]               (T6, T7, T8, T9, T10, T11, T12)
[INFO] [stdout]             and 41 others
[INFO] [stdout]     = note: this error might have been caused by changes to Rust's type-inference algorithm (see issue #148922 <https://github.com/rust-lang/rust/issues/148922> for more information)
[INFO] [stdout]     = help: you might have intended to use the type `()` here instead
[INFO] [stdout] note: required by a bound in `Cmd::query_async`
[INFO] [stdout]    --> /opt/rustwide/cargo-home/registry/src/index.crates.io-1949cf8c6b5b557f/redis-0.21.5/src/cmd.rs:373:36
[INFO] [stdout]     |
[INFO] [stdout] 373 |     pub async fn query_async<C, T: FromRedisValue>(&self, con: &mut C) -> RedisResult<T>
[INFO] [stdout]     |                                    ^^^^^^^^^^^^^^ required by this bound in `Cmd::query_async`
[INFO] [stdout] 
[INFO] [stdout] 
[INFO] [stdout] error[E0277]: the trait bound `!: FromRedisValue` is not satisfied
[INFO] [stdout]    --> /opt/rustwide/cargo-home/registry/src/index.crates.io-1949cf8c6b5b557f/redis-0.21.5/src/script.rs:143:30
[INFO] [stdout]     |
[INFO] [stdout] 143 | ...                   .query(con)?;
[INFO] [stdout]     |                        ^^^^^ the trait `FromRedisValue` is not implemented for `!`
[INFO] [stdout]     |
[INFO] [stdout]     = help: the following other types implement trait `FromRedisValue`:
[INFO] [stdout]               ()
[INFO] [stdout]               (T12,)
[INFO] [stdout]               (T11, T12)
[INFO] [stdout]               (T10, T11, T12)
[INFO] [stdout]               (T9, T10, T11, T12)
[INFO] [stdout]               (T8, T9, T10, T11, T12)
[INFO] [stdout]               (T7, T8, T9, T10, T11, T12)
[INFO] [stdout]               (T6, T7, T8, T9, T10, T11, T12)
[INFO] [stdout]             and 41 others
[INFO] [stdout]     = note: this error might have been caused by changes to Rust's type-inference algorithm (see issue #148922 <https://github.com/rust-lang/rust/issues/148922> for more information)
[INFO] [stdout]     = help: you might have intended to use the type `()` here instead
[INFO] [stdout] note: required by a bound in `Cmd::query`
[INFO] [stdout]    --> /opt/rustwide/cargo-home/registry/src/index.crates.io-1949cf8c6b5b557f/redis-0.21.5/src/cmd.rs:363:21
[INFO] [stdout]     |
[INFO] [stdout] 363 |     pub fn query<T: FromRedisValue>(&self, con: &mut dyn ConnectionLike) -> RedisResult<T> {
[INFO] [stdout]     |                     ^^^^^^^^^^^^^^ required by this bound in `Cmd::query`
[INFO] [stdout] 
[INFO] [stdout] 
[INFO] [stdout] For more information about this error, try `rustc --explain E0277`.
[INFO] [stdout] 
[INFO] [stderr] error: could not compile `redis` (lib) due to 4 previous errors; 1 warning emitted
[INFO] running `Command { std: "docker" "inspect" "5d7ee070b2af6d7a1f5fdd82b3121c216e8e326f12207a55d4658c396d67feae", kill_on_drop: false }`
[INFO] running `Command { std: "docker" "rm" "-f" "5d7ee070b2af6d7a1f5fdd82b3121c216e8e326f12207a55d4658c396d67feae", kill_on_drop: false }`
[INFO] [stdout] 5d7ee070b2af6d7a1f5fdd82b3121c216e8e326f12207a55d4658c396d67feae
