[INFO] cloning repository https://github.com/tbraun96/quantumrandom
[INFO] running `Command { std: "git" "-c" "credential.helper=" "-c" "credential.helper=/workspace/cargo-home/bin/git-credential-null" "clone" "--bare" "https://github.com/tbraun96/quantumrandom" "/workspace/cache/git-repos/https%3A%2F%2Fgithub.com%2Ftbraun96%2Fquantumrandom", kill_on_drop: false }`
[INFO] [stderr] Cloning into bare repository '/workspace/cache/git-repos/https%3A%2F%2Fgithub.com%2Ftbraun96%2Fquantumrandom'...
[INFO] running `Command { std: "git" "rev-parse" "HEAD", kill_on_drop: false }`
[INFO] [stdout] c1513df57e76f93bba00f4fb583d1c30e84a05dc
[INFO] checking tbraun96/quantumrandom against f4dd856795debe636f2ba39a900f162f5abeb7e8 for pr-160904
[INFO] running `Command { std: "git" "clone" "/workspace/cache/git-repos/https%3A%2F%2Fgithub.com%2Ftbraun96%2Fquantumrandom" "/workspace/builds/worker-5-tc2/source", kill_on_drop: false }`
[INFO] [stderr] Cloning into '/workspace/builds/worker-5-tc2/source'...
[INFO] [stderr] done.
[INFO] started tweaking git repo https://github.com/tbraun96/quantumrandom
[INFO] finished tweaking git repo https://github.com/tbraun96/quantumrandom
[INFO] tweaked toml for git repo https://github.com/tbraun96/quantumrandom written to /workspace/builds/worker-5-tc2/source/Cargo.toml
[INFO] validating manifest of git repo https://github.com/tbraun96/quantumrandom on toolchain f4dd856795debe636f2ba39a900f162f5abeb7e8
[INFO] running `Command { std: CARGO_HOME="/workspace/cargo-home" RUSTUP_HOME="/workspace/rustup-home" "/workspace/cargo-home/bin/cargo" "+f4dd856795debe636f2ba39a900f162f5abeb7e8" "metadata" "--manifest-path" "Cargo.toml" "--no-deps", kill_on_drop: false }`
[INFO] crate git repo https://github.com/tbraun96/quantumrandom already has a lockfile, it will not be regenerated
[INFO] running `Command { std: CARGO_HOME="/workspace/cargo-home" RUSTUP_HOME="/workspace/rustup-home" "/workspace/cargo-home/bin/cargo" "+f4dd856795debe636f2ba39a900f162f5abeb7e8" "fetch" "--manifest-path" "Cargo.toml", kill_on_drop: false }`
[INFO] [stderr] warning: Cargo.toml: only one of `license` or `license-file` is necessary
[INFO] [stderr] `license` should be used if the package license can be expressed with a standard SPDX expression.
[INFO] [stderr] `license-file` should be used if the package uses a non-standard license.
[INFO] [stderr] See https://doc.rust-lang.org/cargo/reference/manifest.html#the-license-and-license-file-fields for more information.
[INFO] [stderr] warning: `QuantumRandom` (manifest) generated 1 warning
[INFO] [stderr]     Blocking waiting for file lock on package cache
[INFO] [stderr]     Updating crates.io index
[INFO] [stderr]     Blocking waiting for file lock on package cache
[ERROR] error running command: no output for 300 seconds
[INFO] checking tbraun96/quantumrandom against f4dd856795debe636f2ba39a900f162f5abeb7e8 for pr-160904
[INFO] running `Command { std: "git" "clone" "/workspace/cache/git-repos/https%3A%2F%2Fgithub.com%2Ftbraun96%2Fquantumrandom" "/workspace/builds/worker-5-tc2/source", kill_on_drop: false }`
[INFO] [stderr] Cloning into '/workspace/builds/worker-5-tc2/source'...
[INFO] [stderr] done.
[INFO] started tweaking git repo https://github.com/tbraun96/quantumrandom
[INFO] finished tweaking git repo https://github.com/tbraun96/quantumrandom
[INFO] tweaked toml for git repo https://github.com/tbraun96/quantumrandom written to /workspace/builds/worker-5-tc2/source/Cargo.toml
[INFO] validating manifest of git repo https://github.com/tbraun96/quantumrandom on toolchain f4dd856795debe636f2ba39a900f162f5abeb7e8
[INFO] running `Command { std: CARGO_HOME="/workspace/cargo-home" RUSTUP_HOME="/workspace/rustup-home" "/workspace/cargo-home/bin/cargo" "+f4dd856795debe636f2ba39a900f162f5abeb7e8" "metadata" "--manifest-path" "Cargo.toml" "--no-deps", kill_on_drop: false }`
[INFO] crate git repo https://github.com/tbraun96/quantumrandom already has a lockfile, it will not be regenerated
[INFO] running `Command { std: CARGO_HOME="/workspace/cargo-home" RUSTUP_HOME="/workspace/rustup-home" "/workspace/cargo-home/bin/cargo" "+f4dd856795debe636f2ba39a900f162f5abeb7e8" "fetch" "--manifest-path" "Cargo.toml", kill_on_drop: false }`
[INFO] [stderr] warning: Cargo.toml: only one of `license` or `license-file` is necessary
[INFO] [stderr] `license` should be used if the package license can be expressed with a standard SPDX expression.
[INFO] [stderr] `license-file` should be used if the package uses a non-standard license.
[INFO] [stderr] See https://doc.rust-lang.org/cargo/reference/manifest.html#the-license-and-license-file-fields for more information.
[INFO] [stderr] warning: `QuantumRandom` (manifest) generated 1 warning
[INFO] [stderr]     Blocking waiting for file lock on package cache
[INFO] [stderr]     Blocking waiting for file lock on package cache
[INFO] [stderr]     Blocking waiting for file lock on package cache
[INFO] [stderr]  Downloading crates ...
[INFO] [stderr]   Downloaded crossbeam-deque v0.6.3
[INFO] [stderr]   Downloaded tokio-threadpool v0.1.11
[INFO] [stderr]   Downloaded tokio-executor v0.1.6
[INFO] [stderr]   Downloaded tokio-timer v0.2.10
[INFO] [stderr]   Downloaded reqwest v0.9.10
[INFO] [stderr]   Downloaded vcpkg v0.2.6
[INFO] [stderr]   Downloaded itoa v0.4.3
[INFO] [stderr]   Downloaded phf_generator v0.7.24
[INFO] [stderr]   Downloaded hyper-tls v0.3.1
[INFO] [stderr]   Downloaded security-framework-sys v0.2.3
[INFO] [stderr]   Downloaded core-foundation v0.5.1
[INFO] [stderr]   Downloaded remove_dir_all v0.5.1
[INFO] [stderr]   Downloaded lazycell v1.2.1
[INFO] [stderr]   Downloaded dtoa v0.4.3
[INFO] [stderr]   Downloaded MacTypes-sys v2.1.0
[INFO] [stderr]   Downloaded mime_guess v2.0.0-alpha.6
[INFO] [stderr]   Downloaded mime v0.3.13
[INFO] [stderr]   Downloaded serde_urlencoded v0.5.4
[INFO] [stderr]   Downloaded iovec v0.1.2
[INFO] [stderr]   Downloaded unicase v1.4.2
[INFO] [stderr]   Downloaded want v0.0.6
[INFO] [stderr]   Downloaded atoi v0.3.1
[INFO] [stderr]   Downloaded string v0.1.3
[INFO] [stderr]   Downloaded futures-cpupool v0.1.8
[INFO] [stderr]   Downloaded crossbeam v0.6.0
[INFO] [stderr]   Downloaded phf_codegen v0.7.24
[INFO] [stderr]   Downloaded tokio-tcp v0.1.3
[INFO] [stderr]   Downloaded tokio-current-thread v0.1.4
[INFO] [stderr]   Downloaded native-tls v0.2.2
[INFO] [stderr]   Downloaded tempfile v3.0.7
[INFO] [stderr]   Downloaded tokio-io v0.1.11
[INFO] [stderr]   Downloaded unicase v2.2.0
[INFO] [stderr]   Downloaded schannel v0.1.14
[INFO] [stderr]   Downloaded tokio-reactor v0.1.8
[INFO] [stderr]   Downloaded openssl-sys v0.9.41
[INFO] [stderr]   Downloaded bytes v0.4.11
[INFO] [stderr]   Downloaded ryu v0.2.7
[INFO] [stderr]   Downloaded crc32fast v1.1.2
[INFO] [stderr]   Downloaded httparse v1.3.3
[INFO] [stderr]   Downloaded indexmap v1.0.2
[INFO] [stderr]   Downloaded libflate v0.1.20
[INFO] [stderr]   Downloaded security-framework v0.2.2
[INFO] [stderr]   Downloaded tokio v0.1.15
[INFO] [stderr]   Downloaded serde_json v1.0.38
[INFO] [stderr]   Downloaded http v0.1.16
[INFO] [stderr]   Downloaded hyper v0.12.24
[INFO] [stderr]   Downloaded mio v0.6.16
[INFO] [stderr]   Downloaded h2 v0.1.16
[INFO] [stderr]   Downloaded openssl v0.10.18
[INFO] [stderr]   Downloaded encoding_rs v0.8.16
[INFO] running `Command { std: "docker" "create" "-v" "/var/lib/crater-agent-workspace/builds/worker-5-tc2/source:/opt/rustwide/workdir:ro,Z" "-v" "/var/lib/crater-agent-workspace/builds/worker-5-tc2/target:/opt/rustwide/target:rw,Z" "-v" "/var/lib/crater-agent-workspace/cargo-home:/opt/rustwide/cargo-home:ro,Z" "-v" "/var/lib/crater-agent-workspace/rustup-home:/opt/rustwide/rustup-home:ro,Z" "-m" "1610612736" "--network" "none" "ghcr.io/rust-lang/crates-build-env/linux@sha256:3111399a4047eeb3a02b7a90e478d715f38a8c6669b5c4b49d30a17385265909" "sleep" "infinity", kill_on_drop: false }`
[INFO] [stdout] 8ab9e3634e057d3db7a6c01aeed830e7c67584471a8bbb33384c3a6d2b47e93b
[INFO] running `Command { std: "docker" "start" "8ab9e3634e057d3db7a6c01aeed830e7c67584471a8bbb33384c3a6d2b47e93b", kill_on_drop: false }`
[INFO] running `Command { std: "docker" "inspect" "8ab9e3634e057d3db7a6c01aeed830e7c67584471a8bbb33384c3a6d2b47e93b", kill_on_drop: false }`
[INFO] running `Command { std: "docker" "exec" "-e" "SOURCE_DIR=/opt/rustwide/workdir" "-e" "CARGO_HOME=/opt/rustwide/cargo-home" "-e" "RUSTUP_HOME=/opt/rustwide/rustup-home" "-e" "CARGO_TARGET_DIR=/opt/rustwide/target" "-w" "/opt/rustwide/workdir" "--user" "0:0" "8ab9e3634e057d3db7a6c01aeed830e7c67584471a8bbb33384c3a6d2b47e93b" "/opt/rustwide/cargo-home/bin/cargo" "+f4dd856795debe636f2ba39a900f162f5abeb7e8" "metadata" "--no-deps" "--format-version=1", kill_on_drop: false }`
[INFO] running `Command { std: "docker" "inspect" "8ab9e3634e057d3db7a6c01aeed830e7c67584471a8bbb33384c3a6d2b47e93b", kill_on_drop: false }`
[INFO] running `Command { std: "docker" "exec" "-e" "SOURCE_DIR=/opt/rustwide/workdir" "-e" "CARGO_HOME=/opt/rustwide/cargo-home" "-e" "RUSTUP_HOME=/opt/rustwide/rustup-home" "-e" "CARGO_TARGET_DIR=/opt/rustwide/target" "-e" "CARGO_INCREMENTAL=0" "-e" "RUST_BACKTRACE=full" "-e" "RUSTFLAGS=--cap-lints=forbid" "-e" "RUSTDOCFLAGS=--cap-lints=forbid" "-w" "/opt/rustwide/workdir" "--user" "0:0" "8ab9e3634e057d3db7a6c01aeed830e7c67584471a8bbb33384c3a6d2b47e93b" "/opt/rustwide/cargo-home/bin/cargo" "+f4dd856795debe636f2ba39a900f162f5abeb7e8" "check" "--frozen" "--all" "--all-targets" "--message-format=json", kill_on_drop: false }`
[INFO] [stderr] warning: Cargo.toml: only one of `license` or `license-file` is necessary
[INFO] [stderr] `license` should be used if the package license can be expressed with a standard SPDX expression.
[INFO] [stderr] `license-file` should be used if the package uses a non-standard license.
[INFO] [stderr] See https://doc.rust-lang.org/cargo/reference/manifest.html#the-license-and-license-file-fields for more information.
[INFO] [stderr] warning: `QuantumRandom` (manifest) generated 1 warning
[INFO] [stderr]     Checking smallvec v0.6.9
[INFO] [stderr]    Compiling rand_core v0.4.0
[INFO] [stderr]     Checking slab v0.4.2
[INFO] [stderr]    Compiling arrayvec v0.4.10
[INFO] [stderr]     Checking rand_core v0.3.1
[INFO] [stderr]    Compiling unicase v1.4.2
[INFO] [stderr]     Checking log v0.4.6
[INFO] [stderr]     Checking iovec v0.1.2
[INFO] [stderr]     Checking tokio-executor v0.1.6
[INFO] [stderr]     Checking net2 v0.2.33
[INFO] [stderr]    Compiling openssl-sys v0.9.41
[INFO] [stderr]     Checking lazycell v1.2.1
[INFO] [stderr]    Compiling siphasher v0.2.3
[INFO] [stderr]     Checking itoa v0.4.3
[INFO] [stderr]    Compiling unicase v2.2.0
[INFO] [stderr]    Compiling httparse v1.3.3
[INFO] [stderr]     Checking rand_chacha v0.1.1
[INFO] [stderr]     Checking rand_xorshift v0.1.1
[INFO] [stderr]     Checking rand_isaac v0.1.1
[INFO] [stderr]     Checking rand_hc v0.1.0
[INFO] [stderr]     Checking bytes v0.4.11
[INFO] [stderr]    Compiling serde v1.0.88
[INFO] [stderr]     Checking matches v0.1.8
[INFO] [stderr]    Compiling openssl v0.10.18
[INFO] [stderr]     Checking tokio-timer v0.2.10
[INFO] [stderr]     Checking unicode-bidi v0.3.4
[INFO] [stderr]     Checking tokio-current-thread v0.1.4
[INFO] [stderr]    Compiling phf_shared v0.7.24
[INFO] [stderr]     Checking crossbeam-channel v0.3.8
[INFO] [stderr]     Checking rand v0.6.5
[INFO] [stderr]     Checking unicode-normalization v0.1.8
[INFO] [stderr]    Compiling ryu v0.2.7
[INFO] [stderr]     Checking try-lock v0.2.2
[INFO] [stderr]     Checking mio v0.6.16
[INFO] [stderr]    Compiling rand_os v0.1.2
[INFO] [stderr]    Compiling rand_jitter v0.1.3
[INFO] [stderr]    Compiling rand_pcg v0.1.2
[INFO] [stderr]     Checking tokio-io v0.1.11
[INFO] [stderr]     Checking http v0.1.16
[INFO] [stderr]    Compiling native-tls v0.2.2
[INFO] [stderr]     Checking indexmap v1.0.2
[INFO] [stderr]     Checking string v0.1.3
[INFO] [stderr] warning: openssl-sys@0.9.41: /opt/rustwide/target/debug/build/openssl-sys/13dcd729c5104cc1/out/expando.c:4:24: error: pasting "RUST_VERSION_OPENSSL_" and "(" does not give a valid preprocessing token
[INFO] [stderr] warning: openssl-sys@0.9.41:     4 | #define VERSION2(n, v) RUST_VERSION_ ## n ## _ ## v
[INFO] [stderr] warning: openssl-sys@0.9.41:       |                        ^~~~~~~~~~~~~
[INFO] [stderr] warning: openssl-sys@0.9.41: /opt/rustwide/target/debug/build/openssl-sys/13dcd729c5104cc1/out/expando.c:5:23: note: in expansion of macro 'VERSION2'
[INFO] [stderr] warning: openssl-sys@0.9.41:     5 | #define VERSION(n, v) VERSION2(n, v)
[INFO] [stderr] warning: openssl-sys@0.9.41:       |                       ^~~~~~~~
[INFO] [stderr] warning: openssl-sys@0.9.41: /opt/rustwide/target/debug/build/openssl-sys/13dcd729c5104cc1/out/expando.c:7:1: note: in expansion of macro 'VERSION'
[INFO] [stderr] warning: openssl-sys@0.9.41:     7 | VERSION(OPENSSL, OPENSSL_VERSION_NUMBER)
[INFO] [stderr] warning: openssl-sys@0.9.41:       | ^~~~~~~
[INFO] [stderr] error: failed to run custom build command for `openssl-sys v0.9.41`
[INFO] [stderr] note: To improve backtraces for build dependencies, set the CARGO_PROFILE_DEV_BUILD_OVERRIDE_DEBUG=true environment variable to enable debug information generation.
[INFO] [stderr] 
[INFO] [stderr] Caused by:
[INFO] [stderr]   process didn't exit successfully: `/opt/rustwide/target/debug/build/openssl-sys/47d58d569e692c25/out/build_script_main` (exit status: 101)
[INFO] [stderr]   --- stdout
[INFO] [stderr]   cargo:rerun-if-env-changed=X86_64_UNKNOWN_LINUX_GNU_OPENSSL_LIB_DIR
[INFO] [stderr]   cargo:rerun-if-env-changed=OPENSSL_LIB_DIR
[INFO] [stderr]   cargo:rerun-if-env-changed=X86_64_UNKNOWN_LINUX_GNU_OPENSSL_INCLUDE_DIR
[INFO] [stderr]   cargo:rerun-if-env-changed=OPENSSL_INCLUDE_DIR
[INFO] [stderr]   cargo:rerun-if-env-changed=X86_64_UNKNOWN_LINUX_GNU_OPENSSL_DIR
[INFO] [stderr]   cargo:rerun-if-env-changed=OPENSSL_DIR
[INFO] [stderr]   cargo:rustc-link-lib=ssl
[INFO] [stderr]   cargo:rustc-link-lib=crypto
[INFO] [stderr]   OPT_LEVEL = Some("0")
[INFO] [stderr]   TARGET = Some("x86_64-unknown-linux-gnu")
[INFO] [stderr]   HOST = Some("x86_64-unknown-linux-gnu")
[INFO] [stderr]   CC_x86_64-unknown-linux-gnu = None
[INFO] [stderr]   CC_x86_64_unknown_linux_gnu = None
[INFO] [stderr]   HOST_CC = None
[INFO] [stderr]   CC = None
[INFO] [stderr]   CFLAGS_x86_64-unknown-linux-gnu = None
[INFO] [stderr]   CFLAGS_x86_64_unknown_linux_gnu = None
[INFO] [stderr]   HOST_CFLAGS = None
[INFO] [stderr]   CFLAGS = None
[INFO] [stderr]   DEBUG = Some("true")
[INFO] [stderr]   running: "cc" "-O0" "-ffunction-sections" "-fdata-sections" "-fPIC" "-g" "-fno-omit-frame-pointer" "-m64" "-Wall" "-Wextra" "-E" "/opt/rustwide/target/debug/build/openssl-sys/13dcd729c5104cc1/out/expando.c"
[INFO] [stderr]   cargo:warning=/opt/rustwide/target/debug/build/openssl-sys/13dcd729c5104cc1/out/expando.c:4:24: error: pasting "RUST_VERSION_OPENSSL_" and "(" does not give a valid preprocessing token
[INFO] [stderr]   cargo:warning=    4 | #define VERSION2(n, v) RUST_VERSION_ ## n ## _ ## v
[INFO] [stderr]   cargo:warning=      |                        ^~~~~~~~~~~~~
[INFO] [stderr]   cargo:warning=/opt/rustwide/target/debug/build/openssl-sys/13dcd729c5104cc1/out/expando.c:5:23: note: in expansion of macro 'VERSION2'
[INFO] [stderr]   cargo:warning=    5 | #define VERSION(n, v) VERSION2(n, v)
[INFO] [stderr]   cargo:warning=      |                       ^~~~~~~~
[INFO] [stderr]   cargo:warning=/opt/rustwide/target/debug/build/openssl-sys/13dcd729c5104cc1/out/expando.c:7:1: note: in expansion of macro 'VERSION'
[INFO] [stderr]   cargo:warning=    7 | VERSION(OPENSSL, OPENSSL_VERSION_NUMBER)
[INFO] [stderr]   cargo:warning=      | ^~~~~~~
[INFO] [stderr]   exit status: 1
[INFO] [stderr] 
[INFO] [stderr]   --- stderr
[INFO] [stderr] 
[INFO] [stderr]   thread 'main' (489) panicked at /opt/rustwide/cargo-home/registry/src/index.crates.io-1949cf8c6b5b557f/openssl-sys-0.9.41/build/main.rs:434:13:
[INFO] [stderr] 
[INFO] [stderr]   Header expansion error:
[INFO] [stderr]   Error { kind: ToolExecError, message: "Command \"cc\" \"-O0\" \"-ffunction-sections\" \"-fdata-sections\" \"-fPIC\" \"-g\" \"-fno-omit-frame-pointer\" \"-m64\" \"-Wall\" \"-Wextra\" \"-E\" \"/opt/rustwide/target/debug/build/openssl-sys/13dcd729c5104cc1/out/expando.c\" with args \"cc\" did not execute successfully (status code exit status: 1)." }
[INFO] [stderr] 
[INFO] [stderr]   Failed to find OpenSSL development headers.
[INFO] [stderr] 
[INFO] [stderr]   You can try fixing this setting the `OPENSSL_DIR` environment variable
[INFO] [stderr]   pointing to your OpenSSL installation or installing OpenSSL headers package
[INFO] [stderr]   specific to your distribution:
[INFO] [stderr] 
[INFO] [stderr]       # On Ubuntu
[INFO] [stderr]       sudo apt-get install libssl-dev
[INFO] [stderr]       # On Arch Linux
[INFO] [stderr]       sudo pacman -S openssl
[INFO] [stderr]       # On Fedora
[INFO] [stderr]       sudo dnf install openssl-devel
[INFO] [stderr] 
[INFO] [stderr]   See rust-openssl README for more information:
[INFO] [stderr] 
[INFO] [stderr]       https://github.com/sfackler/rust-openssl#linux
[INFO] [stderr] 
[INFO] [stderr]   stack backtrace:
[INFO] [stderr]      0:     0x56fe42daee51 - std[18c5f2a687b463a0]::backtrace_rs::backtrace::libunwind::trace
[INFO] [stderr]                                  at /rustc/f4dd856795debe636f2ba39a900f162f5abeb7e8/library/std/src/../../backtrace/src/backtrace/libunwind.rs:117:9
[INFO] [stderr]      1:     0x56fe42daee51 - std[18c5f2a687b463a0]::backtrace_rs::backtrace::trace_unsynchronized::<std[18c5f2a687b463a0]::sys::backtrace::_print_fmt::{closure#1}>
[INFO] [stderr]                                  at /rustc/f4dd856795debe636f2ba39a900f162f5abeb7e8/library/std/src/../../backtrace/src/backtrace/mod.rs:66:14
[INFO] [stderr]      2:     0x56fe42daee51 - std[18c5f2a687b463a0]::sys::backtrace::_print_fmt
[INFO] [stderr]                                  at /rustc/f4dd856795debe636f2ba39a900f162f5abeb7e8/library/std/src/sys/backtrace.rs:74:9
[INFO] [stderr]      3:     0x56fe42daee51 - <<std[18c5f2a687b463a0]::sys::backtrace::BacktraceLock>::print::DisplayBacktrace as core[ee3e5f980a4e04aa]::fmt::Display>::fmt
[INFO] [stderr]                                  at /rustc/f4dd856795debe636f2ba39a900f162f5abeb7e8/library/std/src/sys/backtrace.rs:44:26
[INFO] [stderr]      4:     0x56fe42dc321a - <core[ee3e5f980a4e04aa]::fmt::rt::Argument>::fmt
[INFO] [stderr]                                  at /rustc/f4dd856795debe636f2ba39a900f162f5abeb7e8/library/core/src/fmt/rt.rs:152:76
[INFO] [stderr]      5:     0x56fe42dc321a - core[ee3e5f980a4e04aa]::fmt::write
[INFO] [stderr]      6:     0x56fe42db495c - core[ee3e5f980a4e04aa]::io::write::default_write_fmt::<std[18c5f2a687b463a0]::sys::stdio::unix::Stderr>
[INFO] [stderr]                                  at /rustc/f4dd856795debe636f2ba39a900f162f5abeb7e8/library/core/src/io/write.rs:402:11
[INFO] [stderr]      7:     0x56fe42db495c - <std[18c5f2a687b463a0]::sys::stdio::unix::Stderr as core[ee3e5f980a4e04aa]::io::write::Write>::write_fmt
[INFO] [stderr]                                  at /rustc/f4dd856795debe636f2ba39a900f162f5abeb7e8/library/core/src/io/write.rs:335:13
[INFO] [stderr]      8:     0x56fe42d8e2a6 - <std[18c5f2a687b463a0]::sys::backtrace::BacktraceLock>::print
[INFO] [stderr]                                  at /rustc/f4dd856795debe636f2ba39a900f162f5abeb7e8/library/std/src/sys/backtrace.rs:47:9
[INFO] [stderr]      9:     0x56fe42d8e2a6 - std[18c5f2a687b463a0]::panicking::default_hook::{closure#0}
[INFO] [stderr]                                  at /rustc/f4dd856795debe636f2ba39a900f162f5abeb7e8/library/std/src/panicking.rs:289:27
[INFO] [stderr]     10:     0x56fe42da9981 - std[18c5f2a687b463a0]::panicking::default_hook
[INFO] [stderr]                                  at /rustc/f4dd856795debe636f2ba39a900f162f5abeb7e8/library/std/src/panicking.rs:316:9
[INFO] [stderr]     11:     0x56fe42da9b3b - std[18c5f2a687b463a0]::panicking::panic_with_hook
[INFO] [stderr]                                  at /rustc/f4dd856795debe636f2ba39a900f162f5abeb7e8/library/std/src/panicking.rs:811:13
[INFO] [stderr]     12:     0x56fe42d8e352 - std[18c5f2a687b463a0]::panicking::panic_handler::{closure#0}
[INFO] [stderr]                                  at /rustc/f4dd856795debe636f2ba39a900f162f5abeb7e8/library/std/src/panicking.rs:685:13
[INFO] [stderr]     13:     0x56fe42d86979 - std[18c5f2a687b463a0]::sys::backtrace::__rust_end_short_backtrace::<std[18c5f2a687b463a0]::panicking::panic_handler::{closure#0}, !>
[INFO] [stderr]                                  at /rustc/f4dd856795debe636f2ba39a900f162f5abeb7e8/library/std/src/sys/backtrace.rs:182:18
[INFO] [stderr]     14:     0x56fe42d8ec2d - __rustc[62f6431ebd7834b7]::rust_begin_unwind
[INFO] [stderr]                                  at /rustc/f4dd856795debe636f2ba39a900f162f5abeb7e8/library/std/src/panicking.rs:676:5
[INFO] [stderr]     15:     0x56fe42dc39ec - core[ee3e5f980a4e04aa]::panicking::panic_fmt
[INFO] [stderr]                                  at /rustc/f4dd856795debe636f2ba39a900f162f5abeb7e8/library/core/src/panicking.rs:80:14
[INFO] [stderr]     16:     0x56fe42d341d4 - build_script_main[92415c8108d0c771]::validate_headers
[INFO] [stderr]     17:     0x56fe42d362d3 - build_script_main[92415c8108d0c771]::imp::try_pkg_config
[INFO] [stderr]     18:     0x56fe42d36698 - build_script_main[92415c8108d0c771]::imp::find_openssl_dir
[INFO] [stderr]     19:     0x56fe42d32337 - build_script_main[92415c8108d0c771]::imp::get_openssl::{closure#0}
[INFO] [stderr]     20:     0x56fe42d2c9d0 - <core[ee3e5f980a4e04aa]::option::Option<std[18c5f2a687b463a0]::ffi::os_str::OsString>>::unwrap_or_else::<build_script_main[92415c8108d0c771]::imp::get_openssl::{closure#0}>
[INFO] [stderr]     21:     0x56fe42d35bcf - build_script_main[92415c8108d0c771]::imp::get_openssl
[INFO] [stderr]     22:     0x56fe42d34974 - build_script_main[92415c8108d0c771]::main
[INFO] [stderr]     23:     0x56fe42d2c633 - <fn() as core[ee3e5f980a4e04aa]::ops::function::FnOnce<()>>::call_once
[INFO] [stderr]     24:     0x56fe42d2cf16 - std[18c5f2a687b463a0]::sys::backtrace::__rust_begin_short_backtrace::<fn(), ()>
[INFO] [stderr]     25:     0x56fe42d2d1e9 - std[18c5f2a687b463a0]::rt::lang_start::<()>::{closure#0}
[INFO] [stderr]     26:     0x56fe42da8d88 - <&dyn core[ee3e5f980a4e04aa]::ops::function::Fn<(), Output = i32> + core[ee3e5f980a4e04aa]::panic::unwind_safe::RefUnwindSafe + core[ee3e5f980a4e04aa]::marker::Sync as core[ee3e5f980a4e04aa]::ops::function::FnOnce<()>>::call_once
[INFO] [stderr]                                  at /rustc/f4dd856795debe636f2ba39a900f162f5abeb7e8/library/core/src/ops/function.rs:287:21
[INFO] [stderr]     27:     0x56fe42da8d88 - std[18c5f2a687b463a0]::panicking::catch_unwind::do_call::<&dyn core[ee3e5f980a4e04aa]::ops::function::Fn<(), Output = i32> + core[ee3e5f980a4e04aa]::panic::unwind_safe::RefUnwindSafe + core[ee3e5f980a4e04aa]::marker::Sync, i32>
[INFO] [stderr]                                  at /rustc/f4dd856795debe636f2ba39a900f162f5abeb7e8/library/std/src/panicking.rs:573:43
[INFO] [stderr]     28:     0x56fe42da8d88 - std[18c5f2a687b463a0]::panicking::catch_unwind::<i32, &dyn core[ee3e5f980a4e04aa]::ops::function::Fn<(), Output = i32> + core[ee3e5f980a4e04aa]::panic::unwind_safe::RefUnwindSafe + core[ee3e5f980a4e04aa]::marker::Sync>
[INFO] [stderr]                                  at /rustc/f4dd856795debe636f2ba39a900f162f5abeb7e8/library/std/src/panicking.rs:541:19
[INFO] [stderr]     29:     0x56fe42da8d88 - std[18c5f2a687b463a0]::panic::catch_unwind::<&dyn core[ee3e5f980a4e04aa]::ops::function::Fn<(), Output = i32> + core[ee3e5f980a4e04aa]::panic::unwind_safe::RefUnwindSafe + core[ee3e5f980a4e04aa]::marker::Sync, i32>
[INFO] [stderr]                                  at /rustc/f4dd856795debe636f2ba39a900f162f5abeb7e8/library/std/src/panic.rs:359:14
[INFO] [stderr]     30:     0x56fe42da8d88 - std[18c5f2a687b463a0]::rt::lang_start_internal::{closure#0}
[INFO] [stderr]                                  at /rustc/f4dd856795debe636f2ba39a900f162f5abeb7e8/library/std/src/rt.rs:175:24
[INFO] [stderr]     31:     0x56fe42da8d88 - std[18c5f2a687b463a0]::panicking::catch_unwind::do_call::<std[18c5f2a687b463a0]::rt::lang_start_internal::{closure#0}, isize>
[INFO] [stderr]                                  at /rustc/f4dd856795debe636f2ba39a900f162f5abeb7e8/library/std/src/panicking.rs:573:43
[INFO] [stderr]     32:     0x56fe42da8d88 - std[18c5f2a687b463a0]::panicking::catch_unwind::<isize, std[18c5f2a687b463a0]::rt::lang_start_internal::{closure#0}>
[INFO] [stderr]                                  at /rustc/f4dd856795debe636f2ba39a900f162f5abeb7e8/library/std/src/panicking.rs:541:19
[INFO] [stderr]     33:     0x56fe42da8d88 - std[18c5f2a687b463a0]::panic::catch_unwind::<std[18c5f2a687b463a0]::rt::lang_start_internal::{closure#0}, isize>
[INFO] [stderr]                                  at /rustc/f4dd856795debe636f2ba39a900f162f5abeb7e8/library/std/src/panic.rs:359:14
[INFO] [stderr]     34:     0x56fe42da8d88 - std[18c5f2a687b463a0]::rt::lang_start_internal
[INFO] [stderr]                                  at /rustc/f4dd856795debe636f2ba39a900f162f5abeb7e8/library/std/src/rt.rs:171:5
[INFO] [stderr]     35:     0x56fe42d2cd51 - std[18c5f2a687b463a0]::rt::lang_start::<()>
[INFO] [stderr]     36:     0x56fe42d377d5 - main
[INFO] [stderr]     37:     0x73010ff04601 - <unknown>
[INFO] [stderr]     38:     0x73010ff04718 - __libc_start_main
[INFO] [stderr]     39:     0x56fe42d28635 - _start
[INFO] [stderr]     40:                0x0 - <unknown>
[INFO] [stderr] warning: build failed, waiting for other jobs to finish...
[INFO] running `Command { std: "docker" "inspect" "8ab9e3634e057d3db7a6c01aeed830e7c67584471a8bbb33384c3a6d2b47e93b", kill_on_drop: false }`
[INFO] running `Command { std: "docker" "rm" "-f" "8ab9e3634e057d3db7a6c01aeed830e7c67584471a8bbb33384c3a6d2b47e93b", kill_on_drop: false }`
[INFO] [stdout] 8ab9e3634e057d3db7a6c01aeed830e7c67584471a8bbb33384c3a6d2b47e93b
