[INFO] cloning repository https://github.com/tagler/switchboard
[INFO] running `Command { std: "git" "-c" "credential.helper=" "-c" "credential.helper=/workspace/cargo-home/bin/git-credential-null" "clone" "--bare" "https://github.com/tagler/switchboard" "/workspace/cache/git-repos/https%3A%2F%2Fgithub.com%2Ftagler%2Fswitchboard", kill_on_drop: false }`
[INFO] [stderr] Cloning into bare repository '/workspace/cache/git-repos/https%3A%2F%2Fgithub.com%2Ftagler%2Fswitchboard'...
[INFO] running `Command { std: "git" "rev-parse" "HEAD", kill_on_drop: false }`
[INFO] [stdout] f5ba52a2383b2c9576b4ece2958e6787545bd123
[INFO] checking tagler/switchboard against f4dd856795debe636f2ba39a900f162f5abeb7e8 for pr-160904
[INFO] running `Command { std: "git" "clone" "/workspace/cache/git-repos/https%3A%2F%2Fgithub.com%2Ftagler%2Fswitchboard" "/workspace/builds/worker-2-tc2/source", kill_on_drop: false }`
[INFO] [stderr] Cloning into '/workspace/builds/worker-2-tc2/source'...
[INFO] [stderr] done.
[INFO] removed /workspace/builds/worker-2-tc2/source/rust-toolchain.toml
[INFO] started tweaking git repo https://github.com/tagler/switchboard
[INFO] finished tweaking git repo https://github.com/tagler/switchboard
[INFO] tweaked toml for git repo https://github.com/tagler/switchboard written to /workspace/builds/worker-2-tc2/source/Cargo.toml
[INFO] validating manifest of git repo https://github.com/tagler/switchboard on toolchain f4dd856795debe636f2ba39a900f162f5abeb7e8
[INFO] running `Command { std: CARGO_HOME="/workspace/cargo-home" RUSTUP_HOME="/workspace/rustup-home" "/workspace/cargo-home/bin/cargo" "+f4dd856795debe636f2ba39a900f162f5abeb7e8" "metadata" "--manifest-path" "Cargo.toml" "--no-deps", kill_on_drop: false }`
[INFO] crate git repo https://github.com/tagler/switchboard already has a lockfile, it will not be regenerated
[INFO] running `Command { std: CARGO_HOME="/workspace/cargo-home" RUSTUP_HOME="/workspace/rustup-home" "/workspace/cargo-home/bin/cargo" "+f4dd856795debe636f2ba39a900f162f5abeb7e8" "fetch" "--manifest-path" "Cargo.toml", kill_on_drop: false }`
[INFO] [stderr]     Blocking waiting for file lock on package cache
[INFO] [stderr]     Updating crates.io index
[INFO] [stderr]     Blocking waiting for file lock on package cache
[INFO] [stderr]  Downloading crates ...
[INFO] [stderr]   Downloaded embed-resource v2.5.2
[INFO] [stderr]   Downloaded insta v1.47.2
[INFO] [stderr]   Downloaded simplelog v0.12.2
[INFO] running `Command { std: "docker" "create" "-v" "/var/lib/crater-agent-workspace/builds/worker-2-tc2/source:/opt/rustwide/workdir:ro,Z" "-v" "/var/lib/crater-agent-workspace/builds/worker-2-tc2/target:/opt/rustwide/target:rw,Z" "-v" "/var/lib/crater-agent-workspace/cargo-home:/opt/rustwide/cargo-home:ro,Z" "-v" "/var/lib/crater-agent-workspace/rustup-home:/opt/rustwide/rustup-home:ro,Z" "-m" "1610612736" "--network" "none" "ghcr.io/rust-lang/crates-build-env/linux@sha256:3111399a4047eeb3a02b7a90e478d715f38a8c6669b5c4b49d30a17385265909" "sleep" "infinity", kill_on_drop: false }`
[INFO] [stdout] 3c8cb6d0c604011441869f36c0a844941defff2992b82d0f7e2a49f9b7841168
[INFO] running `Command { std: "docker" "start" "3c8cb6d0c604011441869f36c0a844941defff2992b82d0f7e2a49f9b7841168", kill_on_drop: false }`
[INFO] running `Command { std: "docker" "inspect" "3c8cb6d0c604011441869f36c0a844941defff2992b82d0f7e2a49f9b7841168", kill_on_drop: false }`
[INFO] running `Command { std: "docker" "exec" "-e" "SOURCE_DIR=/opt/rustwide/workdir" "-e" "CARGO_HOME=/opt/rustwide/cargo-home" "-e" "RUSTUP_HOME=/opt/rustwide/rustup-home" "-e" "CARGO_TARGET_DIR=/opt/rustwide/target" "-w" "/opt/rustwide/workdir" "--user" "0:0" "3c8cb6d0c604011441869f36c0a844941defff2992b82d0f7e2a49f9b7841168" "/opt/rustwide/cargo-home/bin/cargo" "+f4dd856795debe636f2ba39a900f162f5abeb7e8" "metadata" "--no-deps" "--format-version=1", kill_on_drop: false }`
[INFO] running `Command { std: "docker" "inspect" "3c8cb6d0c604011441869f36c0a844941defff2992b82d0f7e2a49f9b7841168", kill_on_drop: false }`
[INFO] running `Command { std: "docker" "exec" "-e" "SOURCE_DIR=/opt/rustwide/workdir" "-e" "CARGO_HOME=/opt/rustwide/cargo-home" "-e" "RUSTUP_HOME=/opt/rustwide/rustup-home" "-e" "CARGO_TARGET_DIR=/opt/rustwide/target" "-e" "CARGO_INCREMENTAL=0" "-e" "RUST_BACKTRACE=full" "-e" "RUSTFLAGS=--cap-lints=forbid" "-e" "RUSTDOCFLAGS=--cap-lints=forbid" "-w" "/opt/rustwide/workdir" "--user" "0:0" "3c8cb6d0c604011441869f36c0a844941defff2992b82d0f7e2a49f9b7841168" "/opt/rustwide/cargo-home/bin/cargo" "+f4dd856795debe636f2ba39a900f162f5abeb7e8" "check" "--frozen" "--all" "--all-targets" "--message-format=json", kill_on_drop: false }`
[INFO] [stderr]    Compiling serde v1.0.228
[INFO] [stderr]    Compiling hashbrown v0.17.0
[INFO] [stderr]    Compiling pkg-config v0.3.33
[INFO] [stderr]    Compiling target-lexicon v0.12.16
[INFO] [stderr]    Compiling smallvec v1.15.1
[INFO] [stderr]    Compiling version-compare v0.2.1
[INFO] [stderr]    Compiling libc v0.2.185
[INFO] [stderr]    Compiling syn v1.0.109
[INFO] [stderr]    Compiling proc-macro-error-attr v1.0.4
[INFO] [stderr]    Compiling proc-macro-error v1.0.4
[INFO] [stderr]     Checking futures-core v0.3.32
[INFO] [stderr]     Checking once_cell v1.21.4
[INFO] [stderr]     Checking bitflags v2.11.1
[INFO] [stderr]     Checking slab v0.4.12
[INFO] [stderr]     Checking futures-task v0.3.32
[INFO] [stderr]    Compiling futures-macro v0.3.32
[INFO] [stderr]    Compiling thiserror-impl v1.0.69
[INFO] [stderr]     Checking futures-channel v0.3.32
[INFO] [stderr]    Compiling semver v1.0.28
[INFO] [stderr]    Compiling gio v0.18.4
[INFO] [stderr]    Compiling windows_x86_64_gnu v0.52.6
[INFO] [stderr]    Compiling crossbeam-utils v0.8.21
[INFO] [stderr]    Compiling libxdo-sys v0.11.0
[INFO] [stderr]     Checking simd-adler32 v0.3.9
[INFO] [stderr]     Checking windows-targets v0.52.6
[INFO] [stderr]    Compiling serde_derive v1.0.228
[INFO] [stderr]    Compiling cc v1.2.60
[INFO] [stderr]     Checking windows-result v0.2.0
[INFO] [stderr]     Checking libloading v0.7.4
[INFO] [stderr]    Compiling rustc_version v0.4.1
[INFO] [stderr]     Checking miniz_oxide v0.8.9
[INFO] [stderr]    Compiling thiserror-impl v2.0.18
[INFO] [stderr]     Checking powerfmt v0.2.0
[INFO] [stderr]    Compiling num-conv v0.2.1
[INFO] [stderr]    Compiling cfg-expr v0.15.8
[INFO] [stderr]     Checking futures-util v0.3.32
[INFO] [stderr]    Compiling field-offset v0.3.6
[INFO] [stderr]    Compiling time-core v0.1.8
[INFO] [stderr]     Checking unicode-segmentation v1.13.2
[INFO] [stderr]    Compiling getrandom v0.4.2
[INFO] [stderr]    Compiling rustix v1.1.4
[INFO] [stderr]     Checking crossbeam-channel v0.5.15
[INFO] [stderr]    Compiling x11 v2.21.0
[INFO] [stderr]    Compiling indexmap v2.14.0
[INFO] [stderr]    Compiling toml_datetime v0.6.3
[INFO] [stderr]    Compiling serde_spanned v0.6.9
[INFO] [stderr]    Compiling gtk v0.18.2
[INFO] [stderr]     Checking flate2 v1.1.9
[INFO] [stderr]    Compiling time-macros v0.2.27
[INFO] [stderr]     Checking deranged v0.5.8
[INFO] [stderr]     Checking windows-strings v0.1.0
[INFO] [stderr]     Checking fdeflate v0.3.7
[INFO] [stderr]    Compiling windows-interface v0.58.0
[INFO] [stderr]    Compiling windows-implement v0.58.0
[INFO] [stderr]     Checking dpi v0.1.2
[INFO] [stderr]     Checking num_threads v0.1.7
[INFO] [stderr]     Checking linux-raw-sys v0.12.1
[INFO] [stderr]     Checking itoa v1.0.18
[INFO] [stderr]     Checking termcolor v1.4.1
[INFO] [stderr]     Checking fastrand v2.4.1
[INFO] [stderr]     Checking similar v2.7.0
[INFO] [stderr]     Checking png v0.17.16
[INFO] [stderr]     Checking dirs-sys v0.5.0
[INFO] [stderr]     Checking thiserror v1.0.69
[INFO] [stderr]     Checking dirs v6.0.0
[INFO] [stderr]     Checking console v0.16.3
[INFO] [stderr]    Compiling toml_edit v0.20.2
[INFO] [stderr]    Compiling toml_edit v0.19.15
[INFO] [stderr]     Checking windows-core v0.58.0
[INFO] [stderr]     Checking thiserror v2.0.18
[INFO] [stderr]     Checking windows v0.58.0
[INFO] [stderr]     Checking time v0.3.47
[INFO] [stderr]     Checking libxdo v0.6.0
[INFO] [stderr]     Checking futures-executor v0.3.32
[INFO] [stderr]     Checking tempfile v3.27.0
[INFO] [stderr]     Checking simplelog v0.12.2
[INFO] [stderr]     Checking insta v1.47.2
[INFO] [stderr]    Compiling proc-macro-crate v1.3.1
[INFO] [stderr]    Compiling toml v0.8.2
[INFO] [stderr]    Compiling proc-macro-crate v2.0.2
[INFO] [stderr]    Compiling gtk3-macros v0.18.2
[INFO] [stderr]     Checking keyboard-types v0.7.0
[INFO] [stderr]    Compiling glib-macros v0.18.5
[INFO] [stderr]    Compiling system-deps v6.2.2
[INFO] [stderr]    Compiling embed-resource v2.5.2
[INFO] [stderr]    Compiling switchboard v0.1.3 (/opt/rustwide/workdir)
[INFO] [stderr]    Compiling glib-sys v0.18.1
[INFO] [stderr]    Compiling gobject-sys v0.18.0
[INFO] [stderr]    Compiling gio-sys v0.18.1
[INFO] [stderr]    Compiling pango-sys v0.18.0
[INFO] [stderr]    Compiling cairo-sys-rs v0.18.2
[INFO] [stderr]    Compiling gdk-sys v0.18.2
[INFO] [stderr]    Compiling atk-sys v0.18.2
[INFO] [stderr]    Compiling gdk-pixbuf-sys v0.18.0
[INFO] [stderr]    Compiling gtk-sys v0.18.2
[INFO] [stderr]     Checking glib v0.18.5
[INFO] [stderr]     Checking libappindicator-sys v0.9.0
[INFO] [stderr]     Checking cairo-rs v0.18.5
[INFO] [stderr]     Checking atk v0.18.2
[INFO] [stderr]     Checking pango v0.18.3
[INFO] [stderr]     Checking gdk-pixbuf v0.18.5
[INFO] [stderr]     Checking gdk v0.18.2
[INFO] [stderr]     Checking libappindicator v0.9.0
[INFO] [stderr]     Checking muda v0.17.2
[INFO] [stderr]     Checking tray-icon v0.21.3
[INFO] [stdout] error[E0433]: cannot find `Win32` in `windows`
[INFO] [stdout]   --> src/autostart.rs:12:14
[INFO] [stdout]    |
[INFO] [stdout] 12 | use windows::Win32::Foundation::{ERROR_FILE_NOT_FOUND, ERROR_SUCCESS};
[INFO] [stdout]    |              ^^^^^ could not find `Win32` in `windows`
[INFO] [stdout] 
[INFO] [stdout] 
[INFO] [stdout] error[E0433]: cannot find `Win32` in `windows`
[INFO] [stdout]   --> src/autostart.rs:13:14
[INFO] [stdout]    |
[INFO] [stdout] 13 | use windows::Win32::System::Com::{
[INFO] [stdout]    |              ^^^^^ could not find `Win32` in `windows`
[INFO] [stdout] 
[INFO] [stdout] 
[INFO] [stdout] error[E0433]: cannot find `Win32` in `windows`
[INFO] [stdout]   --> src/autostart.rs:16:14
[INFO] [stdout]    |
[INFO] [stdout] 16 | use windows::Win32::System::Registry::{
[INFO] [stdout]    |              ^^^^^ could not find `Win32` in `windows`
[INFO] [stdout] 
[INFO] [stdout] 
[INFO] [stdout] error[E0433]: cannot find `Win32` in `windows`
[INFO] [stdout]   --> src/autostart.rs:19:14
[INFO] [stdout]    |
[INFO] [stdout] 19 | use windows::Win32::System::TaskScheduler::{
[INFO] [stdout]    |              ^^^^^ could not find `Win32` in `windows`
[INFO] [stdout] 
[INFO] [stdout] 
[INFO] [stdout] error[E0432]: unresolved import `windows::core`
[INFO] [stdout]   --> src/autostart.rs:11:14
[INFO] [stdout]    |
[INFO] [stdout] 11 | use windows::core::{BSTR, GUID, HRESULT, VARIANT};
[INFO] [stdout]    |              ^^^^ could not find `core` in `windows`
[INFO] [stdout] 
[INFO] [stdout] 
[INFO] [stdout] error[E0433]: cannot find `Win32` in `windows`
[INFO] [stdout]    --> src/autostart.rs:179:18
[INFO] [stdout]     |
[INFO] [stdout] 179 |     use windows::Win32::System::WindowsProgramming::GetUserNameW;
[INFO] [stdout]     |                  ^^^^^ could not find `Win32` in `windows`
[INFO] [stdout] 
[INFO] [stdout] 
[INFO] [stdout] error[E0432]: unresolved import `windows::core`
[INFO] [stdout]    --> src/autostart.rs:178:18
[INFO] [stdout]     |
[INFO] [stdout] 178 |     use windows::core::PWSTR;
[INFO] [stdout]     |                  ^^^^ could not find `core` in `windows`
[INFO] [stdout] 
[INFO] [stdout] 
[INFO] [stdout] error[E0432]: unresolved import `windows::core`
[INFO] [stdout]    --> src/autostart.rs:265:18
[INFO] [stdout]     |
[INFO] [stdout] 265 |     use windows::core::PCWSTR;
[INFO] [stdout]     |                  ^^^^ could not find `core` in `windows`
[INFO] [stdout] 
[INFO] [stdout] 
[INFO] [stdout] error[E0433]: cannot find `Devices` in `windows`
[INFO] [stdout]   --> src/ble.rs:38:14
[INFO] [stdout]    |
[INFO] [stdout] 38 | use windows::Devices::Bluetooth::{BluetoothConnectionStatus, BluetoothLEDevice};
[INFO] [stdout]    |              ^^^^^^^ could not find `Devices` in `windows`
[INFO] [stdout] 
[INFO] [stdout] 
[INFO] [stdout] error[E0433]: cannot find `Devices` in `windows`
[INFO] [stdout]   --> src/ble.rs:39:14
[INFO] [stdout]    |
[INFO] [stdout] 39 | use windows::Devices::Enumeration::DeviceInformation;
[INFO] [stdout]    |              ^^^^^^^ could not find `Devices` in `windows`
[INFO] [stdout] 
[INFO] [stdout] 
[INFO] [stdout] error[E0432]: unresolved import `windows::core`
[INFO] [stdout]   --> src/ble.rs:37:14
[INFO] [stdout]    |
[INFO] [stdout] 37 | use windows::core::*;
[INFO] [stdout]    |              ^^^^ could not find `core` in `windows`
[INFO] [stdout] 
[INFO] [stdout] 
[INFO] [stdout] error[E0433]: cannot find `Win32` in `windows`
[INFO] [stdout]   --> src/ble.rs:41:14
[INFO] [stdout]    |
[INFO] [stdout] 41 | use windows::Win32::Foundation::HWND;
[INFO] [stdout]    |              ^^^^^ could not find `Win32` in `windows`
[INFO] [stdout] 
[INFO] [stdout] 
[INFO] [stdout] error[E0433]: cannot find `Win32` in `windows`
[INFO] [stdout]   --> src/ble.rs:42:14
[INFO] [stdout]    |
[INFO] [stdout] 42 | use windows::Win32::System::Com::{CoInitializeEx, CoUninitialize, COINIT_APARTMENTTHREADED};
[INFO] [stdout]    |              ^^^^^ could not find `Win32` in `windows`
[INFO] [stdout] 
[INFO] [stdout] 
[INFO] [stdout] error[E0433]: cannot find `Win32` in `windows`
[INFO] [stdout]   --> src/ble.rs:43:14
[INFO] [stdout]    |
[INFO] [stdout] 43 | use windows::Win32::UI::WindowsAndMessaging::PostMessageW;
[INFO] [stdout]    |              ^^^^^ could not find `Win32` in `windows`
[INFO] [stdout] 
[INFO] [stdout] 
[INFO] [stdout] error[E0432]: unresolved import `windows::Foundation`
[INFO] [stdout]   --> src/ble.rs:40:14
[INFO] [stdout]    |
[INFO] [stdout] 40 | use windows::Foundation::TypedEventHandler;
[INFO] [stdout]    |              ^^^^^^^^^^ could not find `Foundation` in `windows`
[INFO] [stdout] 
[INFO] [stdout] 
[INFO] [stdout] error[E0433]: cannot find `Win32` in `windows`
[INFO] [stdout]   --> src/boot_task.rs:13:14
[INFO] [stdout]    |
[INFO] [stdout] 13 | use windows::Win32::System::Com::{
[INFO] [stdout]    |              ^^^^^ could not find `Win32` in `windows`
[INFO] [stdout] 
[INFO] [stdout] 
[INFO] [stdout] error[E0433]: cannot find `Win32` in `windows`
[INFO] [stdout]   --> src/boot_task.rs:16:14
[INFO] [stdout]    |
[INFO] [stdout] 16 | use windows::Win32::System::TaskScheduler::{
[INFO] [stdout]    |              ^^^^^ could not find `Win32` in `windows`
[INFO] [stdout] 
[INFO] [stdout] 
[INFO] [stdout] error[E0432]: unresolved import `windows::core`
[INFO] [stdout]   --> src/boot_task.rs:12:14
[INFO] [stdout]    |
[INFO] [stdout] 12 | use windows::core::{BSTR, GUID, HRESULT, VARIANT};
[INFO] [stdout]    |              ^^^^ could not find `core` in `windows`
[INFO] [stdout] 
[INFO] [stdout] 
[INFO] [stdout] error[E0433]: cannot find `Win32` in `windows`
[INFO] [stdout]   --> src/device.rs:28:14
[INFO] [stdout]    |
[INFO] [stdout] 28 | use windows::Win32::Devices::DeviceAndDriverInstallation::{
[INFO] [stdout]    |              ^^^^^ could not find `Win32` in `windows`
[INFO] [stdout] 
[INFO] [stdout] 
[INFO] [stdout] error[E0433]: cannot find `Win32` in `windows`
[INFO] [stdout]   --> src/device.rs:35:14
[INFO] [stdout]    |
[INFO] [stdout] 35 | use windows::Win32::Devices::Properties::{
[INFO] [stdout]    |              ^^^^^ could not find `Win32` in `windows`
[INFO] [stdout] 
[INFO] [stdout] 
[INFO] [stdout] error[E0433]: cannot find `Win32` in `windows`
[INFO] [stdout]   --> src/device.rs:38:14
[INFO] [stdout]    |
[INFO] [stdout] 38 | use windows::Win32::Foundation::{ERROR_INSUFFICIENT_BUFFER, ERROR_NO_MORE_ITEMS, ERROR_SUCCESS};
[INFO] [stdout]    |              ^^^^^ could not find `Win32` in `windows`
[INFO] [stdout] 
[INFO] [stdout] 
[INFO] [stdout] error[E0433]: cannot find `Win32` in `windows`
[INFO] [stdout]   --> src/device.rs:39:14
[INFO] [stdout]    |
[INFO] [stdout] 39 | use windows::Win32::System::Registry::{
[INFO] [stdout]    |              ^^^^^ could not find `Win32` in `windows`
[INFO] [stdout] 
[INFO] [stdout] 
[INFO] [stdout] error[E0433]: cannot find `Win32` in `windows`
[INFO] [stdout]    --> src/device.rs:288:18
[INFO] [stdout]     |
[INFO] [stdout] 288 |     use windows::Win32::Devices::DeviceAndDriverInstallation::SPDRP_HARDWAREID;
[INFO] [stdout]     |                  ^^^^^ could not find `Win32` in `windows`
[INFO] [stdout] 
[INFO] [stdout] 
[INFO] [stdout] error[E0432]: unresolved import `windows::core`
[INFO] [stdout]   --> src/device.rs:27:14
[INFO] [stdout]    |
[INFO] [stdout] 27 | use windows::core::PCWSTR;
[INFO] [stdout]    |              ^^^^ could not find `core` in `windows`
[INFO] [stdout] 
[INFO] [stdout] 
[INFO] [stdout] error[E0433]: cannot find `Win32` in `windows`
[INFO] [stdout]  --> src/theme.rs:9:14
[INFO] [stdout]   |
[INFO] [stdout] 9 | use windows::Win32::Foundation::ERROR_SUCCESS;
[INFO] [stdout]   |              ^^^^^ could not find `Win32` in `windows`
[INFO] [stdout] 
[INFO] [stdout] 
[INFO] [stdout] error[E0433]: cannot find `Win32` in `windows`
[INFO] [stdout]   --> src/theme.rs:10:14
[INFO] [stdout]    |
[INFO] [stdout] 10 | use windows::Win32::System::Registry::{
[INFO] [stdout]    |              ^^^^^ could not find `Win32` in `windows`
[INFO] [stdout] 
[INFO] [stdout] 
[INFO] [stdout] error[E0433]: cannot find `windows` in `os`
[INFO] [stdout]   --> src/main.rs:36:14
[INFO] [stdout]    |
[INFO] [stdout] 36 | use std::os::windows::ffi::OsStrExt;
[INFO] [stdout]    |              ^^^^^^^ could not find `windows` in `os`
[INFO] [stdout]    |
[INFO] [stdout] note: found an item that was configured out
[INFO] [stdout]   --> /rustc/f4dd856795debe636f2ba39a900f162f5abeb7e8/library/std/src/os/mod.rs:62:4
[INFO] [stdout]    |
[INFO] [stdout]    = note: the item is gated behind the `windows` feature
[INFO] [stdout] 
[INFO] [stdout] 
[INFO] [stdout] error[E0432]: unresolved import `windows::core`
[INFO] [stdout]  --> src/theme.rs:8:14
[INFO] [stdout]   |
[INFO] [stdout] 8 | use windows::core::*;
[INFO] [stdout]   |              ^^^^ could not find `core` in `windows`
[INFO] [stdout] 
[INFO] [stdout] 
[INFO] [stdout] error[E0433]: cannot find `Win32` in `windows`
[INFO] [stdout]   --> src/main.rs:47:14
[INFO] [stdout]    |
[INFO] [stdout] 47 | use windows::Win32::Foundation::*;
[INFO] [stdout]    |              ^^^^^ could not find `Win32` in `windows`
[INFO] [stdout] 
[INFO] [stdout] 
[INFO] [stdout] error[E0433]: cannot find `Win32` in `windows`
[INFO] [stdout]   --> src/main.rs:49:14
[INFO] [stdout]    |
[INFO] [stdout] 49 | use windows::Win32::System::Console::SetConsoleCtrlHandler;
[INFO] [stdout]    |              ^^^^^ could not find `Win32` in `windows`
[INFO] [stdout] 
[INFO] [stdout] 
[INFO] [stdout] error[E0433]: cannot find `Win32` in `windows`
[INFO] [stdout]   --> src/main.rs:50:14
[INFO] [stdout]    |
[INFO] [stdout] 50 | use windows::Win32::System::Power::*;
[INFO] [stdout]    |              ^^^^^ could not find `Win32` in `windows`
[INFO] [stdout] 
[INFO] [stdout] 
[INFO] [stdout] error[E0433]: cannot find `Win32` in `windows`
[INFO] [stdout]   --> src/main.rs:51:14
[INFO] [stdout]    |
[INFO] [stdout] 51 | use windows::Win32::System::RemoteDesktop::*;
[INFO] [stdout]    |              ^^^^^ could not find `Win32` in `windows`
[INFO] [stdout] 
[INFO] [stdout] 
[INFO] [stdout] error[E0433]: cannot find `Win32` in `windows`
[INFO] [stdout]   --> src/main.rs:52:14
[INFO] [stdout]    |
[INFO] [stdout] 52 | use windows::Win32::System::StationsAndDesktops::{
[INFO] [stdout]    |              ^^^^^ could not find `Win32` in `windows`
[INFO] [stdout] 
[INFO] [stdout] 
[INFO] [stdout] error[E0433]: cannot find `Win32` in `windows`
[INFO] [stdout]   --> src/main.rs:57:14
[INFO] [stdout]    |
[INFO] [stdout] 57 | use windows::Win32::UI::WindowsAndMessaging::*;
[INFO] [stdout]    |              ^^^^^ could not find `Win32` in `windows`
[INFO] [stdout] 
[INFO] [stdout] 
[INFO] [stdout] error[E0433]: cannot find `Win32` in `windows`
[INFO] [stdout]   --> src/main.rs:60:14
[INFO] [stdout]    |
[INFO] [stdout] 60 | use windows::Win32::System::LibraryLoader::GetModuleHandleW;
[INFO] [stdout]    |              ^^^^^ could not find `Win32` in `windows`
[INFO] [stdout] 
[INFO] [stdout] 
[INFO] [stdout] error[E0433]: cannot find `Win32` in `windows`
[INFO] [stdout]   --> src/main.rs:61:14
[INFO] [stdout]    |
[INFO] [stdout] 61 | use windows::Win32::System::Threading::CreateMutexW;
[INFO] [stdout]    |              ^^^^^ could not find `Win32` in `windows`
[INFO] [stdout] 
[INFO] [stdout] 
[INFO] [stdout] error[E0433]: cannot find `Win32` in `windows`
[INFO] [stdout]   --> src/main.rs:62:14
[INFO] [stdout]    |
[INFO] [stdout] 62 | use windows::Win32::UI::Input::KeyboardAndMouse::{
[INFO] [stdout]    |              ^^^^^ could not find `Win32` in `windows`
[INFO] [stdout] 
[INFO] [stdout] 
[INFO] [stdout] error[E0433]: cannot find `Win32` in `windows`
[INFO] [stdout]   --> src/main.rs:66:14
[INFO] [stdout]    |
[INFO] [stdout] 66 | use windows::Win32::UI::WindowsAndMessaging::{
[INFO] [stdout]    |              ^^^^^ could not find `Win32` in `windows`
[INFO] [stdout] 
[INFO] [stdout] 
[INFO] [stdout] error[E0433]: cannot find `Win32` in `windows`
[INFO] [stdout]    --> src/main.rs:322:18
[INFO] [stdout]     |
[INFO] [stdout] 322 |     use windows::Win32::Foundation::{CloseHandle, HANDLE};
[INFO] [stdout]     |                  ^^^^^ could not find `Win32` in `windows`
[INFO] [stdout] 
[INFO] [stdout] 
[INFO] [stdout] error[E0433]: cannot find `Win32` in `windows`
[INFO] [stdout]    --> src/main.rs:323:18
[INFO] [stdout]     |
[INFO] [stdout] 323 |     use windows::Win32::Security::{
[INFO] [stdout]     |                  ^^^^^ could not find `Win32` in `windows`
[INFO] [stdout] 
[INFO] [stdout] 
[INFO] [stdout] error[E0433]: cannot find `Win32` in `windows`
[INFO] [stdout]    --> src/main.rs:326:18
[INFO] [stdout]     |
[INFO] [stdout] 326 |     use windows::Win32::System::Threading::{GetCurrentProcess, OpenProcessToken};
[INFO] [stdout]     |                  ^^^^^ could not find `Win32` in `windows`
[INFO] [stdout] 
[INFO] [stdout] 
[INFO] [stdout] error[E0433]: cannot find `Win32` in `windows`
[INFO] [stdout]    --> src/main.rs:939:18
[INFO] [stdout]     |
[INFO] [stdout] 939 |     use windows::Win32::UI::WindowsAndMessaging::WNDCLASSW;
[INFO] [stdout]     |                  ^^^^^ could not find `Win32` in `windows`
[INFO] [stdout] 
[INFO] [stdout] 
[INFO] [stdout] error[E0433]: cannot find `Win32` in `windows`
[INFO] [stdout]     --> src/main.rs:2617:18
[INFO] [stdout]      |
[INFO] [stdout] 2617 |     use windows::Win32::Security::{
[INFO] [stdout]      |                  ^^^^^ could not find `Win32` in `windows`
[INFO] [stdout] 
[INFO] [stdout] 
[INFO] [stdout] error[E0433]: cannot find `Win32` in `windows`
[INFO] [stdout]     --> src/main.rs:2620:18
[INFO] [stdout]      |
[INFO] [stdout] 2620 |     use windows::Win32::System::Threading::{GetCurrentProcess, OpenProcessToken};
[INFO] [stdout]      |                  ^^^^^ could not find `Win32` in `windows`
[INFO] [stdout] 
[INFO] [stdout] 
[INFO] [stdout] error[E0433]: cannot find `Win32` in `windows`
[INFO] [stdout]     --> src/main.rs:2647:18
[INFO] [stdout]      |
[INFO] [stdout] 2647 |     use windows::Win32::System::Threading::{GetExitCodeProcess, WaitForSingleObject, INFINITE};
[INFO] [stdout]      |                  ^^^^^ could not find `Win32` in `windows`
[INFO] [stdout] 
[INFO] [stdout] 
[INFO] [stdout] error[E0433]: cannot find `Win32` in `windows`
[INFO] [stdout]     --> src/main.rs:2648:18
[INFO] [stdout]      |
[INFO] [stdout] 2648 |     use windows::Win32::UI::Shell::{ShellExecuteExW, SEE_MASK_NOCLOSEPROCESS, SHELLEXECUTEINFOW};
[INFO] [stdout]      |                  ^^^^^ could not find `Win32` in `windows`
[INFO] [stdout] 
[INFO] [stdout] 
[INFO] [stdout] error[E0433]: cannot find `Win32` in `windows`
[INFO] [stdout]     --> src/main.rs:2649:18
[INFO] [stdout]      |
[INFO] [stdout] 2649 |     use windows::Win32::UI::WindowsAndMessaging::SW_SHOWNORMAL;
[INFO] [stdout]      |                  ^^^^^ could not find `Win32` in `windows`
[INFO] [stdout] 
[INFO] [stdout] 
[INFO] [stdout] error[E0432]: unresolved import `windows::core`
[INFO] [stdout]   --> src/main.rs:46:14
[INFO] [stdout]    |
[INFO] [stdout] 46 | use windows::core::*;
[INFO] [stdout]    |              ^^^^ could not find `core` in `windows`
[INFO] [stdout] 
[INFO] [stdout] 
[INFO] [stdout] error[E0433]: cannot find `Win32` in `windows`
[INFO] [stdout]   --> src/autostart.rs:12:14
[INFO] [stdout]    |
[INFO] [stdout] 12 | use windows::Win32::Foundation::{ERROR_FILE_NOT_FOUND, ERROR_SUCCESS};
[INFO] [stdout]    |              ^^^^^ could not find `Win32` in `windows`
[INFO] [stdout] 
[INFO] [stdout] 
[INFO] [stdout] error[E0433]: cannot find `Win32` in `windows`
[INFO] [stdout]   --> src/autostart.rs:13:14
[INFO] [stdout]    |
[INFO] [stdout] 13 | use windows::Win32::System::Com::{
[INFO] [stdout]    |              ^^^^^ could not find `Win32` in `windows`
[INFO] [stdout] 
[INFO] [stdout] 
[INFO] [stdout] error[E0433]: cannot find `Win32` in `windows`
[INFO] [stdout]   --> src/autostart.rs:16:14
[INFO] [stdout]    |
[INFO] [stdout] 16 | use windows::Win32::System::Registry::{
[INFO] [stdout]    |              ^^^^^ could not find `Win32` in `windows`
[INFO] [stdout] 
[INFO] [stdout] 
[INFO] [stdout] error[E0433]: cannot find `Win32` in `windows`
[INFO] [stdout]   --> src/autostart.rs:19:14
[INFO] [stdout]    |
[INFO] [stdout] 19 | use windows::Win32::System::TaskScheduler::{
[INFO] [stdout]    |              ^^^^^ could not find `Win32` in `windows`
[INFO] [stdout] 
[INFO] [stdout] 
[INFO] [stdout] error[E0432]: unresolved import `windows::core`
[INFO] [stdout]   --> src/autostart.rs:11:14
[INFO] [stdout]    |
[INFO] [stdout] 11 | use windows::core::{BSTR, GUID, HRESULT, VARIANT};
[INFO] [stdout]    |              ^^^^ could not find `core` in `windows`
[INFO] [stdout] 
[INFO] [stdout] 
[INFO] [stdout] error[E0433]: cannot find `Win32` in `windows`
[INFO] [stdout]    --> src/autostart.rs:179:18
[INFO] [stdout]     |
[INFO] [stdout] 179 |     use windows::Win32::System::WindowsProgramming::GetUserNameW;
[INFO] [stdout]     |                  ^^^^^ could not find `Win32` in `windows`
[INFO] [stdout] 
[INFO] [stdout] 
[INFO] [stdout] error[E0432]: unresolved import `windows::core`
[INFO] [stdout]    --> src/autostart.rs:178:18
[INFO] [stdout]     |
[INFO] [stdout] 178 |     use windows::core::PWSTR;
[INFO] [stdout]     |                  ^^^^ could not find `core` in `windows`
[INFO] [stdout] 
[INFO] [stdout] 
[INFO] [stdout] error[E0432]: unresolved import `windows::core`
[INFO] [stdout]    --> src/autostart.rs:265:18
[INFO] [stdout]     |
[INFO] [stdout] 265 |     use windows::core::PCWSTR;
[INFO] [stdout]     |                  ^^^^ could not find `core` in `windows`
[INFO] [stdout] 
[INFO] [stdout] 
[INFO] [stdout] error[E0433]: cannot find `Devices` in `windows`
[INFO] [stdout]   --> src/ble.rs:38:14
[INFO] [stdout]    |
[INFO] [stdout] 38 | use windows::Devices::Bluetooth::{BluetoothConnectionStatus, BluetoothLEDevice};
[INFO] [stdout]    |              ^^^^^^^ could not find `Devices` in `windows`
[INFO] [stdout] 
[INFO] [stdout] 
[INFO] [stdout] error[E0433]: cannot find `Devices` in `windows`
[INFO] [stdout]   --> src/ble.rs:39:14
[INFO] [stdout]    |
[INFO] [stdout] 39 | use windows::Devices::Enumeration::DeviceInformation;
[INFO] [stdout]    |              ^^^^^^^ could not find `Devices` in `windows`
[INFO] [stdout] 
[INFO] [stdout] 
[INFO] [stdout] error[E0432]: unresolved import `windows::core`
[INFO] [stdout]   --> src/ble.rs:37:14
[INFO] [stdout]    |
[INFO] [stdout] 37 | use windows::core::*;
[INFO] [stdout]    |              ^^^^ could not find `core` in `windows`
[INFO] [stdout] 
[INFO] [stdout] 
[INFO] [stdout] error[E0433]: cannot find `Win32` in `windows`
[INFO] [stdout]   --> src/ble.rs:41:14
[INFO] [stdout]    |
[INFO] [stdout] 41 | use windows::Win32::Foundation::HWND;
[INFO] [stdout]    |              ^^^^^ could not find `Win32` in `windows`
[INFO] [stdout] 
[INFO] [stdout] 
[INFO] [stdout] error[E0433]: cannot find `Win32` in `windows`
[INFO] [stdout]   --> src/ble.rs:42:14
[INFO] [stdout]    |
[INFO] [stdout] 42 | use windows::Win32::System::Com::{CoInitializeEx, CoUninitialize, COINIT_APARTMENTTHREADED};
[INFO] [stdout]    |              ^^^^^ could not find `Win32` in `windows`
[INFO] [stdout] 
[INFO] [stdout] 
[INFO] [stdout] error[E0433]: cannot find `Win32` in `windows`
[INFO] [stdout]   --> src/ble.rs:43:14
[INFO] [stdout]    |
[INFO] [stdout] 43 | use windows::Win32::UI::WindowsAndMessaging::PostMessageW;
[INFO] [stdout]    |              ^^^^^ could not find `Win32` in `windows`
[INFO] [stdout] 
[INFO] [stdout] 
[INFO] [stdout] error[E0432]: unresolved import `windows::Foundation`
[INFO] [stdout]   --> src/ble.rs:40:14
[INFO] [stdout]    |
[INFO] [stdout] 40 | use windows::Foundation::TypedEventHandler;
[INFO] [stdout]    |              ^^^^^^^^^^ could not find `Foundation` in `windows`
[INFO] [stdout] 
[INFO] [stdout] 
[INFO] [stdout] error[E0433]: cannot find `Win32` in `windows`
[INFO] [stdout]   --> src/boot_task.rs:13:14
[INFO] [stdout]    |
[INFO] [stdout] 13 | use windows::Win32::System::Com::{
[INFO] [stdout]    |              ^^^^^ could not find `Win32` in `windows`
[INFO] [stdout] 
[INFO] [stdout] 
[INFO] [stdout] error[E0433]: cannot find `Win32` in `windows`
[INFO] [stdout]   --> src/boot_task.rs:16:14
[INFO] [stdout]    |
[INFO] [stdout] 16 | use windows::Win32::System::TaskScheduler::{
[INFO] [stdout]    |              ^^^^^ could not find `Win32` in `windows`
[INFO] [stdout] 
[INFO] [stdout] 
[INFO] [stdout] error[E0432]: unresolved import `windows::core`
[INFO] [stdout]   --> src/boot_task.rs:12:14
[INFO] [stdout]    |
[INFO] [stdout] 12 | use windows::core::{BSTR, GUID, HRESULT, VARIANT};
[INFO] [stdout]    |              ^^^^ could not find `core` in `windows`
[INFO] [stdout] 
[INFO] [stdout] 
[INFO] [stdout] error[E0433]: cannot find `Win32` in `windows`
[INFO] [stdout]   --> src/device.rs:28:14
[INFO] [stdout]    |
[INFO] [stdout] 28 | use windows::Win32::Devices::DeviceAndDriverInstallation::{
[INFO] [stdout]    |              ^^^^^ could not find `Win32` in `windows`
[INFO] [stdout] 
[INFO] [stdout] 
[INFO] [stdout] error[E0433]: cannot find `Win32` in `windows`
[INFO] [stdout]   --> src/device.rs:35:14
[INFO] [stdout]    |
[INFO] [stdout] 35 | use windows::Win32::Devices::Properties::{
[INFO] [stdout]    |              ^^^^^ could not find `Win32` in `windows`
[INFO] [stdout] 
[INFO] [stdout] 
[INFO] [stdout] error[E0433]: cannot find `Win32` in `windows`
[INFO] [stdout]   --> src/device.rs:38:14
[INFO] [stdout]    |
[INFO] [stdout] 38 | use windows::Win32::Foundation::{ERROR_INSUFFICIENT_BUFFER, ERROR_NO_MORE_ITEMS, ERROR_SUCCESS};
[INFO] [stdout]    |              ^^^^^ could not find `Win32` in `windows`
[INFO] [stdout] 
[INFO] [stdout] 
[INFO] [stdout] error[E0433]: cannot find `Win32` in `windows`
[INFO] [stdout]   --> src/device.rs:39:14
[INFO] [stdout]    |
[INFO] [stdout] 39 | use windows::Win32::System::Registry::{
[INFO] [stdout]    |              ^^^^^ could not find `Win32` in `windows`
[INFO] [stdout] 
[INFO] [stdout] 
[INFO] [stdout] error[E0433]: cannot find `Win32` in `windows`
[INFO] [stdout]    --> src/device.rs:288:18
[INFO] [stdout]     |
[INFO] [stdout] 288 |     use windows::Win32::Devices::DeviceAndDriverInstallation::SPDRP_HARDWAREID;
[INFO] [stdout]     |                  ^^^^^ could not find `Win32` in `windows`
[INFO] [stdout] 
[INFO] [stdout] 
[INFO] [stdout] error[E0432]: unresolved import `windows::core`
[INFO] [stdout]   --> src/device.rs:27:14
[INFO] [stdout]    |
[INFO] [stdout] 27 | use windows::core::PCWSTR;
[INFO] [stdout]    |              ^^^^ could not find `core` in `windows`
[INFO] [stdout] 
[INFO] [stdout] 
[INFO] [stdout] error[E0433]: cannot find `Win32` in `windows`
[INFO] [stdout]  --> src/theme.rs:9:14
[INFO] [stdout]   |
[INFO] [stdout] 9 | use windows::Win32::Foundation::ERROR_SUCCESS;
[INFO] [stdout]   |              ^^^^^ could not find `Win32` in `windows`
[INFO] [stdout] 
[INFO] [stdout] 
[INFO] [stdout] error[E0433]: cannot find `Win32` in `windows`
[INFO] [stdout]   --> src/theme.rs:10:14
[INFO] [stdout]    |
[INFO] [stdout] 10 | use windows::Win32::System::Registry::{
[INFO] [stdout]    |              ^^^^^ could not find `Win32` in `windows`
[INFO] [stdout] 
[INFO] [stdout] 
[INFO] [stdout] error[E0433]: cannot find `windows` in `os`
[INFO] [stdout]   --> src/main.rs:36:14
[INFO] [stdout]    |
[INFO] [stdout] 36 | use std::os::windows::ffi::OsStrExt;
[INFO] [stdout]    |              ^^^^^^^ could not find `windows` in `os`
[INFO] [stdout]    |
[INFO] [stdout] note: found an item that was configured out
[INFO] [stdout]   --> /rustc/f4dd856795debe636f2ba39a900f162f5abeb7e8/library/std/src/os/mod.rs:62:4
[INFO] [stdout]    |
[INFO] [stdout]    = note: the item is gated behind the `windows` feature
[INFO] [stdout] 
[INFO] [stdout] 
[INFO] [stdout] error[E0432]: unresolved import `windows::core`
[INFO] [stdout]  --> src/theme.rs:8:14
[INFO] [stdout]   |
[INFO] [stdout] 8 | use windows::core::*;
[INFO] [stdout]   |              ^^^^ could not find `core` in `windows`
[INFO] [stdout] 
[INFO] [stdout] 
[INFO] [stdout] error[E0433]: cannot find `Win32` in `windows`
[INFO] [stdout]   --> src/main.rs:47:14
[INFO] [stdout]    |
[INFO] [stdout] 47 | use windows::Win32::Foundation::*;
[INFO] [stdout]    |              ^^^^^ could not find `Win32` in `windows`
[INFO] [stdout] 
[INFO] [stdout] 
[INFO] [stdout] error[E0433]: cannot find `Win32` in `windows`
[INFO] [stdout]   --> src/main.rs:49:14
[INFO] [stdout]    |
[INFO] [stdout] 49 | use windows::Win32::System::Console::SetConsoleCtrlHandler;
[INFO] [stdout]    |              ^^^^^ could not find `Win32` in `windows`
[INFO] [stdout] 
[INFO] [stdout] 
[INFO] [stdout] error[E0433]: cannot find `Win32` in `windows`
[INFO] [stdout]   --> src/main.rs:50:14
[INFO] [stdout]    |
[INFO] [stdout] 50 | use windows::Win32::System::Power::*;
[INFO] [stdout]    |              ^^^^^ could not find `Win32` in `windows`
[INFO] [stdout] 
[INFO] [stdout] 
[INFO] [stdout] error[E0433]: cannot find `Win32` in `windows`
[INFO] [stdout]   --> src/main.rs:51:14
[INFO] [stdout]    |
[INFO] [stdout] 51 | use windows::Win32::System::RemoteDesktop::*;
[INFO] [stdout]    |              ^^^^^ could not find `Win32` in `windows`
[INFO] [stdout] 
[INFO] [stdout] 
[INFO] [stdout] error[E0433]: cannot find `Win32` in `windows`
[INFO] [stdout]   --> src/main.rs:52:14
[INFO] [stdout]    |
[INFO] [stdout] 52 | use windows::Win32::System::StationsAndDesktops::{
[INFO] [stdout]    |              ^^^^^ could not find `Win32` in `windows`
[INFO] [stdout] 
[INFO] [stdout] 
[INFO] [stdout] error[E0433]: cannot find `Win32` in `windows`
[INFO] [stdout]   --> src/main.rs:57:14
[INFO] [stdout]    |
[INFO] [stdout] 57 | use windows::Win32::UI::WindowsAndMessaging::*;
[INFO] [stdout]    |              ^^^^^ could not find `Win32` in `windows`
[INFO] [stdout] 
[INFO] [stdout] 
[INFO] [stdout] error[E0433]: cannot find `Win32` in `windows`
[INFO] [stdout]   --> src/main.rs:60:14
[INFO] [stdout]    |
[INFO] [stdout] 60 | use windows::Win32::System::LibraryLoader::GetModuleHandleW;
[INFO] [stdout]    |              ^^^^^ could not find `Win32` in `windows`
[INFO] [stdout] 
[INFO] [stdout] 
[INFO] [stdout] error[E0433]: cannot find `Win32` in `windows`
[INFO] [stdout]   --> src/main.rs:61:14
[INFO] [stdout]    |
[INFO] [stdout] 61 | use windows::Win32::System::Threading::CreateMutexW;
[INFO] [stdout]    |              ^^^^^ could not find `Win32` in `windows`
[INFO] [stdout] 
[INFO] [stdout] 
[INFO] [stdout] error[E0433]: cannot find `Win32` in `windows`
[INFO] [stdout]   --> src/main.rs:62:14
[INFO] [stdout]    |
[INFO] [stdout] 62 | use windows::Win32::UI::Input::KeyboardAndMouse::{
[INFO] [stdout]    |              ^^^^^ could not find `Win32` in `windows`
[INFO] [stdout] 
[INFO] [stdout] 
[INFO] [stdout] error[E0433]: cannot find `Win32` in `windows`
[INFO] [stdout]   --> src/main.rs:66:14
[INFO] [stdout]    |
[INFO] [stdout] 66 | use windows::Win32::UI::WindowsAndMessaging::{
[INFO] [stdout]    |              ^^^^^ could not find `Win32` in `windows`
[INFO] [stdout] 
[INFO] [stdout] 
[INFO] [stdout] error[E0433]: cannot find `Win32` in `windows`
[INFO] [stdout]    --> src/main.rs:322:18
[INFO] [stdout]     |
[INFO] [stdout] 322 |     use windows::Win32::Foundation::{CloseHandle, HANDLE};
[INFO] [stdout]     |                  ^^^^^ could not find `Win32` in `windows`
[INFO] [stdout] 
[INFO] [stdout] 
[INFO] [stdout] error[E0433]: cannot find `Win32` in `windows`
[INFO] [stdout]    --> src/main.rs:323:18
[INFO] [stdout]     |
[INFO] [stdout] 323 |     use windows::Win32::Security::{
[INFO] [stdout]     |                  ^^^^^ could not find `Win32` in `windows`
[INFO] [stdout] 
[INFO] [stdout] 
[INFO] [stdout] error[E0433]: cannot find `Win32` in `windows`
[INFO] [stdout]    --> src/main.rs:326:18
[INFO] [stdout]     |
[INFO] [stdout] 326 |     use windows::Win32::System::Threading::{GetCurrentProcess, OpenProcessToken};
[INFO] [stdout]     |                  ^^^^^ could not find `Win32` in `windows`
[INFO] [stdout] 
[INFO] [stdout] 
[INFO] [stdout] error[E0433]: cannot find `Win32` in `windows`
[INFO] [stdout]    --> src/main.rs:939:18
[INFO] [stdout]     |
[INFO] [stdout] 939 |     use windows::Win32::UI::WindowsAndMessaging::WNDCLASSW;
[INFO] [stdout]     |                  ^^^^^ could not find `Win32` in `windows`
[INFO] [stdout] 
[INFO] [stdout] 
[INFO] [stdout] error[E0433]: cannot find `Win32` in `windows`
[INFO] [stdout]     --> src/main.rs:2617:18
[INFO] [stdout]      |
[INFO] [stdout] 2617 |     use windows::Win32::Security::{
[INFO] [stdout]      |                  ^^^^^ could not find `Win32` in `windows`
[INFO] [stdout] 
[INFO] [stdout] 
[INFO] [stdout] error[E0433]: cannot find `Win32` in `windows`
[INFO] [stdout]     --> src/main.rs:2620:18
[INFO] [stdout]      |
[INFO] [stdout] 2620 |     use windows::Win32::System::Threading::{GetCurrentProcess, OpenProcessToken};
[INFO] [stdout]      |                  ^^^^^ could not find `Win32` in `windows`
[INFO] [stdout] 
[INFO] [stdout] 
[INFO] [stdout] error[E0433]: cannot find `Win32` in `windows`
[INFO] [stdout]     --> src/main.rs:2647:18
[INFO] [stdout]      |
[INFO] [stdout] 2647 |     use windows::Win32::System::Threading::{GetExitCodeProcess, WaitForSingleObject, INFINITE};
[INFO] [stdout]      |                  ^^^^^ could not find `Win32` in `windows`
[INFO] [stdout] 
[INFO] [stdout] 
[INFO] [stdout] error[E0433]: cannot find `Win32` in `windows`
[INFO] [stdout]     --> src/main.rs:2648:18
[INFO] [stdout]      |
[INFO] [stdout] 2648 |     use windows::Win32::UI::Shell::{ShellExecuteExW, SEE_MASK_NOCLOSEPROCESS, SHELLEXECUTEINFOW};
[INFO] [stdout]      |                  ^^^^^ could not find `Win32` in `windows`
[INFO] [stdout] 
[INFO] [stdout] 
[INFO] [stdout] error[E0433]: cannot find `Win32` in `windows`
[INFO] [stdout]     --> src/main.rs:2649:18
[INFO] [stdout]      |
[INFO] [stdout] 2649 |     use windows::Win32::UI::WindowsAndMessaging::SW_SHOWNORMAL;
[INFO] [stdout]      |                  ^^^^^ could not find `Win32` in `windows`
[INFO] [stdout] 
[INFO] [stdout] 
[INFO] [stdout] error[E0432]: unresolved import `windows::core`
[INFO] [stdout]   --> src/main.rs:46:14
[INFO] [stdout]    |
[INFO] [stdout] 46 | use windows::core::*;
[INFO] [stdout]    |              ^^^^ could not find `core` in `windows`
[INFO] [stdout] 
[INFO] [stdout] 
[INFO] [stdout] error: cannot find macro `w` in this scope
[INFO] [stdout]   --> src/theme.rs:16:5
[INFO] [stdout]    |
[INFO] [stdout] 16 |     w!("Software\\Microsoft\\Windows\\CurrentVersion\\Themes\\Personalize");
[INFO] [stdout]    |     ^
[INFO] [stdout] 
[INFO] [stdout] 
[INFO] [stdout] error: cannot find macro `w` in this scope
[INFO] [stdout]   --> src/theme.rs:17:28
[INFO] [stdout]    |
[INFO] [stdout] 17 | const VALUE_NAME: PCWSTR = w!("SystemUsesLightTheme");
[INFO] [stdout]    |                            ^
[INFO] [stdout] 
[INFO] [stdout] 
[INFO] [stdout] error: cannot find macro `w` in this scope
[INFO] [stdout]     --> src/main.rs:2483:53
[INFO] [stdout]      |
[INFO] [stdout] 2483 |                     let hwnd = unsafe { FindWindowW(w!("switchboard_msg_window"), None) }
[INFO] [stdout]      |                                                     ^
[INFO] [stdout] 
[INFO] [stdout] 
[INFO] [stdout] error: cannot find macro `w` in this scope
[INFO] [stdout]    --> src/main.rs:427:25
[INFO] [stdout]     |
[INFO] [stdout] 427 |                         w!("SwitchBoard is already running — check the tray."),
[INFO] [stdout]     |                         ^
[INFO] [stdout] 
[INFO] [stdout] 
[INFO] [stdout] error: cannot find macro `w` in this scope
[INFO] [stdout]    --> src/main.rs:428:25
[INFO] [stdout]     |
[INFO] [stdout] 428 |                         w!("SwitchBoard"),
[INFO] [stdout]     |                         ^
[INFO] [stdout] 
[INFO] [stdout] 
[INFO] [stdout] error: cannot find macro `w` in this scope
[INFO] [stdout]    --> src/main.rs:974:13
[INFO] [stdout]     |
[INFO] [stdout] 974 |             w!("switchboard"),
[INFO] [stdout]     |             ^
[INFO] [stdout] 
[INFO] [stdout] 
[INFO] [stdout] error: cannot find macro `w` in this scope
[INFO] [stdout]    --> src/main.rs:803:42
[INFO] [stdout]     |
[INFO] [stdout] 803 |         let h = CreateMutexW(None, true, w!("Local\\switchboard-singleton-v1"));
[INFO] [stdout]     |                                          ^
[INFO] [stdout] 
[INFO] [stdout] 
[INFO] [stdout] error: cannot find macro `w` in this scope
[INFO] [stdout]    --> src/main.rs:942:26
[INFO] [stdout]     |
[INFO] [stdout] 942 |         let class_name = w!("switchboard_msg_window");
[INFO] [stdout]     |                          ^
[INFO] [stdout] 
[INFO] [stdout] 
[INFO] [stdout] error: cannot find macro `w` in this scope
[INFO] [stdout]    --> src/main.rs:942:26
[INFO] [stdout]     |
[INFO] [stdout] 942 |         let class_name = w!("switchboard_msg_window");
[INFO] [stdout]     |                          ^
[INFO] [stdout] 
[INFO] [stdout] 
[INFO] [stdout] error: cannot find macro `w` in this scope
[INFO] [stdout]    --> src/main.rs:803:42
[INFO] [stdout]     |
[INFO] [stdout] 803 |         let h = CreateMutexW(None, true, w!("Local\\switchboard-singleton-v1"));
[INFO] [stdout]     |                                          ^
[INFO] [stdout] 
[INFO] [stdout] 
[INFO] [stdout] error: cannot find macro `w` in this scope
[INFO] [stdout]    --> src/main.rs:974:13
[INFO] [stdout]     |
[INFO] [stdout] 974 |             w!("switchboard"),
[INFO] [stdout]     |             ^
[INFO] [stdout] 
[INFO] [stdout] 
[INFO] [stdout] error: cannot find macro `w` in this scope
[INFO] [stdout]    --> src/main.rs:428:25
[INFO] [stdout]     |
[INFO] [stdout] 428 |                         w!("SwitchBoard"),
[INFO] [stdout]     |                         ^
[INFO] [stdout] 
[INFO] [stdout] 
[INFO] [stdout] error: cannot find macro `w` in this scope
[INFO] [stdout]     --> src/main.rs:2483:53
[INFO] [stdout]      |
[INFO] [stdout] 2483 |                     let hwnd = unsafe { FindWindowW(w!("switchboard_msg_window"), None) }
[INFO] [stdout]      |                                                     ^
[INFO] [stdout] 
[INFO] [stdout] 
[INFO] [stdout] error: cannot find macro `w` in this scope
[INFO] [stdout]    --> src/main.rs:427:25
[INFO] [stdout]     |
[INFO] [stdout] 427 |                         w!("SwitchBoard is already running — check the tray."),
[INFO] [stdout]     |                         ^
[INFO] [stdout] 
[INFO] [stdout] 
[INFO] [stdout] error: cannot find macro `w` in this scope
[INFO] [stdout]   --> src/theme.rs:17:28
[INFO] [stdout]    |
[INFO] [stdout] 17 | const VALUE_NAME: PCWSTR = w!("SystemUsesLightTheme");
[INFO] [stdout]    |                            ^
[INFO] [stdout] 
[INFO] [stdout] 
[INFO] [stdout] error: cannot find macro `w` in this scope
[INFO] [stdout]   --> src/theme.rs:16:5
[INFO] [stdout]    |
[INFO] [stdout] 16 |     w!("Software\\Microsoft\\Windows\\CurrentVersion\\Themes\\Personalize");
[INFO] [stdout]    |     ^
[INFO] [stdout] 
[INFO] [stdout] 
[INFO] [stdout] error[E0599]: no associated function or constant named `from_resource` found for struct `tray_icon::Icon` in the current scope
[INFO] [stdout]     --> src/main.rs:1295:40
[INFO] [stdout]      |
[INFO] [stdout] 1295 |     if let Ok(icon) = tray_icon::Icon::from_resource(primary, None) {
[INFO] [stdout]      |                                        ^^^^^^^^^^^^^ associated function or constant not found in `tray_icon::Icon`
[INFO] [stdout]      |
[INFO] [stdout] note: if you're trying to build a new `tray_icon::Icon`, consider using `tray_icon::Icon::from_rgba` which returns `Result<tray_icon::Icon, tray_icon::BadIcon>`
[INFO] [stdout]     --> /opt/rustwide/cargo-home/registry/src/index.crates.io-1949cf8c6b5b557f/tray-icon-0.21.3/src/icon.rs:135:5
[INFO] [stdout]      |
[INFO] [stdout]  135 |     pub fn from_rgba(rgba: Vec<u8>, width: u32, height: u32) -> Result<Self, BadIcon> {
[INFO] [stdout]      |     ^^^^^^^^^^^^^^^^^^^^^^^^^^^^^^^^^^^^^^^^^^^^^^^^^^^^^^^^^^^^^^^^^^^^^^^^^^^^^^^^^
[INFO] [stdout] 
[INFO] [stdout] 
[INFO] [stdout] error[E0599]: no associated function or constant named `from_resource` found for struct `tray_icon::Icon` in the current scope
[INFO] [stdout]     --> src/main.rs:1302:40
[INFO] [stdout]      |
[INFO] [stdout] 1302 |     if let Ok(icon) = tray_icon::Icon::from_resource(IDI_TRAY_DARK, None) {
[INFO] [stdout]      |                                        ^^^^^^^^^^^^^ associated function or constant not found in `tray_icon::Icon`
[INFO] [stdout]      |
[INFO] [stdout] note: if you're trying to build a new `tray_icon::Icon`, consider using `tray_icon::Icon::from_rgba` which returns `Result<tray_icon::Icon, tray_icon::BadIcon>`
[INFO] [stdout]     --> /opt/rustwide/cargo-home/registry/src/index.crates.io-1949cf8c6b5b557f/tray-icon-0.21.3/src/icon.rs:135:5
[INFO] [stdout]      |
[INFO] [stdout]  135 |     pub fn from_rgba(rgba: Vec<u8>, width: u32, height: u32) -> Result<Self, BadIcon> {
[INFO] [stdout]      |     ^^^^^^^^^^^^^^^^^^^^^^^^^^^^^^^^^^^^^^^^^^^^^^^^^^^^^^^^^^^^^^^^^^^^^^^^^^^^^^^^^
[INFO] [stdout] 
[INFO] [stdout] 
[INFO] [stdout] error[E0599]: no associated function or constant named `from_resource` found for struct `tray_icon::Icon` in the current scope
[INFO] [stdout]     --> src/main.rs:1295:40
[INFO] [stdout]      |
[INFO] [stdout] 1295 |     if let Ok(icon) = tray_icon::Icon::from_resource(primary, None) {
[INFO] [stdout]      |                                        ^^^^^^^^^^^^^ associated function or constant not found in `tray_icon::Icon`
[INFO] [stdout]      |
[INFO] [stdout] note: if you're trying to build a new `tray_icon::Icon`, consider using `tray_icon::Icon::from_rgba` which returns `Result<tray_icon::Icon, tray_icon::BadIcon>`
[INFO] [stdout]     --> /opt/rustwide/cargo-home/registry/src/index.crates.io-1949cf8c6b5b557f/tray-icon-0.21.3/src/icon.rs:135:5
[INFO] [stdout]      |
[INFO] [stdout]  135 |     pub fn from_rgba(rgba: Vec<u8>, width: u32, height: u32) -> Result<Self, BadIcon> {
[INFO] [stdout]      |     ^^^^^^^^^^^^^^^^^^^^^^^^^^^^^^^^^^^^^^^^^^^^^^^^^^^^^^^^^^^^^^^^^^^^^^^^^^^^^^^^^
[INFO] [stdout] 
[INFO] [stdout] 
[INFO] [stdout] error[E0599]: no associated function or constant named `from_resource` found for struct `tray_icon::Icon` in the current scope
[INFO] [stdout]     --> src/main.rs:1302:40
[INFO] [stdout]      |
[INFO] [stdout] 1302 |     if let Ok(icon) = tray_icon::Icon::from_resource(IDI_TRAY_DARK, None) {
[INFO] [stdout]      |                                        ^^^^^^^^^^^^^ associated function or constant not found in `tray_icon::Icon`
[INFO] [stdout]      |
[INFO] [stdout] note: if you're trying to build a new `tray_icon::Icon`, consider using `tray_icon::Icon::from_rgba` which returns `Result<tray_icon::Icon, tray_icon::BadIcon>`
[INFO] [stdout]     --> /opt/rustwide/cargo-home/registry/src/index.crates.io-1949cf8c6b5b557f/tray-icon-0.21.3/src/icon.rs:135:5
[INFO] [stdout]      |
[INFO] [stdout]  135 |     pub fn from_rgba(rgba: Vec<u8>, width: u32, height: u32) -> Result<Self, BadIcon> {
[INFO] [stdout]      |     ^^^^^^^^^^^^^^^^^^^^^^^^^^^^^^^^^^^^^^^^^^^^^^^^^^^^^^^^^^^^^^^^^^^^^^^^^^^^^^^^^
[INFO] [stdout] 
[INFO] [stdout] 
[INFO] [stdout] error[E0599]: no method named `encode_wide` found for reference `&OsStr` in the current scope
[INFO] [stdout]     --> src/main.rs:2652:43
[INFO] [stdout]      |
[INFO] [stdout] 2652 |     let exe_w: Vec<u16> = exe.as_os_str().encode_wide().chain(iter::once(0)).collect();
[INFO] [stdout]      |                                           ^^^^^^^^^^^ method not found in `&OsStr`
[INFO] [stdout] 
[INFO] [stdout] 
[INFO] [stdout] error[E0599]: no method named `encode_wide` found for reference `&OsStr` in the current scope
[INFO] [stdout]     --> src/main.rs:2652:43
[INFO] [stdout]      |
[INFO] [stdout] 2652 |     let exe_w: Vec<u16> = exe.as_os_str().encode_wide().chain(iter::once(0)).collect();
[INFO] [stdout]      |                                           ^^^^^^^^^^^ method not found in `&OsStr`
[INFO] [stdout] 
[INFO] [stdout] 
[INFO] [stdout] warning: unreachable pattern
[INFO] [stdout]     --> src/main.rs:1816:9
[INFO] [stdout]      |
[INFO] [stdout] 1808 |         WTS_SESSION_LOCK => {
[INFO] [stdout]      |         ---------------- matches any value
[INFO] [stdout] ...
[INFO] [stdout] 1816 |         WTS_SESSION_UNLOCK => {
[INFO] [stdout]      |         ^^^^^^^^^^^^^^^^^^ no value can reach this
[INFO] [stdout]      |
[INFO] [stdout]      = note: `#[warn(unreachable_patterns)]` (part of `#[warn(unused)]`) on by default
[INFO] [stdout] 
[INFO] [stdout] 
[INFO] [stdout] warning: unreachable pattern
[INFO] [stdout]     --> src/main.rs:1825:9
[INFO] [stdout]      |
[INFO] [stdout] 1808 |         WTS_SESSION_LOCK => {
[INFO] [stdout]      |         ---------------- matches any value
[INFO] [stdout] ...
[INFO] [stdout] 1825 |         _ => {}
[INFO] [stdout]      |         ^ no value can reach this
[INFO] [stdout] 
[INFO] [stdout] 
[INFO] [stdout] warning: unused variable: `WTS_SESSION_LOCK`
[INFO] [stdout]     --> src/main.rs:1808:9
[INFO] [stdout]      |
[INFO] [stdout] 1808 |         WTS_SESSION_LOCK => {
[INFO] [stdout]      |         ^^^^^^^^^^^^^^^^ help: if this is intentional, prefix it with an underscore: `_WTS_SESSION_LOCK`
[INFO] [stdout]      |
[INFO] [stdout]      = note: `#[warn(unused_variables)]` (part of `#[warn(unused)]`) on by default
[INFO] [stdout] 
[INFO] [stdout] 
[INFO] [stdout] warning: unused variable: `WTS_SESSION_UNLOCK`
[INFO] [stdout]     --> src/main.rs:1816:9
[INFO] [stdout]      |
[INFO] [stdout] 1816 |         WTS_SESSION_UNLOCK => {
[INFO] [stdout]      |         ^^^^^^^^^^^^^^^^^^ help: if this is intentional, prefix it with an underscore: `_WTS_SESSION_UNLOCK`
[INFO] [stdout] 
[INFO] [stdout] 
[INFO] [stdout] Some errors have detailed explanations: E0432, E0433, E0599.
[INFO] [stdout] 
[INFO] [stdout] For more information about an error, try `rustc --explain E0432`.
[INFO] [stdout] 
[INFO] [stdout] warning: unreachable pattern
[INFO] [stdout]     --> src/main.rs:1816:9
[INFO] [stdout]      |
[INFO] [stdout] 1808 |         WTS_SESSION_LOCK => {
[INFO] [stdout]      |         ---------------- matches any value
[INFO] [stdout] ...
[INFO] [stdout] 1816 |         WTS_SESSION_UNLOCK => {
[INFO] [stdout]      |         ^^^^^^^^^^^^^^^^^^ no value can reach this
[INFO] [stdout]      |
[INFO] [stdout]      = note: `#[warn(unreachable_patterns)]` (part of `#[warn(unused)]`) on by default
[INFO] [stdout] 
[INFO] [stdout] 
[INFO] [stdout] warning: unreachable pattern
[INFO] [stdout]     --> src/main.rs:1825:9
[INFO] [stdout]      |
[INFO] [stdout] 1808 |         WTS_SESSION_LOCK => {
[INFO] [stdout]      |         ---------------- matches any value
[INFO] [stdout] ...
[INFO] [stdout] 1825 |         _ => {}
[INFO] [stdout]      |         ^ no value can reach this
[INFO] [stdout] 
[INFO] [stdout] 
[INFO] [stdout] warning: unused variable: `WTS_SESSION_LOCK`
[INFO] [stdout]     --> src/main.rs:1808:9
[INFO] [stdout]      |
[INFO] [stdout] 1808 |         WTS_SESSION_LOCK => {
[INFO] [stdout]      |         ^^^^^^^^^^^^^^^^ help: if this is intentional, prefix it with an underscore: `_WTS_SESSION_LOCK`
[INFO] [stdout]      |
[INFO] [stdout]      = note: `#[warn(unused_variables)]` (part of `#[warn(unused)]`) on by default
[INFO] [stdout] 
[INFO] [stdout] 
[INFO] [stdout] warning: unused variable: `WTS_SESSION_UNLOCK`
[INFO] [stdout]     --> src/main.rs:1816:9
[INFO] [stdout]      |
[INFO] [stdout] 1816 |         WTS_SESSION_UNLOCK => {
[INFO] [stdout]      |         ^^^^^^^^^^^^^^^^^^ help: if this is intentional, prefix it with an underscore: `_WTS_SESSION_UNLOCK`
[INFO] [stdout] 
[INFO] [stdout] 
[INFO] [stderr] error: could not compile `switchboard` (bin "switchboard") due to 59 previous errors; 4 warnings emitted
[INFO] [stderr] warning: build failed, waiting for other jobs to finish...
[INFO] [stdout] Some errors have detailed explanations: E0432, E0433, E0599.
[INFO] [stdout] 
[INFO] [stdout] For more information about an error, try `rustc --explain E0432`.
[INFO] [stdout] 
[INFO] [stderr] error: could not compile `switchboard` (bin "switchboard" test) due to 59 previous errors; 4 warnings emitted
[INFO] running `Command { std: "docker" "inspect" "3c8cb6d0c604011441869f36c0a844941defff2992b82d0f7e2a49f9b7841168", kill_on_drop: false }`
[INFO] running `Command { std: "docker" "rm" "-f" "3c8cb6d0c604011441869f36c0a844941defff2992b82d0f7e2a49f9b7841168", kill_on_drop: false }`
[INFO] [stdout] 3c8cb6d0c604011441869f36c0a844941defff2992b82d0f7e2a49f9b7841168
