[INFO] cloning repository https://github.com/rudn-lab/supercaching-dns
[INFO] running `Command { std: "git" "-c" "credential.helper=" "-c" "credential.helper=/workspace/cargo-home/bin/git-credential-null" "clone" "--bare" "https://github.com/rudn-lab/supercaching-dns" "/workspace/cache/git-repos/https%3A%2F%2Fgithub.com%2Frudn-lab%2Fsupercaching-dns", kill_on_drop: false }`
[INFO] [stderr] Cloning into bare repository '/workspace/cache/git-repos/https%3A%2F%2Fgithub.com%2Frudn-lab%2Fsupercaching-dns'...
[INFO] running `Command { std: "git" "rev-parse" "HEAD", kill_on_drop: false }`
[INFO] [stdout] 6fc4d4056cae6d0494e83e80d22f4d0e57e9661f
[INFO] checking rudn-lab/supercaching-dns against f4dd856795debe636f2ba39a900f162f5abeb7e8 for pr-160904
[INFO] running `Command { std: "git" "clone" "/workspace/cache/git-repos/https%3A%2F%2Fgithub.com%2Frudn-lab%2Fsupercaching-dns" "/workspace/builds/worker-1-tc2/source", kill_on_drop: false }`
[INFO] [stderr] Cloning into '/workspace/builds/worker-1-tc2/source'...
[INFO] [stderr] done.
[INFO] started tweaking git repo https://github.com/rudn-lab/supercaching-dns
[INFO] finished tweaking git repo https://github.com/rudn-lab/supercaching-dns
[INFO] tweaked toml for git repo https://github.com/rudn-lab/supercaching-dns written to /workspace/builds/worker-1-tc2/source/Cargo.toml
[INFO] validating manifest of git repo https://github.com/rudn-lab/supercaching-dns on toolchain f4dd856795debe636f2ba39a900f162f5abeb7e8
[INFO] running `Command { std: CARGO_HOME="/workspace/cargo-home" RUSTUP_HOME="/workspace/rustup-home" "/workspace/cargo-home/bin/cargo" "+f4dd856795debe636f2ba39a900f162f5abeb7e8" "metadata" "--manifest-path" "Cargo.toml" "--no-deps", kill_on_drop: false }`
[INFO] crate git repo https://github.com/rudn-lab/supercaching-dns already has a lockfile, it will not be regenerated
[INFO] running `Command { std: CARGO_HOME="/workspace/cargo-home" RUSTUP_HOME="/workspace/rustup-home" "/workspace/cargo-home/bin/cargo" "+f4dd856795debe636f2ba39a900f162f5abeb7e8" "fetch" "--manifest-path" "Cargo.toml", kill_on_drop: false }`
[INFO] [stderr]     Blocking waiting for file lock on package cache
[INFO] [stderr]     Blocking waiting for file lock on package cache
[INFO] [stderr]  Downloading crates ...
[INFO] [stderr]   Downloaded hickory-server v0.24.1
[INFO] [stderr]   Downloaded hickory-client v0.24.1
[INFO] [stderr]   Downloaded anstyle-query v1.0.3
[INFO] running `Command { std: "docker" "create" "-v" "/var/lib/crater-agent-workspace/builds/worker-1-tc2/source:/opt/rustwide/workdir:ro,Z" "-v" "/var/lib/crater-agent-workspace/builds/worker-1-tc2/target:/opt/rustwide/target:rw,Z" "-v" "/var/lib/crater-agent-workspace/cargo-home:/opt/rustwide/cargo-home:ro,Z" "-v" "/var/lib/crater-agent-workspace/rustup-home:/opt/rustwide/rustup-home:ro,Z" "-m" "1610612736" "--network" "none" "ghcr.io/rust-lang/crates-build-env/linux@sha256:3111399a4047eeb3a02b7a90e478d715f38a8c6669b5c4b49d30a17385265909" "sleep" "infinity", kill_on_drop: false }`
[INFO] [stdout] 86eb20e5959da3b53f8f875f234e2b153b19f7a81f3e72d06b3d9a6a280872b1
[INFO] running `Command { std: "docker" "start" "86eb20e5959da3b53f8f875f234e2b153b19f7a81f3e72d06b3d9a6a280872b1", kill_on_drop: false }`
[INFO] running `Command { std: "docker" "inspect" "86eb20e5959da3b53f8f875f234e2b153b19f7a81f3e72d06b3d9a6a280872b1", kill_on_drop: false }`
[INFO] running `Command { std: "docker" "exec" "-e" "SOURCE_DIR=/opt/rustwide/workdir" "-e" "CARGO_HOME=/opt/rustwide/cargo-home" "-e" "RUSTUP_HOME=/opt/rustwide/rustup-home" "-e" "CARGO_TARGET_DIR=/opt/rustwide/target" "-w" "/opt/rustwide/workdir" "--user" "0:0" "86eb20e5959da3b53f8f875f234e2b153b19f7a81f3e72d06b3d9a6a280872b1" "/opt/rustwide/cargo-home/bin/cargo" "+f4dd856795debe636f2ba39a900f162f5abeb7e8" "metadata" "--no-deps" "--format-version=1", kill_on_drop: false }`
[INFO] running `Command { std: "docker" "inspect" "86eb20e5959da3b53f8f875f234e2b153b19f7a81f3e72d06b3d9a6a280872b1", kill_on_drop: false }`
[INFO] running `Command { std: "docker" "exec" "-e" "SOURCE_DIR=/opt/rustwide/workdir" "-e" "CARGO_HOME=/opt/rustwide/cargo-home" "-e" "RUSTUP_HOME=/opt/rustwide/rustup-home" "-e" "CARGO_TARGET_DIR=/opt/rustwide/target" "-e" "CARGO_INCREMENTAL=0" "-e" "RUST_BACKTRACE=full" "-e" "RUSTFLAGS=--cap-lints=forbid" "-e" "RUSTDOCFLAGS=--cap-lints=forbid" "-w" "/opt/rustwide/workdir" "--user" "0:0" "86eb20e5959da3b53f8f875f234e2b153b19f7a81f3e72d06b3d9a6a280872b1" "/opt/rustwide/cargo-home/bin/cargo" "+f4dd856795debe636f2ba39a900f162f5abeb7e8" "check" "--frozen" "--all" "--all-targets" "--message-format=json", kill_on_drop: false }`
[INFO] [stderr]    Compiling proc-macro2 v1.0.84
[INFO] [stderr]    Compiling serde v1.0.203
[INFO] [stderr]    Compiling num-traits v0.2.19
[INFO] [stderr]    Compiling crossbeam-utils v0.8.20
[INFO] [stderr]    Compiling futures-core v0.3.30
[INFO] [stderr]     Checking unicode-normalization v0.1.23
[INFO] [stderr]     Checking log v0.4.21
[INFO] [stderr]    Compiling serde_json v1.0.117
[INFO] [stderr]    Compiling getrandom v0.2.15
[INFO] [stderr]    Compiling unicode-segmentation v1.11.0
[INFO] [stderr]    Compiling cc v1.0.98
[INFO] [stderr]     Checking futures-io v0.3.30
[INFO] [stderr]    Compiling futures-sink v0.3.30
[INFO] [stderr]    Compiling parking_lot_core v0.9.10
[INFO] [stderr]    Compiling mio v0.8.11
[INFO] [stderr]     Checking futures-channel v0.3.30
[INFO] [stderr]    Compiling socket2 v0.5.7
[INFO] [stderr]    Compiling futures-task v0.3.30
[INFO] [stderr]     Checking futures-util v0.3.30
[INFO] [stderr]    Compiling ahash v0.8.11
[INFO] [stderr]    Compiling nom v7.1.3
[INFO] [stderr]    Compiling unicode_categories v0.1.1
[INFO] [stderr]    Compiling rustix v0.38.34
[INFO] [stderr]    Compiling heck v0.4.1
[INFO] [stderr]    Compiling crc v3.2.1
[INFO] [stderr]    Compiling url v2.5.0
[INFO] [stderr]     Checking idna v0.5.0
[INFO] [stderr]    Compiling tokio v1.37.0
[INFO] [stderr]    Compiling parking_lot v0.12.3
[INFO] [stderr]     Checking hashbrown v0.14.5
[INFO] [stderr]    Compiling futures-intrusive v0.5.0
[INFO] [stderr]     Checking crypto-common v0.1.6
[INFO] [stderr]    Compiling spin v0.9.8
[INFO] [stderr]    Compiling event-listener v2.5.3
[INFO] [stderr]    Compiling syn v1.0.109
[INFO] [stderr]    Compiling bitflags v2.5.0
[INFO] [stderr]    Compiling flume v0.11.0
[INFO] [stderr]     Checking digest v0.10.7
[INFO] [stderr]     Checking idna v0.4.0
[INFO] [stderr]    Compiling quote v1.0.36
[INFO] [stderr]    Compiling crossbeam-queue v0.3.11
[INFO] [stderr]    Compiling urlencoding v2.1.3
[INFO] [stderr]    Compiling fastrand v2.1.0
[INFO] [stderr]    Compiling libsqlite3-sys v0.27.0
[INFO] [stderr]     Checking hashlink v0.8.4
[INFO] [stderr]     Checking indexmap v2.2.6
[INFO] [stderr]    Compiling syn v2.0.66
[INFO] [stderr]    Compiling atoi v2.0.0
[INFO] [stderr]     Checking sha2 v0.10.8
[INFO] [stderr]     Checking anstyle-parse v0.2.4
[INFO] [stderr]     Checking anstyle v1.0.7
[INFO] [stderr]     Checking is_terminal_polyfill v1.70.0
[INFO] [stderr]     Checking anstyle-query v1.0.3
[INFO] [stderr]     Checking colorchoice v1.0.1
[INFO] [stderr]     Checking hostname v0.3.1
[INFO] [stderr]     Checking anstream v0.6.14
[INFO] [stderr]     Checking nibble_vec v0.1.0
[INFO] [stderr]     Checking time v0.3.36
[INFO] [stderr]     Checking lru-cache v0.1.2
[INFO] [stderr]     Checking radix_trie v0.2.1
[INFO] [stderr]     Checking sharded-slab v0.1.7
[INFO] [stderr]     Checking resolv-conf v0.7.0
[INFO] [stderr]     Checking clap_builder v4.5.2
[INFO] [stderr]     Checking tracing-log v0.2.0
[INFO] [stderr]     Checking thread_local v1.1.8
[INFO] [stderr]     Checking tracing-subscriber v0.3.18
[INFO] [stderr]    Compiling tempfile v3.10.1
[INFO] [stderr]     Checking futures-executor v0.3.30
[INFO] [stderr]    Compiling tokio-stream v0.1.15
[INFO] [stderr]    Compiling serde_derive v1.0.203
[INFO] [stderr]    Compiling tracing-attributes v0.1.27
[INFO] [stderr]    Compiling thiserror-impl v1.0.61
[INFO] [stderr]    Compiling tokio-macros v2.2.0
[INFO] [stderr]    Compiling async-trait v0.1.80
[INFO] [stderr]    Compiling enum-as-inner v0.6.0
[INFO] [stderr]    Compiling clap_derive v4.5.4
[INFO] [stderr]     Checking thiserror v1.0.61
[INFO] [stderr]     Checking tracing v0.1.40
[INFO] [stderr]     Checking clap v4.5.4
[INFO] [stderr]     Checking tokio-util v0.7.11
[INFO] [stderr]    Compiling either v1.12.0
[INFO] [stderr]    Compiling itertools v0.12.1
[INFO] [stderr]     Checking hickory-proto v0.24.1
[INFO] [stderr]     Checking sqlformat v0.2.3
[INFO] [stderr]     Checking sqlx-core v0.7.4
[INFO] [stderr]     Checking hickory-client v0.24.1
[INFO] [stderr]     Checking hickory-resolver v0.24.1
[INFO] [stderr]     Checking hickory-server v0.24.1
[INFO] [stderr]     Checking sqlx-sqlite v0.7.4
[INFO] [stderr]    Compiling sqlx-macros-core v0.7.4
[INFO] [stderr]    Compiling sqlx-macros v0.7.4
[INFO] [stderr]     Checking sqlx v0.7.4
[INFO] [stderr]     Checking supercaching-dns v0.1.0 (/opt/rustwide/workdir)
[INFO] [stdout] error: error returned from database: (code: 14) unable to open database file
[INFO] [stdout]    --> src/main.rs:195:33
[INFO] [stdout]     |
[INFO] [stdout] 195 | / ...   sqlx::query!("INSERT INTO record (record_name, record_type, content_json, data_received_at_unix, last_query_at_unix) VALUES...
[INFO] [stdout] 196 | | ...       record_name,
[INFO] [stdout] 197 | | ...       record_type,
[INFO] [stdout] 198 | | ...       record_data,
[INFO] [stdout] ...   |
[INFO] [stdout] 203 | | ...       last_query_at_unix,
[INFO] [stdout] 204 | | ...   ).execute(&db).await.expect("Failed to insert record")
[INFO] [stdout]     | |_______^
[INFO] [stdout]     |
[INFO] [stdout]     = note: this error originates in the macro `$crate::sqlx_macros::expand_query` which comes from the expansion of the macro `sqlx::query` (in Nightly builds, run with -Z macro-backtrace for more info)
[INFO] [stdout] 
[INFO] [stdout] 
[INFO] [stdout] error: error returned from database: (code: 14) unable to open database file
[INFO] [stdout]    --> src/main.rs:277:36
[INFO] [stdout]     |
[INFO] [stdout] 277 |   ...   let item = sqlx::query!("UPDATE record SET last_query_at_unix = ? WHERE record_name = ? AND record_type = ? RETURNING conte...
[INFO] [stdout]     |  __________________^
[INFO] [stdout] 278 | | ...       now,
[INFO] [stdout] 279 | | ...       record_name,
[INFO] [stdout] 280 | | ...       record_type
[INFO] [stdout] 281 | | ...   ).fetch_optional(&self.db).await.expect("Failed to fetch record");
[INFO] [stdout]     | |_______^
[INFO] [stdout]     |
[INFO] [stdout]     = note: this error originates in the macro `$crate::sqlx_macros::expand_query` which comes from the expansion of the macro `sqlx::query` (in Nightly builds, run with -Z macro-backtrace for more info)
[INFO] [stdout] 
[INFO] [stdout] 
[INFO] [stdout] error: error returned from database: (code: 14) unable to open database file
[INFO] [stdout]    --> src/main.rs:195:33
[INFO] [stdout]     |
[INFO] [stdout] 195 | / ...   sqlx::query!("INSERT INTO record (record_name, record_type, content_json, data_received_at_unix, last_query_at_unix) VALUES...
[INFO] [stdout] 196 | | ...       record_name,
[INFO] [stdout] 197 | | ...       record_type,
[INFO] [stdout] 198 | | ...       record_data,
[INFO] [stdout] ...   |
[INFO] [stdout] 203 | | ...       last_query_at_unix,
[INFO] [stdout] 204 | | ...   ).execute(&db).await.expect("Failed to insert record")
[INFO] [stdout]     | |_______^
[INFO] [stdout]     |
[INFO] [stdout]     = note: this error originates in the macro `$crate::sqlx_macros::expand_query` which comes from the expansion of the macro `sqlx::query` (in Nightly builds, run with -Z macro-backtrace for more info)
[INFO] [stdout] 
[INFO] [stdout] 
[INFO] [stdout] error: error returned from database: (code: 14) unable to open database file
[INFO] [stdout]    --> src/main.rs:277:36
[INFO] [stdout]     |
[INFO] [stdout] 277 |   ...   let item = sqlx::query!("UPDATE record SET last_query_at_unix = ? WHERE record_name = ? AND record_type = ? RETURNING conte...
[INFO] [stdout]     |  __________________^
[INFO] [stdout] 278 | | ...       now,
[INFO] [stdout] 279 | | ...       record_name,
[INFO] [stdout] 280 | | ...       record_type
[INFO] [stdout] 281 | | ...   ).fetch_optional(&self.db).await.expect("Failed to fetch record");
[INFO] [stdout]     | |_______^
[INFO] [stdout]     |
[INFO] [stdout]     = note: this error originates in the macro `$crate::sqlx_macros::expand_query` which comes from the expansion of the macro `sqlx::query` (in Nightly builds, run with -Z macro-backtrace for more info)
[INFO] [stdout] 
[INFO] [stdout] 
[INFO] [stderr] error: could not compile `supercaching-dns` (bin "supercaching-dns") due to 2 previous errors
[INFO] [stderr] warning: build failed, waiting for other jobs to finish...
[INFO] [stderr] error: could not compile `supercaching-dns` (bin "supercaching-dns" test) due to 2 previous errors
[INFO] running `Command { std: "docker" "inspect" "86eb20e5959da3b53f8f875f234e2b153b19f7a81f3e72d06b3d9a6a280872b1", kill_on_drop: false }`
[INFO] running `Command { std: "docker" "rm" "-f" "86eb20e5959da3b53f8f875f234e2b153b19f7a81f3e72d06b3d9a6a280872b1", kill_on_drop: false }`
[INFO] [stdout] 86eb20e5959da3b53f8f875f234e2b153b19f7a81f3e72d06b3d9a6a280872b1
