[INFO] cloning repository https://github.com/romaninsh/api-bench
[INFO] running `Command { std: "git" "-c" "credential.helper=" "-c" "credential.helper=/workspace/cargo-home/bin/git-credential-null" "clone" "--bare" "https://github.com/romaninsh/api-bench" "/workspace/cache/git-repos/https%3A%2F%2Fgithub.com%2Fromaninsh%2Fapi-bench", kill_on_drop: false }`
[INFO] [stderr] Cloning into bare repository '/workspace/cache/git-repos/https%3A%2F%2Fgithub.com%2Fromaninsh%2Fapi-bench'...
[INFO] running `Command { std: "git" "rev-parse" "HEAD", kill_on_drop: false }`
[INFO] [stdout] b33224080a984e4966ee91030b9a38378637fbd6
[INFO] checking romaninsh/api-bench/b33224080a984e4966ee91030b9a38378637fbd6 against c999cef531ea9059e189e82fe0e82c5daf249bc9 for pr-160904
[INFO] running `Command { std: "git" "clone" "/workspace/cache/git-repos/https%3A%2F%2Fgithub.com%2Fromaninsh%2Fapi-bench" "/workspace/builds/worker-2-tc1/source", kill_on_drop: false }`
[INFO] [stderr] Cloning into '/workspace/builds/worker-2-tc1/source'...
[INFO] [stderr] done.
[INFO] started tweaking git repo https://github.com/romaninsh/api-bench
[INFO] finished tweaking git repo https://github.com/romaninsh/api-bench
[INFO] tweaked toml for git repo https://github.com/romaninsh/api-bench written to /workspace/builds/worker-2-tc1/source/Cargo.toml
[INFO] validating manifest of git repo https://github.com/romaninsh/api-bench on toolchain c999cef531ea9059e189e82fe0e82c5daf249bc9
[INFO] running `Command { std: CARGO_HOME="/workspace/cargo-home" RUSTUP_HOME="/workspace/rustup-home" "/workspace/cargo-home/bin/cargo" "+c999cef531ea9059e189e82fe0e82c5daf249bc9" "metadata" "--manifest-path" "Cargo.toml" "--no-deps", kill_on_drop: false }`
[INFO] crate git repo https://github.com/romaninsh/api-bench already has a lockfile, it will not be regenerated
[INFO] running `Command { std: CARGO_HOME="/workspace/cargo-home" RUSTUP_HOME="/workspace/rustup-home" "/workspace/cargo-home/bin/cargo" "+c999cef531ea9059e189e82fe0e82c5daf249bc9" "fetch" "--manifest-path" "Cargo.toml", kill_on_drop: false }`
[INFO] [stderr]     Updating crates.io index
[INFO] [stderr]  Downloading crates ...
[INFO] [stderr]   Downloaded zmij v1.0.0
[INFO] [stderr]   Downloaded warp v0.3.7
[INFO] [stderr]   Downloaded serde_json v1.0.148
[INFO] [stderr]   Downloaded rust_decimal_macros v1.39.0
[INFO] [stderr]   Downloaded rust_decimal v1.39.0
[INFO] [stderr]   Downloaded borsh-derive v1.6.0
[INFO] [stderr]   Downloaded tempfile v3.24.0
[INFO] [stderr]   Downloaded stability v0.2.1
[INFO] [stderr]   Downloaded ratatui v0.26.3
[INFO] [stderr]   Downloaded compact_str v0.7.1
[INFO] running `Command { std: "docker" "create" "-v" "/var/lib/crater-agent-workspace/builds/worker-2-tc1/source:/opt/rustwide/workdir:ro,Z" "-v" "/var/lib/crater-agent-workspace/builds/worker-2-tc1/target:/opt/rustwide/target:rw,Z" "-v" "/var/lib/crater-agent-workspace/cargo-home:/opt/rustwide/cargo-home:ro,Z" "-v" "/var/lib/crater-agent-workspace/rustup-home:/opt/rustwide/rustup-home:ro,Z" "-m" "1610612736" "--network" "none" "ghcr.io/rust-lang/crates-build-env/linux@sha256:3111399a4047eeb3a02b7a90e478d715f38a8c6669b5c4b49d30a17385265909" "sleep" "infinity", kill_on_drop: false }`
[INFO] [stdout] 0f7febda3ea7f898fd9cc9bbd6a62cdd5bcaddae351049124aad8344bd9b99ae
[INFO] running `Command { std: "docker" "start" "0f7febda3ea7f898fd9cc9bbd6a62cdd5bcaddae351049124aad8344bd9b99ae", kill_on_drop: false }`
[INFO] running `Command { std: "docker" "inspect" "0f7febda3ea7f898fd9cc9bbd6a62cdd5bcaddae351049124aad8344bd9b99ae", kill_on_drop: false }`
[INFO] running `Command { std: "docker" "exec" "-e" "SOURCE_DIR=/opt/rustwide/workdir" "-e" "CARGO_HOME=/opt/rustwide/cargo-home" "-e" "RUSTUP_HOME=/opt/rustwide/rustup-home" "-e" "CARGO_TARGET_DIR=/opt/rustwide/target" "-w" "/opt/rustwide/workdir" "--user" "0:0" "0f7febda3ea7f898fd9cc9bbd6a62cdd5bcaddae351049124aad8344bd9b99ae" "/opt/rustwide/cargo-home/bin/cargo" "+c999cef531ea9059e189e82fe0e82c5daf249bc9" "metadata" "--no-deps" "--format-version=1", kill_on_drop: false }`
[INFO] running `Command { std: "docker" "inspect" "0f7febda3ea7f898fd9cc9bbd6a62cdd5bcaddae351049124aad8344bd9b99ae", kill_on_drop: false }`
[INFO] running `Command { std: "docker" "exec" "-e" "SOURCE_DIR=/opt/rustwide/workdir" "-e" "CARGO_HOME=/opt/rustwide/cargo-home" "-e" "RUSTUP_HOME=/opt/rustwide/rustup-home" "-e" "CARGO_TARGET_DIR=/opt/rustwide/target" "-e" "CARGO_INCREMENTAL=0" "-e" "RUST_BACKTRACE=full" "-e" "RUSTFLAGS=--cap-lints=forbid" "-e" "RUSTDOCFLAGS=--cap-lints=forbid" "-w" "/opt/rustwide/workdir" "--user" "0:0" "0f7febda3ea7f898fd9cc9bbd6a62cdd5bcaddae351049124aad8344bd9b99ae" "/opt/rustwide/cargo-home/bin/cargo" "+c999cef531ea9059e189e82fe0e82c5daf249bc9" "check" "--frozen" "--all" "--all-targets" "--message-format=json", kill_on_drop: false }`
[INFO] [stderr]    Compiling libc v0.2.178
[INFO] [stderr]     Checking smallvec v1.15.1
[INFO] [stderr]     Checking bytes v1.11.0
[INFO] [stderr]    Compiling syn v2.0.111
[INFO] [stderr]     Checking memchr v2.7.6
[INFO] [stderr]    Compiling find-msvc-tools v0.1.6
[INFO] [stderr]     Checking slab v0.4.11
[INFO] [stderr]    Compiling zerocopy v0.8.31
[INFO] [stderr]    Compiling cc v1.2.51
[INFO] [stderr]     Checking bitflags v2.10.0
[INFO] [stderr]     Checking tracing-core v0.1.36
[INFO] [stderr]    Compiling openssl v0.10.75
[INFO] [stderr]     Checking indexmap v2.12.1
[INFO] [stderr]     Checking digest v0.10.7
[INFO] [stderr]     Checking http v0.2.12
[INFO] [stderr]     Checking tracing v0.1.44
[INFO] [stderr]     Checking ryu v1.0.22
[INFO] [stderr]    Compiling signal-hook v0.3.18
[INFO] [stderr]     Checking sha1 v0.10.6
[INFO] [stderr]    Compiling unicase v2.8.1
[INFO] [stderr]    Compiling serde_json v1.0.148
[INFO] [stderr]     Checking http v1.4.0
[INFO] [stderr]    Compiling mime_guess v2.0.5
[INFO] [stderr]    Compiling multer v2.1.0
[INFO] [stderr]     Checking http-body v0.4.6
[INFO] [stderr]     Checking data-encoding v2.9.0
[INFO] [stderr]     Checking errno v0.3.14
[INFO] [stderr]     Checking parking_lot_core v0.9.12
[INFO] [stderr]     Checking signal-hook-registry v1.4.8
[INFO] [stderr]     Checking mio v1.1.1
[INFO] [stderr]     Checking socket2 v0.6.1
[INFO] [stderr]     Checking parking_lot v0.12.5
[INFO] [stderr]     Checking getrandom v0.2.16
[INFO] [stderr]    Compiling openssl-sys v0.9.111
[INFO] [stderr]     Checking socket2 v0.5.10
[INFO] [stderr]     Checking rand_core v0.6.4
[INFO] [stderr]     Checking mio v0.8.11
[INFO] [stderr]    Compiling crossbeam-utils v0.8.21
[INFO] [stderr]     Checking zmij v1.0.0
[INFO] [stderr]     Checking headers-core v0.2.0
[INFO] [stderr]     Checking itertools v0.13.0
[INFO] [stderr]    Compiling native-tls v0.2.14
[INFO] [stderr]     Checking castaway v0.2.4
[INFO] [stderr]     Checking clap_lex v0.7.6
[INFO] [stderr]    Compiling anyhow v1.0.100
[INFO] [stderr]    Compiling rust_decimal v1.39.0
[INFO] [stderr]     Checking signal-hook-mio v0.2.5
[INFO] [stderr]     Checking ppv-lite86 v0.2.21
[INFO] [stderr]     Checking crossterm v0.27.0
[INFO] [stderr]     Checking clap_builder v4.5.53
[INFO] [stderr]     Checking compact_str v0.7.1
[INFO] [stderr]     Checking rand_chacha v0.3.1
[INFO] [stderr]     Checking rand v0.8.5
[INFO] [stderr]     Checking headers v0.3.9
[INFO] [stderr]     Checking getrandom v0.3.4
[INFO] [stderr]     Checking lru v0.12.5
[INFO] [stderr]     Checking arrayvec v0.7.6
[INFO] [stderr]     Checking iana-time-zone v0.1.64
[INFO] [stderr]     Checking unicode-truncate v1.1.0
[INFO] [stderr]     Checking cassowary v0.3.0
[INFO] [stderr]     Checking uuid v1.19.0
[INFO] [stderr]     Checking dashmap v6.1.0
[INFO] [stderr]    Compiling synstructure v0.13.2
[INFO] [stderr]    Compiling zerovec-derive v0.11.2
[INFO] [stderr]    Compiling displaydoc v0.2.5
[INFO] [stderr]    Compiling futures-macro v0.3.31
[INFO] [stderr]    Compiling tokio-macros v2.6.0
[INFO] [stderr]    Compiling serde_derive v1.0.228
[INFO] [stderr]    Compiling openssl-macros v0.1.1
[INFO] [stderr]    Compiling thiserror-impl v1.0.69
[INFO] [stderr]    Compiling zerofrom-derive v0.1.6
[INFO] [stderr]    Compiling yoke-derive v0.8.1
[INFO] [stderr]     Checking tokio v1.48.0
[INFO] [stderr]     Checking futures-util v0.3.31
[INFO] [stderr]    Compiling strum_macros v0.26.4
[INFO] [stderr]     Checking thiserror v1.0.69
[INFO] [stderr]    Compiling pin-project-internal v1.1.10
[INFO] [stderr]     Checking zerofrom v0.1.6
[INFO] [stderr]    Compiling stability v0.2.1
[INFO] [stderr]     Checking yoke v0.8.1
[INFO] [stderr]     Checking zerovec v0.11.5
[INFO] [stderr]     Checking zerotrie v0.2.3
[INFO] [stderr]    Compiling clap_derive v4.5.49
[INFO] [stderr]     Checking tinystr v0.8.2
[INFO] [stderr]     Checking potential_utf v0.1.4
[INFO] [stderr]     Checking icu_locale_core v2.1.1
[INFO] [stderr]     Checking icu_collections v2.1.1
[INFO] [stderr]     Checking pin-project v1.1.10
[INFO] [stderr]    Compiling rust_decimal_macros v1.39.0
[INFO] [stderr]     Checking strum v0.26.3
[INFO] [stderr]     Checking ratatui v0.26.3
[INFO] [stderr]     Checking icu_provider v2.1.1
[INFO] [stderr]     Checking icu_properties v2.1.2
[INFO] [stderr]     Checking icu_normalizer v2.1.1
[INFO] [stderr]     Checking serde v1.0.228
[INFO] [stderr]     Checking clap v4.5.53
[INFO] [stderr]     Checking futures-executor v0.3.31
[INFO] [stderr]     Checking futures v0.3.31
[INFO] [stderr]     Checking serde_urlencoded v0.7.1
[INFO] [stderr]     Checking chrono v0.4.42
[INFO] [stderr]     Checking idna_adapter v1.2.1
[INFO] [stderr]     Checking idna v1.1.0
[INFO] [stderr]     Checking url v2.5.7
[INFO] [stderr]     Checking tungstenite v0.21.0
[INFO] [stderr]     Checking tokio-util v0.7.17
[INFO] [stderr]     Checking tokio-native-tls v0.3.1
[INFO] [stderr]     Checking h2 v0.3.27
[INFO] [stderr]     Checking tokio-tungstenite v0.21.0
[INFO] [stderr]     Checking hyper v0.14.32
[INFO] [stderr]     Checking hyper-tls v0.5.0
[INFO] [stderr]     Checking warp v0.3.7
[INFO] [stderr]     Checking reqwest v0.11.27
[INFO] [stderr]     Checking api-bench v0.1.0 (/opt/rustwide/workdir)
[INFO] [stdout] error[E0432]: unresolved import `api_bench::vantage_api_client`
[INFO] [stdout]   --> examples/test5.rs:11:16
[INFO] [stdout]    |
[INFO] [stdout] 11 | use api_bench::vantage_api_client::VantageApiClient;
[INFO] [stdout]    |                ^^^^^^^^^^^^^^^^^^ could not find `vantage_api_client` in `api_bench`
[INFO] [stdout] 
[INFO] [stdout] 
[INFO] [stdout] warning: method call on a diverging inference variable
[INFO] [stdout]    --> examples/test5.rs:228:22
[INFO] [stdout]     |
[INFO] [stdout] 228 |         if !response.status().is_success() {
[INFO] [stdout]     |                      ^^^^^^
[INFO] [stdout]     |
[INFO] [stdout]     = help: consider providing a type annotation
[INFO] [stdout]     = warning: this was previously accepted by the compiler but is being phased out; it will become a hard error in a future release!
[INFO] [stdout]     = note: for more information, see issue #156047 <https://github.com/rust-lang/rust/issues/156047>
[INFO] [stdout]     = note: `#[warn(method_call_on_diverging_infer_var)]` (part of `#[warn(future_incompatible)]`) on by default
[INFO] [stdout] 
[INFO] [stdout] 
[INFO] [stdout] error[E0599]: no method named `status` found for type `_` in the current scope
[INFO] [stdout]    --> examples/test5.rs:228:22
[INFO] [stdout]     |
[INFO] [stdout] 228 |         if !response.status().is_success() {
[INFO] [stdout]     |                      ^^^^^^
[INFO] [stdout]     |
[INFO] [stdout]     = help: items from traits can only be used if the trait is in scope
[INFO] [stdout] help: the following traits which provide `status` are implemented but not in scope; perhaps you want to import one of them
[INFO] [stdout]     |
[INFO] [stdout]   1 + use futures::task::Spawn;
[INFO] [stdout]     |
[INFO] [stdout]   1 + use warp::reject::sealed::IsReject;
[INFO] [stdout]     |
[INFO] [stdout] help: there is a method `status_local` with a similar name
[INFO] [stdout]     |
[INFO] [stdout] 228 |         if !response.status_local().is_success() {
[INFO] [stdout]     |                            ++++++
[INFO] [stdout] 
[INFO] [stdout] 
[INFO] [stdout] error[E0599]: no method named `status` found for type `!` in the current scope
[INFO] [stdout]    --> examples/test5.rs:229:71
[INFO] [stdout]     |
[INFO] [stdout] 229 |             return Err(anyhow::anyhow!("Request failed: {}", response.status()));
[INFO] [stdout]     |                                                                       ^^^^^^ method not found in `!`
[INFO] [stdout]     |
[INFO] [stdout]    ::: /opt/rustwide/cargo-home/registry/src/index.crates.io-1949cf8c6b5b557f/warp-0.3.7/src/reject.rs:617:12
[INFO] [stdout]     |
[INFO] [stdout] 617 |         fn status(&self) -> StatusCode;
[INFO] [stdout]     |            ------ the method is available for `!` here
[INFO] [stdout]     |
[INFO] [stdout]     = help: items from traits can only be used if the trait is in scope
[INFO] [stdout] help: trait `IsReject` which provides `status` is implemented but not in scope; perhaps you want to import it
[INFO] [stdout]     |
[INFO] [stdout]   1 + use warp::reject::sealed::IsReject;
[INFO] [stdout]     |
[INFO] [stdout] 
[INFO] [stdout] 
[INFO] [stdout] warning: unreachable call
[INFO] [stdout]    --> examples/test5.rs:229:71
[INFO] [stdout]     |
[INFO] [stdout] 229 |             return Err(anyhow::anyhow!("Request failed: {}", response.status()));
[INFO] [stdout]     |                                                              -------- ^^^^^^ unreachable call
[INFO] [stdout]     |                                                              |
[INFO] [stdout]     |                                                              any code following this expression is unreachable
[INFO] [stdout]     |
[INFO] [stdout]     = note: `#[warn(unreachable_code)]` (part of `#[warn(unused)]`) on by default
[INFO] [stdout] 
[INFO] [stdout] 
[INFO] [stdout] warning: method call on a diverging inference variable
[INFO] [stdout]    --> examples/test5.rs:172:48
[INFO] [stdout]     |
[INFO] [stdout] 172 |     let benchmark_future = request_loop(client.clone(), auth_tokens, args.requests);
[INFO] [stdout]     |                                                ^^^^^
[INFO] [stdout]     |
[INFO] [stdout]     = help: consider providing a type annotation
[INFO] [stdout]     = warning: this was previously accepted by the compiler but is being phased out; it will become a hard error in a future release!
[INFO] [stdout]     = note: for more information, see issue #156047 <https://github.com/rust-lang/rust/issues/156047>
[INFO] [stdout] 
[INFO] [stdout] 
[INFO] [stdout] error[E0308]: mismatched types
[INFO] [stdout]    --> examples/test5.rs:155:18
[INFO] [stdout]     |
[INFO] [stdout] 155 |     let client = client_builder.build(&args.url).await?;
[INFO] [stdout]     |                  ^^^^^^^^^^^^^^^^^^^^^^^^^^^^^^^^^^^^^^ expected `&_`, found `!`
[INFO] [stdout]     |
[INFO] [stdout]     = note: expected reference `&_`
[INFO] [stdout]                     found type `!`
[INFO] [stdout] 
[INFO] [stdout] 
[INFO] [stdout] Some errors have detailed explanations: E0308, E0432, E0599.
[INFO] [stdout] 
[INFO] [stdout] For more information about an error, try `rustc --explain E0308`.
[INFO] [stdout] 
[INFO] [stderr] error: could not compile `api-bench` (example "test5") due to 4 previous errors; 5 warnings emitted
[INFO] [stderr] warning: build failed, waiting for other jobs to finish...
[INFO] [stderr] warning: unused dependency `chrono`
[INFO] [stderr]   --> Cargo.toml:15:15
[INFO] [stderr]    |
[INFO] [stderr] 15 | [dependencies.chrono]
[INFO] [stderr]    |               ^^^^^^^
[INFO] [stderr]    |
[INFO] [stderr]    = note: `cargo::unused_dependencies` is set to `warn` by default
[INFO] [stderr] help: consider removing the dependency on `chrono`
[INFO] [stderr] help: to still use for development builds, move to `dev-dependencies`
[INFO] [stderr] warning: unused dependency `clap`
[INFO] [stderr]   --> Cargo.toml:19:15
[INFO] [stderr]    |
[INFO] [stderr] 19 | [dependencies.clap]
[INFO] [stderr]    |               ^^^^^
[INFO] [stderr]    |
[INFO] [stderr] help: consider removing the dependency on `clap`
[INFO] [stderr] help: to still use for development builds, move to `dev-dependencies`
[INFO] [stderr] warning: unused dependency `colored`
[INFO] [stderr]  --> Cargo.toml:4:1
[INFO] [stderr]   |
[INFO] [stderr] 4 | colored = "2.0"
[INFO] [stderr]   | ^^^^^^^^^^^^^^^
[INFO] [stderr]   |
[INFO] [stderr] help: consider removing the dependency on `colored`
[INFO] [stderr] help: to still use for development builds, move to `dev-dependencies`
[INFO] [stderr] warning: unused dependency `dashmap`
[INFO] [stderr]  --> Cargo.toml:6:1
[INFO] [stderr]   |
[INFO] [stderr] 6 | dashmap = "6.0"
[INFO] [stderr]   | ^^^^^^^^^^^^^^^
[INFO] [stderr]   |
[INFO] [stderr] help: consider removing the dependency on `dashmap`
[INFO] [stderr] help: to still use for development builds, move to `dev-dependencies`
[INFO] [stderr] warning: unused dependency `futures`
[INFO] [stderr]  --> Cargo.toml:7:1
[INFO] [stderr]   |
[INFO] [stderr] 7 | futures = "0.3"
[INFO] [stderr]   | ^^^^^^^^^^^^^^^
[INFO] [stderr]   |
[INFO] [stderr] help: consider removing the dependency on `futures`
[INFO] [stderr] warning: unused dependency `rust_decimal_macros`
[INFO] [stderr]   --> Cargo.toml:11:1
[INFO] [stderr]    |
[INFO] [stderr] 11 | rust_decimal_macros = "1.0"
[INFO] [stderr]    | ^^^^^^^^^^^^^^^^^^^^^^^^^^^
[INFO] [stderr]    |
[INFO] [stderr] help: consider removing the dependency on `rust_decimal_macros`
[INFO] [stderr] warning: unused dependency `uuid`
[INFO] [stderr]   --> Cargo.toml:31:15
[INFO] [stderr]    |
[INFO] [stderr] 31 | [dependencies.uuid]
[INFO] [stderr]    |               ^^^^^
[INFO] [stderr]    |
[INFO] [stderr] help: consider removing the dependency on `uuid`
[INFO] [stderr] help: to still use for development builds, move to `dev-dependencies`
[INFO] [stderr] warning: unused dependency `warp`
[INFO] [stderr]   --> Cargo.toml:13:1
[INFO] [stderr]    |
[INFO] [stderr] 13 | warp = "0.3"
[INFO] [stderr]    | ^^^^^^^^^^^^
[INFO] [stderr]    |
[INFO] [stderr] help: consider removing the dependency on `warp`
[INFO] [stderr] help: to still use for development builds, move to `dev-dependencies`
[INFO] [stderr] warning: `api-bench` (manifest) generated 8 warnings
[INFO] running `Command { std: "docker" "inspect" "0f7febda3ea7f898fd9cc9bbd6a62cdd5bcaddae351049124aad8344bd9b99ae", kill_on_drop: false }`
[INFO] running `Command { std: "docker" "rm" "-f" "0f7febda3ea7f898fd9cc9bbd6a62cdd5bcaddae351049124aad8344bd9b99ae", kill_on_drop: false }`
[INFO] [stdout] 0f7febda3ea7f898fd9cc9bbd6a62cdd5bcaddae351049124aad8344bd9b99ae
