[INFO] cloning repository https://github.com/pseudonymous-furry/pqvault
[INFO] running `Command { std: "git" "-c" "credential.helper=" "-c" "credential.helper=/workspace/cargo-home/bin/git-credential-null" "clone" "--bare" "https://github.com/pseudonymous-furry/pqvault" "/workspace/cache/git-repos/https%3A%2F%2Fgithub.com%2Fpseudonymous-furry%2Fpqvault", kill_on_drop: false }`
[INFO] [stderr] Cloning into bare repository '/workspace/cache/git-repos/https%3A%2F%2Fgithub.com%2Fpseudonymous-furry%2Fpqvault'...
[INFO] running `Command { std: "git" "rev-parse" "HEAD", kill_on_drop: false }`
[INFO] [stdout] f89f4a78bf88ab91486d62169e2d702300c0d4d7
[INFO] checking pseudonymous-furry/pqvault against f4dd856795debe636f2ba39a900f162f5abeb7e8 for pr-160904
[INFO] running `Command { std: "git" "clone" "/workspace/cache/git-repos/https%3A%2F%2Fgithub.com%2Fpseudonymous-furry%2Fpqvault" "/workspace/builds/worker-1-tc2/source", kill_on_drop: false }`
[INFO] [stderr] Cloning into '/workspace/builds/worker-1-tc2/source'...
[INFO] [stderr] done.
[INFO] started tweaking git repo https://github.com/pseudonymous-furry/pqvault
[INFO] finished tweaking git repo https://github.com/pseudonymous-furry/pqvault
[INFO] tweaked toml for git repo https://github.com/pseudonymous-furry/pqvault written to /workspace/builds/worker-1-tc2/source/Cargo.toml
[INFO] validating manifest of git repo https://github.com/pseudonymous-furry/pqvault on toolchain f4dd856795debe636f2ba39a900f162f5abeb7e8
[INFO] running `Command { std: CARGO_HOME="/workspace/cargo-home" RUSTUP_HOME="/workspace/rustup-home" "/workspace/cargo-home/bin/cargo" "+f4dd856795debe636f2ba39a900f162f5abeb7e8" "metadata" "--manifest-path" "Cargo.toml" "--no-deps", kill_on_drop: false }`
[INFO] crate git repo https://github.com/pseudonymous-furry/pqvault already has a lockfile, it will not be regenerated
[INFO] running `Command { std: CARGO_HOME="/workspace/cargo-home" RUSTUP_HOME="/workspace/rustup-home" "/workspace/cargo-home/bin/cargo" "+f4dd856795debe636f2ba39a900f162f5abeb7e8" "fetch" "--manifest-path" "Cargo.toml", kill_on_drop: false }`
[INFO] [stderr]     Blocking waiting for file lock on package cache
[INFO] [stderr]     Updating crates.io index
[INFO] [stderr]     Blocking waiting for file lock on package cache
[ERROR] error running command: no output for 300 seconds
[INFO] checking pseudonymous-furry/pqvault against f4dd856795debe636f2ba39a900f162f5abeb7e8 for pr-160904
[INFO] running `Command { std: "git" "clone" "/workspace/cache/git-repos/https%3A%2F%2Fgithub.com%2Fpseudonymous-furry%2Fpqvault" "/workspace/builds/worker-1-tc2/source", kill_on_drop: false }`
[INFO] [stderr] Cloning into '/workspace/builds/worker-1-tc2/source'...
[INFO] [stderr] done.
[INFO] started tweaking git repo https://github.com/pseudonymous-furry/pqvault
[INFO] finished tweaking git repo https://github.com/pseudonymous-furry/pqvault
[INFO] tweaked toml for git repo https://github.com/pseudonymous-furry/pqvault written to /workspace/builds/worker-1-tc2/source/Cargo.toml
[INFO] validating manifest of git repo https://github.com/pseudonymous-furry/pqvault on toolchain f4dd856795debe636f2ba39a900f162f5abeb7e8
[INFO] running `Command { std: CARGO_HOME="/workspace/cargo-home" RUSTUP_HOME="/workspace/rustup-home" "/workspace/cargo-home/bin/cargo" "+f4dd856795debe636f2ba39a900f162f5abeb7e8" "metadata" "--manifest-path" "Cargo.toml" "--no-deps", kill_on_drop: false }`
[INFO] crate git repo https://github.com/pseudonymous-furry/pqvault already has a lockfile, it will not be regenerated
[INFO] running `Command { std: CARGO_HOME="/workspace/cargo-home" RUSTUP_HOME="/workspace/rustup-home" "/workspace/cargo-home/bin/cargo" "+f4dd856795debe636f2ba39a900f162f5abeb7e8" "fetch" "--manifest-path" "Cargo.toml", kill_on_drop: false }`
[INFO] [stderr]     Blocking waiting for file lock on package cache
[INFO] [stderr]     Blocking waiting for file lock on package cache
[INFO] [stderr]  Downloading crates ...
[INFO] [stderr]   Downloaded rtoolbox v0.0.5
[INFO] [stderr]   Downloaded keccak v0.2.0
[INFO] [stderr]   Downloaded ml-kem v0.3.2
[INFO] [stderr]   Downloaded kem v0.3.0
[INFO] [stderr]   Downloaded sponge-cursor v0.1.0
[INFO] [stderr]   Downloaded module-lattice v0.2.3
[INFO] [stderr]   Downloaded signature v3.0.0
[INFO] [stderr]   Downloaded rpassword v7.5.3
[INFO] [stderr]   Downloaded pkcs8 v0.11.0
[INFO] [stderr]   Downloaded ml-dsa v0.1.0
[INFO] [stderr]   Downloaded sha3 v0.11.0
[INFO] [stderr]   Downloaded shake v0.1.0
[INFO] running `Command { std: "docker" "create" "-v" "/var/lib/crater-agent-workspace/builds/worker-1-tc2/source:/opt/rustwide/workdir:ro,Z" "-v" "/var/lib/crater-agent-workspace/builds/worker-1-tc2/target:/opt/rustwide/target:rw,Z" "-v" "/var/lib/crater-agent-workspace/cargo-home:/opt/rustwide/cargo-home:ro,Z" "-v" "/var/lib/crater-agent-workspace/rustup-home:/opt/rustwide/rustup-home:ro,Z" "-m" "1610612736" "--network" "none" "ghcr.io/rust-lang/crates-build-env/linux@sha256:3111399a4047eeb3a02b7a90e478d715f38a8c6669b5c4b49d30a17385265909" "sleep" "infinity", kill_on_drop: false }`
[INFO] [stdout] dc3656687b9fc3f86f75b44aa481604653e61a48ccf12b73ed153bb93dde71c5
[INFO] running `Command { std: "docker" "start" "dc3656687b9fc3f86f75b44aa481604653e61a48ccf12b73ed153bb93dde71c5", kill_on_drop: false }`
[INFO] running `Command { std: "docker" "inspect" "dc3656687b9fc3f86f75b44aa481604653e61a48ccf12b73ed153bb93dde71c5", kill_on_drop: false }`
[INFO] running `Command { std: "docker" "exec" "-e" "SOURCE_DIR=/opt/rustwide/workdir" "-e" "CARGO_HOME=/opt/rustwide/cargo-home" "-e" "RUSTUP_HOME=/opt/rustwide/rustup-home" "-e" "CARGO_TARGET_DIR=/opt/rustwide/target" "-w" "/opt/rustwide/workdir" "--user" "0:0" "dc3656687b9fc3f86f75b44aa481604653e61a48ccf12b73ed153bb93dde71c5" "/opt/rustwide/cargo-home/bin/cargo" "+f4dd856795debe636f2ba39a900f162f5abeb7e8" "metadata" "--no-deps" "--format-version=1", kill_on_drop: false }`
[INFO] running `Command { std: "docker" "inspect" "dc3656687b9fc3f86f75b44aa481604653e61a48ccf12b73ed153bb93dde71c5", kill_on_drop: false }`
[INFO] running `Command { std: "docker" "exec" "-e" "SOURCE_DIR=/opt/rustwide/workdir" "-e" "CARGO_HOME=/opt/rustwide/cargo-home" "-e" "RUSTUP_HOME=/opt/rustwide/rustup-home" "-e" "CARGO_TARGET_DIR=/opt/rustwide/target" "-e" "CARGO_INCREMENTAL=0" "-e" "RUST_BACKTRACE=full" "-e" "RUSTFLAGS=--cap-lints=forbid" "-e" "RUSTDOCFLAGS=--cap-lints=forbid" "-w" "/opt/rustwide/workdir" "--user" "0:0" "dc3656687b9fc3f86f75b44aa481604653e61a48ccf12b73ed153bb93dde71c5" "/opt/rustwide/cargo-home/bin/cargo" "+f4dd856795debe636f2ba39a900f162f5abeb7e8" "check" "--frozen" "--all" "--all-targets" "--message-format=json", kill_on_drop: false }`
[INFO] [stderr]     Checking typenum v1.20.0
[INFO] [stderr]     Checking cmov v0.5.3
[INFO] [stderr]    Compiling getrandom v0.4.2
[INFO] [stderr]    Compiling zerocopy v0.8.48
[INFO] [stderr]     Checking getrandom v0.2.17
[INFO] [stderr]     Checking errno v0.3.14
[INFO] [stderr]     Checking mio v0.8.11
[INFO] [stderr]     Checking mio v1.2.0
[INFO] [stderr]     Checking parking_lot_core v0.9.12
[INFO] [stderr]     Checking keccak v0.2.0
[INFO] [stderr]     Checking const-oid v0.10.2
[INFO] [stderr]     Checking bitflags v2.11.1
[INFO] [stderr]    Compiling syn v2.0.117
[INFO] [stderr]     Checking either v1.16.0
[INFO] [stderr]    Compiling serde_json v1.0.150
[INFO] [stderr]     Checking sponge-cursor v0.1.0
[INFO] [stderr]     Checking signal-hook-registry v1.4.8
[INFO] [stderr]     Checking compact_str v0.8.1
[INFO] [stderr]     Checking dirs-sys v0.5.0
[INFO] [stderr]     Checking rand_core v0.6.4
[INFO] [stderr]     Checking rustix v0.38.44
[INFO] [stderr]     Checking rtoolbox v0.0.5
[INFO] [stderr]     Checking parking_lot v0.12.5
[INFO] [stderr]     Checking ctutils v0.4.2
[INFO] [stderr]     Checking signal-hook v0.3.18
[INFO] [stderr]     Checking itertools v0.13.0
[INFO] [stderr]     Checking rpassword v7.5.3
[INFO] [stderr]     Checking password-hash v0.5.0
[INFO] [stderr]     Checking dirs v6.0.0
[INFO] [stderr]     Checking signal-hook-mio v0.2.5
[INFO] [stderr]     Checking crossterm v0.27.0
[INFO] [stderr]     Checking crossterm v0.28.1
[INFO] [stderr]     Checking generic-array v0.14.7
[INFO] [stderr]     Checking hybrid-array v0.4.12
[INFO] [stderr]     Checking unicode-truncate v1.1.0
[INFO] [stderr]     Checking crypto-common v0.1.7
[INFO] [stderr]     Checking block-buffer v0.10.4
[INFO] [stderr]     Checking inout v0.1.4
[INFO] [stderr]     Checking universal-hash v0.5.1
[INFO] [stderr]     Checking aead v0.5.2
[INFO] [stderr]     Checking digest v0.10.7
[INFO] [stderr]     Checking poly1305 v0.8.0
[INFO] [stderr]     Checking blake2 v0.10.6
[INFO] [stderr]     Checking hmac v0.12.1
[INFO] [stderr]     Checking sha2 v0.10.9
[INFO] [stderr]     Checking hkdf v0.12.4
[INFO] [stderr]     Checking argon2 v0.5.3
[INFO] [stderr]     Checking crypto-common v0.2.2
[INFO] [stderr]     Checking block-buffer v0.12.0
[INFO] [stderr]     Checking module-lattice v0.2.3
[INFO] [stderr]     Checking digest v0.11.3
[INFO] [stderr]     Checking kem v0.3.0
[INFO] [stderr]    Compiling darling_core v0.23.0
[INFO] [stderr]     Checking shake v0.1.0
[INFO] [stderr]     Checking signature v3.0.0
[INFO] [stderr]     Checking sha3 v0.11.0
[INFO] [stderr]     Checking ml-kem v0.3.2
[INFO] [stderr]    Compiling zeroize_derive v1.4.3
[INFO] [stderr]    Compiling strum_macros v0.26.4
[INFO] [stderr]    Compiling serde_derive v1.0.228
[INFO] [stderr]     Checking zeroize v1.8.2
[INFO] [stderr]     Checking der v0.8.0
[INFO] [stderr]     Checking cipher v0.4.4
[INFO] [stderr]     Checking chacha20 v0.9.1
[INFO] [stderr]     Checking chacha20poly1305 v0.10.1
[INFO] [stderr]     Checking ppv-lite86 v0.2.21
[INFO] [stderr]     Checking strum v0.26.3
[INFO] [stderr]     Checking spki v0.8.0
[INFO] [stderr]     Checking rand_chacha v0.3.1
[INFO] [stderr]     Checking pkcs8 v0.11.0
[INFO] [stderr]    Compiling darling_macro v0.23.0
[INFO] [stderr]     Checking ml-dsa v0.1.0
[INFO] [stderr]     Checking rand v0.8.6
[INFO] [stderr]    Compiling darling v0.23.0
[INFO] [stderr]    Compiling instability v0.3.12
[INFO] [stderr]     Checking ratatui v0.29.0
[INFO] [stderr]     Checking serde v1.0.228
[INFO] [stderr]     Checking pqvault v0.1.0 (/opt/rustwide/workdir)
[INFO] [stdout] error[E0308]: mismatched types
[INFO] [stdout]    --> src/crypto.rs:230:18
[INFO] [stdout]     |
[INFO] [stdout] 230 |         version: KEY_VERSION,
[INFO] [stdout]     |                  ^^^^^^^^^^^ expected `u32`, found `Version`
[INFO] [stdout] 
[INFO] [stdout] 
[INFO] [stdout] error[E0308]: mismatched types
[INFO] [stdout]    --> src/crypto.rs:230:18
[INFO] [stdout]     |
[INFO] [stdout] 230 |         version: KEY_VERSION,
[INFO] [stdout]     |                  ^^^^^^^^^^^ expected `u32`, found `Version`
[INFO] [stdout] 
[INFO] [stdout] 
[INFO] [stdout] error[E0308]: mismatched types
[INFO] [stdout]    --> src/crypto.rs:246:18
[INFO] [stdout]     |
[INFO] [stdout] 246 |         version: KEY_VERSION,
[INFO] [stdout]     |                  ^^^^^^^^^^^ expected `u32`, found `Version`
[INFO] [stdout] 
[INFO] [stdout] 
[INFO] [stdout] error[E0308]: mismatched types
[INFO] [stdout]    --> src/crypto.rs:246:18
[INFO] [stdout]     |
[INFO] [stdout] 246 |         version: KEY_VERSION,
[INFO] [stdout]     |                  ^^^^^^^^^^^ expected `u32`, found `Version`
[INFO] [stdout] 
[INFO] [stdout] 
[INFO] [stdout] error[E0277]: can't compare `u32` with `crypto::Version`
[INFO] [stdout]    --> src/crypto.rs:304:25
[INFO] [stdout]     |
[INFO] [stdout] 304 |     if envelope.version != KEY_VERSION {
[INFO] [stdout]     |                         ^^ no implementation for `u32 == crypto::Version`
[INFO] [stdout]     |
[INFO] [stdout]     = help: the trait `PartialEq<crypto::Version>` is not implemented for `u32`
[INFO] [stdout] help: `u32` implements trait `PartialEq<Rhs>`
[INFO] [stdout]    --> /rustc/f4dd856795debe636f2ba39a900f162f5abeb7e8/library/core/src/cmp.rs:2183:12
[INFO] [stdout]     |
[INFO] [stdout]     = note: `PartialEq`
[INFO] [stdout]    ::: /rustc/f4dd856795debe636f2ba39a900f162f5abeb7e8/library/core/src/cmp.rs:2195:5
[INFO] [stdout]     |
[INFO] [stdout]     = note: in this macro invocation
[INFO] [stdout]     |
[INFO] [stdout]    ::: /opt/rustwide/cargo-home/registry/src/index.crates.io-1949cf8c6b5b557f/serde_json-1.0.150/src/value/partial_eq.rs:76:13
[INFO] [stdout]     |
[INFO] [stdout]  76 |               impl PartialEq<Value> for $ty {
[INFO] [stdout]     |               ^^^^^^^^^^^^^^^^^^^^^^^^^^^^^ `PartialEq<serde_json::Value>`
[INFO] [stdout] ...
[INFO] [stdout]  97 | / partialeq_numeric! {
[INFO] [stdout]  98 | |     eq_i64[i8 i16 i32 i64 isize]
[INFO] [stdout]  99 | |     eq_u64[u8 u16 u32 u64 usize]
[INFO] [stdout] 100 | |     eq_f32[f32]
[INFO] [stdout] 101 | |     eq_f64[f64]
[INFO] [stdout] 102 | |     eq_bool[bool]
[INFO] [stdout] 103 | | }
[INFO] [stdout]     | |_- in this macro invocation
[INFO] [stdout]     = note: this error originates in the macro `impl_partial_eq_for_primitive` which comes from the expansion of the macro `partialeq_numeric` (in Nightly builds, run with -Z macro-backtrace for more info)
[INFO] [stdout] 
[INFO] [stdout] 
[INFO] [stdout] error[E0277]: can't compare `u32` with `crypto::Version`
[INFO] [stdout]    --> src/crypto.rs:304:25
[INFO] [stdout]     |
[INFO] [stdout] 304 |     if envelope.version != KEY_VERSION {
[INFO] [stdout]     |                         ^^ no implementation for `u32 == crypto::Version`
[INFO] [stdout]     |
[INFO] [stdout]     = help: the trait `PartialEq<crypto::Version>` is not implemented for `u32`
[INFO] [stdout] help: `u32` implements trait `PartialEq<Rhs>`
[INFO] [stdout]    --> /rustc/f4dd856795debe636f2ba39a900f162f5abeb7e8/library/core/src/cmp.rs:2183:12
[INFO] [stdout]     |
[INFO] [stdout]     = note: `PartialEq`
[INFO] [stdout]    ::: /rustc/f4dd856795debe636f2ba39a900f162f5abeb7e8/library/core/src/cmp.rs:2195:5
[INFO] [stdout]     |
[INFO] [stdout]     = note: in this macro invocation
[INFO] [stdout]     |
[INFO] [stdout]    ::: /opt/rustwide/cargo-home/registry/src/index.crates.io-1949cf8c6b5b557f/serde_json-1.0.150/src/value/partial_eq.rs:76:13
[INFO] [stdout]     |
[INFO] [stdout]  76 |               impl PartialEq<Value> for $ty {
[INFO] [stdout]     |               ^^^^^^^^^^^^^^^^^^^^^^^^^^^^^ `PartialEq<serde_json::Value>`
[INFO] [stdout] ...
[INFO] [stdout]  97 | / partialeq_numeric! {
[INFO] [stdout]  98 | |     eq_i64[i8 i16 i32 i64 isize]
[INFO] [stdout]  99 | |     eq_u64[u8 u16 u32 u64 usize]
[INFO] [stdout] 100 | |     eq_f32[f32]
[INFO] [stdout] 101 | |     eq_f64[f64]
[INFO] [stdout] 102 | |     eq_bool[bool]
[INFO] [stdout] 103 | | }
[INFO] [stdout]     | |_- in this macro invocation
[INFO] [stdout]     = note: this error originates in the macro `impl_partial_eq_for_primitive` which comes from the expansion of the macro `partialeq_numeric` (in Nightly builds, run with -Z macro-backtrace for more info)
[INFO] [stdout] 
[INFO] [stdout] 
[INFO] [stdout] Some errors have detailed explanations: E0277, E0308.
[INFO] [stdout] 
[INFO] [stdout] For more information about an error, try `rustc --explain E0277`.
[INFO] [stdout] 
[INFO] [stdout] Some errors have detailed explanations: E0277, E0308.
[INFO] [stdout] 
[INFO] [stdout] For more information about an error, try `rustc --explain E0277`.
[INFO] [stdout] 
[INFO] [stderr] error: could not compile `pqvault` (bin "pqvault") due to 3 previous errors
[INFO] [stderr] warning: build failed, waiting for other jobs to finish...
[INFO] [stderr] error: could not compile `pqvault` (bin "pqvault" test) due to 3 previous errors
[INFO] [stderr] warning: unused dependency `rpassword`
[INFO] [stderr]   --> Cargo.toml:11:1
[INFO] [stderr]    |
[INFO] [stderr] 11 | rpassword = "7"
[INFO] [stderr]    | ^^^^^^^^^^^^^^^
[INFO] [stderr]    |
[INFO] [stderr]    = note: `cargo::unused_dependencies` is set to `warn` by default
[INFO] [stderr] help: consider removing the dependency on `rpassword`
[INFO] [stderr] warning: `pqvault` (manifest) generated 1 warning
[INFO] running `Command { std: "docker" "inspect" "dc3656687b9fc3f86f75b44aa481604653e61a48ccf12b73ed153bb93dde71c5", kill_on_drop: false }`
[INFO] running `Command { std: "docker" "rm" "-f" "dc3656687b9fc3f86f75b44aa481604653e61a48ccf12b73ed153bb93dde71c5", kill_on_drop: false }`
[INFO] [stdout] dc3656687b9fc3f86f75b44aa481604653e61a48ccf12b73ed153bb93dde71c5
