[INFO] cloning repository https://github.com/opensourcegeek/stest
[INFO] running `Command { std: "git" "-c" "credential.helper=" "-c" "credential.helper=/workspace/cargo-home/bin/git-credential-null" "clone" "--bare" "https://github.com/opensourcegeek/stest" "/workspace/cache/git-repos/https%3A%2F%2Fgithub.com%2Fopensourcegeek%2Fstest", kill_on_drop: false }`
[INFO] [stderr] Cloning into bare repository '/workspace/cache/git-repos/https%3A%2F%2Fgithub.com%2Fopensourcegeek%2Fstest'...
[INFO] running `Command { std: "git" "rev-parse" "HEAD", kill_on_drop: false }`
[INFO] [stdout] 411bf710b24d8157dc633a1e0a1a61b83733f94d
[INFO] checking opensourcegeek/stest against f4dd856795debe636f2ba39a900f162f5abeb7e8 for pr-160904
[INFO] running `Command { std: "git" "clone" "/workspace/cache/git-repos/https%3A%2F%2Fgithub.com%2Fopensourcegeek%2Fstest" "/workspace/builds/worker-6-tc2/source", kill_on_drop: false }`
[INFO] [stderr] Cloning into '/workspace/builds/worker-6-tc2/source'...
[INFO] [stderr] done.
[INFO] started tweaking git repo https://github.com/opensourcegeek/stest
[INFO] finished tweaking git repo https://github.com/opensourcegeek/stest
[INFO] tweaked toml for git repo https://github.com/opensourcegeek/stest written to /workspace/builds/worker-6-tc2/source/Cargo.toml
[INFO] validating manifest of git repo https://github.com/opensourcegeek/stest on toolchain f4dd856795debe636f2ba39a900f162f5abeb7e8
[INFO] running `Command { std: CARGO_HOME="/workspace/cargo-home" RUSTUP_HOME="/workspace/rustup-home" "/workspace/cargo-home/bin/cargo" "+f4dd856795debe636f2ba39a900f162f5abeb7e8" "metadata" "--manifest-path" "Cargo.toml" "--no-deps", kill_on_drop: false }`
[INFO] crate git repo https://github.com/opensourcegeek/stest already has a lockfile, it will not be regenerated
[INFO] running `Command { std: CARGO_HOME="/workspace/cargo-home" RUSTUP_HOME="/workspace/rustup-home" "/workspace/cargo-home/bin/cargo" "+f4dd856795debe636f2ba39a900f162f5abeb7e8" "fetch" "--manifest-path" "Cargo.toml", kill_on_drop: false }`
[INFO] [stderr] warning: Cargo.toml: `package.edition` is unspecified, defaulting to `2015` while the latest is `2024`
[INFO] [stderr] warning: `stest` (manifest) generated 1 warning
[INFO] [stderr]     Blocking waiting for file lock on package cache
[INFO] [stderr]     Blocking waiting for file lock on package cache
[INFO] [stderr]     Blocking waiting for file lock on package cache
[INFO] [stderr]  Downloading crates ...
[INFO] [stderr]   Downloaded time v0.1.39
[INFO] [stderr]   Downloaded bitflags v0.7.0
[INFO] [stderr]   Downloaded strsim v0.7.0
[INFO] [stderr]   Downloaded matches v0.1.6
[INFO] [stderr]   Downloaded hyper-timeout-connector v0.1.0
[INFO] [stderr]   Downloaded atty v0.2.9
[INFO] [stderr]   Downloaded xml-rs v0.3.6
[INFO] [stderr]   Downloaded version_check v0.1.3
[INFO] [stderr]   Downloaded textwrap v0.9.0
[INFO] [stderr]   Downloaded num v0.1.42
[INFO] [stderr]   Downloaded rand v0.3.22
[INFO] [stderr]   Downloaded cfg-if v0.1.2
[INFO] [stderr]   Downloaded num-iter v0.1.35
[INFO] [stderr]   Downloaded num-integer v0.1.36
[INFO] [stderr]   Downloaded num_cpus v1.8.0
[INFO] [stderr]   Downloaded byteorder v0.5.3
[INFO] [stderr]   Downloaded httparse v1.2.4
[INFO] [stderr]   Downloaded num-traits v0.2.2
[INFO] [stderr]   Downloaded byteorder v1.2.2
[INFO] [stderr]   Downloaded socket2 v0.2.4
[INFO] [stderr]   Downloaded url v1.7.0
[INFO] [stderr]   Downloaded log v0.4.1
[INFO] [stderr]   Downloaded rand v0.4.2
[INFO] [stderr]   Downloaded hyper v0.10.13
[INFO] [stderr]   Downloaded chrono v0.2.25
[INFO] [stderr]   Downloaded unicode-normalization v0.1.5
[INFO] [stderr]   Downloaded clap v2.31.2
[INFO] [stderr]   Downloaded libc v0.2.40
[INFO] [stderr]   Downloaded csv v0.14.7
[INFO] [stderr]   Downloaded idna v0.1.4
[INFO] running `Command { std: "docker" "create" "-v" "/var/lib/crater-agent-workspace/builds/worker-6-tc2/source:/opt/rustwide/workdir:ro,Z" "-v" "/var/lib/crater-agent-workspace/builds/worker-6-tc2/target:/opt/rustwide/target:rw,Z" "-v" "/var/lib/crater-agent-workspace/cargo-home:/opt/rustwide/cargo-home:ro,Z" "-v" "/var/lib/crater-agent-workspace/rustup-home:/opt/rustwide/rustup-home:ro,Z" "-m" "1610612736" "--network" "none" "ghcr.io/rust-lang/crates-build-env/linux@sha256:3111399a4047eeb3a02b7a90e478d715f38a8c6669b5c4b49d30a17385265909" "sleep" "infinity", kill_on_drop: false }`
[INFO] [stdout] 76396abc5811f7dd45c32a65c2d6c05a4bade0eabbf6b648ffb46d63d252fa2e
[INFO] running `Command { std: "docker" "start" "76396abc5811f7dd45c32a65c2d6c05a4bade0eabbf6b648ffb46d63d252fa2e", kill_on_drop: false }`
[INFO] running `Command { std: "docker" "inspect" "76396abc5811f7dd45c32a65c2d6c05a4bade0eabbf6b648ffb46d63d252fa2e", kill_on_drop: false }`
[INFO] running `Command { std: "docker" "exec" "-e" "SOURCE_DIR=/opt/rustwide/workdir" "-e" "CARGO_HOME=/opt/rustwide/cargo-home" "-e" "RUSTUP_HOME=/opt/rustwide/rustup-home" "-e" "CARGO_TARGET_DIR=/opt/rustwide/target" "-w" "/opt/rustwide/workdir" "--user" "0:0" "76396abc5811f7dd45c32a65c2d6c05a4bade0eabbf6b648ffb46d63d252fa2e" "/opt/rustwide/cargo-home/bin/cargo" "+f4dd856795debe636f2ba39a900f162f5abeb7e8" "metadata" "--no-deps" "--format-version=1", kill_on_drop: false }`
[INFO] running `Command { std: "docker" "inspect" "76396abc5811f7dd45c32a65c2d6c05a4bade0eabbf6b648ffb46d63d252fa2e", kill_on_drop: false }`
[INFO] running `Command { std: "docker" "exec" "-e" "SOURCE_DIR=/opt/rustwide/workdir" "-e" "CARGO_HOME=/opt/rustwide/cargo-home" "-e" "RUSTUP_HOME=/opt/rustwide/rustup-home" "-e" "CARGO_TARGET_DIR=/opt/rustwide/target" "-e" "CARGO_INCREMENTAL=0" "-e" "RUST_BACKTRACE=full" "-e" "RUSTFLAGS=--cap-lints=forbid" "-e" "RUSTDOCFLAGS=--cap-lints=forbid" "-w" "/opt/rustwide/workdir" "--user" "0:0" "76396abc5811f7dd45c32a65c2d6c05a4bade0eabbf6b648ffb46d63d252fa2e" "/opt/rustwide/cargo-home/bin/cargo" "+f4dd856795debe636f2ba39a900f162f5abeb7e8" "check" "--frozen" "--all" "--all-targets" "--message-format=json", kill_on_drop: false }`
[INFO] [stderr] warning: Cargo.toml: `package.edition` is unspecified, defaulting to `2015` while the latest is `2024`
[INFO] [stderr] warning: `stest` (manifest) generated 1 warning
[INFO] [stderr]     Checking libc v0.2.40
[INFO] [stderr]     Checking matches v0.1.6
[INFO] [stderr]     Checking unicode-normalization v0.1.5
[INFO] [stderr]     Checking cfg-if v0.1.2
[INFO] [stderr]    Compiling version_check v0.1.3
[INFO] [stderr]     Checking num-traits v0.2.2
[INFO] [stderr]     Checking byteorder v1.2.2
[INFO] [stderr]     Checking safemem v0.2.0
[INFO] [stderr]     Checking percent-encoding v1.0.1
[INFO] [stderr]     Checking httparse v1.2.4
[INFO] [stderr]     Checking traitobject v0.1.0
[INFO] [stderr]     Checking language-tags v0.2.2
[INFO] [stderr]     Checking unicode-width v0.1.4
[INFO] [stderr]     Checking typeable v0.1.2
[INFO] [stderr]     Checking vec_map v0.8.0
[INFO] [stderr]     Checking percent-encoding v1.0.1 (https://github.com/servo/rust-url#04d5ec1e)
[INFO] [stderr]     Checking unicode-bidi v0.3.4
[INFO] [stderr]     Checking bitflags v0.7.0
[INFO] [stdout] error[E0119]: conflicting implementations of trait `Trait` for type `(dyn Send + Sync + 'static)`
[INFO] [stdout]   --> /opt/rustwide/cargo-home/registry/src/index.crates.io-1949cf8c6b5b557f/traitobject-0.1.0/src/impls.rs:72:1
[INFO] [stdout]    |
[INFO] [stdout] 71 | unsafe impl Trait for ::std::marker::Send + Sync { }
[INFO] [stdout]    | ------------------------------------------------ first implementation here
[INFO] [stdout] 72 | unsafe impl Trait for ::std::marker::Send + Send + Sync { }
[INFO] [stdout]    | ^^^^^^^^^^^^^^^^^^^^^^^^^^^^^^^^^^^^^^^^^^^^^^^^^^^^^^^ conflicting implementation for `(dyn Send + Sync + 'static)`
[INFO] [stdout] 
[INFO] [stdout] 
[INFO] [stdout] error[E0119]: conflicting implementations of trait `Trait` for type `(dyn Send + Sync + 'static)`
[INFO] [stdout]   --> /opt/rustwide/cargo-home/registry/src/index.crates.io-1949cf8c6b5b557f/traitobject-0.1.0/src/impls.rs:73:1
[INFO] [stdout]    |
[INFO] [stdout] 71 | unsafe impl Trait for ::std::marker::Send + Sync { }
[INFO] [stdout]    | ------------------------------------------------ first implementation here
[INFO] [stdout] 72 | unsafe impl Trait for ::std::marker::Send + Send + Sync { }
[INFO] [stdout] 73 | unsafe impl Trait for ::std::marker::Sync + Send { }
[INFO] [stdout]    | ^^^^^^^^^^^^^^^^^^^^^^^^^^^^^^^^^^^^^^^^^^^^^^^^ conflicting implementation for `(dyn Send + Sync + 'static)`
[INFO] [stdout] 
[INFO] [stdout] 
[INFO] [stdout] error[E0119]: conflicting implementations of trait `Trait` for type `(dyn Send + Sync + 'static)`
[INFO] [stdout]   --> /opt/rustwide/cargo-home/registry/src/index.crates.io-1949cf8c6b5b557f/traitobject-0.1.0/src/impls.rs:75:1
[INFO] [stdout]    |
[INFO] [stdout] 71 | unsafe impl Trait for ::std::marker::Send + Sync { }
[INFO] [stdout]    | ------------------------------------------------ first implementation here
[INFO] [stdout] ...
[INFO] [stdout] 75 | unsafe impl Trait for ::std::marker::Sync + Send + Sync { }
[INFO] [stdout]    | ^^^^^^^^^^^^^^^^^^^^^^^^^^^^^^^^^^^^^^^^^^^^^^^^^^^^^^^ conflicting implementation for `(dyn Send + Sync + 'static)`
[INFO] [stdout] 
[INFO] [stdout] 
[INFO] [stderr]     Checking log v0.4.1
[INFO] [stdout] For more information about this error, try `rustc --explain E0119`.
[INFO] [stdout] 
[INFO] [stderr] error: could not compile `traitobject` (lib) due to 3 previous errors
[INFO] [stderr] warning: build failed, waiting for other jobs to finish...
[INFO] running `Command { std: "docker" "inspect" "76396abc5811f7dd45c32a65c2d6c05a4bade0eabbf6b648ffb46d63d252fa2e", kill_on_drop: false }`
[INFO] running `Command { std: "docker" "rm" "-f" "76396abc5811f7dd45c32a65c2d6c05a4bade0eabbf6b648ffb46d63d252fa2e", kill_on_drop: false }`
[INFO] [stdout] 76396abc5811f7dd45c32a65c2d6c05a4bade0eabbf6b648ffb46d63d252fa2e
