[INFO] cloning repository https://github.com/novelhawk/riot-cli
[INFO] running `Command { std: "git" "-c" "credential.helper=" "-c" "credential.helper=/workspace/cargo-home/bin/git-credential-null" "clone" "--bare" "https://github.com/novelhawk/riot-cli" "/workspace/cache/git-repos/https%3A%2F%2Fgithub.com%2Fnovelhawk%2Friot-cli", kill_on_drop: false }`
[INFO] [stderr] Cloning into bare repository '/workspace/cache/git-repos/https%3A%2F%2Fgithub.com%2Fnovelhawk%2Friot-cli'...
[INFO] running `Command { std: "git" "rev-parse" "HEAD", kill_on_drop: false }`
[INFO] [stdout] 87d46de2ef22b7ac33a460560d715d8713f0d385
[INFO] checking novelhawk/riot-cli/87d46de2ef22b7ac33a460560d715d8713f0d385 against c999cef531ea9059e189e82fe0e82c5daf249bc9 for pr-160904
[INFO] running `Command { std: "git" "clone" "/workspace/cache/git-repos/https%3A%2F%2Fgithub.com%2Fnovelhawk%2Friot-cli" "/workspace/builds/worker-0-tc1/source", kill_on_drop: false }`
[INFO] [stderr] Cloning into '/workspace/builds/worker-0-tc1/source'...
[INFO] [stderr] done.
[INFO] started tweaking git repo https://github.com/novelhawk/riot-cli
[INFO] finished tweaking git repo https://github.com/novelhawk/riot-cli
[INFO] tweaked toml for git repo https://github.com/novelhawk/riot-cli written to /workspace/builds/worker-0-tc1/source/Cargo.toml
[INFO] validating manifest of git repo https://github.com/novelhawk/riot-cli on toolchain c999cef531ea9059e189e82fe0e82c5daf249bc9
[INFO] running `Command { std: CARGO_HOME="/workspace/cargo-home" RUSTUP_HOME="/workspace/rustup-home" "/workspace/cargo-home/bin/cargo" "+c999cef531ea9059e189e82fe0e82c5daf249bc9" "metadata" "--manifest-path" "Cargo.toml" "--no-deps", kill_on_drop: false }`
[INFO] crate git repo https://github.com/novelhawk/riot-cli already has a lockfile, it will not be regenerated
[INFO] running `Command { std: CARGO_HOME="/workspace/cargo-home" RUSTUP_HOME="/workspace/rustup-home" "/workspace/cargo-home/bin/cargo" "+c999cef531ea9059e189e82fe0e82c5daf249bc9" "fetch" "--manifest-path" "Cargo.toml", kill_on_drop: false }`
[INFO] [stderr]     Updating git repository `https://github.com/novelhawk/webview2.git`
[INFO] [stderr]     Updating crates.io index
[INFO] [stderr]     Blocking waiting for file lock on package cache
[INFO] [stderr]  Downloading crates ...
[INFO] [stderr]   Downloaded com_macros_support v0.2.0
[INFO] [stderr]   Downloaded com v0.2.0
[INFO] [stderr]   Downloaded com_macros v0.2.0
[INFO] [stderr]   Downloaded reqwest_cookie_store v0.8.0
[INFO] [stderr]   Downloaded mirai-annotations v1.12.0
[INFO] [stderr]   Downloaded quinn-udp v0.5.4
[INFO] [stderr]   Downloaded serde_derive v1.0.207
[INFO] [stderr]   Downloaded tao-macros v0.1.2
[INFO] [stderr]   Downloaded cookie_store v0.21.0
[INFO] [stderr]   Downloaded hyper-rustls v0.27.2
[INFO] [stderr]   Downloaded cc v1.1.11
[INFO] [stderr]   Downloaded serde v1.0.207
[INFO] [stderr]   Downloaded quinn v0.11.3
[INFO] [stderr]   Downloaded hyper-util v0.1.7
[INFO] [stderr]   Downloaded dlopen2_derive v0.4.0
[INFO] [stderr]   Downloaded dlopen2 v0.7.0
[INFO] [stderr]   Downloaded serde_json v1.0.124
[INFO] [stderr]   Downloaded async-compression v0.4.12
[INFO] [stderr]   Downloaded aws-lc-rs v1.8.1
[INFO] [stderr]   Downloaded syn v2.0.74
[INFO] [stderr]   Downloaded reqwest v0.12.5
[INFO] [stderr]   Downloaded quinn-proto v0.11.6
[INFO] [stderr]   Downloaded h2 v0.4.5
[INFO] [stderr]   Downloaded webview2-sys v0.1.1
[INFO] [stderr]   Downloaded tao v0.28.1
[INFO] [stderr]   Downloaded aws-lc-sys v0.20.1
[INFO] running `Command { std: "docker" "create" "-v" "/var/lib/crater-agent-workspace/builds/worker-0-tc1/source:/opt/rustwide/workdir:ro,Z" "-v" "/var/lib/crater-agent-workspace/builds/worker-0-tc1/target:/opt/rustwide/target:rw,Z" "-v" "/var/lib/crater-agent-workspace/cargo-home:/opt/rustwide/cargo-home:ro,Z" "-v" "/var/lib/crater-agent-workspace/rustup-home:/opt/rustwide/rustup-home:ro,Z" "-m" "1610612736" "--network" "none" "ghcr.io/rust-lang/crates-build-env/linux@sha256:3111399a4047eeb3a02b7a90e478d715f38a8c6669b5c4b49d30a17385265909" "sleep" "infinity", kill_on_drop: false }`
[INFO] [stdout] 74a7aacaf8d9462b32d2e2f197439b8a64f9347853043ae521be5d795c3fe41a
[INFO] running `Command { std: "docker" "start" "74a7aacaf8d9462b32d2e2f197439b8a64f9347853043ae521be5d795c3fe41a", kill_on_drop: false }`
[INFO] running `Command { std: "docker" "inspect" "74a7aacaf8d9462b32d2e2f197439b8a64f9347853043ae521be5d795c3fe41a", kill_on_drop: false }`
[INFO] running `Command { std: "docker" "exec" "-e" "SOURCE_DIR=/opt/rustwide/workdir" "-e" "CARGO_HOME=/opt/rustwide/cargo-home" "-e" "RUSTUP_HOME=/opt/rustwide/rustup-home" "-e" "CARGO_TARGET_DIR=/opt/rustwide/target" "-w" "/opt/rustwide/workdir" "--user" "0:0" "74a7aacaf8d9462b32d2e2f197439b8a64f9347853043ae521be5d795c3fe41a" "/opt/rustwide/cargo-home/bin/cargo" "+c999cef531ea9059e189e82fe0e82c5daf249bc9" "metadata" "--no-deps" "--format-version=1", kill_on_drop: false }`
[INFO] running `Command { std: "docker" "inspect" "74a7aacaf8d9462b32d2e2f197439b8a64f9347853043ae521be5d795c3fe41a", kill_on_drop: false }`
[INFO] running `Command { std: "docker" "exec" "-e" "SOURCE_DIR=/opt/rustwide/workdir" "-e" "CARGO_HOME=/opt/rustwide/cargo-home" "-e" "RUSTUP_HOME=/opt/rustwide/rustup-home" "-e" "CARGO_TARGET_DIR=/opt/rustwide/target" "-e" "CARGO_INCREMENTAL=0" "-e" "RUST_BACKTRACE=full" "-e" "RUSTFLAGS=--cap-lints=forbid" "-e" "RUSTDOCFLAGS=--cap-lints=forbid" "-w" "/opt/rustwide/workdir" "--user" "0:0" "74a7aacaf8d9462b32d2e2f197439b8a64f9347853043ae521be5d795c3fe41a" "/opt/rustwide/cargo-home/bin/cargo" "+c999cef531ea9059e189e82fe0e82c5daf249bc9" "check" "--frozen" "--all" "--all-targets" "--message-format=json", kill_on_drop: false }`
[INFO] [stderr]    Compiling serde v1.0.207
[INFO] [stderr]    Compiling smallvec v1.13.2
[INFO] [stderr]    Compiling indexmap v2.4.0
[INFO] [stderr]    Compiling libc v0.2.155
[INFO] [stderr]    Compiling quote v1.0.36
[INFO] [stderr]     Checking signal-hook-registry v1.4.2
[INFO] [stderr]     Checking socket2 v0.5.7
[INFO] [stderr]     Checking mio v1.0.2
[INFO] [stderr]    Compiling fs_extra v1.3.0
[INFO] [stderr]     Checking ahash v0.8.11
[INFO] [stderr]     Checking log v0.4.22
[INFO] [stderr]    Compiling aws-lc-rs v1.8.1
[INFO] [stderr]     Checking unicode-normalization v0.1.23
[INFO] [stderr]     Checking tracing v0.1.40
[INFO] [stderr]     Checking http-body v1.0.1
[INFO] [stderr]    Compiling cfg-expr v0.15.8
[INFO] [stderr]    Compiling syn v2.0.74
[INFO] [stderr]    Compiling syn v1.0.109
[INFO] [stderr]     Checking parking_lot_core v0.9.10
[INFO] [stderr]     Checking getrandom v0.2.15
[INFO] [stderr]    Compiling openssl v0.10.66
[INFO] [stderr]     Checking mirai-annotations v1.12.0
[INFO] [stderr]    Compiling proc-macro-error-attr v1.0.4
[INFO] [stderr]    Compiling rustls v0.23.12
[INFO] [stderr]     Checking hashbrown v0.14.5
[INFO] [stderr]    Compiling semver v1.0.23
[INFO] [stderr]     Checking parking_lot v0.12.3
[INFO] [stderr]    Compiling cookie v0.18.1
[INFO] [stderr]    Compiling gio v0.18.4
[INFO] [stderr]    Compiling serde_json v1.0.124
[INFO] [stderr]     Checking miniz_oxide v0.7.4
[INFO] [stderr]     Checking rustls-pemfile v2.1.3
[INFO] [stderr]     Checking webpki-roots v0.26.3
[INFO] [stderr]    Compiling num-traits v0.2.19
[INFO] [stderr]    Compiling winapi v0.3.9
[INFO] [stderr]    Compiling x11 v2.21.0
[INFO] [stderr]    Compiling rustc_version v0.4.0
[INFO] [stderr]    Compiling jobserver v0.1.32
[INFO] [stderr]     Checking idna v0.5.0
[INFO] [stderr]     Checking idna v0.3.0
[INFO] [stderr]    Compiling x11-dl v2.21.0
[INFO] [stderr]     Checking flate2 v1.0.31
[INFO] [stderr]    Compiling gtk v0.18.1
[INFO] [stderr]    Compiling webview2-sys v0.1.1 (https://github.com/novelhawk/webview2.git?branch=master#30ca4ede)
[INFO] [stderr]    Compiling field-offset v0.3.6
[INFO] [stderr]     Checking rustls-native-certs v0.7.1
[INFO] [stderr]    Compiling webview2-sys v0.1.1
[INFO] [stderr]    Compiling cc v1.1.11
[INFO] [stderr]     Checking anstyle-parse v0.2.5
[INFO] [stderr]     Checking instant v0.1.13
[INFO] [stderr]     Checking dpi v0.1.1
[INFO] [stderr]     Checking widestring v0.5.1
[INFO] [stderr]     Checking anstyle v1.0.8
[INFO] [stderr]     Checking anstyle-query v1.1.1
[INFO] [stderr]     Checking colorchoice v1.0.2
[INFO] [stderr]     Checking option-ext v0.2.0
[INFO] [stderr]     Checking publicsuffix v2.2.3
[INFO] [stderr]     Checking clap_lex v0.7.2
[INFO] [stderr]     Checking hashlink v0.9.1
[INFO] [stderr]     Checking dirs-sys v0.4.1
[INFO] [stderr]     Checking directories v5.0.1
[INFO] [stderr]     Checking anstream v0.6.15
[INFO] [stderr]     Checking url v2.5.2
[INFO] [stderr]     Checking clap_builder v4.5.15
[INFO] [stderr]    Compiling cmake v0.1.50
[INFO] [stderr]    Compiling openssl-sys v0.9.103
[INFO] [stderr]    Compiling ring v0.17.8
[INFO] [stderr]    Compiling libsqlite3-sys v0.30.1
[INFO] [stderr]    Compiling aws-lc-sys v0.20.1
[INFO] [stderr]    Compiling native-tls v0.2.12
[INFO] [stderr]    Compiling proc-macro-error v1.0.4
[INFO] [stderr]    Compiling com_macros_support v0.2.0
[INFO] [stderr]    Compiling toml_datetime v0.6.3
[INFO] [stderr]    Compiling serde_spanned v0.6.7
[INFO] [stderr]    Compiling com_macros v0.2.0
[INFO] [stderr]    Compiling toml_edit v0.20.2
[INFO] [stderr]    Compiling toml_edit v0.19.15
[INFO] [stderr]     Checking com v0.2.0
[INFO] [stdout] error[E0570]: "stdcall" is not a supported ABI for the current target
[INFO] [stdout]   --> /opt/rustwide/cargo-home/registry/src/index.crates.io-1949cf8c6b5b557f/com-0.2.0/src/interfaces/iclass_factory.rs:12:1
[INFO] [stdout]    |
[INFO] [stdout] 12 | #[com_interface("00000001-0000-0000-c000-000000000046")]
[INFO] [stdout]    | ^^^^^^^^^^^^^^^^^^^^^^^^^^^^^^^^^^^^^^^^^^^^^^^^^^^^^^^^
[INFO] [stdout]    |
[INFO] [stdout]    = help: if you need `extern "stdcall"` on win32 and `extern "C"` everywhere else, use `extern "system"`
[INFO] [stdout]    = note: this error originates in the attribute macro `com_interface` (in Nightly builds, run with -Z macro-backtrace for more info)
[INFO] [stdout] 
[INFO] [stdout] 
[INFO] [stdout] error[E0570]: "stdcall" is not a supported ABI for the current target
[INFO] [stdout]   --> /opt/rustwide/cargo-home/registry/src/index.crates.io-1949cf8c6b5b557f/com-0.2.0/src/interfaces/iclass_factory.rs:12:1
[INFO] [stdout]    |
[INFO] [stdout] 12 | #[com_interface("00000001-0000-0000-c000-000000000046")]
[INFO] [stdout]    | ^^^^^^^^^^^^^^^^^^^^^^^^^^^^^^^^^^^^^^^^^^^^^^^^^^^^^^^^
[INFO] [stdout]    |
[INFO] [stdout]    = help: if you need `extern "stdcall"` on win32 and `extern "C"` everywhere else, use `extern "system"`
[INFO] [stdout]    = note: this error originates in the macro `iclass_factory_gen_vtable` (in Nightly builds, run with -Z macro-backtrace for more info)
[INFO] [stdout] 
[INFO] [stdout] 
[INFO] [stdout] error[E0570]: "stdcall" is not a supported ABI for the current target
[INFO] [stdout]  --> /opt/rustwide/cargo-home/registry/src/index.crates.io-1949cf8c6b5b557f/com-0.2.0/src/interfaces/iunknown.rs:8:1
[INFO] [stdout]   |
[INFO] [stdout] 8 | #[com_interface("00000000-0000-0000-C000-000000000046")]
[INFO] [stdout]   | ^^^^^^^^^^^^^^^^^^^^^^^^^^^^^^^^^^^^^^^^^^^^^^^^^^^^^^^^
[INFO] [stdout]   |
[INFO] [stdout]   = help: if you need `extern "stdcall"` on win32 and `extern "C"` everywhere else, use `extern "system"`
[INFO] [stdout]   = note: this error originates in the attribute macro `com_interface` (in Nightly builds, run with -Z macro-backtrace for more info)
[INFO] [stdout] 
[INFO] [stdout] 
[INFO] [stdout] error[E0570]: "stdcall" is not a supported ABI for the current target
[INFO] [stdout]  --> /opt/rustwide/cargo-home/registry/src/index.crates.io-1949cf8c6b5b557f/com-0.2.0/src/interfaces/iunknown.rs:8:1
[INFO] [stdout]   |
[INFO] [stdout] 8 | #[com_interface("00000000-0000-0000-C000-000000000046")]
[INFO] [stdout]   | ^^^^^^^^^^^^^^^^^^^^^^^^^^^^^^^^^^^^^^^^^^^^^^^^^^^^^^^^
[INFO] [stdout]   |
[INFO] [stdout]   = help: if you need `extern "stdcall"` on win32 and `extern "C"` everywhere else, use `extern "system"`
[INFO] [stdout]   = note: this error originates in the macro `iunknown_gen_vtable` (in Nightly builds, run with -Z macro-backtrace for more info)
[INFO] [stdout] 
[INFO] [stdout] 
[INFO] [stdout] For more information about this error, try `rustc --explain E0570`.
[INFO] [stdout] 
[INFO] [stderr] error: could not compile `com` (lib) due to 4 previous errors
[INFO] [stderr] warning: build failed, waiting for other jobs to finish...
[INFO] running `Command { std: "docker" "inspect" "74a7aacaf8d9462b32d2e2f197439b8a64f9347853043ae521be5d795c3fe41a", kill_on_drop: false }`
[INFO] running `Command { std: "docker" "rm" "-f" "74a7aacaf8d9462b32d2e2f197439b8a64f9347853043ae521be5d795c3fe41a", kill_on_drop: false }`
[INFO] [stdout] 74a7aacaf8d9462b32d2e2f197439b8a64f9347853043ae521be5d795c3fe41a
