[INFO] cloning repository https://github.com/mvonbodun/zero-to-production
[INFO] running `Command { std: "git" "-c" "credential.helper=" "-c" "credential.helper=/workspace/cargo-home/bin/git-credential-null" "clone" "--bare" "https://github.com/mvonbodun/zero-to-production" "/workspace/cache/git-repos/https%3A%2F%2Fgithub.com%2Fmvonbodun%2Fzero-to-production", kill_on_drop: false }`
[INFO] [stderr] Cloning into bare repository '/workspace/cache/git-repos/https%3A%2F%2Fgithub.com%2Fmvonbodun%2Fzero-to-production'...
[INFO] running `Command { std: "git" "rev-parse" "HEAD", kill_on_drop: false }`
[INFO] [stdout] 4cb843a0e5ba405f38abfcc19e187bf33e8f01e1
[INFO] checking mvonbodun/zero-to-production against f4dd856795debe636f2ba39a900f162f5abeb7e8 for pr-160904
[INFO] running `Command { std: "git" "clone" "/workspace/cache/git-repos/https%3A%2F%2Fgithub.com%2Fmvonbodun%2Fzero-to-production" "/workspace/builds/worker-5-tc2/source", kill_on_drop: false }`
[INFO] [stderr] Cloning into '/workspace/builds/worker-5-tc2/source'...
[INFO] [stderr] done.
[INFO] started tweaking git repo https://github.com/mvonbodun/zero-to-production
[INFO] finished tweaking git repo https://github.com/mvonbodun/zero-to-production
[INFO] tweaked toml for git repo https://github.com/mvonbodun/zero-to-production written to /workspace/builds/worker-5-tc2/source/Cargo.toml
[INFO] validating manifest of git repo https://github.com/mvonbodun/zero-to-production on toolchain f4dd856795debe636f2ba39a900f162f5abeb7e8
[INFO] running `Command { std: CARGO_HOME="/workspace/cargo-home" RUSTUP_HOME="/workspace/rustup-home" "/workspace/cargo-home/bin/cargo" "+f4dd856795debe636f2ba39a900f162f5abeb7e8" "metadata" "--manifest-path" "Cargo.toml" "--no-deps", kill_on_drop: false }`
[INFO] crate git repo https://github.com/mvonbodun/zero-to-production already has a lockfile, it will not be regenerated
[INFO] running `Command { std: CARGO_HOME="/workspace/cargo-home" RUSTUP_HOME="/workspace/rustup-home" "/workspace/cargo-home/bin/cargo" "+f4dd856795debe636f2ba39a900f162f5abeb7e8" "fetch" "--manifest-path" "Cargo.toml", kill_on_drop: false }`
[INFO] [stderr]     Blocking waiting for file lock on package cache
[INFO] [stderr]     Blocking waiting for file lock on package cache
[INFO] [stderr]  Downloading crates ...
[INFO] [stderr]   Downloaded hyper-util v0.1.7
[INFO] [stderr]   Downloaded wiremock v0.6.2
[INFO] [stderr]   Downloaded deadpool v0.10.0
[INFO] [stderr]   Downloaded mutually_exclusive_features v0.0.3
[INFO] [stderr]   Downloaded cpufeatures v0.2.13
[INFO] [stderr]   Downloaded tracing-actix-web v0.7.11
[INFO] [stderr]   Downloaded sqlx-core v0.8.1
[INFO] [stderr]   Downloaded sqlformat v0.2.4
[INFO] [stderr]   Downloaded rustls-pemfile v2.1.3
[INFO] [stderr]   Downloaded rustls-pki-types v1.8.0
[INFO] [stderr]   Downloaded sqlx-sqlite v0.8.1
[INFO] [stderr]   Downloaded sqlx v0.8.1
[INFO] [stderr]   Downloaded unicode-properties v0.1.2
[INFO] [stderr]   Downloaded whoami v1.5.1
[INFO] [stderr]   Downloaded sqlx-macros v0.8.1
[INFO] [stderr]   Downloaded webpki-roots v0.26.3
[INFO] [stderr]   Downloaded sqlx-mysql v0.8.1
[INFO] [stderr]   Downloaded sqlx-macros-core v0.8.1
[INFO] [stderr]   Downloaded sqlx-postgres v0.8.1
[INFO] [stderr]   Downloaded quinn-udp v0.5.5
[INFO] [stderr]   Downloaded cookie_store v0.21.1
[INFO] [stderr]   Downloaded rustls-webpki v0.102.7
[INFO] [stderr]   Downloaded quinn v0.11.5
[INFO] [stderr]   Downloaded quickcheck_macros v1.0.0
[INFO] [stderr]   Downloaded reqwest v0.12.7
[INFO] [stderr]   Downloaded quickcheck v1.0.3
[INFO] [stderr]   Downloaded linkify v0.10.0
[INFO] [stderr]   Downloaded claims v0.7.1
[INFO] [stderr]   Downloaded actix-web-flash-messages v0.5.0
[INFO] [stderr]   Downloaded rustls-native-certs v0.7.3
[INFO] [stderr]   Downloaded actix-session v0.10.1
[INFO] [stderr]   Downloaded quinn-proto v0.11.8
[INFO] [stderr]   Downloaded fake v2.10.0
[INFO] [stderr]   Downloaded rustls v0.23.12
[INFO] [stderr]   Downloaded redis v0.26.1
[INFO] running `Command { std: "docker" "create" "-v" "/var/lib/crater-agent-workspace/builds/worker-5-tc2/source:/opt/rustwide/workdir:ro,Z" "-v" "/var/lib/crater-agent-workspace/builds/worker-5-tc2/target:/opt/rustwide/target:rw,Z" "-v" "/var/lib/crater-agent-workspace/cargo-home:/opt/rustwide/cargo-home:ro,Z" "-v" "/var/lib/crater-agent-workspace/rustup-home:/opt/rustwide/rustup-home:ro,Z" "-m" "1610612736" "--network" "none" "ghcr.io/rust-lang/crates-build-env/linux@sha256:3111399a4047eeb3a02b7a90e478d715f38a8c6669b5c4b49d30a17385265909" "sleep" "infinity", kill_on_drop: false }`
[INFO] [stdout] 6dd71d897a4d3113ea54824cd15a0a14103c2167827bece2d05c6657802307a6
[INFO] running `Command { std: "docker" "start" "6dd71d897a4d3113ea54824cd15a0a14103c2167827bece2d05c6657802307a6", kill_on_drop: false }`
[INFO] running `Command { std: "docker" "inspect" "6dd71d897a4d3113ea54824cd15a0a14103c2167827bece2d05c6657802307a6", kill_on_drop: false }`
[INFO] running `Command { std: "docker" "exec" "-e" "SOURCE_DIR=/opt/rustwide/workdir" "-e" "CARGO_HOME=/opt/rustwide/cargo-home" "-e" "RUSTUP_HOME=/opt/rustwide/rustup-home" "-e" "CARGO_TARGET_DIR=/opt/rustwide/target" "-w" "/opt/rustwide/workdir" "--user" "0:0" "6dd71d897a4d3113ea54824cd15a0a14103c2167827bece2d05c6657802307a6" "/opt/rustwide/cargo-home/bin/cargo" "+f4dd856795debe636f2ba39a900f162f5abeb7e8" "metadata" "--no-deps" "--format-version=1", kill_on_drop: false }`
[INFO] running `Command { std: "docker" "inspect" "6dd71d897a4d3113ea54824cd15a0a14103c2167827bece2d05c6657802307a6", kill_on_drop: false }`
[INFO] running `Command { std: "docker" "exec" "-e" "SOURCE_DIR=/opt/rustwide/workdir" "-e" "CARGO_HOME=/opt/rustwide/cargo-home" "-e" "RUSTUP_HOME=/opt/rustwide/rustup-home" "-e" "CARGO_TARGET_DIR=/opt/rustwide/target" "-e" "CARGO_INCREMENTAL=0" "-e" "RUST_BACKTRACE=full" "-e" "RUSTFLAGS=--cap-lints=forbid" "-e" "RUSTDOCFLAGS=--cap-lints=forbid" "-w" "/opt/rustwide/workdir" "--user" "0:0" "6dd71d897a4d3113ea54824cd15a0a14103c2167827bece2d05c6657802307a6" "/opt/rustwide/cargo-home/bin/cargo" "+f4dd856795debe636f2ba39a900f162f5abeb7e8" "check" "--frozen" "--all" "--all-targets" "--message-format=json", kill_on_drop: false }`
[INFO] [stderr]    Compiling serde v1.0.209
[INFO] [stderr]    Compiling libc v0.2.158
[INFO] [stderr]    Compiling syn v2.0.76
[INFO] [stderr]     Checking byteorder v1.5.0
[INFO] [stderr]     Checking mio v1.0.2
[INFO] [stderr]     Checking signal-hook-registry v1.4.2
[INFO] [stderr]     Checking subtle v2.6.1
[INFO] [stderr]     Checking crypto-common v0.1.6
[INFO] [stderr]    Compiling ahash v0.8.11
[INFO] [stderr]    Compiling serde_json v1.0.127
[INFO] [stderr]     Checking digest v0.10.7
[INFO] [stderr]    Compiling crossbeam-utils v0.8.20
[INFO] [stderr]     Checking cpufeatures v0.2.13
[INFO] [stderr]     Checking unicode-normalization v0.1.23
[INFO] [stderr]    Compiling rustls v0.23.12
[INFO] [stderr]     Checking unicode-bidi v0.3.15
[INFO] [stderr]    Compiling bytes v1.7.1
[INFO] [stderr]     Checking rustls-pki-types v1.8.0
[INFO] [stderr]     Checking regex-syntax v0.8.4
[INFO] [stderr]    Compiling generic-array v0.14.7
[INFO] [stderr]    Compiling tracing-core v0.1.32
[INFO] [stderr]    Compiling num-traits v0.2.19
[INFO] [stderr]    Compiling jobserver v0.1.32
[INFO] [stderr]    Compiling getrandom v0.2.15
[INFO] [stderr]     Checking idna v0.5.0
[INFO] [stderr]    Compiling cc v1.1.15
[INFO] [stderr]    Compiling time-macros v0.2.18
[INFO] [stderr]    Compiling block-buffer v0.10.4
[INFO] [stderr]    Compiling icu_locid_transform_data v1.5.1
[INFO] [stderr]     Checking writeable v0.5.5
[INFO] [stderr]     Checking url v2.5.2
[INFO] [stderr]     Checking litemap v0.7.5
[INFO] [stderr]    Compiling tinyvec v1.8.0
[INFO] [stderr]     Checking inout v0.1.4
[INFO] [stderr]    Compiling futures-core v0.3.30
[INFO] [stderr]    Compiling icu_properties_data v1.5.1
[INFO] [stderr]     Checking cipher v0.4.4
[INFO] [stderr]     Checking sha2 v0.10.8
[INFO] [stderr]     Checking hmac v0.12.1
[INFO] [stderr]     Checking universal-hash v0.5.1
[INFO] [stderr]     Checking regex-automata v0.4.7
[INFO] [stderr]    Compiling allocator-api2 v0.2.18
[INFO] [stderr]     Checking alloc-no-stdlib v2.0.4
[INFO] [stderr]     Checking local-waker v0.1.4
[INFO] [stderr]     Checking time v0.3.36
[INFO] [stderr]    Compiling icu_normalizer_data v1.5.1
[INFO] [stderr]    Compiling ring v0.17.8
[INFO] [stderr]    Compiling zstd-sys v2.0.13+zstd.1.5.6
[INFO] [stderr]     Checking alloc-stdlib v0.2.2
[INFO] [stderr]     Checking polyval v0.6.2
[INFO] [stderr]     Checking hkdf v0.12.4
[INFO] [stderr]    Compiling socket2 v0.5.7
[INFO] [stderr]     Checking rustls-pemfile v2.1.3
[INFO] [stderr]    Compiling futures-sink v0.3.30
[INFO] [stderr]    Compiling tokio v1.39.3
[INFO] [stderr]     Checking ghash v0.5.1
[INFO] [stderr]     Checking brotli-decompressor v4.0.1
[INFO] [stderr]    Compiling concurrent-queue v2.5.0
[INFO] [stderr]     Checking actix-utils v3.0.1
[INFO] [stderr]     Checking aes v0.8.4
[INFO] [stderr]     Checking regex v1.10.6
[INFO] [stderr]     Checking ctr v0.9.2
[INFO] [stderr]    Compiling bytestring v1.3.1
[INFO] [stderr]    Compiling rand_core v0.6.4
[INFO] [stderr]     Checking actix-service v2.0.2
[INFO] [stderr]     Checking aead v0.5.2
[INFO] [stderr]    Compiling slab v0.4.9
[INFO] [stderr]    Compiling cookie v0.16.2
[INFO] [stderr]     Checking utf16_iter v1.0.5
[INFO] [stderr]    Compiling regex-lite v0.1.6
[INFO] [stderr]    Compiling rustix v0.38.35
[INFO] [stderr]    Compiling base64 v0.22.1
[INFO] [stderr]    Compiling parking v2.2.0
[INFO] [stderr]    Compiling futures-io v0.3.30
[INFO] [stderr]    Compiling ryu v1.0.18
[INFO] [stderr]    Compiling convert_case v0.4.0
[INFO] [stderr]    Compiling futures-task v0.3.30
[INFO] [stderr]     Checking write16 v1.0.0
[INFO] [stderr]    Compiling crc v3.2.1
[INFO] [stderr]    Compiling synstructure v0.13.1
[INFO] [stderr]    Compiling futures-util v0.3.30
[INFO] [stderr]    Compiling event-listener v5.3.1
[INFO] [stderr]    Compiling sqlformat v0.2.4
[INFO] [stderr]     Checking brotli v6.0.0
[INFO] [stderr]    Compiling chrono v0.4.38
[INFO] [stderr]    Compiling serde_derive v1.0.209
[INFO] [stderr]    Compiling zerocopy-derive v0.7.35
[INFO] [stderr]     Checking zerocopy v0.7.35
[INFO] [stderr]    Compiling tracing-attributes v0.1.27
[INFO] [stderr]    Compiling tokio-macros v2.4.0
[INFO] [stderr]    Compiling futures-macro v0.3.30
[INFO] [stderr]     Checking tracing v0.1.40
[INFO] [stderr]    Compiling zerofrom-derive v0.1.6
[INFO] [stderr]     Checking ppv-lite86 v0.2.20
[INFO] [stderr]     Checking hashbrown v0.14.5
[INFO] [stderr]    Compiling yoke-derive v0.7.5
[INFO] [stderr]     Checking rand_chacha v0.3.1
[INFO] [stderr]    Compiling zerovec-derive v0.10.3
[INFO] [stderr]     Checking indexmap v2.4.0
[INFO] [stderr]     Checking zerofrom v0.1.6
[INFO] [stderr]     Checking rand v0.8.5
[INFO] [stderr]     Checking yoke v0.7.5
[INFO] [stderr]    Compiling displaydoc v0.2.5
[INFO] [stderr]     Checking zerovec v0.10.4
[INFO] [stderr]    Compiling pin-project-internal v1.1.5
[INFO] [stderr]    Compiling thiserror-impl v1.0.63
[INFO] [stderr]     Checking rustls-webpki v0.102.7
[INFO] [stderr]    Compiling icu_provider_macros v1.5.0
[INFO] [stderr]     Checking tinystr v0.7.6
[INFO] [stderr]     Checking icu_locid v1.5.0
[INFO] [stderr]     Checking pin-project v1.1.5
[INFO] [stderr]     Checking icu_collections v1.5.0
[INFO] [stderr]     Checking icu_provider v1.5.0
[INFO] [stderr]     Checking icu_locid_transform v1.5.0
[INFO] [stderr]    Compiling hashlink v0.9.1
[INFO] [stderr]     Checking smallvec v1.13.2
[INFO] [stderr]     Checking parking_lot_core v0.9.10
[INFO] [stderr]     Checking icu_properties v1.5.1
[INFO] [stderr]     Checking serde_urlencoded v0.7.1
[INFO] [stderr]     Checking parking_lot v0.12.3
[INFO] [stderr]    Compiling actix-router v0.5.3
[INFO] [stderr]    Compiling futures-intrusive v0.5.0
[INFO] [stderr]    Compiling either v1.13.0
[INFO] [stderr]    Compiling thiserror v1.0.63
[INFO] [stderr]    Compiling tokio-stream v0.1.15
[INFO] [stderr]    Compiling derive_more v0.99.18
[INFO] [stderr]     Checking aes-gcm v0.10.3
[INFO] [stderr]    Compiling atoi v2.0.0
[INFO] [stderr]    Compiling futures-channel v0.3.30
[INFO] [stderr]     Checking icu_normalizer v1.5.0
[INFO] [stderr]    Compiling crossbeam-queue v0.3.11
[INFO] [stderr]     Checking local-channel v0.1.5
[INFO] [stderr]    Compiling webpki-roots v0.26.3
[INFO] [stderr]     Checking sha1 v0.10.6
[INFO] [stderr]     Checking base64 v0.20.0
[INFO] [stderr]    Compiling zstd-safe v7.2.1
[INFO] [stderr]    Compiling uuid v1.10.0
[INFO] [stderr]     Checking language-tags v0.3.2
[INFO] [stderr]    Compiling unicode-properties v0.1.2
[INFO] [stderr]     Checking zstd v0.13.2
[INFO] [stderr]    Compiling stringprep v0.1.5
[INFO] [stderr]     Checking idna_adapter v1.2.0
[INFO] [stderr]    Compiling actix-web-codegen v4.3.0
[INFO] [stderr]     Checking futures-executor v0.3.30
[INFO] [stderr]    Compiling actix-macros v0.2.4
[INFO] [stderr]    Compiling async-trait v0.1.83
[INFO] [stderr]    Compiling md-5 v0.10.6
[INFO] [stderr]    Compiling cookie v0.18.1
[INFO] [stderr]     Checking impl-more v0.1.6
[INFO] [stderr]    Compiling whoami v1.5.1
[INFO] [stderr]    Compiling fastrand v2.1.1
[INFO] [stderr]    Compiling anyhow v1.0.97
[INFO] [stderr]     Checking futures v0.3.30
[INFO] [stderr]    Compiling sqlx-core v0.8.1
[INFO] [stderr]     Checking idna v1.0.3
[INFO] [stderr]    Compiling tempfile v3.12.0
[INFO] [stderr]     Checking tokio-util v0.7.11
[INFO] [stderr]     Checking actix-rt v2.10.0
[INFO] [stderr]     Checking tokio-rustls v0.26.0
[INFO] [stderr]     Checking tower v0.4.13
[INFO] [stderr]     Checking actix-server v2.5.0
[INFO] [stderr]     Checking actix-codec v0.5.2
[INFO] [stderr]     Checking h2 v0.3.26
[INFO] [stderr]     Checking h2 v0.4.7
[INFO] [stderr]     Checking num-integer v0.1.46
[INFO] [stderr]     Checking psl-types v2.0.11
[INFO] [stderr]    Compiling derive_more-impl v1.0.0
[INFO] [stderr]     Checking publicsuffix v2.3.0
[INFO] [stderr]     Checking rustls-native-certs v0.7.3
[INFO] [stderr]     Checking num-bigint v0.4.6
[INFO] [stderr]     Checking combine v4.6.7
[INFO] [stderr]     Checking tokio-retry v0.3.0
[INFO] [stderr]     Checking http-body-util v0.1.2
[INFO] [stderr]     Checking tracing-log v0.2.0
[INFO] [stderr]     Checking base64ct v1.6.0
[INFO] [stderr]     Checking home v0.5.9
[INFO] [stderr]     Checking block-padding v0.2.1
[INFO] [stderr]     Checking password-hash v0.5.0
[INFO] [stderr]     Checking block-buffer v0.9.0
[INFO] [stderr]     Checking tracing-subscriber v0.3.18
[INFO] [stderr]     Checking cookie_store v0.21.1
[INFO] [stderr]    Compiling sqlx-postgres v0.8.1
[INFO] [stderr]     Checking blake2 v0.10.6
[INFO] [stderr]     Checking derive_more v1.0.0
[INFO] [stderr]     Checking tracing-log v0.1.4
[INFO] [stderr]     Checking sync_wrapper v1.0.1
[INFO] [stderr]     Checking digest v0.9.0
[INFO] [stderr]     Checking gethostname v0.2.3
[INFO] [stderr]     Checking mutually_exclusive_features v0.0.3
[INFO] [stderr]    Compiling syn v1.0.109
[INFO] [stderr]     Checking pathdiff v0.2.1
[INFO] [stderr]     Checking keccak v0.1.5
[INFO] [stderr]     Checking config v0.14.0
[INFO] [stderr]     Checking sha3 v0.9.1
[INFO] [stderr]     Checking tracing-bunyan-formatter v0.3.9
[INFO] [stderr]     Checking argon2 v0.5.3
[INFO] [stderr]     Checking serde-aux v4.5.0
[INFO] [stderr]     Checking validator v0.18.1
[INFO] [stderr]     Checking secrecy v0.8.0
[INFO] [stderr]     Checking num_cpus v1.16.0
[INFO] [stderr]    Compiling claims v0.7.1
[INFO] [stderr]     Checking deadpool-runtime v0.1.4
[INFO] [stderr]     Checking unicode-segmentation v1.12.0
[INFO] [stderr]     Checking htmlescape v0.3.1
[INFO] [stderr]     Checking deadpool v0.10.0
[INFO] [stderr]     Checking hyper v1.4.1
[INFO] [stderr]     Checking assert-json-diff v2.0.2
[INFO] [stderr]     Checking env_logger v0.8.4
[INFO] [stderr]     Checking actix-http v3.9.0
[INFO] [stderr]     Checking deunicode v1.6.0
[INFO] [stderr]     Checking quickcheck v1.0.3
[INFO] [stderr]     Checking fake v2.10.0
[INFO] [stderr]     Checking linkify v0.10.0
[INFO] [stderr]     Checking hyper-util v0.1.7
[INFO] [stderr]    Compiling sqlx-macros-core v0.8.1
[INFO] [stderr]     Checking hyper-rustls v0.27.2
[INFO] [stderr]     Checking redis v0.26.1
[INFO] [stderr]    Compiling quickcheck_macros v1.0.0
[INFO] [stderr]     Checking reqwest v0.12.7
[INFO] [stderr]     Checking wiremock v0.6.2
[INFO] [stderr]     Checking actix-web v4.9.0
[INFO] [stderr]    Compiling sqlx-macros v0.8.1
[INFO] [stderr]     Checking sqlx v0.8.1
[INFO] [stderr]     Checking tracing-actix-web v0.7.11
[INFO] [stderr]     Checking actix-web-flash-messages v0.5.0
[INFO] [stderr]     Checking actix-session v0.10.1
[INFO] [stderr]     Checking zero2prod v0.1.0 (/opt/rustwide/workdir)
[INFO] [stdout] error: set `DATABASE_URL` to use query macros online, or run `cargo sqlx prepare` to update the query cache
[INFO] [stdout]   --> src/authentication.rs:61:15
[INFO] [stdout]    |
[INFO] [stdout] 61 |       let row = sqlx::query!(
[INFO] [stdout]    |  _______________^
[INFO] [stdout] 62 | |         r#"
[INFO] [stdout] 63 | | SELECT user_id, password_hash
[INFO] [stdout] 64 | | FROM users
[INFO] [stdout] ...  |
[INFO] [stdout] 67 | |         username,
[INFO] [stdout] 68 | |     )
[INFO] [stdout]    | |_____^
[INFO] [stdout]    |
[INFO] [stdout]    = note: this error originates in the macro `$crate::sqlx_macros::expand_query` which comes from the expansion of the macro `sqlx::query` (in Nightly builds, run with -Z macro-backtrace for more info)
[INFO] [stdout] 
[INFO] [stdout] 
[INFO] [stdout] error: set `DATABASE_URL` to use query macros online, or run `cargo sqlx prepare` to update the query cache
[INFO] [stdout]   --> src/authentication.rs:61:15
[INFO] [stdout]    |
[INFO] [stdout] 61 |       let row = sqlx::query!(
[INFO] [stdout]    |  _______________^
[INFO] [stdout] 62 | |         r#"
[INFO] [stdout] 63 | | SELECT user_id, password_hash
[INFO] [stdout] 64 | | FROM users
[INFO] [stdout] ...  |
[INFO] [stdout] 67 | |         username,
[INFO] [stdout] 68 | |     )
[INFO] [stdout]    | |_____^
[INFO] [stdout]    |
[INFO] [stdout]    = note: this error originates in the macro `$crate::sqlx_macros::expand_query` which comes from the expansion of the macro `sqlx::query` (in Nightly builds, run with -Z macro-backtrace for more info)
[INFO] [stdout] 
[INFO] [stdout] 
[INFO] [stdout] error: set `DATABASE_URL` to use query macros online, or run `cargo sqlx prepare` to update the query cache
[INFO] [stdout]   --> src/routes/admin/dashboard.rs:46:15
[INFO] [stdout]    |
[INFO] [stdout] 46 |       let row = sqlx::query!(
[INFO] [stdout]    |  _______________^
[INFO] [stdout] 47 | |         r#"
[INFO] [stdout] 48 | | SELECT username
[INFO] [stdout] 49 | | FROM users
[INFO] [stdout] ...  |
[INFO] [stdout] 52 | |         user_id,
[INFO] [stdout] 53 | |     )
[INFO] [stdout]    | |_____^
[INFO] [stdout]    |
[INFO] [stdout]    = note: this error originates in the macro `$crate::sqlx_macros::expand_query` which comes from the expansion of the macro `sqlx::query` (in Nightly builds, run with -Z macro-backtrace for more info)
[INFO] [stdout] 
[INFO] [stdout] 
[INFO] [stdout] error: set `DATABASE_URL` to use query macros online, or run `cargo sqlx prepare` to update the query cache
[INFO] [stdout]   --> src/routes/admin/dashboard.rs:46:15
[INFO] [stdout]    |
[INFO] [stdout] 46 |       let row = sqlx::query!(
[INFO] [stdout]    |  _______________^
[INFO] [stdout] 47 | |         r#"
[INFO] [stdout] 48 | | SELECT username
[INFO] [stdout] 49 | | FROM users
[INFO] [stdout] ...  |
[INFO] [stdout] 52 | |         user_id,
[INFO] [stdout] 53 | |     )
[INFO] [stdout]    | |_____^
[INFO] [stdout]    |
[INFO] [stdout]    = note: this error originates in the macro `$crate::sqlx_macros::expand_query` which comes from the expansion of the macro `sqlx::query` (in Nightly builds, run with -Z macro-backtrace for more info)
[INFO] [stdout] 
[INFO] [stdout] 
[INFO] [stdout] error: set `DATABASE_URL` to use query macros online, or run `cargo sqlx prepare` to update the query cache
[INFO] [stdout]    --> src/routes/newsletter.rs:149:16
[INFO] [stdout]     |
[INFO] [stdout] 149 |       let rows = sqlx::query!(
[INFO] [stdout]     |  ________________^
[INFO] [stdout] 150 | |         r#"
[INFO] [stdout] 151 | |         SELECT email
[INFO] [stdout] 152 | |         FROM subscriptions
[INFO] [stdout] 153 | |         WHERE status = 'confirmed'
[INFO] [stdout] 154 | |         "#,
[INFO] [stdout] 155 | |     )
[INFO] [stdout]     | |_____^
[INFO] [stdout]     |
[INFO] [stdout]     = note: this error originates in the macro `$crate::sqlx_macros::expand_query` which comes from the expansion of the macro `sqlx::query` (in Nightly builds, run with -Z macro-backtrace for more info)
[INFO] [stdout] 
[INFO] [stdout] 
[INFO] [stdout] error: set `DATABASE_URL` to use query macros online, or run `cargo sqlx prepare` to update the query cache
[INFO] [stdout]    --> src/routes/newsletter.rs:149:16
[INFO] [stdout]     |
[INFO] [stdout] 149 |       let rows = sqlx::query!(
[INFO] [stdout]     |  ________________^
[INFO] [stdout] 150 | |         r#"
[INFO] [stdout] 151 | |         SELECT email
[INFO] [stdout] 152 | |         FROM subscriptions
[INFO] [stdout] 153 | |         WHERE status = 'confirmed'
[INFO] [stdout] 154 | |         "#,
[INFO] [stdout] 155 | |     )
[INFO] [stdout]     | |_____^
[INFO] [stdout]     |
[INFO] [stdout]     = note: this error originates in the macro `$crate::sqlx_macros::expand_query` which comes from the expansion of the macro `sqlx::query` (in Nightly builds, run with -Z macro-backtrace for more info)
[INFO] [stdout] 
[INFO] [stdout] 
[INFO] [stdout] error: set `DATABASE_URL` to use query macros online, or run `cargo sqlx prepare` to update the query cache
[INFO] [stdout]    --> src/routes/subscriptions.rs:250:17
[INFO] [stdout]     |
[INFO] [stdout] 250 |       let query = sqlx::query!(
[INFO] [stdout]     |  _________________^
[INFO] [stdout] 251 | |         r#"
[INFO] [stdout] 252 | |     INSERT INTO subscriptions (id, email, name, subscribed_at, status)
[INFO] [stdout] 253 | |     VALUES ($1, $2, $3, $4, 'pending_confirmation')
[INFO] [stdout] ...   |
[INFO] [stdout] 258 | |         Utc::now()
[INFO] [stdout] 259 | |     );
[INFO] [stdout]     | |_____^
[INFO] [stdout]     |
[INFO] [stdout]     = note: this error originates in the macro `$crate::sqlx_macros::expand_query` which comes from the expansion of the macro `sqlx::query` (in Nightly builds, run with -Z macro-backtrace for more info)
[INFO] [stdout] 
[INFO] [stdout] 
[INFO] [stdout] error: set `DATABASE_URL` to use query macros online, or run `cargo sqlx prepare` to update the query cache
[INFO] [stdout]    --> src/routes/subscriptions.rs:283:17
[INFO] [stdout]     |
[INFO] [stdout] 283 |       let query = sqlx::query!(
[INFO] [stdout]     |  _________________^
[INFO] [stdout] 284 | |         r#"INSERT INTO subscription_tokens (subscription_token, subscriber_id)
[INFO] [stdout] 285 | |     VALUES ($1, $2)"#,
[INFO] [stdout] 286 | |         subscription_token,
[INFO] [stdout] 287 | |         subscriber_id
[INFO] [stdout] 288 | |     );
[INFO] [stdout]     | |_____^
[INFO] [stdout]     |
[INFO] [stdout]     = note: this error originates in the macro `$crate::sqlx_macros::expand_query` which comes from the expansion of the macro `sqlx::query` (in Nightly builds, run with -Z macro-backtrace for more info)
[INFO] [stdout] 
[INFO] [stdout] 
[INFO] [stdout] error: set `DATABASE_URL` to use query macros online, or run `cargo sqlx prepare` to update the query cache
[INFO] [stdout]   --> src/routes/subscriptions_confirm.rs:55:5
[INFO] [stdout]    |
[INFO] [stdout] 55 | /     sqlx::query!(
[INFO] [stdout] 56 | |         r#"UPDATE subscriptions SET status = 'confirmed' WHERE id = $1"#,
[INFO] [stdout] 57 | |         subscriber_id,
[INFO] [stdout] 58 | |     )
[INFO] [stdout]    | |_____^
[INFO] [stdout]    |
[INFO] [stdout]    = note: this error originates in the macro `$crate::sqlx_macros::expand_query` which comes from the expansion of the macro `sqlx::query` (in Nightly builds, run with -Z macro-backtrace for more info)
[INFO] [stdout] 
[INFO] [stdout] 
[INFO] [stdout] error: set `DATABASE_URL` to use query macros online, or run `cargo sqlx prepare` to update the query cache
[INFO] [stdout]    --> src/routes/subscriptions.rs:250:17
[INFO] [stdout]     |
[INFO] [stdout] 250 |       let query = sqlx::query!(
[INFO] [stdout]     |  _________________^
[INFO] [stdout] 251 | |         r#"
[INFO] [stdout] 252 | |     INSERT INTO subscriptions (id, email, name, subscribed_at, status)
[INFO] [stdout] 253 | |     VALUES ($1, $2, $3, $4, 'pending_confirmation')
[INFO] [stdout] ...   |
[INFO] [stdout] 258 | |         Utc::now()
[INFO] [stdout] 259 | |     );
[INFO] [stdout]     | |_____^
[INFO] [stdout]     |
[INFO] [stdout]     = note: this error originates in the macro `$crate::sqlx_macros::expand_query` which comes from the expansion of the macro `sqlx::query` (in Nightly builds, run with -Z macro-backtrace for more info)
[INFO] [stdout] 
[INFO] [stdout] 
[INFO] [stdout] error: set `DATABASE_URL` to use query macros online, or run `cargo sqlx prepare` to update the query cache
[INFO] [stdout]   --> src/routes/subscriptions_confirm.rs:72:18
[INFO] [stdout]    |
[INFO] [stdout] 72 |       let result = sqlx::query!(
[INFO] [stdout]    |  __________________^
[INFO] [stdout] 73 | |         "SELECT subscriber_id FROM subscription_tokens \
[INFO] [stdout] 74 | |     WHERE subscription_token = $1",
[INFO] [stdout] 75 | |         subscription_token,
[INFO] [stdout] 76 | |     )
[INFO] [stdout]    | |_____^
[INFO] [stdout]    |
[INFO] [stdout]    = note: this error originates in the macro `$crate::sqlx_macros::expand_query` which comes from the expansion of the macro `sqlx::query` (in Nightly builds, run with -Z macro-backtrace for more info)
[INFO] [stdout] 
[INFO] [stdout] 
[INFO] [stdout] error: set `DATABASE_URL` to use query macros online, or run `cargo sqlx prepare` to update the query cache
[INFO] [stdout]    --> src/routes/subscriptions.rs:283:17
[INFO] [stdout]     |
[INFO] [stdout] 283 |       let query = sqlx::query!(
[INFO] [stdout]     |  _________________^
[INFO] [stdout] 284 | |         r#"INSERT INTO subscription_tokens (subscription_token, subscriber_id)
[INFO] [stdout] 285 | |     VALUES ($1, $2)"#,
[INFO] [stdout] 286 | |         subscription_token,
[INFO] [stdout] 287 | |         subscriber_id
[INFO] [stdout] 288 | |     );
[INFO] [stdout]     | |_____^
[INFO] [stdout]     |
[INFO] [stdout]     = note: this error originates in the macro `$crate::sqlx_macros::expand_query` which comes from the expansion of the macro `sqlx::query` (in Nightly builds, run with -Z macro-backtrace for more info)
[INFO] [stdout] 
[INFO] [stdout] 
[INFO] [stdout] error: set `DATABASE_URL` to use query macros online, or run `cargo sqlx prepare` to update the query cache
[INFO] [stdout]   --> src/routes/subscriptions_confirm.rs:55:5
[INFO] [stdout]    |
[INFO] [stdout] 55 | /     sqlx::query!(
[INFO] [stdout] 56 | |         r#"UPDATE subscriptions SET status = 'confirmed' WHERE id = $1"#,
[INFO] [stdout] 57 | |         subscriber_id,
[INFO] [stdout] 58 | |     )
[INFO] [stdout]    | |_____^
[INFO] [stdout]    |
[INFO] [stdout]    = note: this error originates in the macro `$crate::sqlx_macros::expand_query` which comes from the expansion of the macro `sqlx::query` (in Nightly builds, run with -Z macro-backtrace for more info)
[INFO] [stdout] 
[INFO] [stdout] 
[INFO] [stdout] error: set `DATABASE_URL` to use query macros online, or run `cargo sqlx prepare` to update the query cache
[INFO] [stdout]   --> src/routes/subscriptions_confirm.rs:72:18
[INFO] [stdout]    |
[INFO] [stdout] 72 |       let result = sqlx::query!(
[INFO] [stdout]    |  __________________^
[INFO] [stdout] 73 | |         "SELECT subscriber_id FROM subscription_tokens \
[INFO] [stdout] 74 | |     WHERE subscription_token = $1",
[INFO] [stdout] 75 | |         subscription_token,
[INFO] [stdout] 76 | |     )
[INFO] [stdout]    | |_____^
[INFO] [stdout]    |
[INFO] [stdout]    = note: this error originates in the macro `$crate::sqlx_macros::expand_query` which comes from the expansion of the macro `sqlx::query` (in Nightly builds, run with -Z macro-backtrace for more info)
[INFO] [stdout] 
[INFO] [stdout] 
[INFO] [stdout] warning: unused import: `chrono::Utc`
[INFO] [stdout]  --> src/routes/subscriptions.rs:4:5
[INFO] [stdout]   |
[INFO] [stdout] 4 | use chrono::Utc;
[INFO] [stdout]   |     ^^^^^^^^^^^
[INFO] [stdout]   |
[INFO] [stdout]   = note: `#[warn(unused_imports)]` (part of `#[warn(unused)]`) on by default
[INFO] [stdout] 
[INFO] [stdout] 
[INFO] [stdout] warning: unused import: `chrono::Utc`
[INFO] [stdout]  --> src/routes/subscriptions.rs:4:5
[INFO] [stdout]   |
[INFO] [stdout] 4 | use chrono::Utc;
[INFO] [stdout]   |     ^^^^^^^^^^^
[INFO] [stdout]   |
[INFO] [stdout]   = note: `#[warn(unused_imports)]` (part of `#[warn(unused)]`) on by default
[INFO] [stdout] 
[INFO] [stdout] 
[INFO] [stdout] warning: method call on a diverging inference variable
[INFO] [stdout]    --> src/routes/newsletter.rs:161:10
[INFO] [stdout]     |
[INFO] [stdout] 161 |         .into_iter()
[INFO] [stdout]     |          ^^^^^^^^^
[INFO] [stdout]     |
[INFO] [stdout]     = help: consider providing a type annotation
[INFO] [stdout]     = warning: this was previously accepted by the compiler but is being phased out; it will become a hard error in a future release!
[INFO] [stdout]     = note: for more information, see issue #156047 <https://github.com/rust-lang/rust/issues/156047>
[INFO] [stdout]     = note: `#[warn(method_call_on_diverging_infer_var)]` (part of `#[warn(future_incompatible)]`) on by default
[INFO] [stdout] 
[INFO] [stdout] 
[INFO] [stdout] error[E0277]: `!` is not an iterator
[INFO] [stdout]    --> src/routes/newsletter.rs:161:10
[INFO] [stdout]     |
[INFO] [stdout] 161 |         .into_iter()
[INFO] [stdout]     |          ^^^^^^^^^ `!` is not an iterator
[INFO] [stdout]     |
[INFO] [stdout]     = help: the trait `Iterator` is not implemented for `!`
[INFO] [stdout]     = note: required for `!` to implement `IntoIterator`
[INFO] [stdout] 
[INFO] [stdout] 
[INFO] [stdout] warning: method call on a diverging inference variable
[INFO] [stdout]    --> src/routes/newsletter.rs:161:10
[INFO] [stdout]     |
[INFO] [stdout] 161 |         .into_iter()
[INFO] [stdout]     |          ^^^^^^^^^
[INFO] [stdout]     |
[INFO] [stdout]     = help: consider providing a type annotation
[INFO] [stdout]     = warning: this was previously accepted by the compiler but is being phased out; it will become a hard error in a future release!
[INFO] [stdout]     = note: for more information, see issue #156047 <https://github.com/rust-lang/rust/issues/156047>
[INFO] [stdout]     = note: `#[warn(method_call_on_diverging_infer_var)]` (part of `#[warn(future_incompatible)]`) on by default
[INFO] [stdout] 
[INFO] [stdout] 
[INFO] [stdout] error[E0277]: `!` is not an iterator
[INFO] [stdout]    --> src/routes/newsletter.rs:161:10
[INFO] [stdout]     |
[INFO] [stdout] 161 |         .into_iter()
[INFO] [stdout]     |          ^^^^^^^^^ `!` is not an iterator
[INFO] [stdout]     |
[INFO] [stdout]     = help: the trait `Iterator` is not implemented for `!`
[INFO] [stdout]     = note: required for `!` to implement `IntoIterator`
[INFO] [stdout] 
[INFO] [stdout] 
[INFO] [stdout] warning: method call on a diverging inference variable
[INFO] [stdout]   --> src/routes/subscriptions_confirm.rs:83:15
[INFO] [stdout]    |
[INFO] [stdout] 83 |     Ok(result.map(|r| r.subscriber_id))
[INFO] [stdout]    |               ^^^
[INFO] [stdout]    |
[INFO] [stdout]    = help: consider providing a type annotation
[INFO] [stdout]    = warning: this was previously accepted by the compiler but is being phased out; it will become a hard error in a future release!
[INFO] [stdout]    = note: for more information, see issue #156047 <https://github.com/rust-lang/rust/issues/156047>
[INFO] [stdout] 
[INFO] [stdout] 
[INFO] [stdout] error[E0277]: `!` is not an iterator
[INFO] [stdout]   --> src/routes/subscriptions_confirm.rs:83:15
[INFO] [stdout]    |
[INFO] [stdout] 83 |     Ok(result.map(|r| r.subscriber_id))
[INFO] [stdout]    |               ^^^ `!` is not an iterator
[INFO] [stdout]    |
[INFO] [stdout]    = help: the trait `Iterator` is not implemented for `!`
[INFO] [stdout] 
[INFO] [stdout] 
[INFO] [stdout] error[E0277]: `!` is not an iterator
[INFO] [stdout]   --> src/routes/subscriptions_confirm.rs:83:8
[INFO] [stdout]    |
[INFO] [stdout] 83 |     Ok(result.map(|r| r.subscriber_id))
[INFO] [stdout]    |        ^^^^^^^^^^^^^^^^^^^^^^^^^^^^^^^ `!` is not an iterator
[INFO] [stdout]    |
[INFO] [stdout]    = help: the trait `Iterator` is not implemented for `!`
[INFO] [stdout] 
[INFO] [stdout] 
[INFO] [stdout] warning: method call on a diverging inference variable
[INFO] [stdout]   --> src/routes/subscriptions_confirm.rs:83:15
[INFO] [stdout]    |
[INFO] [stdout] 83 |     Ok(result.map(|r| r.subscriber_id))
[INFO] [stdout]    |               ^^^
[INFO] [stdout]    |
[INFO] [stdout]    = help: consider providing a type annotation
[INFO] [stdout]    = warning: this was previously accepted by the compiler but is being phased out; it will become a hard error in a future release!
[INFO] [stdout]    = note: for more information, see issue #156047 <https://github.com/rust-lang/rust/issues/156047>
[INFO] [stdout] 
[INFO] [stdout] 
[INFO] [stdout] error[E0277]: `!` is not an iterator
[INFO] [stdout]   --> src/routes/subscriptions_confirm.rs:83:15
[INFO] [stdout]    |
[INFO] [stdout] 83 |     Ok(result.map(|r| r.subscriber_id))
[INFO] [stdout]    |               ^^^ `!` is not an iterator
[INFO] [stdout]    |
[INFO] [stdout]    = help: the trait `Iterator` is not implemented for `!`
[INFO] [stdout] 
[INFO] [stdout] 
[INFO] [stdout] error[E0277]: `!` is not an iterator
[INFO] [stdout]   --> src/routes/subscriptions_confirm.rs:83:8
[INFO] [stdout]    |
[INFO] [stdout] 83 |     Ok(result.map(|r| r.subscriber_id))
[INFO] [stdout]    |        ^^^^^^^^^^^^^^^^^^^^^^^^^^^^^^^ `!` is not an iterator
[INFO] [stdout]    |
[INFO] [stdout]    = help: the trait `Iterator` is not implemented for `!`
[INFO] [stdout] 
[INFO] [stdout] 
[INFO] [stdout] For more information about this error, try `rustc --explain E0277`.
[INFO] [stdout] 
[INFO] [stdout] For more information about this error, try `rustc --explain E0277`.
[INFO] [stdout] 
[INFO] [stderr] error: could not compile `zero2prod` (lib) due to 10 previous errors; 5 warnings emitted
[INFO] [stderr] warning: build failed, waiting for other jobs to finish...
[INFO] [stderr] error: could not compile `zero2prod` (lib test) due to 10 previous errors; 5 warnings emitted
[INFO] running `Command { std: "docker" "inspect" "6dd71d897a4d3113ea54824cd15a0a14103c2167827bece2d05c6657802307a6", kill_on_drop: false }`
[INFO] running `Command { std: "docker" "rm" "-f" "6dd71d897a4d3113ea54824cd15a0a14103c2167827bece2d05c6657802307a6", kill_on_drop: false }`
[INFO] [stdout] 6dd71d897a4d3113ea54824cd15a0a14103c2167827bece2d05c6657802307a6
