[INFO] cloning repository https://github.com/mtolmacs/galerians
[INFO] running `Command { std: "git" "-c" "credential.helper=" "-c" "credential.helper=/workspace/cargo-home/bin/git-credential-null" "clone" "--bare" "https://github.com/mtolmacs/galerians" "/workspace/cache/git-repos/https%3A%2F%2Fgithub.com%2Fmtolmacs%2Fgalerians", kill_on_drop: false }`
[INFO] [stderr] Cloning into bare repository '/workspace/cache/git-repos/https%3A%2F%2Fgithub.com%2Fmtolmacs%2Fgalerians'...
[INFO] running `Command { std: "git" "rev-parse" "HEAD", kill_on_drop: false }`
[INFO] [stdout] b79b9203555d2535378c14892ff3b974a3e34ff8
[INFO] checking mtolmacs/galerians against f4dd856795debe636f2ba39a900f162f5abeb7e8 for pr-160904
[INFO] running `Command { std: "git" "clone" "/workspace/cache/git-repos/https%3A%2F%2Fgithub.com%2Fmtolmacs%2Fgalerians" "/workspace/builds/worker-2-tc2/source", kill_on_drop: false }`
[INFO] [stderr] Cloning into '/workspace/builds/worker-2-tc2/source'...
[INFO] [stderr] done.
[INFO] started tweaking git repo https://github.com/mtolmacs/galerians
[INFO] finished tweaking git repo https://github.com/mtolmacs/galerians
[INFO] tweaked toml for git repo https://github.com/mtolmacs/galerians written to /workspace/builds/worker-2-tc2/source/Cargo.toml
[INFO] validating manifest of git repo https://github.com/mtolmacs/galerians on toolchain f4dd856795debe636f2ba39a900f162f5abeb7e8
[INFO] running `Command { std: CARGO_HOME="/workspace/cargo-home" RUSTUP_HOME="/workspace/rustup-home" "/workspace/cargo-home/bin/cargo" "+f4dd856795debe636f2ba39a900f162f5abeb7e8" "metadata" "--manifest-path" "Cargo.toml" "--no-deps", kill_on_drop: false }`
[INFO] crate git repo https://github.com/mtolmacs/galerians already has a lockfile, it will not be regenerated
[INFO] running `Command { std: CARGO_HOME="/workspace/cargo-home" RUSTUP_HOME="/workspace/rustup-home" "/workspace/cargo-home/bin/cargo" "+f4dd856795debe636f2ba39a900f162f5abeb7e8" "fetch" "--manifest-path" "Cargo.toml", kill_on_drop: false }`
[INFO] [stderr]     Blocking waiting for file lock on package cache
[INFO] [stderr]     Updating crates.io index
[INFO] [stderr]     Blocking waiting for file lock on package cache
[ERROR] error running command: no output for 300 seconds
[INFO] checking mtolmacs/galerians against f4dd856795debe636f2ba39a900f162f5abeb7e8 for pr-160904
[INFO] running `Command { std: "git" "clone" "/workspace/cache/git-repos/https%3A%2F%2Fgithub.com%2Fmtolmacs%2Fgalerians" "/workspace/builds/worker-2-tc2/source", kill_on_drop: false }`
[INFO] [stderr] Cloning into '/workspace/builds/worker-2-tc2/source'...
[INFO] [stderr] done.
[INFO] started tweaking git repo https://github.com/mtolmacs/galerians
[INFO] finished tweaking git repo https://github.com/mtolmacs/galerians
[INFO] tweaked toml for git repo https://github.com/mtolmacs/galerians written to /workspace/builds/worker-2-tc2/source/Cargo.toml
[INFO] validating manifest of git repo https://github.com/mtolmacs/galerians on toolchain f4dd856795debe636f2ba39a900f162f5abeb7e8
[INFO] running `Command { std: CARGO_HOME="/workspace/cargo-home" RUSTUP_HOME="/workspace/rustup-home" "/workspace/cargo-home/bin/cargo" "+f4dd856795debe636f2ba39a900f162f5abeb7e8" "metadata" "--manifest-path" "Cargo.toml" "--no-deps", kill_on_drop: false }`
[INFO] crate git repo https://github.com/mtolmacs/galerians already has a lockfile, it will not be regenerated
[INFO] running `Command { std: CARGO_HOME="/workspace/cargo-home" RUSTUP_HOME="/workspace/rustup-home" "/workspace/cargo-home/bin/cargo" "+f4dd856795debe636f2ba39a900f162f5abeb7e8" "fetch" "--manifest-path" "Cargo.toml", kill_on_drop: false }`
[INFO] [stderr]     Blocking waiting for file lock on package cache
[INFO] [stderr]     Blocking waiting for file lock on package cache
[INFO] [stderr]  Downloading crates ...
[INFO] [stderr]   Downloaded url v2.1.1
[INFO] [stderr]   Downloaded smallvec v1.2.0
[INFO] [stderr]   Downloaded block-buffer v0.7.3
[INFO] [stderr]   Downloaded log v0.4.8
[INFO] [stderr]   Downloaded env_logger v0.7.1
[INFO] [stderr]   Downloaded humantime v1.3.0
[INFO] [stderr]   Downloaded mysql v18.0.0
[INFO] [stderr]   Downloaded named_pipe v0.4.1
[INFO] [stderr]   Downloaded num-integer v0.1.42
[INFO] [stderr]   Downloaded arrayvec v0.4.12
[INFO] [stderr]   Downloaded rustc_version v0.2.3
[INFO] [stderr]   Downloaded nodrop v0.1.14
[INFO] [stderr]   Downloaded io-enum v0.2.2
[INFO] [stderr]   Downloaded openssl-probe v0.1.2
[INFO] [stderr]   Downloaded bigdecimal v0.1.0
[INFO] [stderr]   Downloaded winapi-util v0.1.3
[INFO] [stderr]   Downloaded unicode-normalization v0.1.12
[INFO] [stderr]   Downloaded sha1 v0.6.0
[INFO] [stderr]   Downloaded const-random-macro v0.1.8
[INFO] [stderr]   Downloaded twox-hash v1.5.0
[INFO] [stderr]   Downloaded quick-error v1.2.3
[INFO] [stderr]   Downloaded hermit-abi v0.1.8
[INFO] [stderr]   Downloaded autocfg v0.1.7
[INFO] [stderr]   Downloaded remove_dir_all v0.5.2
[INFO] [stderr]   Downloaded opaque-debug v0.2.3
[INFO] [stderr]   Downloaded proc-macro-hack v0.5.12
[INFO] [stderr]   Downloaded security-framework-sys v0.4.1
[INFO] [stderr]   Downloaded failure_derive v0.1.7
[INFO] [stderr]   Downloaded const-random v0.1.8
[INFO] [stderr]   Downloaded semver-parser v0.7.0
[INFO] [stderr]   Downloaded static_assertions v0.3.4
[INFO] [stderr]   Downloaded adler32 v1.0.4
[INFO] [stderr]   Downloaded lru v0.4.3
[INFO] [stderr]   Downloaded bufstream v0.1.4
[INFO] [stderr]   Downloaded typenum v1.11.2
[INFO] [stderr]   Downloaded cfg-if v0.1.9
[INFO] [stderr]   Downloaded byte-tools v0.3.1
[INFO] [stderr]   Downloaded derive_utils v0.9.1
[INFO] [stderr]   Downloaded fake-simd v0.1.2
[INFO] [stderr]   Downloaded block-padding v0.1.5
[INFO] [stderr]   Downloaded vcpkg v0.2.8
[INFO] [stderr]   Downloaded digest v0.8.1
[INFO] [stderr]   Downloaded rustc-demangle v0.1.16
[INFO] [stderr]   Downloaded synstructure v0.12.3
[INFO] [stderr]   Downloaded thread_local v1.0.1
[INFO] [stderr]   Downloaded net2 v0.2.33
[INFO] [stderr]   Downloaded redox_syscall v0.1.56
[INFO] [stderr]   Downloaded native-tls v0.2.4
[INFO] [stderr]   Downloaded tempfile v3.1.0
[INFO] [stderr]   Downloaded generic-array v0.12.3
[INFO] [stderr]   Downloaded byteorder v1.3.4
[INFO] [stderr]   Downloaded num-bigint v0.2.6
[INFO] [stderr]   Downloaded quote v1.0.3
[INFO] [stderr]   Downloaded time v0.1.42
[INFO] [stderr]   Downloaded sha2 v0.8.1
[INFO] [stderr]   Downloaded memchr v2.3.3
[INFO] [stderr]   Downloaded crc32fast v1.2.0
[INFO] [stderr]   Downloaded termcolor v1.1.0
[INFO] [stderr]   Downloaded openssl-sys v0.9.54
[INFO] [stderr]   Downloaded failure v0.1.7
[INFO] [stderr]   Downloaded ahash v0.2.18
[INFO] [stderr]   Downloaded ryu v1.0.3
[INFO] [stderr]   Downloaded semver v0.9.0
[INFO] [stderr]   Downloaded schannel v0.1.17
[INFO] [stderr]   Downloaded uuid v0.8.1
[INFO] [stderr]   Downloaded bytes v0.5.4
[INFO] [stderr]   Downloaded base64 v0.11.0
[INFO] [stderr]   Downloaded miniz_oxide v0.3.6
[INFO] [stderr]   Downloaded mysql_common v0.20.1
[INFO] [stderr]   Downloaded rust_decimal v1.3.0
[INFO] [stderr]   Downloaded proc-macro2 v1.0.9
[INFO] [stderr]   Downloaded backtrace v0.3.41
[INFO] [stderr]   Downloaded hashbrown v0.6.3
[INFO] [stderr]   Downloaded idna v0.2.0
[INFO] [stderr]   Downloaded serde_json v1.0.48
[INFO] [stderr]   Downloaded serde v1.0.105
[INFO] [stderr]   Downloaded cc v1.0.50
[INFO] [stderr]   Downloaded security-framework v0.4.1
[INFO] [stderr]   Downloaded flate2 v1.0.14
[INFO] [stderr]   Downloaded lexical v4.2.0
[INFO] [stderr]   Downloaded aho-corasick v0.7.10
[INFO] [stderr]   Downloaded chrono v0.4.11
[INFO] [stderr]   Downloaded openssl v0.10.28
[INFO] [stderr]   Downloaded syn v1.0.16
[INFO] [stderr]   Downloaded nix v0.17.0
[INFO] [stderr]   Downloaded regex-syntax v0.6.17
[INFO] [stderr]   Downloaded regex v1.3.5
[INFO] [stderr]   Downloaded libc v0.2.68
[INFO] [stderr]   Downloaded lexical-core v0.6.7
[INFO] [stderr]   Downloaded backtrace-sys v0.1.34
[INFO] [stderr]   Downloaded libz-sys v1.0.25
[INFO] running `Command { std: "docker" "create" "-v" "/var/lib/crater-agent-workspace/builds/worker-2-tc2/source:/opt/rustwide/workdir:ro,Z" "-v" "/var/lib/crater-agent-workspace/builds/worker-2-tc2/target:/opt/rustwide/target:rw,Z" "-v" "/var/lib/crater-agent-workspace/cargo-home:/opt/rustwide/cargo-home:ro,Z" "-v" "/var/lib/crater-agent-workspace/rustup-home:/opt/rustwide/rustup-home:ro,Z" "-m" "1610612736" "--network" "none" "ghcr.io/rust-lang/crates-build-env/linux@sha256:3111399a4047eeb3a02b7a90e478d715f38a8c6669b5c4b49d30a17385265909" "sleep" "infinity", kill_on_drop: false }`
[INFO] [stdout] 249e2438bc841062cd00b5e1dda9e85172fc4ebf83c0321944d9f0aa637e92e6
[INFO] running `Command { std: "docker" "start" "249e2438bc841062cd00b5e1dda9e85172fc4ebf83c0321944d9f0aa637e92e6", kill_on_drop: false }`
[INFO] running `Command { std: "docker" "inspect" "249e2438bc841062cd00b5e1dda9e85172fc4ebf83c0321944d9f0aa637e92e6", kill_on_drop: false }`
[INFO] running `Command { std: "docker" "exec" "-e" "SOURCE_DIR=/opt/rustwide/workdir" "-e" "CARGO_HOME=/opt/rustwide/cargo-home" "-e" "RUSTUP_HOME=/opt/rustwide/rustup-home" "-e" "CARGO_TARGET_DIR=/opt/rustwide/target" "-w" "/opt/rustwide/workdir" "--user" "0:0" "249e2438bc841062cd00b5e1dda9e85172fc4ebf83c0321944d9f0aa637e92e6" "/opt/rustwide/cargo-home/bin/cargo" "+f4dd856795debe636f2ba39a900f162f5abeb7e8" "metadata" "--no-deps" "--format-version=1", kill_on_drop: false }`
[INFO] running `Command { std: "docker" "inspect" "249e2438bc841062cd00b5e1dda9e85172fc4ebf83c0321944d9f0aa637e92e6", kill_on_drop: false }`
[INFO] running `Command { std: "docker" "exec" "-e" "SOURCE_DIR=/opt/rustwide/workdir" "-e" "CARGO_HOME=/opt/rustwide/cargo-home" "-e" "RUSTUP_HOME=/opt/rustwide/rustup-home" "-e" "CARGO_TARGET_DIR=/opt/rustwide/target" "-e" "CARGO_INCREMENTAL=0" "-e" "RUST_BACKTRACE=full" "-e" "RUSTFLAGS=--cap-lints=forbid" "-e" "RUSTDOCFLAGS=--cap-lints=forbid" "-w" "/opt/rustwide/workdir" "--user" "0:0" "249e2438bc841062cd00b5e1dda9e85172fc4ebf83c0321944d9f0aa637e92e6" "/opt/rustwide/cargo-home/bin/cargo" "+f4dd856795debe636f2ba39a900f162f5abeb7e8" "check" "--frozen" "--all" "--all-targets" "--message-format=json", kill_on_drop: false }`
[INFO] [stderr]    Compiling libc v0.2.68
[INFO] [stderr]    Compiling autocfg v1.0.0
[INFO] [stderr]     Checking cfg-if v0.1.9
[INFO] [stderr]    Compiling cc v1.0.50
[INFO] [stderr]    Compiling proc-macro2 v1.0.9
[INFO] [stderr]    Compiling unicode-xid v0.2.0
[INFO] [stderr]    Compiling syn v1.0.16
[INFO] [stderr]    Compiling getrandom v0.1.14
[INFO] [stderr]    Compiling pkg-config v0.3.17
[INFO] [stderr]    Compiling semver-parser v0.7.0
[INFO] [stderr]    Compiling typenum v1.11.2
[INFO] [stderr]     Checking lazy_static v1.4.0
[INFO] [stderr]    Compiling memchr v2.3.3
[INFO] [stderr]    Compiling serde v1.0.105
[INFO] [stderr]    Compiling ryu v1.0.3
[INFO] [stderr]    Compiling byteorder v1.3.4
[INFO] [stderr]    Compiling arrayvec v0.4.12
[INFO] [stderr]    Compiling failure_derive v0.1.7
[INFO] [stderr]    Compiling crc32fast v1.2.0
[INFO] [stderr]    Compiling semver v0.9.0
[INFO] [stderr]     Checking ppv-lite86 v0.2.6
[INFO] [stderr]    Compiling log v0.4.8
[INFO] [stderr]    Compiling num-traits v0.2.11
[INFO] [stderr]    Compiling num-integer v0.1.42
[INFO] [stderr]    Compiling num-bigint v0.2.6
[INFO] [stderr]     Checking byte-tools v0.3.1
[INFO] [stderr]    Compiling rustc_version v0.2.3
[INFO] [stderr]    Compiling autocfg v0.1.7
[INFO] [stderr]     Checking nodrop v0.1.14
[INFO] [stderr]     Checking aho-corasick v0.7.10
[INFO] [stderr]     Checking block-padding v0.1.5
[INFO] [stderr]     Checking thread_local v1.0.1
[INFO] [stderr]     Checking matches v0.1.8
[INFO] [stderr]     Checking regex-syntax v0.6.17
[INFO] [stderr]     Checking smallvec v1.2.0
[INFO] [stderr]    Compiling lexical-core v0.6.7
[INFO] [stderr]    Compiling lexical v4.2.0
[INFO] [stderr]     Checking rustc-demangle v0.1.16
[INFO] [stderr]    Compiling openssl v0.10.28
[INFO] [stderr]    Compiling hashbrown v0.6.3
[INFO] [stderr]    Compiling quote v1.0.3
[INFO] [stderr]     Checking static_assertions v0.3.4
[INFO] [stderr]     Checking unicode-normalization v0.1.12
[INFO] [stderr]     Checking unicode-bidi v0.3.4
[INFO] [stderr]     Checking fake-simd v0.1.2
[INFO] [stderr]     Checking itoa v0.4.5
[INFO] [stderr]    Compiling openssl-sys v0.9.54
[INFO] [stderr]    Compiling backtrace-sys v0.1.34
[INFO] [stderr]    Compiling libz-sys v1.0.25
[INFO] [stderr]     Checking generic-array v0.12.3
[INFO] [stderr]    Compiling nix v0.17.0
[INFO] [stderr]     Checking bytes v0.5.4
[INFO] [stderr]     Checking opaque-debug v0.2.3
[INFO] [stderr]    Compiling native-tls v0.2.4
[INFO] [stderr]    Compiling io-enum v0.2.2
[INFO] [stderr]     Checking base64 v0.11.0
[INFO] [stderr]     Checking digest v0.8.1
[INFO] [stderr]     Checking rand_core v0.5.1
[INFO] [stderr]     Checking block-buffer v0.7.3
[INFO] [stderr]     Checking time v0.1.42
[INFO] [stderr]     Checking flate2 v1.0.14
[INFO] [stderr]     Checking idna v0.2.0
[INFO] [stderr]     Checking atty v0.2.14
[INFO] [stderr]     Checking quick-error v1.2.3
[INFO] [stderr]     Checking uuid v0.8.1
[INFO] [stderr]    Compiling mysql v18.0.0
[INFO] [stderr]     Checking sha2 v0.8.1
[INFO] [stderr]     Checking percent-encoding v2.1.0
[INFO] [stderr]     Checking openssl-probe v0.1.2
[INFO] [stderr]     Checking rand_chacha v0.2.2
[INFO] [stderr] warning: openssl-sys@0.9.54: build/expando.c:4:24: error: pasting "RUST_VERSION_OPENSSL_" and "(" does not give a valid preprocessing token
[INFO] [stderr] warning: openssl-sys@0.9.54:     4 | #define VERSION2(n, v) RUST_VERSION_##n##_##v
[INFO] [stderr] warning: openssl-sys@0.9.54:       |                        ^~~~~~~~~~~~~
[INFO] [stderr] warning: openssl-sys@0.9.54: build/expando.c:5:23: note: in expansion of macro 'VERSION2'
[INFO] [stderr] warning: openssl-sys@0.9.54:     5 | #define VERSION(n, v) VERSION2(n, v)
[INFO] [stderr] warning: openssl-sys@0.9.54:       |                       ^~~~~~~~
[INFO] [stderr] warning: openssl-sys@0.9.54: build/expando.c:10:1: note: in expansion of macro 'VERSION'
[INFO] [stderr] warning: openssl-sys@0.9.54:    10 | VERSION(OPENSSL, OPENSSL_VERSION_NUMBER)
[INFO] [stderr] warning: openssl-sys@0.9.54:       | ^~~~~~~
[INFO] [stderr] error: failed to run custom build command for `openssl-sys v0.9.54`
[INFO] [stderr] note: To improve backtraces for build dependencies, set the CARGO_PROFILE_DEV_BUILD_OVERRIDE_DEBUG=true environment variable to enable debug information generation.
[INFO] [stderr] 
[INFO] [stderr] Caused by:
[INFO] [stderr]   process didn't exit successfully: `/opt/rustwide/target/debug/build/openssl-sys/952beae132191cbb/out/build_script_main` (exit status: 101)
[INFO] [stderr]   --- stdout
[INFO] [stderr]   cargo:rustc-cfg=const_fn
[INFO] [stderr]   cargo:rerun-if-env-changed=X86_64_UNKNOWN_LINUX_GNU_OPENSSL_LIB_DIR
[INFO] [stderr]   X86_64_UNKNOWN_LINUX_GNU_OPENSSL_LIB_DIR unset
[INFO] [stderr]   cargo:rerun-if-env-changed=OPENSSL_LIB_DIR
[INFO] [stderr]   OPENSSL_LIB_DIR unset
[INFO] [stderr]   cargo:rerun-if-env-changed=X86_64_UNKNOWN_LINUX_GNU_OPENSSL_INCLUDE_DIR
[INFO] [stderr]   X86_64_UNKNOWN_LINUX_GNU_OPENSSL_INCLUDE_DIR unset
[INFO] [stderr]   cargo:rerun-if-env-changed=OPENSSL_INCLUDE_DIR
[INFO] [stderr]   OPENSSL_INCLUDE_DIR unset
[INFO] [stderr]   cargo:rerun-if-env-changed=X86_64_UNKNOWN_LINUX_GNU_OPENSSL_DIR
[INFO] [stderr]   X86_64_UNKNOWN_LINUX_GNU_OPENSSL_DIR unset
[INFO] [stderr]   cargo:rerun-if-env-changed=OPENSSL_DIR
[INFO] [stderr]   OPENSSL_DIR unset
[INFO] [stderr]   cargo:rustc-link-lib=ssl
[INFO] [stderr]   cargo:rustc-link-lib=crypto
[INFO] [stderr]   OPT_LEVEL = Some("0")
[INFO] [stderr]   TARGET = Some("x86_64-unknown-linux-gnu")
[INFO] [stderr]   HOST = Some("x86_64-unknown-linux-gnu")
[INFO] [stderr]   CC_x86_64-unknown-linux-gnu = None
[INFO] [stderr]   CC_x86_64_unknown_linux_gnu = None
[INFO] [stderr]   HOST_CC = None
[INFO] [stderr]   CC = None
[INFO] [stderr]   CFLAGS_x86_64-unknown-linux-gnu = None
[INFO] [stderr]   CFLAGS_x86_64_unknown_linux_gnu = None
[INFO] [stderr]   HOST_CFLAGS = None
[INFO] [stderr]   CFLAGS = None
[INFO] [stderr]   CRATE_CC_NO_DEFAULTS = None
[INFO] [stderr]   DEBUG = Some("true")
[INFO] [stderr]   CARGO_CFG_TARGET_FEATURE = Some("fxsr,sse,sse2,x87")
[INFO] [stderr]   running: "cc" "-O0" "-ffunction-sections" "-fdata-sections" "-fPIC" "-g" "-fno-omit-frame-pointer" "-m64" "-I" "/usr/include" "-Wall" "-Wextra" "-E" "build/expando.c"
[INFO] [stderr]   cargo:warning=build/expando.c:4:24: error: pasting "RUST_VERSION_OPENSSL_" and "(" does not give a valid preprocessing token
[INFO] [stderr]   cargo:warning=    4 | #define VERSION2(n, v) RUST_VERSION_##n##_##v
[INFO] [stderr]   cargo:warning=      |                        ^~~~~~~~~~~~~
[INFO] [stderr]   cargo:warning=build/expando.c:5:23: note: in expansion of macro 'VERSION2'
[INFO] [stderr]   cargo:warning=    5 | #define VERSION(n, v) VERSION2(n, v)
[INFO] [stderr]   cargo:warning=      |                       ^~~~~~~~
[INFO] [stderr]   cargo:warning=build/expando.c:10:1: note: in expansion of macro 'VERSION'
[INFO] [stderr]   cargo:warning=   10 | VERSION(OPENSSL, OPENSSL_VERSION_NUMBER)
[INFO] [stderr]   cargo:warning=      | ^~~~~~~
[INFO] [stderr]   exit status: 1
[INFO] [stderr] 
[INFO] [stderr]   --- stderr
[INFO] [stderr] 
[INFO] [stderr]   thread 'main' (1146) panicked at /opt/rustwide/cargo-home/registry/src/index.crates.io-1949cf8c6b5b557f/openssl-sys-0.9.54/build/main.rs:126:13:
[INFO] [stderr] 
[INFO] [stderr]   Header expansion error:
[INFO] [stderr]   Error { kind: ToolExecError, message: "Command \"cc\" \"-O0\" \"-ffunction-sections\" \"-fdata-sections\" \"-fPIC\" \"-g\" \"-fno-omit-frame-pointer\" \"-m64\" \"-I\" \"/usr/include\" \"-Wall\" \"-Wextra\" \"-E\" \"build/expando.c\" with args \"cc\" did not execute successfully (status code exit status: 1)." }
[INFO] [stderr] 
[INFO] [stderr]   Failed to find OpenSSL development headers.
[INFO] [stderr] 
[INFO] [stderr]   You can try fixing this setting the `OPENSSL_DIR` environment variable
[INFO] [stderr]   pointing to your OpenSSL installation or installing OpenSSL headers package
[INFO] [stderr]   specific to your distribution:
[INFO] [stderr] 
[INFO] [stderr]       # On Ubuntu
[INFO] [stderr]       sudo apt-get install libssl-dev
[INFO] [stderr]       # On Arch Linux
[INFO] [stderr]       sudo pacman -S openssl
[INFO] [stderr]       # On Fedora
[INFO] [stderr]       sudo dnf install openssl-devel
[INFO] [stderr] 
[INFO] [stderr]   See rust-openssl README for more information:
[INFO] [stderr] 
[INFO] [stderr]       https://github.com/sfackler/rust-openssl#linux
[INFO] [stderr] 
[INFO] [stderr]   stack backtrace:
[INFO] [stderr]      0:     0x6236cd743961 - std[18c5f2a687b463a0]::backtrace_rs::backtrace::libunwind::trace
[INFO] [stderr]                                  at /rustc/f4dd856795debe636f2ba39a900f162f5abeb7e8/library/std/src/../../backtrace/src/backtrace/libunwind.rs:117:9
[INFO] [stderr]      1:     0x6236cd743961 - std[18c5f2a687b463a0]::backtrace_rs::backtrace::trace_unsynchronized::<std[18c5f2a687b463a0]::sys::backtrace::_print_fmt::{closure#1}>
[INFO] [stderr]                                  at /rustc/f4dd856795debe636f2ba39a900f162f5abeb7e8/library/std/src/../../backtrace/src/backtrace/mod.rs:66:14
[INFO] [stderr]      2:     0x6236cd743961 - std[18c5f2a687b463a0]::sys::backtrace::_print_fmt
[INFO] [stderr]                                  at /rustc/f4dd856795debe636f2ba39a900f162f5abeb7e8/library/std/src/sys/backtrace.rs:74:9
[INFO] [stderr]      3:     0x6236cd743961 - <<std[18c5f2a687b463a0]::sys::backtrace::BacktraceLock>::print::DisplayBacktrace as core[ee3e5f980a4e04aa]::fmt::Display>::fmt
[INFO] [stderr]                                  at /rustc/f4dd856795debe636f2ba39a900f162f5abeb7e8/library/std/src/sys/backtrace.rs:44:26
[INFO] [stderr]      4:     0x6236cd757f5a - <core[ee3e5f980a4e04aa]::fmt::rt::Argument>::fmt
[INFO] [stderr]                                  at /rustc/f4dd856795debe636f2ba39a900f162f5abeb7e8/library/core/src/fmt/rt.rs:152:76
[INFO] [stderr]      5:     0x6236cd757f5a - core[ee3e5f980a4e04aa]::fmt::write
[INFO] [stderr]      6:     0x6236cd74969c - core[ee3e5f980a4e04aa]::io::write::default_write_fmt::<std[18c5f2a687b463a0]::sys::stdio::unix::Stderr>
[INFO] [stderr]                                  at /rustc/f4dd856795debe636f2ba39a900f162f5abeb7e8/library/core/src/io/write.rs:402:11
[INFO] [stderr]      7:     0x6236cd74969c - <std[18c5f2a687b463a0]::sys::stdio::unix::Stderr as core[ee3e5f980a4e04aa]::io::write::Write>::write_fmt
[INFO] [stderr]                                  at /rustc/f4dd856795debe636f2ba39a900f162f5abeb7e8/library/core/src/io/write.rs:335:13
[INFO] [stderr]      8:     0x6236cd722e66 - <std[18c5f2a687b463a0]::sys::backtrace::BacktraceLock>::print
[INFO] [stderr]                                  at /rustc/f4dd856795debe636f2ba39a900f162f5abeb7e8/library/std/src/sys/backtrace.rs:47:9
[INFO] [stderr]      9:     0x6236cd722e66 - std[18c5f2a687b463a0]::panicking::default_hook::{closure#0}
[INFO] [stderr]                                  at /rustc/f4dd856795debe636f2ba39a900f162f5abeb7e8/library/std/src/panicking.rs:289:27
[INFO] [stderr]     10:     0x6236cd73e491 - std[18c5f2a687b463a0]::panicking::default_hook
[INFO] [stderr]                                  at /rustc/f4dd856795debe636f2ba39a900f162f5abeb7e8/library/std/src/panicking.rs:316:9
[INFO] [stderr]     11:     0x6236cd73e64b - std[18c5f2a687b463a0]::panicking::panic_with_hook
[INFO] [stderr]                                  at /rustc/f4dd856795debe636f2ba39a900f162f5abeb7e8/library/std/src/panicking.rs:811:13
[INFO] [stderr]     12:     0x6236cd722f12 - std[18c5f2a687b463a0]::panicking::panic_handler::{closure#0}
[INFO] [stderr]                                  at /rustc/f4dd856795debe636f2ba39a900f162f5abeb7e8/library/std/src/panicking.rs:685:13
[INFO] [stderr]     13:     0x6236cd71b539 - std[18c5f2a687b463a0]::sys::backtrace::__rust_end_short_backtrace::<std[18c5f2a687b463a0]::panicking::panic_handler::{closure#0}, !>
[INFO] [stderr]                                  at /rustc/f4dd856795debe636f2ba39a900f162f5abeb7e8/library/std/src/sys/backtrace.rs:182:18
[INFO] [stderr]     14:     0x6236cd7237ed - __rustc[62f6431ebd7834b7]::rust_begin_unwind
[INFO] [stderr]                                  at /rustc/f4dd856795debe636f2ba39a900f162f5abeb7e8/library/std/src/panicking.rs:676:5
[INFO] [stderr]     15:     0x6236cd75872c - core[ee3e5f980a4e04aa]::panicking::panic_fmt
[INFO] [stderr]                                  at /rustc/f4dd856795debe636f2ba39a900f162f5abeb7e8/library/core/src/panicking.rs:80:14
[INFO] [stderr]     16:     0x6236cd6b4326 - build_script_main[bf1d92a893d861d5]::validate_headers
[INFO] [stderr]     17:     0x6236cd6b7d53 - build_script_main[bf1d92a893d861d5]::find::try_pkg_config
[INFO] [stderr]     18:     0x6236cd6b8118 - build_script_main[bf1d92a893d861d5]::find::find_openssl_dir
[INFO] [stderr]     19:     0x6236cd6b2737 - build_script_main[bf1d92a893d861d5]::find::get_openssl::{closure#0}
[INFO] [stderr]     20:     0x6236cd6b0bf0 - <core[ee3e5f980a4e04aa]::option::Option<std[18c5f2a687b463a0]::ffi::os_str::OsString>>::unwrap_or_else::<build_script_main[bf1d92a893d861d5]::find::get_openssl::{closure#0}>
[INFO] [stderr]     21:     0x6236cd6b764f - build_script_main[bf1d92a893d861d5]::find::get_openssl
[INFO] [stderr]     22:     0x6236cd6b4939 - build_script_main[bf1d92a893d861d5]::main
[INFO] [stderr]     23:     0x6236cd6baab3 - <fn() as core[ee3e5f980a4e04aa]::ops::function::FnOnce<()>>::call_once
[INFO] [stderr]     24:     0x6236cd6b15a6 - std[18c5f2a687b463a0]::sys::backtrace::__rust_begin_short_backtrace::<fn(), ()>
[INFO] [stderr]     25:     0x6236cd6b1ca9 - std[18c5f2a687b463a0]::rt::lang_start::<()>::{closure#0}
[INFO] [stderr]     26:     0x6236cd73d898 - <&dyn core[ee3e5f980a4e04aa]::ops::function::Fn<(), Output = i32> + core[ee3e5f980a4e04aa]::panic::unwind_safe::RefUnwindSafe + core[ee3e5f980a4e04aa]::marker::Sync as core[ee3e5f980a4e04aa]::ops::function::FnOnce<()>>::call_once
[INFO] [stderr]                                  at /rustc/f4dd856795debe636f2ba39a900f162f5abeb7e8/library/core/src/ops/function.rs:287:21
[INFO] [stderr]     27:     0x6236cd73d898 - std[18c5f2a687b463a0]::panicking::catch_unwind::do_call::<&dyn core[ee3e5f980a4e04aa]::ops::function::Fn<(), Output = i32> + core[ee3e5f980a4e04aa]::panic::unwind_safe::RefUnwindSafe + core[ee3e5f980a4e04aa]::marker::Sync, i32>
[INFO] [stderr]                                  at /rustc/f4dd856795debe636f2ba39a900f162f5abeb7e8/library/std/src/panicking.rs:573:43
[INFO] [stderr]     28:     0x6236cd73d898 - std[18c5f2a687b463a0]::panicking::catch_unwind::<i32, &dyn core[ee3e5f980a4e04aa]::ops::function::Fn<(), Output = i32> + core[ee3e5f980a4e04aa]::panic::unwind_safe::RefUnwindSafe + core[ee3e5f980a4e04aa]::marker::Sync>
[INFO] [stderr]                                  at /rustc/f4dd856795debe636f2ba39a900f162f5abeb7e8/library/std/src/panicking.rs:541:19
[INFO] [stderr]     29:     0x6236cd73d898 - std[18c5f2a687b463a0]::panic::catch_unwind::<&dyn core[ee3e5f980a4e04aa]::ops::function::Fn<(), Output = i32> + core[ee3e5f980a4e04aa]::panic::unwind_safe::RefUnwindSafe + core[ee3e5f980a4e04aa]::marker::Sync, i32>
[INFO] [stderr]                                  at /rustc/f4dd856795debe636f2ba39a900f162f5abeb7e8/library/std/src/panic.rs:359:14
[INFO] [stderr]     30:     0x6236cd73d898 - std[18c5f2a687b463a0]::rt::lang_start_internal::{closure#0}
[INFO] [stderr]                                  at /rustc/f4dd856795debe636f2ba39a900f162f5abeb7e8/library/std/src/rt.rs:175:24
[INFO] [stderr]     31:     0x6236cd73d898 - std[18c5f2a687b463a0]::panicking::catch_unwind::do_call::<std[18c5f2a687b463a0]::rt::lang_start_internal::{closure#0}, isize>
[INFO] [stderr]                                  at /rustc/f4dd856795debe636f2ba39a900f162f5abeb7e8/library/std/src/panicking.rs:573:43
[INFO] [stderr]     32:     0x6236cd73d898 - std[18c5f2a687b463a0]::panicking::catch_unwind::<isize, std[18c5f2a687b463a0]::rt::lang_start_internal::{closure#0}>
[INFO] [stderr]                                  at /rustc/f4dd856795debe636f2ba39a900f162f5abeb7e8/library/std/src/panicking.rs:541:19
[INFO] [stderr]     33:     0x6236cd73d898 - std[18c5f2a687b463a0]::panic::catch_unwind::<std[18c5f2a687b463a0]::rt::lang_start_internal::{closure#0}, isize>
[INFO] [stderr]                                  at /rustc/f4dd856795debe636f2ba39a900f162f5abeb7e8/library/std/src/panic.rs:359:14
[INFO] [stderr]     34:     0x6236cd73d898 - std[18c5f2a687b463a0]::rt::lang_start_internal
[INFO] [stderr]                                  at /rustc/f4dd856795debe636f2ba39a900f162f5abeb7e8/library/std/src/rt.rs:171:5
[INFO] [stderr]     35:     0x6236cd6b12c1 - std[18c5f2a687b463a0]::rt::lang_start::<()>
[INFO] [stderr]     36:     0x6236cd6bac25 - main
[INFO] [stderr]     37:     0x75e0f45cc601 - <unknown>
[INFO] [stderr]     38:     0x75e0f45cc718 - __libc_start_main
[INFO] [stderr]     39:     0x6236cd6b08a5 - _start
[INFO] [stderr]     40:                0x0 - <unknown>
[INFO] [stderr] warning: build failed, waiting for other jobs to finish...
[INFO] [stdout] error[E0308]: mismatched types
[INFO] [stdout]   --> /opt/rustwide/cargo-home/registry/src/index.crates.io-1949cf8c6b5b557f/lexical-core-0.6.7/src/atof/algorithm/bhcomp.rs:62:24
[INFO] [stdout]    |
[INFO] [stdout] 62 |     let bytes = bits / Limb::BITS;
[INFO] [stdout]    |                        ^^^^^^^^^^ expected `usize`, found `u32`
[INFO] [stdout] 
[INFO] [stdout] 
[INFO] [stdout] error[E0277]: cannot divide `usize` by `u32`
[INFO] [stdout]   --> /opt/rustwide/cargo-home/registry/src/index.crates.io-1949cf8c6b5b557f/lexical-core-0.6.7/src/atof/algorithm/bhcomp.rs:62:22
[INFO] [stdout]    |
[INFO] [stdout] 62 |     let bytes = bits / Limb::BITS;
[INFO] [stdout]    |                      ^ no implementation for `usize / u32`
[INFO] [stdout]    |
[INFO] [stdout]    = help: the trait `Div<u32>` is not implemented for `usize`
[INFO] [stdout]    = help: the following other types implement trait `Div<Rhs>`:
[INFO] [stdout]              `&usize` implements `Div<usize>`
[INFO] [stdout]              `&usize` implements `Div`
[INFO] [stdout]              `usize` implements `Div<&usize>`
[INFO] [stdout]              `usize` implements `Div<NonZero<usize>>`
[INFO] [stdout]              `usize` implements `Div`
[INFO] [stdout] 
[INFO] [stdout] 
[INFO] [stdout] error[E0308]: mismatched types
[INFO] [stdout]    --> /opt/rustwide/cargo-home/registry/src/index.crates.io-1949cf8c6b5b557f/lexical-core-0.6.7/src/atof/algorithm/bigcomp.rs:157:55
[INFO] [stdout]     |
[INFO] [stdout] 157 |     let nlz = den.leading_zeros().wrapping_sub(wlz) & (u32::BITS - 1);
[INFO] [stdout]     |                                                       ^^^^^^^^^^^^^^^ expected `usize`, found `u32`
[INFO] [stdout] 
[INFO] [stdout] 
[INFO] [stdout] error[E0277]: no implementation for `usize & u32`
[INFO] [stdout]    --> /opt/rustwide/cargo-home/registry/src/index.crates.io-1949cf8c6b5b557f/lexical-core-0.6.7/src/atof/algorithm/bigcomp.rs:157:53
[INFO] [stdout]     |
[INFO] [stdout] 157 |     let nlz = den.leading_zeros().wrapping_sub(wlz) & (u32::BITS - 1);
[INFO] [stdout]     |                                                     ^ no implementation for `usize & u32`
[INFO] [stdout]     |
[INFO] [stdout]     = help: the trait `BitAnd<u32>` is not implemented for `usize`
[INFO] [stdout] help: the following other types implement trait `BitAnd<Rhs>`
[INFO] [stdout]    --> /rustc/f4dd856795debe636f2ba39a900f162f5abeb7e8/library/core/src/internal_macros.rs:22:8
[INFO] [stdout]     |
[INFO] [stdout]     = note: `&usize` implements `BitAnd<usize>`
[INFO] [stdout]    ::: /rustc/f4dd856795debe636f2ba39a900f162f5abeb7e8/library/core/src/internal_macros.rs:33:8
[INFO] [stdout]     |
[INFO] [stdout]     = note: `usize` implements `BitAnd<&usize>`
[INFO] [stdout]    ::: /rustc/f4dd856795debe636f2ba39a900f162f5abeb7e8/library/core/src/internal_macros.rs:44:8
[INFO] [stdout]     |
[INFO] [stdout]     = note: `&usize` implements `BitAnd`
[INFO] [stdout]    --> /rustc/f4dd856795debe636f2ba39a900f162f5abeb7e8/library/core/src/ops/bit.rs:174:8
[INFO] [stdout]     |
[INFO] [stdout]     = note: `usize` implements `BitAnd`
[INFO] [stdout]    ::: /rustc/f4dd856795debe636f2ba39a900f162f5abeb7e8/library/core/src/ops/bit.rs:187:0
[INFO] [stdout]     |
[INFO] [stdout]     = note: in this macro invocation
[INFO] [stdout]     = note: this error originates in the macro `forward_ref_binop` which comes from the expansion of the macro `bitand_impl` (in Nightly builds, run with -Z macro-backtrace for more info)
[INFO] [stdout] 
[INFO] [stdout] 
[INFO] [stdout] error[E0308]: mismatched types
[INFO] [stdout]    --> /opt/rustwide/cargo-home/registry/src/index.crates.io-1949cf8c6b5b557f/lexical-core-0.6.7/src/atof/algorithm/bigcomp.rs:175:40
[INFO] [stdout]     |
[INFO] [stdout] 175 |         let (q, r) = shift.ceil_divmod(Limb::BITS);
[INFO] [stdout]     |                            ----------- ^^^^^^^^^^ expected `usize`, found `u32`
[INFO] [stdout]     |                            |
[INFO] [stdout]     |                            arguments to this method are incorrect
[INFO] [stdout]     |
[INFO] [stdout] help: the return type of this call is `u32` due to the type of the argument passed
[INFO] [stdout]    --> /opt/rustwide/cargo-home/registry/src/index.crates.io-1949cf8c6b5b557f/lexical-core-0.6.7/src/atof/algorithm/bigcomp.rs:175:22
[INFO] [stdout]     |
[INFO] [stdout] 175 |         let (q, r) = shift.ceil_divmod(Limb::BITS);
[INFO] [stdout]     |                      ^^^^^^^^^^^^^^^^^^----------^
[INFO] [stdout]     |                                        |
[INFO] [stdout]     |                                        this argument influences the return type of `ceil_divmod`
[INFO] [stdout] note: method defined here
[INFO] [stdout]    --> /opt/rustwide/cargo-home/registry/src/index.crates.io-1949cf8c6b5b557f/lexical-core-0.6.7/src/util/num.rs:212:8
[INFO] [stdout]     |
[INFO] [stdout] 212 |     fn ceil_divmod(self, y: Self) -> (Self, i32) {
[INFO] [stdout]     |        ^^^^^^^^^^^       -------
[INFO] [stdout] help: you can convert a `u32` to a `usize` and panic if the converted value doesn't fit
[INFO] [stdout]     |
[INFO] [stdout] 175 |         let (q, r) = shift.ceil_divmod(Limb::BITS.try_into().unwrap());
[INFO] [stdout]     |                                                  ++++++++++++++++++++
[INFO] [stdout] 
[INFO] [stdout] 
[INFO] [stdout] error[E0308]: mismatched types
[INFO] [stdout]     --> /opt/rustwide/cargo-home/registry/src/index.crates.io-1949cf8c6b5b557f/lexical-core-0.6.7/src/atof/algorithm/math.rs:1049:42
[INFO] [stdout]      |
[INFO] [stdout] 1049 |     let mut count = index.saturating_mul(Limb::BITS);
[INFO] [stdout]      |                           -------------- ^^^^^^^^^^ expected `usize`, found `u32`
[INFO] [stdout]      |                           |
[INFO] [stdout]      |                           arguments to this method are incorrect
[INFO] [stdout]      |
[INFO] [stdout] note: method defined here
[INFO] [stdout]     --> /rustc/f4dd856795debe636f2ba39a900f162f5abeb7e8/library/core/src/num/uint_macros.rs:2614:21
[INFO] [stdout]     --> /rustc/f4dd856795debe636f2ba39a900f162f5abeb7e8/library/core/src/num/mod.rs:1454:4
[INFO] [stdout]     ::: /rustc/f4dd856795debe636f2ba39a900f162f5abeb7e8/library/core/src/num/mod.rs:1478:5
[INFO] [stdout]      |
[INFO] [stdout]      = note: in this macro invocation
[INFO] [stdout]      = note: this error originates in the macro `uint_impl` (in Nightly builds, run with -Z macro-backtrace for more info)
[INFO] [stdout] help: you can convert a `u32` to a `usize` and panic if the converted value doesn't fit
[INFO] [stdout]      |
[INFO] [stdout] 1049 |     let mut count = index.saturating_mul(Limb::BITS.try_into().unwrap());
[INFO] [stdout]      |                                                    ++++++++++++++++++++
[INFO] [stdout] 
[INFO] [stdout] 
[INFO] [stdout] error[E0308]: mismatched types
[INFO] [stdout]     --> /opt/rustwide/cargo-home/registry/src/index.crates.io-1949cf8c6b5b557f/lexical-core-0.6.7/src/atof/algorithm/math.rs:1064:28
[INFO] [stdout]      |
[INFO] [stdout] 1064 |     Limb::BITS.checked_mul(x.len())
[INFO] [stdout]      |                ----------- ^^^^^^^ expected `u32`, found `usize`
[INFO] [stdout]      |                |
[INFO] [stdout]      |                arguments to this method are incorrect
[INFO] [stdout]      |
[INFO] [stdout] note: method defined here
[INFO] [stdout]     --> /rustc/f4dd856795debe636f2ba39a900f162f5abeb7e8/library/core/src/num/uint_macros.rs:1359:21
[INFO] [stdout]     --> /rustc/f4dd856795debe636f2ba39a900f162f5abeb7e8/library/core/src/num/mod.rs:1292:4
[INFO] [stdout]     ::: /rustc/f4dd856795debe636f2ba39a900f162f5abeb7e8/library/core/src/num/mod.rs:1316:5
[INFO] [stdout]      |
[INFO] [stdout]      = note: in this macro invocation
[INFO] [stdout]      = note: this error originates in the macro `uint_impl` (in Nightly builds, run with -Z macro-backtrace for more info)
[INFO] [stdout] help: you can convert a `usize` to a `u32` and panic if the converted value doesn't fit
[INFO] [stdout]      |
[INFO] [stdout] 1064 |     Limb::BITS.checked_mul(x.len().try_into().unwrap())
[INFO] [stdout]      |                                   ++++++++++++++++++++
[INFO] [stdout] 
[INFO] [stdout] 
[INFO] [stdout] error[E0308]: mismatched types
[INFO] [stdout]     --> /opt/rustwide/cargo-home/registry/src/index.crates.io-1949cf8c6b5b557f/lexical-core-0.6.7/src/atof/algorithm/math.rs:1065:22
[INFO] [stdout]      |
[INFO] [stdout] 1065 |         .map(|v| v - nlz)
[INFO] [stdout]      |                      ^^^ expected `u32`, found `usize`
[INFO] [stdout] 
[INFO] [stdout] 
[INFO] [stdout] error[E0277]: cannot subtract `usize` from `u32`
[INFO] [stdout]     --> /opt/rustwide/cargo-home/registry/src/index.crates.io-1949cf8c6b5b557f/lexical-core-0.6.7/src/atof/algorithm/math.rs:1065:20
[INFO] [stdout]      |
[INFO] [stdout] 1065 |         .map(|v| v - nlz)
[INFO] [stdout]      |                    ^ no implementation for `u32 - usize`
[INFO] [stdout]      |
[INFO] [stdout]      = help: the trait `Sub<usize>` is not implemented for `u32`
[INFO] [stdout] help: the following other types implement trait `Sub<Rhs>`
[INFO] [stdout]     --> /rustc/f4dd856795debe636f2ba39a900f162f5abeb7e8/library/core/src/internal_macros.rs:22:8
[INFO] [stdout]      |
[INFO] [stdout]      = note: `&u32` implements `Sub<u32>`
[INFO] [stdout]     ::: /rustc/f4dd856795debe636f2ba39a900f162f5abeb7e8/library/core/src/internal_macros.rs:33:8
[INFO] [stdout]      |
[INFO] [stdout]      = note: `u32` implements `Sub<&u32>`
[INFO] [stdout]     ::: /rustc/f4dd856795debe636f2ba39a900f162f5abeb7e8/library/core/src/internal_macros.rs:44:8
[INFO] [stdout]      |
[INFO] [stdout]      = note: `&u32` implements `Sub`
[INFO] [stdout]     --> /rustc/f4dd856795debe636f2ba39a900f162f5abeb7e8/library/core/src/ops/arith.rs:210:8
[INFO] [stdout]      |
[INFO] [stdout]      = note: `u32` implements `Sub`
[INFO] [stdout]     ::: /rustc/f4dd856795debe636f2ba39a900f162f5abeb7e8/library/core/src/ops/arith.rs:225:0
[INFO] [stdout]      |
[INFO] [stdout]      = note: in this macro invocation
[INFO] [stdout]      = note: this error originates in the macro `forward_ref_binop` which comes from the expansion of the macro `sub_impl` (in Nightly builds, run with -Z macro-backtrace for more info)
[INFO] [stdout] 
[INFO] [stdout] 
[INFO] [stdout] error[E0308]: mismatched types
[INFO] [stdout]     --> /opt/rustwide/cargo-home/registry/src/index.crates.io-1949cf8c6b5b557f/lexical-core-0.6.7/src/atof/algorithm/math.rs:1066:20
[INFO] [stdout]      |
[INFO] [stdout] 1060 | pub fn bit_length(x: &[Limb]) -> usize {
[INFO] [stdout]      |                                  ----- this return type influences the call expression's return type
[INFO] [stdout] ...
[INFO] [stdout] 1066 |         .unwrap_or(usize::max_value())
[INFO] [stdout]      |          --------- ^^^^^^^^^^^^^^^^^^ expected `u32`, found `usize`
[INFO] [stdout]      |          |
[INFO] [stdout]      |          arguments to this method are incorrect
[INFO] [stdout]      |
[INFO] [stdout] help: the return type of this call is `usize` due to the type of the argument passed
[INFO] [stdout]     --> /opt/rustwide/cargo-home/registry/src/index.crates.io-1949cf8c6b5b557f/lexical-core-0.6.7/src/atof/algorithm/math.rs:1064:5
[INFO] [stdout]      |
[INFO] [stdout] 1064 | /     Limb::BITS.checked_mul(x.len())
[INFO] [stdout] 1065 | |         .map(|v| v - nlz)
[INFO] [stdout] 1066 | |         .unwrap_or(usize::max_value())
[INFO] [stdout]      | |____________________------------------^
[INFO] [stdout]      |                      |
[INFO] [stdout]      |                      this argument influences the return type of `unwrap_or`
[INFO] [stdout] note: method defined here
[INFO] [stdout]     --> /rustc/f4dd856795debe636f2ba39a900f162f5abeb7e8/library/core/src/option.rs:1038:17
[INFO] [stdout] help: you can convert a `usize` to a `u32` and panic if the converted value doesn't fit
[INFO] [stdout]      |
[INFO] [stdout] 1066 |         .unwrap_or(usize::max_value().try_into().unwrap())
[INFO] [stdout]      |                                      ++++++++++++++++++++
[INFO] [stdout] 
[INFO] [stdout] 
[INFO] [stdout] error[E0308]: mismatched types
[INFO] [stdout]     --> /opt/rustwide/cargo-home/registry/src/index.crates.io-1949cf8c6b5b557f/lexical-core-0.6.7/src/atof/algorithm/math.rs:1064:5
[INFO] [stdout]      |
[INFO] [stdout] 1060 |   pub fn bit_length(x: &[Limb]) -> usize {
[INFO] [stdout]      |                                    ----- expected `usize` because of return type
[INFO] [stdout] ...
[INFO] [stdout] 1064 | /     Limb::BITS.checked_mul(x.len())
[INFO] [stdout] 1065 | |         .map(|v| v - nlz)
[INFO] [stdout] 1066 | |         .unwrap_or(usize::max_value())
[INFO] [stdout]      | |______________________________________^ expected `usize`, found `u32`
[INFO] [stdout]      |
[INFO] [stdout] help: you can convert a `u32` to a `usize` and panic if the converted value doesn't fit
[INFO] [stdout]      |
[INFO] [stdout] 1066 |         .unwrap_or(usize::max_value()).try_into().unwrap()
[INFO] [stdout]      |                                       ++++++++++++++++++++
[INFO] [stdout] 
[INFO] [stdout] 
[INFO] [stdout] error[E0308]: mismatched types
[INFO] [stdout]     --> /opt/rustwide/cargo-home/registry/src/index.crates.io-1949cf8c6b5b557f/lexical-core-0.6.7/src/atof/algorithm/math.rs:1091:23
[INFO] [stdout]      |
[INFO] [stdout] 1091 |     debug_assert!(n < bits && n != 0);
[INFO] [stdout]      |                   -   ^^^^ expected `usize`, found `u32`
[INFO] [stdout]      |                   |
[INFO] [stdout]      |                   expected because this is `usize`
[INFO] [stdout]      |
[INFO] [stdout] help: you can convert a `u32` to a `usize` and panic if the converted value doesn't fit
[INFO] [stdout]      |
[INFO] [stdout] 1091 |     debug_assert!(n < bits.try_into().unwrap() && n != 0);
[INFO] [stdout]      |                           ++++++++++++++++++++
[INFO] [stdout] 
[INFO] [stdout] 
[INFO] [stdout] error[E0308]: mismatched types
[INFO] [stdout]     --> /opt/rustwide/cargo-home/registry/src/index.crates.io-1949cf8c6b5b557f/lexical-core-0.6.7/src/atof/algorithm/math.rs:1098:25
[INFO] [stdout]      |
[INFO] [stdout] 1098 |     let lshift = bits - n;
[INFO] [stdout]      |                         ^ expected `u32`, found `usize`
[INFO] [stdout] 
[INFO] [stdout] 
[INFO] [stdout] error[E0277]: cannot subtract `usize` from `u32`
[INFO] [stdout]     --> /opt/rustwide/cargo-home/registry/src/index.crates.io-1949cf8c6b5b557f/lexical-core-0.6.7/src/atof/algorithm/math.rs:1098:23
[INFO] [stdout]      |
[INFO] [stdout] 1098 |     let lshift = bits - n;
[INFO] [stdout]      |                       ^ no implementation for `u32 - usize`
[INFO] [stdout]      |
[INFO] [stdout]      = help: the trait `Sub<usize>` is not implemented for `u32`
[INFO] [stdout] help: the following other types implement trait `Sub<Rhs>`
[INFO] [stdout]     --> /rustc/f4dd856795debe636f2ba39a900f162f5abeb7e8/library/core/src/internal_macros.rs:22:8
[INFO] [stdout]      |
[INFO] [stdout]      = note: `&u32` implements `Sub<u32>`
[INFO] [stdout]     ::: /rustc/f4dd856795debe636f2ba39a900f162f5abeb7e8/library/core/src/internal_macros.rs:33:8
[INFO] [stdout]      |
[INFO] [stdout]      = note: `u32` implements `Sub<&u32>`
[INFO] [stdout]     ::: /rustc/f4dd856795debe636f2ba39a900f162f5abeb7e8/library/core/src/internal_macros.rs:44:8
[INFO] [stdout]      |
[INFO] [stdout]      = note: `&u32` implements `Sub`
[INFO] [stdout]     --> /rustc/f4dd856795debe636f2ba39a900f162f5abeb7e8/library/core/src/ops/arith.rs:210:8
[INFO] [stdout]      |
[INFO] [stdout]      = note: `u32` implements `Sub`
[INFO] [stdout]     ::: /rustc/f4dd856795debe636f2ba39a900f162f5abeb7e8/library/core/src/ops/arith.rs:225:0
[INFO] [stdout]      |
[INFO] [stdout]      = note: in this macro invocation
[INFO] [stdout]      = note: this error originates in the macro `forward_ref_binop` which comes from the expansion of the macro `sub_impl` (in Nightly builds, run with -Z macro-backtrace for more info)
[INFO] [stdout] 
[INFO] [stdout] 
[INFO] [stdout] error[E0308]: mismatched types
[INFO] [stdout]     --> /opt/rustwide/cargo-home/registry/src/index.crates.io-1949cf8c6b5b557f/lexical-core-0.6.7/src/atof/algorithm/math.rs:1140:19
[INFO] [stdout]      |
[INFO] [stdout] 1140 |     let rem = n % bits;
[INFO] [stdout]      |                   ^^^^ expected `usize`, found `u32`
[INFO] [stdout] 
[INFO] [stdout] 
[INFO] [stdout] error[E0277]: cannot calculate the remainder of `usize` divided by `u32`
[INFO] [stdout]     --> /opt/rustwide/cargo-home/registry/src/index.crates.io-1949cf8c6b5b557f/lexical-core-0.6.7/src/atof/algorithm/math.rs:1140:17
[INFO] [stdout]      |
[INFO] [stdout] 1140 |     let rem = n % bits;
[INFO] [stdout]      |                 ^ no implementation for `usize % u32`
[INFO] [stdout]      |
[INFO] [stdout]      = help: the trait `Rem<u32>` is not implemented for `usize`
[INFO] [stdout]      = help: the following other types implement trait `Rem<Rhs>`:
[INFO] [stdout]                `&usize` implements `Rem<usize>`
[INFO] [stdout]                `&usize` implements `Rem`
[INFO] [stdout]                `usize` implements `Rem<&usize>`
[INFO] [stdout]                `usize` implements `Rem<NonZero<usize>>`
[INFO] [stdout]                `usize` implements `Rem`
[INFO] [stdout] 
[INFO] [stdout] 
[INFO] [stdout] error[E0308]: mismatched types
[INFO] [stdout]     --> /opt/rustwide/cargo-home/registry/src/index.crates.io-1949cf8c6b5b557f/lexical-core-0.6.7/src/atof/algorithm/math.rs:1141:19
[INFO] [stdout]      |
[INFO] [stdout] 1141 |     let div = n / bits;
[INFO] [stdout]      |                   ^^^^ expected `usize`, found `u32`
[INFO] [stdout] 
[INFO] [stdout] 
[INFO] [stdout] error[E0277]: cannot divide `usize` by `u32`
[INFO] [stdout]     --> /opt/rustwide/cargo-home/registry/src/index.crates.io-1949cf8c6b5b557f/lexical-core-0.6.7/src/atof/algorithm/math.rs:1141:17
[INFO] [stdout]      |
[INFO] [stdout] 1141 |     let div = n / bits;
[INFO] [stdout]      |                 ^ no implementation for `usize / u32`
[INFO] [stdout]      |
[INFO] [stdout]      = help: the trait `Div<u32>` is not implemented for `usize`
[INFO] [stdout]      = help: the following other types implement trait `Div<Rhs>`:
[INFO] [stdout]                `&usize` implements `Div<usize>`
[INFO] [stdout]                `&usize` implements `Div`
[INFO] [stdout]                `usize` implements `Div<&usize>`
[INFO] [stdout]                `usize` implements `Div<NonZero<usize>>`
[INFO] [stdout]                `usize` implements `Div`
[INFO] [stdout] 
[INFO] [stdout] 
[INFO] [stdout] error[E0308]: mismatched types
[INFO] [stdout]     --> /opt/rustwide/cargo-home/registry/src/index.crates.io-1949cf8c6b5b557f/lexical-core-0.6.7/src/atof/algorithm/math.rs:1197:23
[INFO] [stdout]      |
[INFO] [stdout] 1197 |     debug_assert!(n < bits);
[INFO] [stdout]      |                   -   ^^^^ expected `usize`, found `u32`
[INFO] [stdout]      |                   |
[INFO] [stdout]      |                   expected because this is `usize`
[INFO] [stdout]      |
[INFO] [stdout] help: you can convert a `u32` to a `usize` and panic if the converted value doesn't fit
[INFO] [stdout]      |
[INFO] [stdout] 1197 |     debug_assert!(n < bits.try_into().unwrap());
[INFO] [stdout]      |                           ++++++++++++++++++++
[INFO] [stdout] 
[INFO] [stdout] 
[INFO] [stdout] error[E0308]: mismatched types
[INFO] [stdout]     --> /opt/rustwide/cargo-home/registry/src/index.crates.io-1949cf8c6b5b557f/lexical-core-0.6.7/src/atof/algorithm/math.rs:1207:25
[INFO] [stdout]      |
[INFO] [stdout] 1207 |     let rshift = bits - n;
[INFO] [stdout]      |                         ^ expected `u32`, found `usize`
[INFO] [stdout] 
[INFO] [stdout] 
[INFO] [stdout] error[E0277]: cannot subtract `usize` from `u32`
[INFO] [stdout]     --> /opt/rustwide/cargo-home/registry/src/index.crates.io-1949cf8c6b5b557f/lexical-core-0.6.7/src/atof/algorithm/math.rs:1207:23
[INFO] [stdout]      |
[INFO] [stdout] 1207 |     let rshift = bits - n;
[INFO] [stdout]      |                       ^ no implementation for `u32 - usize`
[INFO] [stdout]      |
[INFO] [stdout]      = help: the trait `Sub<usize>` is not implemented for `u32`
[INFO] [stdout] help: the following other types implement trait `Sub<Rhs>`
[INFO] [stdout]     --> /rustc/f4dd856795debe636f2ba39a900f162f5abeb7e8/library/core/src/internal_macros.rs:22:8
[INFO] [stdout]      |
[INFO] [stdout]      = note: `&u32` implements `Sub<u32>`
[INFO] [stdout]     ::: /rustc/f4dd856795debe636f2ba39a900f162f5abeb7e8/library/core/src/internal_macros.rs:33:8
[INFO] [stdout]      |
[INFO] [stdout]      = note: `u32` implements `Sub<&u32>`
[INFO] [stdout]     ::: /rustc/f4dd856795debe636f2ba39a900f162f5abeb7e8/library/core/src/internal_macros.rs:44:8
[INFO] [stdout]      |
[INFO] [stdout]      = note: `&u32` implements `Sub`
[INFO] [stdout]     --> /rustc/f4dd856795debe636f2ba39a900f162f5abeb7e8/library/core/src/ops/arith.rs:210:8
[INFO] [stdout]      |
[INFO] [stdout]      = note: `u32` implements `Sub`
[INFO] [stdout]     ::: /rustc/f4dd856795debe636f2ba39a900f162f5abeb7e8/library/core/src/ops/arith.rs:225:0
[INFO] [stdout]      |
[INFO] [stdout]      = note: in this macro invocation
[INFO] [stdout]      = note: this error originates in the macro `forward_ref_binop` which comes from the expansion of the macro `sub_impl` (in Nightly builds, run with -Z macro-backtrace for more info)
[INFO] [stdout] 
[INFO] [stdout] 
[INFO] [stdout] error[E0308]: mismatched types
[INFO] [stdout]     --> /opt/rustwide/cargo-home/registry/src/index.crates.io-1949cf8c6b5b557f/lexical-core-0.6.7/src/atof/algorithm/math.rs:1259:19
[INFO] [stdout]      |
[INFO] [stdout] 1259 |     let rem = n % bits;
[INFO] [stdout]      |                   ^^^^ expected `usize`, found `u32`
[INFO] [stdout] 
[INFO] [stdout] 
[INFO] [stdout] error[E0277]: cannot calculate the remainder of `usize` divided by `u32`
[INFO] [stdout]     --> /opt/rustwide/cargo-home/registry/src/index.crates.io-1949cf8c6b5b557f/lexical-core-0.6.7/src/atof/algorithm/math.rs:1259:17
[INFO] [stdout]      |
[INFO] [stdout] 1259 |     let rem = n % bits;
[INFO] [stdout]      |                 ^ no implementation for `usize % u32`
[INFO] [stdout]      |
[INFO] [stdout]      = help: the trait `Rem<u32>` is not implemented for `usize`
[INFO] [stdout]      = help: the following other types implement trait `Rem<Rhs>`:
[INFO] [stdout]                `&usize` implements `Rem<usize>`
[INFO] [stdout]                `&usize` implements `Rem`
[INFO] [stdout]                `usize` implements `Rem<&usize>`
[INFO] [stdout]                `usize` implements `Rem<NonZero<usize>>`
[INFO] [stdout]                `usize` implements `Rem`
[INFO] [stdout] 
[INFO] [stdout] 
[INFO] [stdout] error[E0308]: mismatched types
[INFO] [stdout]     --> /opt/rustwide/cargo-home/registry/src/index.crates.io-1949cf8c6b5b557f/lexical-core-0.6.7/src/atof/algorithm/math.rs:1260:19
[INFO] [stdout]      |
[INFO] [stdout] 1260 |     let div = n / bits;
[INFO] [stdout]      |                   ^^^^ expected `usize`, found `u32`
[INFO] [stdout] 
[INFO] [stdout] 
[INFO] [stdout] error[E0277]: cannot divide `usize` by `u32`
[INFO] [stdout]     --> /opt/rustwide/cargo-home/registry/src/index.crates.io-1949cf8c6b5b557f/lexical-core-0.6.7/src/atof/algorithm/math.rs:1260:17
[INFO] [stdout]      |
[INFO] [stdout] 1260 |     let div = n / bits;
[INFO] [stdout]      |                 ^ no implementation for `usize / u32`
[INFO] [stdout]      |
[INFO] [stdout]      = help: the trait `Div<u32>` is not implemented for `usize`
[INFO] [stdout]      = help: the following other types implement trait `Div<Rhs>`:
[INFO] [stdout]                `&usize` implements `Div<usize>`
[INFO] [stdout]                `&usize` implements `Div`
[INFO] [stdout]                `usize` implements `Div<&usize>`
[INFO] [stdout]                `usize` implements `Div<NonZero<usize>>`
[INFO] [stdout]                `usize` implements `Div`
[INFO] [stdout] 
[INFO] [stdout] 
[INFO] [stdout] error[E0308]: mismatched types
[INFO] [stdout]     --> /opt/rustwide/cargo-home/registry/src/index.crates.io-1949cf8c6b5b557f/lexical-core-0.6.7/src/atof/algorithm/math.rs:2071:27
[INFO] [stdout]      |
[INFO] [stdout] 2071 |     let rs = Limb::BITS - s;
[INFO] [stdout]      |                           ^ expected `u32`, found `usize`
[INFO] [stdout] 
[INFO] [stdout] 
[INFO] [stdout] error[E0277]: cannot subtract `usize` from `u32`
[INFO] [stdout]     --> /opt/rustwide/cargo-home/registry/src/index.crates.io-1949cf8c6b5b557f/lexical-core-0.6.7/src/atof/algorithm/math.rs:2071:25
[INFO] [stdout]      |
[INFO] [stdout] 2071 |     let rs = Limb::BITS - s;
[INFO] [stdout]      |                         ^ no implementation for `u32 - usize`
[INFO] [stdout]      |
[INFO] [stdout]      = help: the trait `Sub<usize>` is not implemented for `u32`
[INFO] [stdout] help: the following other types implement trait `Sub<Rhs>`
[INFO] [stdout]     --> /rustc/f4dd856795debe636f2ba39a900f162f5abeb7e8/library/core/src/internal_macros.rs:22:8
[INFO] [stdout]      |
[INFO] [stdout]      = note: `&u32` implements `Sub<u32>`
[INFO] [stdout]     ::: /rustc/f4dd856795debe636f2ba39a900f162f5abeb7e8/library/core/src/internal_macros.rs:33:8
[INFO] [stdout]      |
[INFO] [stdout]      = note: `u32` implements `Sub<&u32>`
[INFO] [stdout]     ::: /rustc/f4dd856795debe636f2ba39a900f162f5abeb7e8/library/core/src/internal_macros.rs:44:8
[INFO] [stdout]      |
[INFO] [stdout]      = note: `&u32` implements `Sub`
[INFO] [stdout]     --> /rustc/f4dd856795debe636f2ba39a900f162f5abeb7e8/library/core/src/ops/arith.rs:210:8
[INFO] [stdout]      |
[INFO] [stdout]      = note: `u32` implements `Sub`
[INFO] [stdout]     ::: /rustc/f4dd856795debe636f2ba39a900f162f5abeb7e8/library/core/src/ops/arith.rs:225:0
[INFO] [stdout]      |
[INFO] [stdout]      = note: in this macro invocation
[INFO] [stdout]      = note: this error originates in the macro `forward_ref_binop` which comes from the expansion of the macro `sub_impl` (in Nightly builds, run with -Z macro-backtrace for more info)
[INFO] [stdout] 
[INFO] [stdout] 
[INFO] [stdout] Some errors have detailed explanations: E0277, E0308.
[INFO] [stdout] 
[INFO] [stdout] For more information about an error, try `rustc --explain E0277`.
[INFO] [stdout] 
[INFO] [stderr] error: could not compile `lexical-core` (lib) due to 27 previous errors
[INFO] running `Command { std: "docker" "inspect" "249e2438bc841062cd00b5e1dda9e85172fc4ebf83c0321944d9f0aa637e92e6", kill_on_drop: false }`
[INFO] running `Command { std: "docker" "rm" "-f" "249e2438bc841062cd00b5e1dda9e85172fc4ebf83c0321944d9f0aa637e92e6", kill_on_drop: false }`
[INFO] [stdout] 249e2438bc841062cd00b5e1dda9e85172fc4ebf83c0321944d9f0aa637e92e6
