[INFO] cloning repository https://github.com/mingyang91/lock-and-transaction
[INFO] running `Command { std: "git" "-c" "credential.helper=" "-c" "credential.helper=/workspace/cargo-home/bin/git-credential-null" "clone" "--bare" "https://github.com/mingyang91/lock-and-transaction" "/workspace/cache/git-repos/https%3A%2F%2Fgithub.com%2Fmingyang91%2Flock-and-transaction", kill_on_drop: false }`
[INFO] [stderr] Cloning into bare repository '/workspace/cache/git-repos/https%3A%2F%2Fgithub.com%2Fmingyang91%2Flock-and-transaction'...
[INFO] running `Command { std: "git" "rev-parse" "HEAD", kill_on_drop: false }`
[INFO] [stdout] 373fa26b0c233b03550ec782d008fa38c9088dd5
[INFO] checking mingyang91/lock-and-transaction against f4dd856795debe636f2ba39a900f162f5abeb7e8 for pr-160904
[INFO] running `Command { std: "git" "clone" "/workspace/cache/git-repos/https%3A%2F%2Fgithub.com%2Fmingyang91%2Flock-and-transaction" "/workspace/builds/worker-0-tc2/source", kill_on_drop: false }`
[INFO] [stderr] Cloning into '/workspace/builds/worker-0-tc2/source'...
[INFO] [stderr] done.
[INFO] started tweaking git repo https://github.com/mingyang91/lock-and-transaction
[INFO] finished tweaking git repo https://github.com/mingyang91/lock-and-transaction
[INFO] tweaked toml for git repo https://github.com/mingyang91/lock-and-transaction written to /workspace/builds/worker-0-tc2/source/Cargo.toml
[INFO] validating manifest of git repo https://github.com/mingyang91/lock-and-transaction on toolchain f4dd856795debe636f2ba39a900f162f5abeb7e8
[INFO] running `Command { std: CARGO_HOME="/workspace/cargo-home" RUSTUP_HOME="/workspace/rustup-home" "/workspace/cargo-home/bin/cargo" "+f4dd856795debe636f2ba39a900f162f5abeb7e8" "metadata" "--manifest-path" "Cargo.toml" "--no-deps", kill_on_drop: false }`
[INFO] crate git repo https://github.com/mingyang91/lock-and-transaction already has a lockfile, it will not be regenerated
[INFO] running `Command { std: CARGO_HOME="/workspace/cargo-home" RUSTUP_HOME="/workspace/rustup-home" "/workspace/cargo-home/bin/cargo" "+f4dd856795debe636f2ba39a900f162f5abeb7e8" "fetch" "--manifest-path" "Cargo.toml", kill_on_drop: false }`
[INFO] [stderr]     Blocking waiting for file lock on package cache
[INFO] [stderr]     Blocking waiting for file lock on package cache
[INFO] [stderr]  Downloading crates ...
[INFO] [stderr]   Downloaded once_cell v1.20.1
[INFO] [stderr]   Downloaded rustls-pki-types v1.9.0
[INFO] [stderr]   Downloaded cc v1.1.23
[INFO] [stderr]   Downloaded webpki-roots v0.26.6
[INFO] [stderr]   Downloaded postgres-protocol v0.6.7
[INFO] [stderr]   Downloaded postgres v0.19.9
[INFO] [stderr]   Downloaded postgres-types v0.2.8
[INFO] [stderr]   Downloaded tokio-postgres v0.7.12
[INFO] running `Command { std: "docker" "create" "-v" "/var/lib/crater-agent-workspace/builds/worker-0-tc2/source:/opt/rustwide/workdir:ro,Z" "-v" "/var/lib/crater-agent-workspace/builds/worker-0-tc2/target:/opt/rustwide/target:rw,Z" "-v" "/var/lib/crater-agent-workspace/cargo-home:/opt/rustwide/cargo-home:ro,Z" "-v" "/var/lib/crater-agent-workspace/rustup-home:/opt/rustwide/rustup-home:ro,Z" "-m" "1610612736" "--network" "none" "ghcr.io/rust-lang/crates-build-env/linux@sha256:3111399a4047eeb3a02b7a90e478d715f38a8c6669b5c4b49d30a17385265909" "sleep" "infinity", kill_on_drop: false }`
[INFO] [stdout] 7634b0eb6e78a5d0600efc2060487112b8e632b73576346920ce4bab366d51c0
[INFO] running `Command { std: "docker" "start" "7634b0eb6e78a5d0600efc2060487112b8e632b73576346920ce4bab366d51c0", kill_on_drop: false }`
[INFO] running `Command { std: "docker" "inspect" "7634b0eb6e78a5d0600efc2060487112b8e632b73576346920ce4bab366d51c0", kill_on_drop: false }`
[INFO] running `Command { std: "docker" "exec" "-e" "SOURCE_DIR=/opt/rustwide/workdir" "-e" "CARGO_HOME=/opt/rustwide/cargo-home" "-e" "RUSTUP_HOME=/opt/rustwide/rustup-home" "-e" "CARGO_TARGET_DIR=/opt/rustwide/target" "-w" "/opt/rustwide/workdir" "--user" "0:0" "7634b0eb6e78a5d0600efc2060487112b8e632b73576346920ce4bab366d51c0" "/opt/rustwide/cargo-home/bin/cargo" "+f4dd856795debe636f2ba39a900f162f5abeb7e8" "metadata" "--no-deps" "--format-version=1", kill_on_drop: false }`
[INFO] running `Command { std: "docker" "inspect" "7634b0eb6e78a5d0600efc2060487112b8e632b73576346920ce4bab366d51c0", kill_on_drop: false }`
[INFO] running `Command { std: "docker" "exec" "-e" "SOURCE_DIR=/opt/rustwide/workdir" "-e" "CARGO_HOME=/opt/rustwide/cargo-home" "-e" "RUSTUP_HOME=/opt/rustwide/rustup-home" "-e" "CARGO_TARGET_DIR=/opt/rustwide/target" "-e" "CARGO_INCREMENTAL=0" "-e" "RUST_BACKTRACE=full" "-e" "RUSTFLAGS=--cap-lints=forbid" "-e" "RUSTDOCFLAGS=--cap-lints=forbid" "-w" "/opt/rustwide/workdir" "--user" "0:0" "7634b0eb6e78a5d0600efc2060487112b8e632b73576346920ce4bab366d51c0" "/opt/rustwide/cargo-home/bin/cargo" "+f4dd856795debe636f2ba39a900f162f5abeb7e8" "check" "--frozen" "--all" "--all-targets" "--message-format=json", kill_on_drop: false }`
[INFO] [stderr]    Compiling serde v1.0.210
[INFO] [stderr]    Compiling once_cell v1.20.1
[INFO] [stderr]    Compiling proc-macro2 v1.0.86
[INFO] [stderr]    Compiling cc v1.1.23
[INFO] [stderr]    Compiling libc v0.2.159
[INFO] [stderr]     Checking generic-array v0.14.7
[INFO] [stderr]    Compiling subtle v2.6.1
[INFO] [stderr]     Checking unicode-normalization v0.1.24
[INFO] [stderr]    Compiling bigdecimal v0.4.5
[INFO] [stderr]    Compiling serde_json v1.0.128
[INFO] [stderr]    Compiling tinyvec_macros v0.1.1
[INFO] [stderr]     Checking bytes v1.7.2
[INFO] [stderr]    Compiling rustls v0.23.13
[INFO] [stderr]    Compiling pin-project-lite v0.2.14
[INFO] [stderr]     Checking unicode-bidi v0.3.15
[INFO] [stderr]    Compiling thiserror v1.0.64
[INFO] [stderr]    Compiling tinyvec v1.8.0
[INFO] [stderr]    Compiling num-traits v0.2.19
[INFO] [stderr]    Compiling rustls-pki-types v1.9.0
[INFO] [stderr]    Compiling futures-core v0.3.30
[INFO] [stderr]     Checking mio v1.0.2
[INFO] [stderr]     Checking socket2 v0.5.7
[INFO] [stderr]    Compiling crossbeam-utils v0.8.20
[INFO] [stderr]    Compiling untrusted v0.9.0
[INFO] [stderr]    Compiling allocator-api2 v0.2.18
[INFO] [stderr]    Compiling spin v0.9.8
[INFO] [stderr]    Compiling quote v1.0.37
[INFO] [stderr]    Compiling lock_api v0.4.12
[INFO] [stderr]     Checking crypto-common v0.1.6
[INFO] [stderr]     Checking block-buffer v0.10.4
[INFO] [stderr]    Compiling syn v2.0.79
[INFO] [stderr]     Checking digest v0.10.7
[INFO] [stderr]    Compiling getrandom v0.2.15
[INFO] [stderr]    Compiling futures-sink v0.3.30
[INFO] [stderr]    Compiling num-integer v0.1.46
[INFO] [stderr]     Checking unicode-properties v0.1.3
[INFO] [stderr]    Compiling percent-encoding v2.3.1
[INFO] [stderr]    Compiling nom v7.1.3
[INFO] [stderr]     Checking hmac v0.12.1
[INFO] [stderr]     Checking sha2 v0.10.8
[INFO] [stderr]    Compiling form_urlencoded v1.2.1
[INFO] [stderr]     Checking md-5 v0.10.6
[INFO] [stderr]    Compiling concurrent-queue v2.5.0
[INFO] [stderr]    Compiling rand_core v0.6.4
[INFO] [stderr]    Compiling num-bigint v0.4.6
[INFO] [stderr]    Compiling tracing-core v0.1.32
[INFO] [stderr]    Compiling libm v0.2.8
[INFO] [stderr]     Checking stringprep v0.1.5
[INFO] [stderr]    Compiling slab v0.4.9
[INFO] [stderr]    Compiling futures-task v0.3.30
[INFO] [stderr]    Compiling log v0.4.22
[INFO] [stderr]    Compiling unicode_categories v0.1.1
[INFO] [stderr]    Compiling ring v0.17.8
[INFO] [stderr]    Compiling rustix v0.38.37
[INFO] [stderr]    Compiling zeroize v1.8.1
[INFO] [stderr]    Compiling tokio v1.40.0
[INFO] [stderr]    Compiling futures-io v0.3.30
[INFO] [stderr]    Compiling bitflags v2.6.0
[INFO] [stderr]    Compiling idna v0.5.0
[INFO] [stderr]    Compiling crc v3.2.1
[INFO] [stderr]    Compiling event-listener v5.3.1
[INFO] [stderr]    Compiling futures-channel v0.3.30
[INFO] [stderr]    Compiling futures-util v0.3.30
[INFO] [stderr]    Compiling webpki-roots v0.26.6
[INFO] [stderr]    Compiling rustls-pemfile v2.2.0
[INFO] [stderr]    Compiling crossbeam-queue v0.3.11
[INFO] [stderr]    Compiling atoi v2.0.0
[INFO] [stderr]    Compiling hkdf v0.12.4
[INFO] [stderr]    Compiling fastrand v2.1.1
[INFO] [stderr]    Compiling url v2.5.2
[INFO] [stderr]    Compiling whoami v1.5.2
[INFO] [stderr]    Compiling home v0.5.9
[INFO] [stderr]     Checking fallible-iterator v0.2.0
[INFO] [stderr]     Checking phf_shared v0.11.2
[INFO] [stderr]     Checking phf v0.11.2
[INFO] [stderr]     Checking dotenvy v0.15.7
[INFO] [stderr]    Compiling sqlformat v0.2.6
[INFO] [stderr]     Checking tracing-log v0.2.0
[INFO] [stderr]     Checking thread_local v1.1.8
[INFO] [stderr]    Compiling tempfile v3.13.0
[INFO] [stderr]    Compiling zerocopy-derive v0.7.35
[INFO] [stderr]    Compiling serde_derive v1.0.210
[INFO] [stderr]    Compiling thiserror-impl v1.0.64
[INFO] [stderr]    Compiling tracing-attributes v0.1.27
[INFO] [stderr]    Compiling tokio-macros v2.4.0
[INFO] [stderr]    Compiling futures-macro v0.3.30
[INFO] [stderr]    Compiling async-trait v0.1.83
[INFO] [stderr]     Checking rustls-webpki v0.102.8
[INFO] [stderr]     Checking zerocopy v0.7.35
[INFO] [stderr]    Compiling tokio-stream v0.1.16
[INFO] [stderr]    Compiling tracing v0.1.40
[INFO] [stderr]    Compiling ahash v0.8.11
[INFO] [stderr]    Compiling ppv-lite86 v0.2.20
[INFO] [stderr]    Compiling hashbrown v0.14.5
[INFO] [stderr]    Compiling rand_chacha v0.3.1
[INFO] [stderr]    Compiling rand v0.8.5
[INFO] [stderr]    Compiling indexmap v2.5.0
[INFO] [stderr]    Compiling hashlink v0.9.1
[INFO] [stderr]     Checking postgres-protocol v0.6.7
[INFO] [stderr]     Checking postgres-types v0.2.8
[INFO] [stderr]     Checking smallvec v1.13.2
[INFO] [stderr]     Checking either v1.13.0
[INFO] [stderr]     Checking parking_lot_core v0.9.10
[INFO] [stderr]     Checking tracing-subscriber v0.3.18
[INFO] [stderr]     Checking parking_lot v0.12.3
[INFO] [stderr]     Checking futures-intrusive v0.5.0
[INFO] [stderr]    Compiling sqlx-core v0.8.2
[INFO] [stderr]    Compiling sqlx-postgres v0.8.2
[INFO] [stderr]     Checking tokio-util v0.7.12
[INFO] [stderr]     Checking tokio-postgres v0.7.12
[INFO] [stderr]     Checking postgres v0.19.9
[INFO] [stderr]    Compiling sqlx-macros-core v0.8.2
[INFO] [stderr]    Compiling sqlx-macros v0.8.2
[INFO] [stderr]     Checking sqlx v0.8.2
[INFO] [stderr]     Checking lock-and-transaction v0.1.0 (/opt/rustwide/workdir)
[INFO] [stdout] error: set `DATABASE_URL` to use query macros online, or run `cargo sqlx prepare` to update the query cache
[INFO] [stdout]   --> src/main.rs:60:5
[INFO] [stdout]    |
[INFO] [stdout] 60 | /     sqlx::query!(
[INFO] [stdout] 61 | |         r#"
[INFO] [stdout] 62 | |         truncate transaction, accounts
[INFO] [stdout] 63 | |         "#,
[INFO] [stdout] 64 | |     )
[INFO] [stdout]    | |_____^
[INFO] [stdout]    |
[INFO] [stdout]    = note: this error originates in the macro `$crate::sqlx_macros::expand_query` which comes from the expansion of the macro `sqlx::query` (in Nightly builds, run with -Z macro-backtrace for more info)
[INFO] [stdout] 
[INFO] [stdout] 
[INFO] [stdout] error: set `DATABASE_URL` to use query macros online, or run `cargo sqlx prepare` to update the query cache
[INFO] [stdout]   --> src/main.rs:60:5
[INFO] [stdout]    |
[INFO] [stdout] 60 | /     sqlx::query!(
[INFO] [stdout] 61 | |         r#"
[INFO] [stdout] 62 | |         truncate transaction, accounts
[INFO] [stdout] 63 | |         "#,
[INFO] [stdout] 64 | |     )
[INFO] [stdout]    | |_____^
[INFO] [stdout]    |
[INFO] [stdout]    = note: this error originates in the macro `$crate::sqlx_macros::expand_query` which comes from the expansion of the macro `sqlx::query` (in Nightly builds, run with -Z macro-backtrace for more info)
[INFO] [stdout] 
[INFO] [stdout] 
[INFO] [stdout] error: set `DATABASE_URL` to use query macros online, or run `cargo sqlx prepare` to update the query cache
[INFO] [stdout]   --> src/main.rs:73:5
[INFO] [stdout]    |
[INFO] [stdout] 73 | /     sqlx::query!(
[INFO] [stdout] 74 | |         r#"
[INFO] [stdout] 75 | |         INSERT INTO accounts (address, balance)
[INFO] [stdout] 76 | |         VALUES ($1, $2)
[INFO] [stdout] ...  |
[INFO] [stdout] 80 | |         initial as i64
[INFO] [stdout] 81 | |     )
[INFO] [stdout]    | |_____^
[INFO] [stdout]    |
[INFO] [stdout]    = note: this error originates in the macro `$crate::sqlx_macros::expand_query` which comes from the expansion of the macro `sqlx::query` (in Nightly builds, run with -Z macro-backtrace for more info)
[INFO] [stdout] 
[INFO] [stdout] 
[INFO] [stdout] error: set `DATABASE_URL` to use query macros online, or run `cargo sqlx prepare` to update the query cache
[INFO] [stdout]   --> src/main.rs:73:5
[INFO] [stdout]    |
[INFO] [stdout] 73 | /     sqlx::query!(
[INFO] [stdout] 74 | |         r#"
[INFO] [stdout] 75 | |         INSERT INTO accounts (address, balance)
[INFO] [stdout] 76 | |         VALUES ($1, $2)
[INFO] [stdout] ...  |
[INFO] [stdout] 80 | |         initial as i64
[INFO] [stdout] 81 | |     )
[INFO] [stdout]    | |_____^
[INFO] [stdout]    |
[INFO] [stdout]    = note: this error originates in the macro `$crate::sqlx_macros::expand_query` which comes from the expansion of the macro `sqlx::query` (in Nightly builds, run with -Z macro-backtrace for more info)
[INFO] [stdout] 
[INFO] [stdout] 
[INFO] [stdout] error: set `DATABASE_URL` to use query macros online, or run `cargo sqlx prepare` to update the query cache
[INFO] [stdout]    --> src/main.rs:102:28
[INFO] [stdout]     |
[INFO] [stdout] 102 |       let insert_rows: u64 = sqlx::query!(
[INFO] [stdout]     |  ____________________________^
[INFO] [stdout] 103 | |         r#"
[INFO] [stdout] 104 | |         INSERT INTO transaction (tx_hash, from_address, to_address, amount)
[INFO] [stdout] 105 | |         VALUES ($1, $2, $3, $4)
[INFO] [stdout] ...   |
[INFO] [stdout] 111 | |         amount as i64
[INFO] [stdout] 112 | |     )
[INFO] [stdout]     | |_____^
[INFO] [stdout]     |
[INFO] [stdout]     = note: this error originates in the macro `$crate::sqlx_macros::expand_query` which comes from the expansion of the macro `sqlx::query` (in Nightly builds, run with -Z macro-backtrace for more info)
[INFO] [stdout] 
[INFO] [stdout] 
[INFO] [stdout] error: set `DATABASE_URL` to use query macros online, or run `cargo sqlx prepare` to update the query cache
[INFO] [stdout]    --> src/main.rs:102:28
[INFO] [stdout]     |
[INFO] [stdout] 102 |       let insert_rows: u64 = sqlx::query!(
[INFO] [stdout]     |  ____________________________^
[INFO] [stdout] 103 | |         r#"
[INFO] [stdout] 104 | |         INSERT INTO transaction (tx_hash, from_address, to_address, amount)
[INFO] [stdout] 105 | |         VALUES ($1, $2, $3, $4)
[INFO] [stdout] ...   |
[INFO] [stdout] 111 | |         amount as i64
[INFO] [stdout] 112 | |     )
[INFO] [stdout]     | |_____^
[INFO] [stdout]     |
[INFO] [stdout]     = note: this error originates in the macro `$crate::sqlx_macros::expand_query` which comes from the expansion of the macro `sqlx::query` (in Nightly builds, run with -Z macro-backtrace for more info)
[INFO] [stdout] 
[INFO] [stdout] 
[INFO] [stdout] error: set `DATABASE_URL` to use query macros online, or run `cargo sqlx prepare` to update the query cache
[INFO] [stdout]    --> src/main.rs:122:33
[INFO] [stdout]     |
[INFO] [stdout] 122 |       let update_from_rows: u64 = sqlx::query!(
[INFO] [stdout]     |  _________________________________^
[INFO] [stdout] 123 | |         r#"
[INFO] [stdout] 124 | |         UPDATE accounts
[INFO] [stdout] 125 | |         SET balance = balance - $1, updated_at = now()
[INFO] [stdout] ...   |
[INFO] [stdout] 129 | |         from
[INFO] [stdout] 130 | |     )
[INFO] [stdout]     | |_____^
[INFO] [stdout]     |
[INFO] [stdout]     = note: this error originates in the macro `$crate::sqlx_macros::expand_query` which comes from the expansion of the macro `sqlx::query` (in Nightly builds, run with -Z macro-backtrace for more info)
[INFO] [stdout] 
[INFO] [stdout] 
[INFO] [stdout] error: set `DATABASE_URL` to use query macros online, or run `cargo sqlx prepare` to update the query cache
[INFO] [stdout]    --> src/main.rs:122:33
[INFO] [stdout]     |
[INFO] [stdout] 122 |       let update_from_rows: u64 = sqlx::query!(
[INFO] [stdout]     |  _________________________________^
[INFO] [stdout] 123 | |         r#"
[INFO] [stdout] 124 | |         UPDATE accounts
[INFO] [stdout] 125 | |         SET balance = balance - $1, updated_at = now()
[INFO] [stdout] ...   |
[INFO] [stdout] 129 | |         from
[INFO] [stdout] 130 | |     )
[INFO] [stdout]     | |_____^
[INFO] [stdout]     |
[INFO] [stdout]     = note: this error originates in the macro `$crate::sqlx_macros::expand_query` which comes from the expansion of the macro `sqlx::query` (in Nightly builds, run with -Z macro-backtrace for more info)
[INFO] [stdout] 
[INFO] [stdout] 
[INFO] [stdout] error: set `DATABASE_URL` to use query macros online, or run `cargo sqlx prepare` to update the query cache
[INFO] [stdout]    --> src/main.rs:140:31
[INFO] [stdout]     |
[INFO] [stdout] 140 |       let update_to_rows: u64 = sqlx::query!(
[INFO] [stdout]     |  _______________________________^
[INFO] [stdout] 141 | |         r#"
[INFO] [stdout] 142 | |         INSERT INTO accounts (address, balance, updated_at)
[INFO] [stdout] 143 | |         VALUES ($1, $2, now())
[INFO] [stdout] ...   |
[INFO] [stdout] 148 | |         amount as i64,
[INFO] [stdout] 149 | |     )
[INFO] [stdout]     | |_____^
[INFO] [stdout]     |
[INFO] [stdout]     = note: this error originates in the macro `$crate::sqlx_macros::expand_query` which comes from the expansion of the macro `sqlx::query` (in Nightly builds, run with -Z macro-backtrace for more info)
[INFO] [stdout] 
[INFO] [stdout] 
[INFO] [stdout] error: set `DATABASE_URL` to use query macros online, or run `cargo sqlx prepare` to update the query cache
[INFO] [stdout]    --> src/main.rs:140:31
[INFO] [stdout]     |
[INFO] [stdout] 140 |       let update_to_rows: u64 = sqlx::query!(
[INFO] [stdout]     |  _______________________________^
[INFO] [stdout] 141 | |         r#"
[INFO] [stdout] 142 | |         INSERT INTO accounts (address, balance, updated_at)
[INFO] [stdout] 143 | |         VALUES ($1, $2, now())
[INFO] [stdout] ...   |
[INFO] [stdout] 148 | |         amount as i64,
[INFO] [stdout] 149 | |     )
[INFO] [stdout]     | |_____^
[INFO] [stdout]     |
[INFO] [stdout]     = note: this error originates in the macro `$crate::sqlx_macros::expand_query` which comes from the expansion of the macro `sqlx::query` (in Nightly builds, run with -Z macro-backtrace for more info)
[INFO] [stdout] 
[INFO] [stdout] 
[INFO] [stdout] error: set `DATABASE_URL` to use query macros online, or run `cargo sqlx prepare` to update the query cache
[INFO] [stdout]    --> src/main.rs:167:24
[INFO] [stdout]     |
[INFO] [stdout] 167 |       let from_balance = sqlx::query!(
[INFO] [stdout]     |  ________________________^
[INFO] [stdout] 168 | |         r#"
[INFO] [stdout] 169 | |         SELECT balance
[INFO] [stdout] 170 | |         FROM accounts
[INFO] [stdout] ...   |
[INFO] [stdout] 173 | |         from
[INFO] [stdout] 174 | |     )
[INFO] [stdout]     | |_____^
[INFO] [stdout]     |
[INFO] [stdout]     = note: this error originates in the macro `$crate::sqlx_macros::expand_query` which comes from the expansion of the macro `sqlx::query` (in Nightly builds, run with -Z macro-backtrace for more info)
[INFO] [stdout] 
[INFO] [stdout] 
[INFO] [stdout] error: set `DATABASE_URL` to use query macros online, or run `cargo sqlx prepare` to update the query cache
[INFO] [stdout]    --> src/main.rs:167:24
[INFO] [stdout]     |
[INFO] [stdout] 167 |       let from_balance = sqlx::query!(
[INFO] [stdout]     |  ________________________^
[INFO] [stdout] 168 | |         r#"
[INFO] [stdout] 169 | |         SELECT balance
[INFO] [stdout] 170 | |         FROM accounts
[INFO] [stdout] ...   |
[INFO] [stdout] 173 | |         from
[INFO] [stdout] 174 | |     )
[INFO] [stdout]     | |_____^
[INFO] [stdout]     |
[INFO] [stdout]     = note: this error originates in the macro `$crate::sqlx_macros::expand_query` which comes from the expansion of the macro `sqlx::query` (in Nightly builds, run with -Z macro-backtrace for more info)
[INFO] [stdout] 
[INFO] [stdout] 
[INFO] [stdout] error: set `DATABASE_URL` to use query macros online, or run `cargo sqlx prepare` to update the query cache
[INFO] [stdout]    --> src/main.rs:187:28
[INFO] [stdout]     |
[INFO] [stdout] 187 |       let update_from_rows = sqlx::query!(
[INFO] [stdout]     |  ____________________________^
[INFO] [stdout] 188 | |         r#"
[INFO] [stdout] 189 | |         UPDATE accounts
[INFO] [stdout] 190 | |         SET balance = balance - $1, updated_at = now()
[INFO] [stdout] ...   |
[INFO] [stdout] 194 | |         from
[INFO] [stdout] 195 | |     )
[INFO] [stdout]     | |_____^
[INFO] [stdout]     |
[INFO] [stdout]     = note: this error originates in the macro `$crate::sqlx_macros::expand_query` which comes from the expansion of the macro `sqlx::query` (in Nightly builds, run with -Z macro-backtrace for more info)
[INFO] [stdout] 
[INFO] [stdout] 
[INFO] [stdout] error: set `DATABASE_URL` to use query macros online, or run `cargo sqlx prepare` to update the query cache
[INFO] [stdout]    --> src/main.rs:187:28
[INFO] [stdout]     |
[INFO] [stdout] 187 |       let update_from_rows = sqlx::query!(
[INFO] [stdout]     |  ____________________________^
[INFO] [stdout] 188 | |         r#"
[INFO] [stdout] 189 | |         UPDATE accounts
[INFO] [stdout] 190 | |         SET balance = balance - $1, updated_at = now()
[INFO] [stdout] ...   |
[INFO] [stdout] 194 | |         from
[INFO] [stdout] 195 | |     )
[INFO] [stdout]     | |_____^
[INFO] [stdout]     |
[INFO] [stdout]     = note: this error originates in the macro `$crate::sqlx_macros::expand_query` which comes from the expansion of the macro `sqlx::query` (in Nightly builds, run with -Z macro-backtrace for more info)
[INFO] [stdout] 
[INFO] [stdout] 
[INFO] [stdout] error: set `DATABASE_URL` to use query macros online, or run `cargo sqlx prepare` to update the query cache
[INFO] [stdout]    --> src/main.rs:205:26
[INFO] [stdout]     |
[INFO] [stdout] 205 |       let update_to_rows = sqlx::query!(
[INFO] [stdout]     |  __________________________^
[INFO] [stdout] 206 | |         r#"
[INFO] [stdout] 207 | |         UPDATE accounts
[INFO] [stdout] 208 | |         SET balance = balance + $1, updated_at = now()
[INFO] [stdout] ...   |
[INFO] [stdout] 212 | |         to
[INFO] [stdout] 213 | |     )
[INFO] [stdout]     | |_____^
[INFO] [stdout]     |
[INFO] [stdout]     = note: this error originates in the macro `$crate::sqlx_macros::expand_query` which comes from the expansion of the macro `sqlx::query` (in Nightly builds, run with -Z macro-backtrace for more info)
[INFO] [stdout] 
[INFO] [stdout] 
[INFO] [stdout] error: set `DATABASE_URL` to use query macros online, or run `cargo sqlx prepare` to update the query cache
[INFO] [stdout]    --> src/main.rs:205:26
[INFO] [stdout]     |
[INFO] [stdout] 205 |       let update_to_rows = sqlx::query!(
[INFO] [stdout]     |  __________________________^
[INFO] [stdout] 206 | |         r#"
[INFO] [stdout] 207 | |         UPDATE accounts
[INFO] [stdout] 208 | |         SET balance = balance + $1, updated_at = now()
[INFO] [stdout] ...   |
[INFO] [stdout] 212 | |         to
[INFO] [stdout] 213 | |     )
[INFO] [stdout]     | |_____^
[INFO] [stdout]     |
[INFO] [stdout]     = note: this error originates in the macro `$crate::sqlx_macros::expand_query` which comes from the expansion of the macro `sqlx::query` (in Nightly builds, run with -Z macro-backtrace for more info)
[INFO] [stdout] 
[INFO] [stdout] 
[INFO] [stdout] error: set `DATABASE_URL` to use query macros online, or run `cargo sqlx prepare` to update the query cache
[INFO] [stdout]    --> src/main.rs:223:23
[INFO] [stdout]     |
[INFO] [stdout] 223 |       let insert_rows = sqlx::query!(
[INFO] [stdout]     |  _______________________^
[INFO] [stdout] 224 | |         r#"
[INFO] [stdout] 225 | |         INSERT INTO transaction (tx_hash, from_address, to_address, amount)
[INFO] [stdout] 226 | |         VALUES ($1, $2, $3, $4)
[INFO] [stdout] ...   |
[INFO] [stdout] 232 | |         amount as i64
[INFO] [stdout] 233 | |     )
[INFO] [stdout]     | |_____^
[INFO] [stdout]     |
[INFO] [stdout]     = note: this error originates in the macro `$crate::sqlx_macros::expand_query` which comes from the expansion of the macro `sqlx::query` (in Nightly builds, run with -Z macro-backtrace for more info)
[INFO] [stdout] 
[INFO] [stdout] 
[INFO] [stdout] error: set `DATABASE_URL` to use query macros online, or run `cargo sqlx prepare` to update the query cache
[INFO] [stdout]    --> src/main.rs:223:23
[INFO] [stdout]     |
[INFO] [stdout] 223 |       let insert_rows = sqlx::query!(
[INFO] [stdout]     |  _______________________^
[INFO] [stdout] 224 | |         r#"
[INFO] [stdout] 225 | |         INSERT INTO transaction (tx_hash, from_address, to_address, amount)
[INFO] [stdout] 226 | |         VALUES ($1, $2, $3, $4)
[INFO] [stdout] ...   |
[INFO] [stdout] 232 | |         amount as i64
[INFO] [stdout] 233 | |     )
[INFO] [stdout]     | |_____^
[INFO] [stdout]     |
[INFO] [stdout]     = note: this error originates in the macro `$crate::sqlx_macros::expand_query` which comes from the expansion of the macro `sqlx::query` (in Nightly builds, run with -Z macro-backtrace for more info)
[INFO] [stdout] 
[INFO] [stdout] 
[INFO] [stdout] error: set `DATABASE_URL` to use query macros online, or run `cargo sqlx prepare` to update the query cache
[INFO] [stdout]    --> src/main.rs:250:19
[INFO] [stdout]     |
[INFO] [stdout] 250 |       let balance = sqlx::query!(
[INFO] [stdout]     |  ___________________^
[INFO] [stdout] 251 | |         r#"
[INFO] [stdout] 252 | |         SELECT balance
[INFO] [stdout] 253 | |         FROM accounts
[INFO] [stdout] ...   |
[INFO] [stdout] 256 | |         address
[INFO] [stdout] 257 | |     )
[INFO] [stdout]     | |_____^
[INFO] [stdout]     |
[INFO] [stdout]     = note: this error originates in the macro `$crate::sqlx_macros::expand_query` which comes from the expansion of the macro `sqlx::query` (in Nightly builds, run with -Z macro-backtrace for more info)
[INFO] [stdout] 
[INFO] [stdout] 
[INFO] [stdout] error: set `DATABASE_URL` to use query macros online, or run `cargo sqlx prepare` to update the query cache
[INFO] [stdout]    --> src/main.rs:269:15
[INFO] [stdout]     |
[INFO] [stdout] 269 |       let all = sqlx::query!(
[INFO] [stdout]     |  _______________^
[INFO] [stdout] 270 | |         r#"
[INFO] [stdout] 271 | |         select address,
[INFO] [stdout] 272 | |             balance,
[INFO] [stdout] ...   |
[INFO] [stdout] 292 | |         "#
[INFO] [stdout] 293 | |     )
[INFO] [stdout]     | |_____^
[INFO] [stdout]     |
[INFO] [stdout]     = note: this error originates in the macro `$crate::sqlx_macros::expand_query` which comes from the expansion of the macro `sqlx::query` (in Nightly builds, run with -Z macro-backtrace for more info)
[INFO] [stdout] 
[INFO] [stdout] 
[INFO] [stdout] error: set `DATABASE_URL` to use query macros online, or run `cargo sqlx prepare` to update the query cache
[INFO] [stdout]    --> src/main.rs:250:19
[INFO] [stdout]     |
[INFO] [stdout] 250 |       let balance = sqlx::query!(
[INFO] [stdout]     |  ___________________^
[INFO] [stdout] 251 | |         r#"
[INFO] [stdout] 252 | |         SELECT balance
[INFO] [stdout] 253 | |         FROM accounts
[INFO] [stdout] ...   |
[INFO] [stdout] 256 | |         address
[INFO] [stdout] 257 | |     )
[INFO] [stdout]     | |_____^
[INFO] [stdout]     |
[INFO] [stdout]     = note: this error originates in the macro `$crate::sqlx_macros::expand_query` which comes from the expansion of the macro `sqlx::query` (in Nightly builds, run with -Z macro-backtrace for more info)
[INFO] [stdout] 
[INFO] [stdout] 
[INFO] [stdout] error: set `DATABASE_URL` to use query macros online, or run `cargo sqlx prepare` to update the query cache
[INFO] [stdout]    --> src/main.rs:269:15
[INFO] [stdout]     |
[INFO] [stdout] 269 |       let all = sqlx::query!(
[INFO] [stdout]     |  _______________^
[INFO] [stdout] 270 | |         r#"
[INFO] [stdout] 271 | |         select address,
[INFO] [stdout] 272 | |             balance,
[INFO] [stdout] ...   |
[INFO] [stdout] 292 | |         "#
[INFO] [stdout] 293 | |     )
[INFO] [stdout]     | |_____^
[INFO] [stdout]     |
[INFO] [stdout]     = note: this error originates in the macro `$crate::sqlx_macros::expand_query` which comes from the expansion of the macro `sqlx::query` (in Nightly builds, run with -Z macro-backtrace for more info)
[INFO] [stdout] 
[INFO] [stdout] 
[INFO] [stdout] warning: method call on a diverging inference variable
[INFO] [stdout]    --> src/main.rs:115:6
[INFO] [stdout]     |
[INFO] [stdout] 115 |     .rows_affected();
[INFO] [stdout]     |      ^^^^^^^^^^^^^
[INFO] [stdout]     |
[INFO] [stdout]     = help: consider providing a type annotation
[INFO] [stdout]     = warning: this was previously accepted by the compiler but is being phased out; it will become a hard error in a future release!
[INFO] [stdout]     = note: for more information, see issue #156047 <https://github.com/rust-lang/rust/issues/156047>
[INFO] [stdout]     = note: `#[warn(method_call_on_diverging_infer_var)]` (part of `#[warn(future_incompatible)]`) on by default
[INFO] [stdout] 
[INFO] [stdout] 
[INFO] [stdout] warning: method call on a diverging inference variable
[INFO] [stdout]    --> src/main.rs:115:6
[INFO] [stdout]     |
[INFO] [stdout] 115 |     .rows_affected();
[INFO] [stdout]     |      ^^^^^^^^^^^^^
[INFO] [stdout]     |
[INFO] [stdout]     = help: consider providing a type annotation
[INFO] [stdout]     = warning: this was previously accepted by the compiler but is being phased out; it will become a hard error in a future release!
[INFO] [stdout]     = note: for more information, see issue #156047 <https://github.com/rust-lang/rust/issues/156047>
[INFO] [stdout]     = note: `#[warn(method_call_on_diverging_infer_var)]` (part of `#[warn(future_incompatible)]`) on by default
[INFO] [stdout] 
[INFO] [stdout] 
[INFO] [stdout] error[E0599]: no method named `rows_affected` found for type `_` in the current scope
[INFO] [stdout]    --> src/main.rs:115:6
[INFO] [stdout]     |
[INFO] [stdout] 102 |       let insert_rows: u64 = sqlx::query!(
[INFO] [stdout]     |  ____________________________-
[INFO] [stdout] 103 | |         r#"
[INFO] [stdout] 104 | |         INSERT INTO transaction (tx_hash, from_address, to_address, amount)
[INFO] [stdout] 105 | |         VALUES ($1, $2, $3, $4)
[INFO] [stdout] ...   |
[INFO] [stdout] 114 | |     .await?
[INFO] [stdout] 115 | |     .rows_affected();
[INFO] [stdout]     | |     -^^^^^^^^^^^^^ method not found in `_`
[INFO] [stdout]     | |_____|
[INFO] [stdout]     |
[INFO] [stdout] 
[INFO] [stdout] 
[INFO] [stdout] error[E0599]: no method named `rows_affected` found for type `_` in the current scope
[INFO] [stdout]    --> src/main.rs:115:6
[INFO] [stdout]     |
[INFO] [stdout] 102 |       let insert_rows: u64 = sqlx::query!(
[INFO] [stdout]     |  ____________________________-
[INFO] [stdout] 103 | |         r#"
[INFO] [stdout] 104 | |         INSERT INTO transaction (tx_hash, from_address, to_address, amount)
[INFO] [stdout] 105 | |         VALUES ($1, $2, $3, $4)
[INFO] [stdout] ...   |
[INFO] [stdout] 114 | |     .await?
[INFO] [stdout] 115 | |     .rows_affected();
[INFO] [stdout]     | |     -^^^^^^^^^^^^^ method not found in `_`
[INFO] [stdout]     | |_____|
[INFO] [stdout]     |
[INFO] [stdout] 
[INFO] [stdout] 
[INFO] [stdout] warning: method call on a diverging inference variable
[INFO] [stdout]    --> src/main.rs:133:6
[INFO] [stdout]     |
[INFO] [stdout] 133 |     .rows_affected();
[INFO] [stdout]     |      ^^^^^^^^^^^^^
[INFO] [stdout]     |
[INFO] [stdout]     = help: consider providing a type annotation
[INFO] [stdout]     = warning: this was previously accepted by the compiler but is being phased out; it will become a hard error in a future release!
[INFO] [stdout]     = note: for more information, see issue #156047 <https://github.com/rust-lang/rust/issues/156047>
[INFO] [stdout] 
[INFO] [stdout] 
[INFO] [stdout] warning: method call on a diverging inference variable
[INFO] [stdout]    --> src/main.rs:133:6
[INFO] [stdout]     |
[INFO] [stdout] 133 |     .rows_affected();
[INFO] [stdout]     |      ^^^^^^^^^^^^^
[INFO] [stdout]     |
[INFO] [stdout]     = help: consider providing a type annotation
[INFO] [stdout]     = warning: this was previously accepted by the compiler but is being phased out; it will become a hard error in a future release!
[INFO] [stdout]     = note: for more information, see issue #156047 <https://github.com/rust-lang/rust/issues/156047>
[INFO] [stdout] 
[INFO] [stdout] 
[INFO] [stdout] error[E0599]: no method named `rows_affected` found for type `_` in the current scope
[INFO] [stdout]    --> src/main.rs:133:6
[INFO] [stdout]     |
[INFO] [stdout] 122 |       let update_from_rows: u64 = sqlx::query!(
[INFO] [stdout]     |  _________________________________-
[INFO] [stdout] 123 | |         r#"
[INFO] [stdout] 124 | |         UPDATE accounts
[INFO] [stdout] 125 | |         SET balance = balance - $1, updated_at = now()
[INFO] [stdout] ...   |
[INFO] [stdout] 132 | |     .await?
[INFO] [stdout] 133 | |     .rows_affected();
[INFO] [stdout]     | |     -^^^^^^^^^^^^^ method not found in `_`
[INFO] [stdout]     | |_____|
[INFO] [stdout]     |
[INFO] [stdout] 
[INFO] [stdout] 
[INFO] [stdout] error[E0599]: no method named `rows_affected` found for type `_` in the current scope
[INFO] [stdout]    --> src/main.rs:133:6
[INFO] [stdout]     |
[INFO] [stdout] 122 |       let update_from_rows: u64 = sqlx::query!(
[INFO] [stdout]     |  _________________________________-
[INFO] [stdout] 123 | |         r#"
[INFO] [stdout] 124 | |         UPDATE accounts
[INFO] [stdout] 125 | |         SET balance = balance - $1, updated_at = now()
[INFO] [stdout] ...   |
[INFO] [stdout] 132 | |     .await?
[INFO] [stdout] 133 | |     .rows_affected();
[INFO] [stdout]     | |     -^^^^^^^^^^^^^ method not found in `_`
[INFO] [stdout]     | |_____|
[INFO] [stdout]     |
[INFO] [stdout] 
[INFO] [stdout] 
[INFO] [stdout] warning: method call on a diverging inference variable
[INFO] [stdout]    --> src/main.rs:152:6
[INFO] [stdout]     |
[INFO] [stdout] 152 |     .rows_affected();
[INFO] [stdout]     |      ^^^^^^^^^^^^^
[INFO] [stdout]     |
[INFO] [stdout]     = help: consider providing a type annotation
[INFO] [stdout]     = warning: this was previously accepted by the compiler but is being phased out; it will become a hard error in a future release!
[INFO] [stdout]     = note: for more information, see issue #156047 <https://github.com/rust-lang/rust/issues/156047>
[INFO] [stdout] 
[INFO] [stdout] 
[INFO] [stdout] warning: method call on a diverging inference variable
[INFO] [stdout]    --> src/main.rs:152:6
[INFO] [stdout]     |
[INFO] [stdout] 152 |     .rows_affected();
[INFO] [stdout]     |      ^^^^^^^^^^^^^
[INFO] [stdout]     |
[INFO] [stdout]     = help: consider providing a type annotation
[INFO] [stdout]     = warning: this was previously accepted by the compiler but is being phased out; it will become a hard error in a future release!
[INFO] [stdout]     = note: for more information, see issue #156047 <https://github.com/rust-lang/rust/issues/156047>
[INFO] [stdout] 
[INFO] [stdout] 
[INFO] [stdout] error[E0599]: no method named `rows_affected` found for type `_` in the current scope
[INFO] [stdout]    --> src/main.rs:152:6
[INFO] [stdout]     |
[INFO] [stdout] 140 |       let update_to_rows: u64 = sqlx::query!(
[INFO] [stdout]     |  _______________________________-
[INFO] [stdout] 141 | |         r#"
[INFO] [stdout] 142 | |         INSERT INTO accounts (address, balance, updated_at)
[INFO] [stdout] 143 | |         VALUES ($1, $2, now())
[INFO] [stdout] ...   |
[INFO] [stdout] 151 | |     .await?
[INFO] [stdout] 152 | |     .rows_affected();
[INFO] [stdout]     | |     -^^^^^^^^^^^^^ method not found in `_`
[INFO] [stdout]     | |_____|
[INFO] [stdout]     |
[INFO] [stdout] 
[INFO] [stdout] 
[INFO] [stdout] error[E0599]: no method named `rows_affected` found for type `_` in the current scope
[INFO] [stdout]    --> src/main.rs:152:6
[INFO] [stdout]     |
[INFO] [stdout] 140 |       let update_to_rows: u64 = sqlx::query!(
[INFO] [stdout]     |  _______________________________-
[INFO] [stdout] 141 | |         r#"
[INFO] [stdout] 142 | |         INSERT INTO accounts (address, balance, updated_at)
[INFO] [stdout] 143 | |         VALUES ($1, $2, now())
[INFO] [stdout] ...   |
[INFO] [stdout] 151 | |     .await?
[INFO] [stdout] 152 | |     .rows_affected();
[INFO] [stdout]     | |     -^^^^^^^^^^^^^ method not found in `_`
[INFO] [stdout]     | |_____|
[INFO] [stdout]     |
[INFO] [stdout] 
[INFO] [stdout] 
[INFO] [stdout] warning: method call on a diverging inference variable
[INFO] [stdout]    --> src/main.rs:177:6
[INFO] [stdout]     |
[INFO] [stdout] 177 |     .map(|row| row.balance)
[INFO] [stdout]     |      ^^^
[INFO] [stdout]     |
[INFO] [stdout]     = help: consider providing a type annotation
[INFO] [stdout]     = warning: this was previously accepted by the compiler but is being phased out; it will become a hard error in a future release!
[INFO] [stdout]     = note: for more information, see issue #156047 <https://github.com/rust-lang/rust/issues/156047>
[INFO] [stdout] 
[INFO] [stdout] 
[INFO] [stdout] warning: method call on a diverging inference variable
[INFO] [stdout]    --> src/main.rs:177:6
[INFO] [stdout]     |
[INFO] [stdout] 177 |     .map(|row| row.balance)
[INFO] [stdout]     |      ^^^
[INFO] [stdout]     |
[INFO] [stdout]     = help: consider providing a type annotation
[INFO] [stdout]     = warning: this was previously accepted by the compiler but is being phased out; it will become a hard error in a future release!
[INFO] [stdout]     = note: for more information, see issue #156047 <https://github.com/rust-lang/rust/issues/156047>
[INFO] [stdout] 
[INFO] [stdout] 
[INFO] [stdout] error[E0277]: `!` is not an iterator
[INFO] [stdout]    --> src/main.rs:177:6
[INFO] [stdout]     |
[INFO] [stdout] 177 |     .map(|row| row.balance)
[INFO] [stdout]     |      ^^^ `!` is not an iterator
[INFO] [stdout]     |
[INFO] [stdout]     = help: the trait `Iterator` is not implemented for `!`
[INFO] [stdout] 
[INFO] [stdout] 
[INFO] [stdout] error[E0277]: `!` is not an iterator
[INFO] [stdout]    --> src/main.rs:177:6
[INFO] [stdout]     |
[INFO] [stdout] 177 |     .map(|row| row.balance)
[INFO] [stdout]     |      ^^^ `!` is not an iterator
[INFO] [stdout]     |
[INFO] [stdout]     = help: the trait `Iterator` is not implemented for `!`
[INFO] [stdout] 
[INFO] [stdout] 
[INFO] [stdout] error[E0277]: `!` is not an iterator
[INFO] [stdout]    --> src/main.rs:167:24
[INFO] [stdout]     |
[INFO] [stdout] 167 |       let from_balance = sqlx::query!(
[INFO] [stdout]     |  ________________________^
[INFO] [stdout] 168 | |         r#"
[INFO] [stdout] 169 | |         SELECT balance
[INFO] [stdout] 170 | |         FROM accounts
[INFO] [stdout] ...   |
[INFO] [stdout] 176 | |     .await?
[INFO] [stdout] 177 | |     .map(|row| row.balance)
[INFO] [stdout]     | |___________________________^ `!` is not an iterator
[INFO] [stdout]     |
[INFO] [stdout]     = help: the trait `Iterator` is not implemented for `!`
[INFO] [stdout] 
[INFO] [stdout] 
[INFO] [stdout] error[E0277]: `!` is not an iterator
[INFO] [stdout]    --> src/main.rs:167:24
[INFO] [stdout]     |
[INFO] [stdout] 167 |       let from_balance = sqlx::query!(
[INFO] [stdout]     |  ________________________^
[INFO] [stdout] 168 | |         r#"
[INFO] [stdout] 169 | |         SELECT balance
[INFO] [stdout] 170 | |         FROM accounts
[INFO] [stdout] ...   |
[INFO] [stdout] 176 | |     .await?
[INFO] [stdout] 177 | |     .map(|row| row.balance)
[INFO] [stdout]     | |___________________________^ `!` is not an iterator
[INFO] [stdout]     |
[INFO] [stdout]     = help: the trait `Iterator` is not implemented for `!`
[INFO] [stdout] 
[INFO] [stdout] 
[INFO] [stdout] warning: method call on a diverging inference variable
[INFO] [stdout]    --> src/main.rs:198:6
[INFO] [stdout]     |
[INFO] [stdout] 198 |     .rows_affected();
[INFO] [stdout]     |      ^^^^^^^^^^^^^
[INFO] [stdout]     |
[INFO] [stdout]     = help: consider providing a type annotation
[INFO] [stdout]     = warning: this was previously accepted by the compiler but is being phased out; it will become a hard error in a future release!
[INFO] [stdout]     = note: for more information, see issue #156047 <https://github.com/rust-lang/rust/issues/156047>
[INFO] [stdout] 
[INFO] [stdout] 
[INFO] [stdout] warning: method call on a diverging inference variable
[INFO] [stdout]    --> src/main.rs:198:6
[INFO] [stdout]     |
[INFO] [stdout] 198 |     .rows_affected();
[INFO] [stdout]     |      ^^^^^^^^^^^^^
[INFO] [stdout]     |
[INFO] [stdout]     = help: consider providing a type annotation
[INFO] [stdout]     = warning: this was previously accepted by the compiler but is being phased out; it will become a hard error in a future release!
[INFO] [stdout]     = note: for more information, see issue #156047 <https://github.com/rust-lang/rust/issues/156047>
[INFO] [stdout] 
[INFO] [stdout] 
[INFO] [stdout] error[E0599]: no method named `rows_affected` found for type `_` in the current scope
[INFO] [stdout]    --> src/main.rs:198:6
[INFO] [stdout]     |
[INFO] [stdout] 187 |       let update_from_rows = sqlx::query!(
[INFO] [stdout]     |  ____________________________-
[INFO] [stdout] 188 | |         r#"
[INFO] [stdout] 189 | |         UPDATE accounts
[INFO] [stdout] 190 | |         SET balance = balance - $1, updated_at = now()
[INFO] [stdout] ...   |
[INFO] [stdout] 197 | |     .await?
[INFO] [stdout] 198 | |     .rows_affected();
[INFO] [stdout]     | |     -^^^^^^^^^^^^^ method not found in `_`
[INFO] [stdout]     | |_____|
[INFO] [stdout]     |
[INFO] [stdout] 
[INFO] [stdout] 
[INFO] [stdout] error[E0599]: no method named `rows_affected` found for type `_` in the current scope
[INFO] [stdout]    --> src/main.rs:198:6
[INFO] [stdout]     |
[INFO] [stdout] 187 |       let update_from_rows = sqlx::query!(
[INFO] [stdout]     |  ____________________________-
[INFO] [stdout] 188 | |         r#"
[INFO] [stdout] 189 | |         UPDATE accounts
[INFO] [stdout] 190 | |         SET balance = balance - $1, updated_at = now()
[INFO] [stdout] ...   |
[INFO] [stdout] 197 | |     .await?
[INFO] [stdout] 198 | |     .rows_affected();
[INFO] [stdout]     | |     -^^^^^^^^^^^^^ method not found in `_`
[INFO] [stdout]     | |_____|
[INFO] [stdout]     |
[INFO] [stdout] 
[INFO] [stdout] 
[INFO] [stdout] warning: method call on a diverging inference variable
[INFO] [stdout]    --> src/main.rs:216:6
[INFO] [stdout]     |
[INFO] [stdout] 216 |     .rows_affected();
[INFO] [stdout]     |      ^^^^^^^^^^^^^
[INFO] [stdout]     |
[INFO] [stdout]     = help: consider providing a type annotation
[INFO] [stdout]     = warning: this was previously accepted by the compiler but is being phased out; it will become a hard error in a future release!
[INFO] [stdout]     = note: for more information, see issue #156047 <https://github.com/rust-lang/rust/issues/156047>
[INFO] [stdout] 
[INFO] [stdout] 
[INFO] [stdout] warning: method call on a diverging inference variable
[INFO] [stdout]    --> src/main.rs:216:6
[INFO] [stdout]     |
[INFO] [stdout] 216 |     .rows_affected();
[INFO] [stdout]     |      ^^^^^^^^^^^^^
[INFO] [stdout]     |
[INFO] [stdout]     = help: consider providing a type annotation
[INFO] [stdout]     = warning: this was previously accepted by the compiler but is being phased out; it will become a hard error in a future release!
[INFO] [stdout]     = note: for more information, see issue #156047 <https://github.com/rust-lang/rust/issues/156047>
[INFO] [stdout] 
[INFO] [stdout] 
[INFO] [stdout] error[E0599]: no method named `rows_affected` found for type `_` in the current scope
[INFO] [stdout]    --> src/main.rs:216:6
[INFO] [stdout]     |
[INFO] [stdout] 205 |       let update_to_rows = sqlx::query!(
[INFO] [stdout]     |  __________________________-
[INFO] [stdout] 206 | |         r#"
[INFO] [stdout] 207 | |         UPDATE accounts
[INFO] [stdout] 208 | |         SET balance = balance + $1, updated_at = now()
[INFO] [stdout] ...   |
[INFO] [stdout] 215 | |     .await?
[INFO] [stdout] 216 | |     .rows_affected();
[INFO] [stdout]     | |     -^^^^^^^^^^^^^ method not found in `_`
[INFO] [stdout]     | |_____|
[INFO] [stdout]     |
[INFO] [stdout] 
[INFO] [stdout] 
[INFO] [stdout] error[E0599]: no method named `rows_affected` found for type `_` in the current scope
[INFO] [stdout]    --> src/main.rs:216:6
[INFO] [stdout]     |
[INFO] [stdout] 205 |       let update_to_rows = sqlx::query!(
[INFO] [stdout]     |  __________________________-
[INFO] [stdout] 206 | |         r#"
[INFO] [stdout] 207 | |         UPDATE accounts
[INFO] [stdout] 208 | |         SET balance = balance + $1, updated_at = now()
[INFO] [stdout] ...   |
[INFO] [stdout] 215 | |     .await?
[INFO] [stdout] 216 | |     .rows_affected();
[INFO] [stdout]     | |     -^^^^^^^^^^^^^ method not found in `_`
[INFO] [stdout]     | |_____|
[INFO] [stdout]     |
[INFO] [stdout] 
[INFO] [stdout] 
[INFO] [stdout] warning: method call on a diverging inference variable
[INFO] [stdout]    --> src/main.rs:236:6
[INFO] [stdout]     |
[INFO] [stdout] 236 |     .rows_affected();
[INFO] [stdout]     |      ^^^^^^^^^^^^^
[INFO] [stdout]     |
[INFO] [stdout]     = help: consider providing a type annotation
[INFO] [stdout]     = warning: this was previously accepted by the compiler but is being phased out; it will become a hard error in a future release!
[INFO] [stdout]     = note: for more information, see issue #156047 <https://github.com/rust-lang/rust/issues/156047>
[INFO] [stdout] 
[INFO] [stdout] 
[INFO] [stdout] warning: method call on a diverging inference variable
[INFO] [stdout]    --> src/main.rs:236:6
[INFO] [stdout]     |
[INFO] [stdout] 236 |     .rows_affected();
[INFO] [stdout]     |      ^^^^^^^^^^^^^
[INFO] [stdout]     |
[INFO] [stdout]     = help: consider providing a type annotation
[INFO] [stdout]     = warning: this was previously accepted by the compiler but is being phased out; it will become a hard error in a future release!
[INFO] [stdout]     = note: for more information, see issue #156047 <https://github.com/rust-lang/rust/issues/156047>
[INFO] [stdout] 
[INFO] [stdout] 
[INFO] [stdout] error[E0599]: no method named `rows_affected` found for type `_` in the current scope
[INFO] [stdout]    --> src/main.rs:236:6
[INFO] [stdout]     |
[INFO] [stdout] 223 |       let insert_rows = sqlx::query!(
[INFO] [stdout]     |  _______________________-
[INFO] [stdout] 224 | |         r#"
[INFO] [stdout] 225 | |         INSERT INTO transaction (tx_hash, from_address, to_address, amount)
[INFO] [stdout] 226 | |         VALUES ($1, $2, $3, $4)
[INFO] [stdout] ...   |
[INFO] [stdout] 235 | |     .await?
[INFO] [stdout] 236 | |     .rows_affected();
[INFO] [stdout]     | |     -^^^^^^^^^^^^^ method not found in `_`
[INFO] [stdout]     | |_____|
[INFO] [stdout]     |
[INFO] [stdout] 
[INFO] [stdout] 
[INFO] [stdout] error[E0599]: no method named `rows_affected` found for type `_` in the current scope
[INFO] [stdout]    --> src/main.rs:236:6
[INFO] [stdout]     |
[INFO] [stdout] 223 |       let insert_rows = sqlx::query!(
[INFO] [stdout]     |  _______________________-
[INFO] [stdout] 224 | |         r#"
[INFO] [stdout] 225 | |         INSERT INTO transaction (tx_hash, from_address, to_address, amount)
[INFO] [stdout] 226 | |         VALUES ($1, $2, $3, $4)
[INFO] [stdout] ...   |
[INFO] [stdout] 235 | |     .await?
[INFO] [stdout] 236 | |     .rows_affected();
[INFO] [stdout]     | |     -^^^^^^^^^^^^^ method not found in `_`
[INFO] [stdout]     | |_____|
[INFO] [stdout]     |
[INFO] [stdout] 
[INFO] [stdout] 
[INFO] [stdout] error[E0308]: mismatched types
[INFO] [stdout]    --> src/main.rs:302:23
[INFO] [stdout]     |
[INFO] [stdout] 302 |         if balance != initial + &credit - &debit {
[INFO] [stdout]     |            -------    ^^^^^^^^^^^^^^^^^^^^^^^^^^ expected `BigDecimal`, found `u64`
[INFO] [stdout]     |            |
[INFO] [stdout]     |            expected because this is `BigDecimal`
[INFO] [stdout]     |
[INFO] [stdout] help: call `Into::into` on this expression to convert `u64` into `BigDecimal`
[INFO] [stdout]     |
[INFO] [stdout] 302 |         if balance != (initial + &credit - &debit).into() {
[INFO] [stdout]     |                       +                          ++++++++
[INFO] [stdout] 
[INFO] [stdout] 
[INFO] [stdout] error[E0308]: mismatched types
[INFO] [stdout]    --> src/main.rs:302:23
[INFO] [stdout]     |
[INFO] [stdout] 302 |         if balance != initial + &credit - &debit {
[INFO] [stdout]     |            -------    ^^^^^^^^^^^^^^^^^^^^^^^^^^ expected `BigDecimal`, found `u64`
[INFO] [stdout]     |            |
[INFO] [stdout]     |            expected because this is `BigDecimal`
[INFO] [stdout]     |
[INFO] [stdout] help: call `Into::into` on this expression to convert `u64` into `BigDecimal`
[INFO] [stdout]     |
[INFO] [stdout] 302 |         if balance != (initial + &credit - &debit).into() {
[INFO] [stdout]     |                       +                          ++++++++
[INFO] [stdout] 
[INFO] [stdout] 
[INFO] [stdout] Some errors have detailed explanations: E0277, E0308, E0599.
[INFO] [stdout] 
[INFO] [stdout] For more information about an error, try `rustc --explain E0277`.
[INFO] [stdout] 
[INFO] [stderr] error: could not compile `lock-and-transaction` (bin "lock-and-transaction") due to 20 previous errors; 14 warnings emitted
[INFO] [stderr] warning: build failed, waiting for other jobs to finish...
[INFO] [stdout] Some errors have detailed explanations: E0277, E0308, E0599.
[INFO] [stdout] 
[INFO] [stdout] For more information about an error, try `rustc --explain E0277`.
[INFO] [stdout] 
[INFO] [stderr] error: could not compile `lock-and-transaction` (bin "lock-and-transaction" test) due to 20 previous errors; 14 warnings emitted
[INFO] [stderr] warning: unused dependency `postgres`
[INFO] [stderr]  --> Cargo.toml:2:1
[INFO] [stderr]   |
[INFO] [stderr] 2 | postgres = "0.19.9"
[INFO] [stderr]   | ^^^^^^^^^^^^^^^^^^^
[INFO] [stderr]   |
[INFO] [stderr]   = note: `cargo::unused_dependencies` is set to `warn` by default
[INFO] [stderr] help: consider removing the dependency on `postgres`
[INFO] [stderr] warning: `lock-and-transaction` (manifest) generated 1 warning
[INFO] running `Command { std: "docker" "inspect" "7634b0eb6e78a5d0600efc2060487112b8e632b73576346920ce4bab366d51c0", kill_on_drop: false }`
[INFO] running `Command { std: "docker" "rm" "-f" "7634b0eb6e78a5d0600efc2060487112b8e632b73576346920ce4bab366d51c0", kill_on_drop: false }`
[INFO] [stdout] 7634b0eb6e78a5d0600efc2060487112b8e632b73576346920ce4bab366d51c0
