[INFO] cloning repository https://github.com/minamorl/xoxox
[INFO] running `Command { std: "git" "-c" "credential.helper=" "-c" "credential.helper=/workspace/cargo-home/bin/git-credential-null" "clone" "--bare" "https://github.com/minamorl/xoxox" "/workspace/cache/git-repos/https%3A%2F%2Fgithub.com%2Fminamorl%2Fxoxox", kill_on_drop: false }`
[INFO] [stderr] Cloning into bare repository '/workspace/cache/git-repos/https%3A%2F%2Fgithub.com%2Fminamorl%2Fxoxox'...
[INFO] running `Command { std: "git" "rev-parse" "HEAD", kill_on_drop: false }`
[INFO] [stdout] 28906b0f9dbe750039859db8fe5e7da3a0a07590
[INFO] checking minamorl/xoxox against f4dd856795debe636f2ba39a900f162f5abeb7e8 for pr-160904
[INFO] running `Command { std: "git" "clone" "/workspace/cache/git-repos/https%3A%2F%2Fgithub.com%2Fminamorl%2Fxoxox" "/workspace/builds/worker-4-tc2/source", kill_on_drop: false }`
[INFO] [stderr] Cloning into '/workspace/builds/worker-4-tc2/source'...
[INFO] [stderr] done.
[INFO] started tweaking git repo https://github.com/minamorl/xoxox
[INFO] finished tweaking git repo https://github.com/minamorl/xoxox
[INFO] tweaked toml for git repo https://github.com/minamorl/xoxox written to /workspace/builds/worker-4-tc2/source/Cargo.toml
[INFO] validating manifest of git repo https://github.com/minamorl/xoxox on toolchain f4dd856795debe636f2ba39a900f162f5abeb7e8
[INFO] running `Command { std: CARGO_HOME="/workspace/cargo-home" RUSTUP_HOME="/workspace/rustup-home" "/workspace/cargo-home/bin/cargo" "+f4dd856795debe636f2ba39a900f162f5abeb7e8" "metadata" "--manifest-path" "Cargo.toml" "--no-deps", kill_on_drop: false }`
[INFO] crate git repo https://github.com/minamorl/xoxox already has a lockfile, it will not be regenerated
[INFO] running `Command { std: CARGO_HOME="/workspace/cargo-home" RUSTUP_HOME="/workspace/rustup-home" "/workspace/cargo-home/bin/cargo" "+f4dd856795debe636f2ba39a900f162f5abeb7e8" "fetch" "--manifest-path" "Cargo.toml", kill_on_drop: false }`
[INFO] [stderr]     Blocking waiting for file lock on package cache
[INFO] [stderr]     Blocking waiting for file lock on package cache
[INFO] running `Command { std: "docker" "create" "-v" "/var/lib/crater-agent-workspace/builds/worker-4-tc2/source:/opt/rustwide/workdir:ro,Z" "-v" "/var/lib/crater-agent-workspace/builds/worker-4-tc2/target:/opt/rustwide/target:rw,Z" "-v" "/var/lib/crater-agent-workspace/cargo-home:/opt/rustwide/cargo-home:ro,Z" "-v" "/var/lib/crater-agent-workspace/rustup-home:/opt/rustwide/rustup-home:ro,Z" "-m" "1610612736" "--network" "none" "ghcr.io/rust-lang/crates-build-env/linux@sha256:3111399a4047eeb3a02b7a90e478d715f38a8c6669b5c4b49d30a17385265909" "sleep" "infinity", kill_on_drop: false }`
[INFO] [stdout] cff79616bbe6338a113a0adc0b6da1f1927941e1e9e339811060ce5e4cc204fd
[INFO] running `Command { std: "docker" "start" "cff79616bbe6338a113a0adc0b6da1f1927941e1e9e339811060ce5e4cc204fd", kill_on_drop: false }`
[INFO] running `Command { std: "docker" "inspect" "cff79616bbe6338a113a0adc0b6da1f1927941e1e9e339811060ce5e4cc204fd", kill_on_drop: false }`
[INFO] running `Command { std: "docker" "exec" "-e" "SOURCE_DIR=/opt/rustwide/workdir" "-e" "CARGO_HOME=/opt/rustwide/cargo-home" "-e" "RUSTUP_HOME=/opt/rustwide/rustup-home" "-e" "CARGO_TARGET_DIR=/opt/rustwide/target" "-w" "/opt/rustwide/workdir" "--user" "0:0" "cff79616bbe6338a113a0adc0b6da1f1927941e1e9e339811060ce5e4cc204fd" "/opt/rustwide/cargo-home/bin/cargo" "+f4dd856795debe636f2ba39a900f162f5abeb7e8" "metadata" "--no-deps" "--format-version=1", kill_on_drop: false }`
[INFO] running `Command { std: "docker" "inspect" "cff79616bbe6338a113a0adc0b6da1f1927941e1e9e339811060ce5e4cc204fd", kill_on_drop: false }`
[INFO] running `Command { std: "docker" "exec" "-e" "SOURCE_DIR=/opt/rustwide/workdir" "-e" "CARGO_HOME=/opt/rustwide/cargo-home" "-e" "RUSTUP_HOME=/opt/rustwide/rustup-home" "-e" "CARGO_TARGET_DIR=/opt/rustwide/target" "-e" "CARGO_INCREMENTAL=0" "-e" "RUST_BACKTRACE=full" "-e" "RUSTFLAGS=--cap-lints=forbid" "-e" "RUSTDOCFLAGS=--cap-lints=forbid" "-w" "/opt/rustwide/workdir" "--user" "0:0" "cff79616bbe6338a113a0adc0b6da1f1927941e1e9e339811060ce5e4cc204fd" "/opt/rustwide/cargo-home/bin/cargo" "+f4dd856795debe636f2ba39a900f162f5abeb7e8" "check" "--frozen" "--all" "--all-targets" "--message-format=json", kill_on_drop: false }`
[INFO] [stderr]    Compiling proc-macro2 v1.0.66
[INFO] [stderr]    Compiling unicode-ident v1.0.11
[INFO] [stderr]    Compiling libc v0.2.147
[INFO] [stderr]    Compiling lock_api v0.4.10
[INFO] [stderr]    Compiling memoffset v0.9.0
[INFO] [stderr]    Compiling crossbeam-utils v0.8.16
[INFO] [stderr]    Compiling parking_lot_core v0.8.6
[INFO] [stderr]     Checking instant v0.1.12
[INFO] [stderr]    Compiling crossbeam-epoch v0.9.15
[INFO] [stderr]    Compiling serde v1.0.188
[INFO] [stderr]     Checking smallvec v1.11.0
[INFO] [stderr]    Compiling serde_json v1.0.105
[INFO] [stderr]     Checking fxhash v0.2.1
[INFO] [stderr]     Checking crc32fast v1.3.2
[INFO] [stderr]     Checking log v0.4.20
[INFO] [stderr]     Checking ryu v1.0.15
[INFO] [stderr]     Checking itoa v1.0.9
[INFO] [stderr]    Compiling quote v1.0.33
[INFO] [stderr]    Compiling syn v2.0.29
[INFO] [stderr]     Checking fs2 v0.4.3
[INFO] [stderr]     Checking parking_lot v0.11.2
[INFO] [stderr]     Checking sled v0.34.7
[INFO] [stderr]    Compiling serde_derive v1.0.188
[INFO] [stderr]     Checking xoxox v0.1.0 (/opt/rustwide/workdir)
[INFO] [stdout] error[E0433]: cannot find type `Field` in this scope
[INFO] [stdout]   --> src/main.rs:10:24
[INFO] [stdout]    |
[INFO] [stdout] 10 |     let simple_field = Field::Simple {
[INFO] [stdout]    |                        ^^^^^ use of undeclared type `Field`
[INFO] [stdout]    |
[INFO] [stdout] help: consider importing this trait
[INFO] [stdout]    |
[INFO] [stdout]  1 + use std::field::Field;
[INFO] [stdout]    |
[INFO] [stdout] 
[INFO] [stdout] 
[INFO] [stdout] error[E0433]: cannot find type `Field` in this scope
[INFO] [stdout]   --> src/main.rs:15:27
[INFO] [stdout]    |
[INFO] [stdout] 15 |     let composite_field = Field::Composite {
[INFO] [stdout]    |                           ^^^^^ use of undeclared type `Field`
[INFO] [stdout]    |
[INFO] [stdout] help: consider importing this trait
[INFO] [stdout]    |
[INFO] [stdout]  1 + use std::field::Field;
[INFO] [stdout]    |
[INFO] [stdout] 
[INFO] [stdout] 
[INFO] [stdout] error[E0433]: cannot find type `Field` in this scope
[INFO] [stdout]   --> src/main.rs:17:13
[INFO] [stdout]    |
[INFO] [stdout] 17 |             Field::Simple {
[INFO] [stdout]    |             ^^^^^ use of undeclared type `Field`
[INFO] [stdout]    |
[INFO] [stdout] help: consider importing this trait
[INFO] [stdout]    |
[INFO] [stdout]  1 + use std::field::Field;
[INFO] [stdout]    |
[INFO] [stdout] 
[INFO] [stdout] 
[INFO] [stdout] error[E0433]: cannot find type `Field` in this scope
[INFO] [stdout]   --> src/main.rs:21:13
[INFO] [stdout]    |
[INFO] [stdout] 21 |             Field::Simple {
[INFO] [stdout]    |             ^^^^^ use of undeclared type `Field`
[INFO] [stdout]    |
[INFO] [stdout] help: consider importing this trait
[INFO] [stdout]    |
[INFO] [stdout]  1 + use std::field::Field;
[INFO] [stdout]    |
[INFO] [stdout] 
[INFO] [stdout] 
[INFO] [stdout] error[E0422]: cannot find struct, variant or union type `Transformable` in this scope
[INFO] [stdout]   --> src/main.rs:29:25
[INFO] [stdout]    |
[INFO] [stdout] 29 |     let transformable = Transformable {
[INFO] [stdout]    |                         ^^^^^^^^^^^^^ not found in this scope
[INFO] [stdout] 
[INFO] [stdout] 
[INFO] [stdout] error[E0425]: cannot find type `Transformable` in this scope
[INFO] [stdout]   --> src/main.rs:38:31
[INFO] [stdout]    |
[INFO] [stdout] 38 |     let loaded_transformable: Transformable<String> = Transformable::load_from_db(&db, "person1")?;
[INFO] [stdout]    |                               ^^^^^^^^^^^^^ not found in this scope
[INFO] [stdout] 
[INFO] [stdout] 
[INFO] [stdout] warning: unused import: `sled::open`
[INFO] [stdout]  --> src/main.rs:1:5
[INFO] [stdout]   |
[INFO] [stdout] 1 | use sled::open;
[INFO] [stdout]   |     ^^^^^^^^^^
[INFO] [stdout]   |
[INFO] [stdout]   = note: `#[warn(unused_imports)]` (part of `#[warn(unused)]`) on by default
[INFO] [stdout] 
[INFO] [stdout] 
[INFO] [stdout] warning: unused import: `std::error::Error`
[INFO] [stdout]  --> src/data_transformer.rs:3:5
[INFO] [stdout]   |
[INFO] [stdout] 3 | use std::error::Error;
[INFO] [stdout]   |     ^^^^^^^^^^^^^^^^^
[INFO] [stdout] 
[INFO] [stdout] 
[INFO] [stdout] error[E0433]: cannot find type `Field` in this scope
[INFO] [stdout]   --> src/main.rs:10:24
[INFO] [stdout]    |
[INFO] [stdout] 10 |     let simple_field = Field::Simple {
[INFO] [stdout]    |                        ^^^^^ use of undeclared type `Field`
[INFO] [stdout]    |
[INFO] [stdout] help: consider importing this trait
[INFO] [stdout]    |
[INFO] [stdout]  1 + use std::field::Field;
[INFO] [stdout]    |
[INFO] [stdout] 
[INFO] [stdout] 
[INFO] [stdout] error[E0433]: cannot find type `Field` in this scope
[INFO] [stdout]   --> src/main.rs:15:27
[INFO] [stdout]    |
[INFO] [stdout] 15 |     let composite_field = Field::Composite {
[INFO] [stdout]    |                           ^^^^^ use of undeclared type `Field`
[INFO] [stdout]    |
[INFO] [stdout] help: consider importing this trait
[INFO] [stdout]    |
[INFO] [stdout]  1 + use std::field::Field;
[INFO] [stdout]    |
[INFO] [stdout] 
[INFO] [stdout] 
[INFO] [stdout] error[E0433]: cannot find type `Field` in this scope
[INFO] [stdout]   --> src/main.rs:17:13
[INFO] [stdout]    |
[INFO] [stdout] 17 |             Field::Simple {
[INFO] [stdout]    |             ^^^^^ use of undeclared type `Field`
[INFO] [stdout]    |
[INFO] [stdout] help: consider importing this trait
[INFO] [stdout]    |
[INFO] [stdout]  1 + use std::field::Field;
[INFO] [stdout]    |
[INFO] [stdout] 
[INFO] [stdout] 
[INFO] [stdout] error[E0433]: cannot find type `Field` in this scope
[INFO] [stdout]   --> src/main.rs:21:13
[INFO] [stdout]    |
[INFO] [stdout] 21 |             Field::Simple {
[INFO] [stdout]    |             ^^^^^ use of undeclared type `Field`
[INFO] [stdout]    |
[INFO] [stdout] help: consider importing this trait
[INFO] [stdout]    |
[INFO] [stdout]  1 + use std::field::Field;
[INFO] [stdout]    |
[INFO] [stdout] 
[INFO] [stdout] 
[INFO] [stdout] error[E0422]: cannot find struct, variant or union type `Transformable` in this scope
[INFO] [stdout]   --> src/main.rs:29:25
[INFO] [stdout]    |
[INFO] [stdout] 29 |     let transformable = Transformable {
[INFO] [stdout]    |                         ^^^^^^^^^^^^^ not found in this scope
[INFO] [stdout] 
[INFO] [stdout] 
[INFO] [stdout] error[E0425]: cannot find type `Transformable` in this scope
[INFO] [stdout]   --> src/main.rs:38:31
[INFO] [stdout]    |
[INFO] [stdout] 38 |     let loaded_transformable: Transformable<String> = Transformable::load_from_db(&db, "person1")?;
[INFO] [stdout]    |                               ^^^^^^^^^^^^^ not found in this scope
[INFO] [stdout] 
[INFO] [stdout] 
[INFO] [stdout] warning: unused import: `sled::open`
[INFO] [stdout]  --> src/main.rs:1:5
[INFO] [stdout]   |
[INFO] [stdout] 1 | use sled::open;
[INFO] [stdout]   |     ^^^^^^^^^^
[INFO] [stdout]   |
[INFO] [stdout]   = note: `#[warn(unused_imports)]` (part of `#[warn(unused)]`) on by default
[INFO] [stdout] 
[INFO] [stdout] 
[INFO] [stdout] warning: unused import: `std::error::Error`
[INFO] [stdout]  --> src/data_transformer.rs:3:5
[INFO] [stdout]   |
[INFO] [stdout] 3 | use std::error::Error;
[INFO] [stdout]   |     ^^^^^^^^^^^^^^^^^
[INFO] [stdout] 
[INFO] [stdout] 
[INFO] [stdout] error[E0599]: no variant, associated function, or constant named `DatabaseError` found for enum `data_transformer::TransformationError` in the current scope
[INFO] [stdout]  --> src/main.rs:7:63
[INFO] [stdout]   |
[INFO] [stdout] 7 |     let db = sled::open("my_db").map_err(TransformationError::DatabaseError)?;
[INFO] [stdout]   |                                                               ^^^^^^^^^^^^^ variant, associated function, or constant not found in `data_transformer::TransformationError`
[INFO] [stdout]   |
[INFO] [stdout]  ::: src/data_transformer.rs:6:1
[INFO] [stdout]   |
[INFO] [stdout] 6 | pub enum TransformationError {
[INFO] [stdout]   | ---------------------------- variant, associated function, or constant `DatabaseError` not found for this enum
[INFO] [stdout] 
[INFO] [stdout] 
[INFO] [stdout] error[E0433]: cannot find type `Transformable` in this scope
[INFO] [stdout]   --> src/main.rs:38:55
[INFO] [stdout]    |
[INFO] [stdout] 38 |     let loaded_transformable: Transformable<String> = Transformable::load_from_db(&db, "person1")?;
[INFO] [stdout]    |                                                       ^^^^^^^^^^^^^ use of undeclared type `Transformable`
[INFO] [stdout] 
[INFO] [stdout] 
[INFO] [stdout] Some errors have detailed explanations: E0422, E0425, E0433, E0599.
[INFO] [stdout] 
[INFO] [stdout] For more information about an error, try `rustc --explain E0422`.
[INFO] [stdout] 
[INFO] [stdout] error[E0599]: no variant, associated function, or constant named `DatabaseError` found for enum `data_transformer::TransformationError` in the current scope
[INFO] [stdout]  --> src/main.rs:7:63
[INFO] [stdout]   |
[INFO] [stdout] 7 |     let db = sled::open("my_db").map_err(TransformationError::DatabaseError)?;
[INFO] [stdout]   |                                                               ^^^^^^^^^^^^^ variant, associated function, or constant not found in `data_transformer::TransformationError`
[INFO] [stdout]   |
[INFO] [stdout]  ::: src/data_transformer.rs:6:1
[INFO] [stdout]   |
[INFO] [stdout] 6 | pub enum TransformationError {
[INFO] [stdout]   | ---------------------------- variant, associated function, or constant `DatabaseError` not found for this enum
[INFO] [stdout] 
[INFO] [stdout] 
[INFO] [stdout] error[E0433]: cannot find type `Transformable` in this scope
[INFO] [stdout]   --> src/main.rs:38:55
[INFO] [stdout]    |
[INFO] [stdout] 38 |     let loaded_transformable: Transformable<String> = Transformable::load_from_db(&db, "person1")?;
[INFO] [stdout]    |                                                       ^^^^^^^^^^^^^ use of undeclared type `Transformable`
[INFO] [stdout] 
[INFO] [stdout] 
[INFO] [stderr] error: could not compile `xoxox` (bin "xoxox") due to 8 previous errors; 2 warnings emitted
[INFO] [stderr] warning: build failed, waiting for other jobs to finish...
[INFO] [stdout] Some errors have detailed explanations: E0422, E0425, E0433, E0599.
[INFO] [stdout] 
[INFO] [stdout] For more information about an error, try `rustc --explain E0422`.
[INFO] [stdout] 
[INFO] [stderr] error: could not compile `xoxox` (bin "xoxox" test) due to 8 previous errors; 2 warnings emitted
[INFO] [stderr] warning: unused dependency `serde_json`
[INFO] [stderr]  --> Cargo.toml:2:1
[INFO] [stderr]   |
[INFO] [stderr] 2 | serde_json = "1.0.105"
[INFO] [stderr]   | ^^^^^^^^^^^^^^^^^^^^^^
[INFO] [stderr]   |
[INFO] [stderr]   = note: `cargo::unused_dependencies` is set to `warn` by default
[INFO] [stderr] help: consider removing the dependency on `serde_json`
[INFO] [stderr] warning: `xoxox` (manifest) generated 1 warning
[INFO] running `Command { std: "docker" "inspect" "cff79616bbe6338a113a0adc0b6da1f1927941e1e9e339811060ce5e4cc204fd", kill_on_drop: false }`
[INFO] running `Command { std: "docker" "rm" "-f" "cff79616bbe6338a113a0adc0b6da1f1927941e1e9e339811060ce5e4cc204fd", kill_on_drop: false }`
[INFO] [stdout] cff79616bbe6338a113a0adc0b6da1f1927941e1e9e339811060ce5e4cc204fd
