[INFO] cloning repository https://github.com/miles4433/mouse-next
[INFO] running `Command { std: "git" "-c" "credential.helper=" "-c" "credential.helper=/workspace/cargo-home/bin/git-credential-null" "clone" "--bare" "https://github.com/miles4433/mouse-next" "/workspace/cache/git-repos/https%3A%2F%2Fgithub.com%2Fmiles4433%2Fmouse-next", kill_on_drop: false }`
[INFO] [stderr] Cloning into bare repository '/workspace/cache/git-repos/https%3A%2F%2Fgithub.com%2Fmiles4433%2Fmouse-next'...
[INFO] running `Command { std: "git" "rev-parse" "HEAD", kill_on_drop: false }`
[INFO] [stdout] 7c780592c17aeecfca73337d6e2bd00da169712b
[INFO] checking miles4433/mouse-next against f4dd856795debe636f2ba39a900f162f5abeb7e8 for pr-160904
[INFO] running `Command { std: "git" "clone" "/workspace/cache/git-repos/https%3A%2F%2Fgithub.com%2Fmiles4433%2Fmouse-next" "/workspace/builds/worker-6-tc2/source", kill_on_drop: false }`
[INFO] [stderr] Cloning into '/workspace/builds/worker-6-tc2/source'...
[INFO] [stderr] done.
[INFO] started tweaking git repo https://github.com/miles4433/mouse-next
[INFO] finished tweaking git repo https://github.com/miles4433/mouse-next
[INFO] tweaked toml for git repo https://github.com/miles4433/mouse-next written to /workspace/builds/worker-6-tc2/source/Cargo.toml
[INFO] validating manifest of git repo https://github.com/miles4433/mouse-next on toolchain f4dd856795debe636f2ba39a900f162f5abeb7e8
[INFO] running `Command { std: CARGO_HOME="/workspace/cargo-home" RUSTUP_HOME="/workspace/rustup-home" "/workspace/cargo-home/bin/cargo" "+f4dd856795debe636f2ba39a900f162f5abeb7e8" "metadata" "--manifest-path" "Cargo.toml" "--no-deps", kill_on_drop: false }`
[INFO] crate git repo https://github.com/miles4433/mouse-next already has a lockfile, it will not be regenerated
[INFO] running `Command { std: CARGO_HOME="/workspace/cargo-home" RUSTUP_HOME="/workspace/rustup-home" "/workspace/cargo-home/bin/cargo" "+f4dd856795debe636f2ba39a900f162f5abeb7e8" "fetch" "--manifest-path" "Cargo.toml", kill_on_drop: false }`
[INFO] [stderr]     Blocking waiting for file lock on package cache
[INFO] [stderr]     Blocking waiting for file lock on package cache
[INFO] running `Command { std: "docker" "create" "-v" "/var/lib/crater-agent-workspace/builds/worker-6-tc2/source:/opt/rustwide/workdir:ro,Z" "-v" "/var/lib/crater-agent-workspace/builds/worker-6-tc2/target:/opt/rustwide/target:rw,Z" "-v" "/var/lib/crater-agent-workspace/cargo-home:/opt/rustwide/cargo-home:ro,Z" "-v" "/var/lib/crater-agent-workspace/rustup-home:/opt/rustwide/rustup-home:ro,Z" "-m" "1610612736" "--network" "none" "ghcr.io/rust-lang/crates-build-env/linux@sha256:3111399a4047eeb3a02b7a90e478d715f38a8c6669b5c4b49d30a17385265909" "sleep" "infinity", kill_on_drop: false }`
[INFO] [stdout] cb2753f29e74ace6f5ef342417bd6473a1d885f13178794d8a9bff45bb3d83a1
[INFO] running `Command { std: "docker" "start" "cb2753f29e74ace6f5ef342417bd6473a1d885f13178794d8a9bff45bb3d83a1", kill_on_drop: false }`
[INFO] running `Command { std: "docker" "inspect" "cb2753f29e74ace6f5ef342417bd6473a1d885f13178794d8a9bff45bb3d83a1", kill_on_drop: false }`
[INFO] running `Command { std: "docker" "exec" "-e" "SOURCE_DIR=/opt/rustwide/workdir" "-e" "CARGO_HOME=/opt/rustwide/cargo-home" "-e" "RUSTUP_HOME=/opt/rustwide/rustup-home" "-e" "CARGO_TARGET_DIR=/opt/rustwide/target" "-w" "/opt/rustwide/workdir" "--user" "0:0" "cb2753f29e74ace6f5ef342417bd6473a1d885f13178794d8a9bff45bb3d83a1" "/opt/rustwide/cargo-home/bin/cargo" "+f4dd856795debe636f2ba39a900f162f5abeb7e8" "metadata" "--no-deps" "--format-version=1", kill_on_drop: false }`
[INFO] running `Command { std: "docker" "inspect" "cb2753f29e74ace6f5ef342417bd6473a1d885f13178794d8a9bff45bb3d83a1", kill_on_drop: false }`
[INFO] running `Command { std: "docker" "exec" "-e" "SOURCE_DIR=/opt/rustwide/workdir" "-e" "CARGO_HOME=/opt/rustwide/cargo-home" "-e" "RUSTUP_HOME=/opt/rustwide/rustup-home" "-e" "CARGO_TARGET_DIR=/opt/rustwide/target" "-e" "CARGO_INCREMENTAL=0" "-e" "RUST_BACKTRACE=full" "-e" "RUSTFLAGS=--cap-lints=forbid" "-e" "RUSTDOCFLAGS=--cap-lints=forbid" "-w" "/opt/rustwide/workdir" "--user" "0:0" "cb2753f29e74ace6f5ef342417bd6473a1d885f13178794d8a9bff45bb3d83a1" "/opt/rustwide/cargo-home/bin/cargo" "+f4dd856795debe636f2ba39a900f162f5abeb7e8" "check" "--frozen" "--all" "--all-targets" "--message-format=json", kill_on_drop: false }`
[INFO] [stderr]    Compiling windows_x86_64_gnu v0.52.6
[INFO] [stderr]    Compiling libc v0.2.186
[INFO] [stderr]    Compiling nix v0.31.3
[INFO] [stderr]    Compiling syn v2.0.117
[INFO] [stderr]     Checking windows-targets v0.52.6
[INFO] [stderr]     Checking windows-result v0.2.0
[INFO] [stderr]     Checking windows-strings v0.1.0
[INFO] [stderr]     Checking ctrlc v3.5.2
[INFO] [stderr]    Compiling windows-interface v0.58.0
[INFO] [stderr]    Compiling windows-implement v0.58.0
[INFO] [stderr]     Checking windows-core v0.58.0
[INFO] [stderr]     Checking windows v0.58.0
[INFO] [stderr]     Checking mouse-next v0.1.0 (/opt/rustwide/workdir)
[INFO] [stdout] error[E0433]: cannot find `Win32` in `windows`
[INFO] [stdout]  --> src/action/executor.rs:4:14
[INFO] [stdout]   |
[INFO] [stdout] 4 | use windows::Win32::UI::Input::KeyboardAndMouse::{
[INFO] [stdout]   |              ^^^^^ could not find `Win32` in `windows`
[INFO] [stdout] 
[INFO] [stdout] 
[INFO] [stdout] error[E0433]: cannot find `Win32` in `windows`
[INFO] [stdout]  --> src/action/registry.rs:1:14
[INFO] [stdout]   |
[INFO] [stdout] 1 | use windows::Win32::UI::Input::KeyboardAndMouse::{VK_CONTROL, VK_SHIFT, VK_TAB, VK_T, VK_W};
[INFO] [stdout]   |              ^^^^^ could not find `Win32` in `windows`
[INFO] [stdout] 
[INFO] [stdout] 
[INFO] [stdout] error[E0433]: cannot find `Win32` in `windows`
[INFO] [stdout]  --> src/action/types.rs:2:14
[INFO] [stdout]   |
[INFO] [stdout] 2 | use windows::Win32::UI::Input::KeyboardAndMouse::VIRTUAL_KEY;
[INFO] [stdout]   |              ^^^^^ could not find `Win32` in `windows`
[INFO] [stdout] 
[INFO] [stdout] 
[INFO] [stdout] error[E0433]: cannot find `Win32` in `windows`
[INFO] [stdout]  --> src/input/hook.rs:8:14
[INFO] [stdout]   |
[INFO] [stdout] 8 | use windows::Win32::Foundation::{HINSTANCE, LPARAM, LRESULT, WPARAM};
[INFO] [stdout]   |              ^^^^^ could not find `Win32` in `windows`
[INFO] [stdout] 
[INFO] [stdout] 
[INFO] [stdout] error[E0433]: cannot find `Win32` in `windows`
[INFO] [stdout]  --> src/input/hook.rs:9:14
[INFO] [stdout]   |
[INFO] [stdout] 9 | use windows::Win32::UI::WindowsAndMessaging::{
[INFO] [stdout]   |              ^^^^^ could not find `Win32` in `windows`
[INFO] [stdout] 
[INFO] [stdout] 
[INFO] [stdout] error[E0433]: cannot find `Win32` in `windows`
[INFO] [stdout]  --> src/input/monitor.rs:3:14
[INFO] [stdout]   |
[INFO] [stdout] 3 | use windows::Win32::UI::Input::KeyboardAndMouse::{
[INFO] [stdout]   |              ^^^^^ could not find `Win32` in `windows`
[INFO] [stdout] 
[INFO] [stdout] 
[INFO] [stdout] error[E0433]: cannot find `Win32` in `windows`
[INFO] [stdout]  --> src/action/executor.rs:4:14
[INFO] [stdout]   |
[INFO] [stdout] 4 | use windows::Win32::UI::Input::KeyboardAndMouse::{
[INFO] [stdout]   |              ^^^^^ could not find `Win32` in `windows`
[INFO] [stdout] 
[INFO] [stdout] 
[INFO] [stdout] error[E0433]: cannot find `Win32` in `windows`
[INFO] [stdout]    --> src/action/matcher.rs:114:18
[INFO] [stdout]     |
[INFO] [stdout] 114 |     use windows::Win32::UI::Input::KeyboardAndMouse::{VK_CONTROL, VK_SHIFT, VK_TAB, VK_T, VK_W};
[INFO] [stdout]     |                  ^^^^^ could not find `Win32` in `windows`
[INFO] [stdout] 
[INFO] [stdout] 
[INFO] [stdout] error[E0433]: cannot find `Win32` in `windows`
[INFO] [stdout]  --> src/action/registry.rs:1:14
[INFO] [stdout]   |
[INFO] [stdout] 1 | use windows::Win32::UI::Input::KeyboardAndMouse::{VK_CONTROL, VK_SHIFT, VK_TAB, VK_T, VK_W};
[INFO] [stdout]   |              ^^^^^ could not find `Win32` in `windows`
[INFO] [stdout] 
[INFO] [stdout] 
[INFO] [stdout] error[E0433]: cannot find `Win32` in `windows`
[INFO] [stdout]  --> src/action/types.rs:2:14
[INFO] [stdout]   |
[INFO] [stdout] 2 | use windows::Win32::UI::Input::KeyboardAndMouse::VIRTUAL_KEY;
[INFO] [stdout]   |              ^^^^^ could not find `Win32` in `windows`
[INFO] [stdout] 
[INFO] [stdout] 
[INFO] [stdout] error[E0433]: cannot find `Win32` in `windows`
[INFO] [stdout]  --> src/input/hook.rs:8:14
[INFO] [stdout]   |
[INFO] [stdout] 8 | use windows::Win32::Foundation::{HINSTANCE, LPARAM, LRESULT, WPARAM};
[INFO] [stdout]   |              ^^^^^ could not find `Win32` in `windows`
[INFO] [stdout] 
[INFO] [stdout] 
[INFO] [stdout] error[E0433]: cannot find `Win32` in `windows`
[INFO] [stdout]  --> src/input/hook.rs:9:14
[INFO] [stdout]   |
[INFO] [stdout] 9 | use windows::Win32::UI::WindowsAndMessaging::{
[INFO] [stdout]   |              ^^^^^ could not find `Win32` in `windows`
[INFO] [stdout] 
[INFO] [stdout] 
[INFO] [stdout] error[E0433]: cannot find `Win32` in `windows`
[INFO] [stdout]  --> src/input/monitor.rs:3:14
[INFO] [stdout]   |
[INFO] [stdout] 3 | use windows::Win32::UI::Input::KeyboardAndMouse::{
[INFO] [stdout]   |              ^^^^^ could not find `Win32` in `windows`
[INFO] [stdout] 
[INFO] [stdout] 
[INFO] [stdout] error[E0433]: cannot find `core` in `windows`
[INFO] [stdout]   --> src/input/hook.rs:53:33
[INFO] [stdout]    |
[INFO] [stdout] 53 | unsafe fn 安装_hook() -> windows::core::Result<HHOOK> {
[INFO] [stdout]    |                                   ^^^^ could not find `core` in `windows`
[INFO] [stdout] 
[INFO] [stdout] 
[INFO] [stdout] error[E0433]: cannot find `Win32` in `windows`
[INFO] [stdout]   --> src/input/hook.rs:66:46
[INFO] [stdout]    |
[INFO] [stdout] 66 |     let 信息 = &*(l_param.0 as *const windows::Win32::UI::WindowsAndMessaging::MSLLHOOKSTRUCT);
[INFO] [stdout]    |                                                ^^^^^ could not find `Win32` in `windows`
[INFO] [stdout] 
[INFO] [stdout] 
[INFO] [stdout] error[E0433]: cannot find `core` in `windows`
[INFO] [stdout]   --> src/input/hook.rs:53:33
[INFO] [stdout]    |
[INFO] [stdout] 53 | unsafe fn 安装_hook() -> windows::core::Result<HHOOK> {
[INFO] [stdout]    |                                   ^^^^ could not find `core` in `windows`
[INFO] [stdout] 
[INFO] [stdout] 
[INFO] [stdout] error[E0433]: cannot find `Win32` in `windows`
[INFO] [stdout]   --> src/input/hook.rs:66:46
[INFO] [stdout]    |
[INFO] [stdout] 66 |     let 信息 = &*(l_param.0 as *const windows::Win32::UI::WindowsAndMessaging::MSLLHOOKSTRUCT);
[INFO] [stdout]    |                                                ^^^^^ could not find `Win32` in `windows`
[INFO] [stdout] 
[INFO] [stdout] 
[INFO] [stdout] For more information about this error, try `rustc --explain E0433`.
[INFO] [stdout] 
[INFO] [stdout] For more information about this error, try `rustc --explain E0433`.
[INFO] [stdout] 
[INFO] [stderr] error: could not compile `mouse-next` (bin "mouse-next" test) due to 9 previous errors
[INFO] [stderr] warning: build failed, waiting for other jobs to finish...
[INFO] [stderr] error: could not compile `mouse-next` (bin "mouse-next") due to 8 previous errors
[INFO] running `Command { std: "docker" "inspect" "cb2753f29e74ace6f5ef342417bd6473a1d885f13178794d8a9bff45bb3d83a1", kill_on_drop: false }`
[INFO] running `Command { std: "docker" "rm" "-f" "cb2753f29e74ace6f5ef342417bd6473a1d885f13178794d8a9bff45bb3d83a1", kill_on_drop: false }`
[INFO] [stdout] cb2753f29e74ace6f5ef342417bd6473a1d885f13178794d8a9bff45bb3d83a1
