[INFO] cloning repository https://github.com/markopoloparadox/web_crawler
[INFO] running `Command { std: "git" "-c" "credential.helper=" "-c" "credential.helper=/workspace/cargo-home/bin/git-credential-null" "clone" "--bare" "https://github.com/markopoloparadox/web_crawler" "/workspace/cache/git-repos/https%3A%2F%2Fgithub.com%2Fmarkopoloparadox%2Fweb_crawler", kill_on_drop: false }`
[INFO] [stderr] Cloning into bare repository '/workspace/cache/git-repos/https%3A%2F%2Fgithub.com%2Fmarkopoloparadox%2Fweb_crawler'...
[INFO] running `Command { std: "git" "rev-parse" "HEAD", kill_on_drop: false }`
[INFO] [stdout] 3ef080ad92b52dadf79504318d8fe0aa44c9ab09
[INFO] checking markopoloparadox/web_crawler against f4dd856795debe636f2ba39a900f162f5abeb7e8 for pr-160904
[INFO] running `Command { std: "git" "clone" "/workspace/cache/git-repos/https%3A%2F%2Fgithub.com%2Fmarkopoloparadox%2Fweb_crawler" "/workspace/builds/worker-4-tc2/source", kill_on_drop: false }`
[INFO] [stderr] Cloning into '/workspace/builds/worker-4-tc2/source'...
[INFO] [stderr] done.
[INFO] started tweaking git repo https://github.com/markopoloparadox/web_crawler
[INFO] finished tweaking git repo https://github.com/markopoloparadox/web_crawler
[INFO] tweaked toml for git repo https://github.com/markopoloparadox/web_crawler written to /workspace/builds/worker-4-tc2/source/Cargo.toml
[INFO] validating manifest of git repo https://github.com/markopoloparadox/web_crawler on toolchain f4dd856795debe636f2ba39a900f162f5abeb7e8
[INFO] running `Command { std: CARGO_HOME="/workspace/cargo-home" RUSTUP_HOME="/workspace/rustup-home" "/workspace/cargo-home/bin/cargo" "+f4dd856795debe636f2ba39a900f162f5abeb7e8" "metadata" "--manifest-path" "Cargo.toml" "--no-deps", kill_on_drop: false }`
[INFO] crate git repo https://github.com/markopoloparadox/web_crawler already has a lockfile, it will not be regenerated
[INFO] running `Command { std: CARGO_HOME="/workspace/cargo-home" RUSTUP_HOME="/workspace/rustup-home" "/workspace/cargo-home/bin/cargo" "+f4dd856795debe636f2ba39a900f162f5abeb7e8" "fetch" "--manifest-path" "Cargo.toml", kill_on_drop: false }`
[INFO] [stderr]     Blocking waiting for file lock on package cache
[ERROR] error running command: no output for 300 seconds
[INFO] checking markopoloparadox/web_crawler against f4dd856795debe636f2ba39a900f162f5abeb7e8 for pr-160904
[INFO] running `Command { std: "git" "clone" "/workspace/cache/git-repos/https%3A%2F%2Fgithub.com%2Fmarkopoloparadox%2Fweb_crawler" "/workspace/builds/worker-4-tc2/source", kill_on_drop: false }`
[INFO] [stderr] Cloning into '/workspace/builds/worker-4-tc2/source'...
[INFO] [stderr] done.
[INFO] started tweaking git repo https://github.com/markopoloparadox/web_crawler
[INFO] finished tweaking git repo https://github.com/markopoloparadox/web_crawler
[INFO] tweaked toml for git repo https://github.com/markopoloparadox/web_crawler written to /workspace/builds/worker-4-tc2/source/Cargo.toml
[INFO] validating manifest of git repo https://github.com/markopoloparadox/web_crawler on toolchain f4dd856795debe636f2ba39a900f162f5abeb7e8
[INFO] running `Command { std: CARGO_HOME="/workspace/cargo-home" RUSTUP_HOME="/workspace/rustup-home" "/workspace/cargo-home/bin/cargo" "+f4dd856795debe636f2ba39a900f162f5abeb7e8" "metadata" "--manifest-path" "Cargo.toml" "--no-deps", kill_on_drop: false }`
[INFO] crate git repo https://github.com/markopoloparadox/web_crawler already has a lockfile, it will not be regenerated
[INFO] running `Command { std: CARGO_HOME="/workspace/cargo-home" RUSTUP_HOME="/workspace/rustup-home" "/workspace/cargo-home/bin/cargo" "+f4dd856795debe636f2ba39a900f162f5abeb7e8" "fetch" "--manifest-path" "Cargo.toml", kill_on_drop: false }`
[INFO] [stderr]     Blocking waiting for file lock on package cache
[INFO] [stderr]     Updating crates.io index
[INFO] [stderr]     Blocking waiting for file lock on package cache
[INFO] [stderr]  Downloading crates ...
[INFO] [stderr]   Downloaded route-recognizer v0.2.0
[INFO] [stderr]   Downloaded sval v1.0.0-alpha.5
[INFO] [stderr]   Downloaded fastrand v1.4.0
[INFO] [stderr]   Downloaded serde_json v1.0.62
[INFO] [stderr]   Downloaded ctor v0.1.19
[INFO] [stderr]   Downloaded futures-io v0.3.13
[INFO] [stderr]   Downloaded time-macros-impl v0.1.1
[INFO] [stderr]   Downloaded futures-core v0.3.13
[INFO] [stderr]   Downloaded standback v0.2.15
[INFO] [stderr]   Downloaded wasm-bindgen-futures v0.4.20
[INFO] [stderr]   Downloaded cookie v0.14.3
[INFO] [stderr]   Downloaded rustversion v1.0.4
[INFO] [stderr]   Downloaded serde_qs v0.7.2
[INFO] [stderr]   Downloaded futures-channel v0.3.13
[INFO] [stderr]   Downloaded once_cell v1.6.0
[INFO] [stderr]   Downloaded generator v0.6.24
[INFO] [stderr]   Downloaded time v0.2.25
[INFO] [stderr]   Downloaded async-process v1.0.2
[INFO] [stderr]   Downloaded vec-arena v1.0.0
[INFO] [stderr]   Downloaded nb-connect v1.0.3
[INFO] [stderr]   Downloaded async-lock v2.3.0
[INFO] [stderr]   Downloaded async-executor v1.4.0
[INFO] [stderr]   Downloaded tide v0.16.0
[INFO] [stderr]   Downloaded crossbeam-utils v0.8.2
[INFO] [stderr]   Downloaded loom v0.4.0
[INFO] [stderr]   Downloaded signal-hook v0.3.6
[INFO] [stderr]   Downloaded async-io v1.3.1
[INFO] [stderr]   Downloaded polling v2.0.2
[INFO] [stderr]   Downloaded anyhow v1.0.38
[INFO] [stderr]   Downloaded sluice v0.5.4
[INFO] [stderr]   Downloaded http-client v6.3.1
[INFO] [stderr]   Downloaded tracing-attributes v0.1.13
[INFO] [stderr]   Downloaded futures-macro v0.3.13
[INFO] [stderr]   Downloaded spinning_top v0.2.2
[INFO] [stderr]   Downloaded simple-mutex v1.1.5
[INFO] [stderr]   Downloaded pin-project-internal v1.0.5
[INFO] [stderr]   Downloaded dashmap v4.0.2
[INFO] [stderr]   Downloaded pin-project v1.0.5
[INFO] [stderr]   Downloaded futures-task v0.3.13
[INFO] [stderr]   Downloaded async-sse v4.1.0
[INFO] [stderr]   Downloaded async-session v2.0.1
[INFO] [stderr]   Downloaded byte-pool v0.2.2
[INFO] [stderr]   Downloaded async-dup v1.2.2
[INFO] [stderr]   Downloaded flume v0.9.2
[INFO] [stderr]   Downloaded bincode v1.3.2
[INFO] [stderr]   Downloaded async-trait v0.1.42
[INFO] [stderr]   Downloaded async-h1 v2.3.1
[INFO] [stderr]   Downloaded dtoa v0.4.7
[INFO] [stderr]   Downloaded curl v0.4.34
[INFO] [stderr]   Downloaded surf v2.1.0
[INFO] [stderr]   Downloaded http v0.2.3
[INFO] [stderr]   Downloaded derive_more v0.99.11
[INFO] [stderr]   Downloaded isahc v0.9.14
[INFO] [stderr]   Downloaded futures-util v0.3.13
[INFO] [stderr]   Downloaded libc v0.2.86
[INFO] [stderr]   Downloaded femme v2.1.1
[INFO] [stderr]   Downloaded web-sys v0.3.47
[INFO] [stderr]   Downloaded http-types v2.10.0
[INFO] [stderr]   Downloaded curl-sys v0.4.40+curl-7.75.0
[INFO] [stderr]   Downloaded libnghttp2-sys v0.1.6+1.43.0
[INFO] running `Command { std: "docker" "create" "-v" "/var/lib/crater-agent-workspace/builds/worker-4-tc2/source:/opt/rustwide/workdir:ro,Z" "-v" "/var/lib/crater-agent-workspace/builds/worker-4-tc2/target:/opt/rustwide/target:rw,Z" "-v" "/var/lib/crater-agent-workspace/cargo-home:/opt/rustwide/cargo-home:ro,Z" "-v" "/var/lib/crater-agent-workspace/rustup-home:/opt/rustwide/rustup-home:ro,Z" "-m" "1610612736" "--network" "none" "ghcr.io/rust-lang/crates-build-env/linux@sha256:3111399a4047eeb3a02b7a90e478d715f38a8c6669b5c4b49d30a17385265909" "sleep" "infinity", kill_on_drop: false }`
[INFO] [stdout] f4030b7769cafae983196258655eae378cb6c9129058033329636360600095e4
[INFO] running `Command { std: "docker" "start" "f4030b7769cafae983196258655eae378cb6c9129058033329636360600095e4", kill_on_drop: false }`
[INFO] running `Command { std: "docker" "inspect" "f4030b7769cafae983196258655eae378cb6c9129058033329636360600095e4", kill_on_drop: false }`
[INFO] running `Command { std: "docker" "exec" "-e" "SOURCE_DIR=/opt/rustwide/workdir" "-e" "CARGO_HOME=/opt/rustwide/cargo-home" "-e" "RUSTUP_HOME=/opt/rustwide/rustup-home" "-e" "CARGO_TARGET_DIR=/opt/rustwide/target" "-w" "/opt/rustwide/workdir" "--user" "0:0" "f4030b7769cafae983196258655eae378cb6c9129058033329636360600095e4" "/opt/rustwide/cargo-home/bin/cargo" "+f4dd856795debe636f2ba39a900f162f5abeb7e8" "metadata" "--no-deps" "--format-version=1", kill_on_drop: false }`
[INFO] running `Command { std: "docker" "inspect" "f4030b7769cafae983196258655eae378cb6c9129058033329636360600095e4", kill_on_drop: false }`
[INFO] running `Command { std: "docker" "exec" "-e" "SOURCE_DIR=/opt/rustwide/workdir" "-e" "CARGO_HOME=/opt/rustwide/cargo-home" "-e" "RUSTUP_HOME=/opt/rustwide/rustup-home" "-e" "CARGO_TARGET_DIR=/opt/rustwide/target" "-e" "CARGO_INCREMENTAL=0" "-e" "RUST_BACKTRACE=full" "-e" "RUSTFLAGS=--cap-lints=forbid" "-e" "RUSTDOCFLAGS=--cap-lints=forbid" "-w" "/opt/rustwide/workdir" "--user" "0:0" "f4030b7769cafae983196258655eae378cb6c9129058033329636360600095e4" "/opt/rustwide/cargo-home/bin/cargo" "+f4dd856795debe636f2ba39a900f162f5abeb7e8" "check" "--frozen" "--all" "--all-targets" "--message-format=json", kill_on_drop: false }`
[INFO] [stderr]    Compiling proc-macro2 v1.0.24
[INFO] [stderr]    Compiling unicode-xid v0.2.1
[INFO] [stderr]    Compiling syn v1.0.60
[INFO] [stderr]    Compiling libc v0.2.86
[INFO] [stderr]    Compiling version_check v0.9.2
[INFO] [stderr]    Compiling typenum v1.12.0
[INFO] [stderr]    Compiling serde_derive v1.0.123
[INFO] [stderr]    Compiling serde v1.0.123
[INFO] [stderr]    Compiling value-bag v1.0.0-alpha.6
[INFO] [stderr]    Compiling log v0.4.14
[INFO] [stderr]     Checking sval v1.0.0-alpha.5
[INFO] [stderr]    Compiling cc v1.0.67
[INFO] [stderr]     Checking futures-core v0.3.13
[INFO] [stderr]    Compiling ryu v1.0.5
[INFO] [stderr]     Checking pin-project-lite v0.2.4
[INFO] [stderr]     Checking futures-io v0.3.13
[INFO] [stderr]    Compiling generic-array v0.14.4
[INFO] [stderr]    Compiling memchr v2.3.4
[INFO] [stderr]     Checking subtle v2.4.0
[INFO] [stderr]    Compiling ppv-lite86 v0.2.10
[INFO] [stderr]    Compiling getrandom v0.1.16
[INFO] [stderr]     Checking event-listener v2.5.1
[INFO] [stderr]    Compiling rand_core v0.5.1
[INFO] [stderr]    Compiling serde_json v1.0.62
[INFO] [stderr]     Checking itoa v0.4.7
[INFO] [stderr]     Checking waker-fn v1.1.0
[INFO] [stderr]    Compiling quote v1.0.9
[INFO] [stderr]    Compiling rand_pcg v0.2.1
[INFO] [stderr]     Checking cache-padded v1.1.1
[INFO] [stderr]    Compiling siphasher v0.3.3
[INFO] [stderr]     Checking parking v2.0.0
[INFO] [stderr]     Checking fastrand v1.4.0
[INFO] [stderr]     Checking concurrent-queue v1.2.2
[INFO] [stderr]    Compiling rand_chacha v0.2.2
[INFO] [stderr]    Compiling phf_shared v0.8.0
[INFO] [stderr]     Checking socket2 v0.3.19
[INFO] [stderr]     Checking once_cell v1.6.0
[INFO] [stderr]     Checking futures-lite v1.11.3
[INFO] [stderr]    Compiling standback v0.2.15
[INFO] [stderr]    Compiling rand v0.7.3
[INFO] [stderr]     Checking vec-arena v1.0.0
[INFO] [stderr]     Checking nb-connect v1.0.3
[INFO] [stderr]    Compiling openssl-sys v0.9.60
[INFO] [stderr]    Compiling libz-sys v1.1.2
[INFO] [stderr]    Compiling libnghttp2-sys v0.1.6+1.43.0
[INFO] [stderr]    Compiling crossbeam-utils v0.8.2
[INFO] [stderr]    Compiling signal-hook v0.3.6
[INFO] [stderr]     Checking async-task v4.0.3
[INFO] [stderr]     Checking tinyvec v1.1.1
[INFO] [stderr] warning: openssl-sys@0.9.60: build/expando.c:4:24: error: pasting "RUST_VERSION_OPENSSL_" and "(" does not give a valid preprocessing token
[INFO] [stderr] warning: openssl-sys@0.9.60:     4 | #define VERSION2(n, v) RUST_VERSION_##n##_##v
[INFO] [stderr] warning: openssl-sys@0.9.60:       |                        ^~~~~~~~~~~~~
[INFO] [stderr] warning: openssl-sys@0.9.60: build/expando.c:5:23: note: in expansion of macro 'VERSION2'
[INFO] [stderr] warning: openssl-sys@0.9.60:     5 | #define VERSION(n, v) VERSION2(n, v)
[INFO] [stderr] warning: openssl-sys@0.9.60:       |                       ^~~~~~~~
[INFO] [stderr] warning: openssl-sys@0.9.60: build/expando.c:10:1: note: in expansion of macro 'VERSION'
[INFO] [stderr] warning: openssl-sys@0.9.60:    10 | VERSION(OPENSSL, OPENSSL_VERSION_NUMBER)
[INFO] [stderr] warning: openssl-sys@0.9.60:       | ^~~~~~~
[INFO] [stderr] error: failed to run custom build command for `openssl-sys v0.9.60`
[INFO] [stderr] note: To improve backtraces for build dependencies, set the CARGO_PROFILE_DEV_BUILD_OVERRIDE_DEBUG=true environment variable to enable debug information generation.
[INFO] [stderr] 
[INFO] [stderr] Caused by:
[INFO] [stderr]   process didn't exit successfully: `/opt/rustwide/target/debug/build/openssl-sys/c2bc6b9f9e5683cd/out/build_script_main` (exit status: 101)
[INFO] [stderr]   --- stdout
[INFO] [stderr]   cargo:rustc-cfg=const_fn
[INFO] [stderr]   cargo:rerun-if-env-changed=X86_64_UNKNOWN_LINUX_GNU_OPENSSL_LIB_DIR
[INFO] [stderr]   X86_64_UNKNOWN_LINUX_GNU_OPENSSL_LIB_DIR unset
[INFO] [stderr]   cargo:rerun-if-env-changed=OPENSSL_LIB_DIR
[INFO] [stderr]   OPENSSL_LIB_DIR unset
[INFO] [stderr]   cargo:rerun-if-env-changed=X86_64_UNKNOWN_LINUX_GNU_OPENSSL_INCLUDE_DIR
[INFO] [stderr]   X86_64_UNKNOWN_LINUX_GNU_OPENSSL_INCLUDE_DIR unset
[INFO] [stderr]   cargo:rerun-if-env-changed=OPENSSL_INCLUDE_DIR
[INFO] [stderr]   OPENSSL_INCLUDE_DIR unset
[INFO] [stderr]   cargo:rerun-if-env-changed=X86_64_UNKNOWN_LINUX_GNU_OPENSSL_DIR
[INFO] [stderr]   X86_64_UNKNOWN_LINUX_GNU_OPENSSL_DIR unset
[INFO] [stderr]   cargo:rerun-if-env-changed=OPENSSL_DIR
[INFO] [stderr]   OPENSSL_DIR unset
[INFO] [stderr]   cargo:rerun-if-env-changed=OPENSSL_NO_PKG_CONFIG
[INFO] [stderr]   cargo:rerun-if-env-changed=PKG_CONFIG
[INFO] [stderr]   cargo:rerun-if-env-changed=OPENSSL_STATIC
[INFO] [stderr]   cargo:rerun-if-env-changed=OPENSSL_DYNAMIC
[INFO] [stderr]   cargo:rerun-if-env-changed=PKG_CONFIG_ALL_STATIC
[INFO] [stderr]   cargo:rerun-if-env-changed=PKG_CONFIG_ALL_DYNAMIC
[INFO] [stderr]   cargo:rerun-if-env-changed=PKG_CONFIG_PATH_x86_64-unknown-linux-gnu
[INFO] [stderr]   cargo:rerun-if-env-changed=PKG_CONFIG_PATH_x86_64_unknown_linux_gnu
[INFO] [stderr]   cargo:rerun-if-env-changed=HOST_PKG_CONFIG_PATH
[INFO] [stderr]   cargo:rerun-if-env-changed=PKG_CONFIG_PATH
[INFO] [stderr]   cargo:rerun-if-env-changed=PKG_CONFIG_LIBDIR_x86_64-unknown-linux-gnu
[INFO] [stderr]   cargo:rerun-if-env-changed=PKG_CONFIG_LIBDIR_x86_64_unknown_linux_gnu
[INFO] [stderr]   cargo:rerun-if-env-changed=HOST_PKG_CONFIG_LIBDIR
[INFO] [stderr]   cargo:rerun-if-env-changed=PKG_CONFIG_LIBDIR
[INFO] [stderr]   cargo:rerun-if-env-changed=PKG_CONFIG_SYSROOT_DIR_x86_64-unknown-linux-gnu
[INFO] [stderr]   cargo:rerun-if-env-changed=PKG_CONFIG_SYSROOT_DIR_x86_64_unknown_linux_gnu
[INFO] [stderr]   cargo:rerun-if-env-changed=HOST_PKG_CONFIG_SYSROOT_DIR
[INFO] [stderr]   cargo:rerun-if-env-changed=PKG_CONFIG_SYSROOT_DIR
[INFO] [stderr]   cargo:rerun-if-env-changed=PKG_CONFIG_SYSROOT_DIR
[INFO] [stderr]   cargo:rerun-if-env-changed=SYSROOT
[INFO] [stderr]   cargo:rerun-if-env-changed=OPENSSL_STATIC
[INFO] [stderr]   cargo:rerun-if-env-changed=OPENSSL_DYNAMIC
[INFO] [stderr]   cargo:rerun-if-env-changed=PKG_CONFIG_ALL_STATIC
[INFO] [stderr]   cargo:rerun-if-env-changed=PKG_CONFIG_ALL_DYNAMIC
[INFO] [stderr]   cargo:rustc-link-lib=ssl
[INFO] [stderr]   cargo:rustc-link-lib=crypto
[INFO] [stderr]   cargo:rerun-if-env-changed=PKG_CONFIG
[INFO] [stderr]   cargo:rerun-if-env-changed=OPENSSL_STATIC
[INFO] [stderr]   cargo:rerun-if-env-changed=OPENSSL_DYNAMIC
[INFO] [stderr]   cargo:rerun-if-env-changed=PKG_CONFIG_ALL_STATIC
[INFO] [stderr]   cargo:rerun-if-env-changed=PKG_CONFIG_ALL_DYNAMIC
[INFO] [stderr]   cargo:rerun-if-env-changed=PKG_CONFIG_PATH_x86_64-unknown-linux-gnu
[INFO] [stderr]   cargo:rerun-if-env-changed=PKG_CONFIG_PATH_x86_64_unknown_linux_gnu
[INFO] [stderr]   cargo:rerun-if-env-changed=HOST_PKG_CONFIG_PATH
[INFO] [stderr]   cargo:rerun-if-env-changed=PKG_CONFIG_PATH
[INFO] [stderr]   cargo:rerun-if-env-changed=PKG_CONFIG_LIBDIR_x86_64-unknown-linux-gnu
[INFO] [stderr]   cargo:rerun-if-env-changed=PKG_CONFIG_LIBDIR_x86_64_unknown_linux_gnu
[INFO] [stderr]   cargo:rerun-if-env-changed=HOST_PKG_CONFIG_LIBDIR
[INFO] [stderr]   cargo:rerun-if-env-changed=PKG_CONFIG_LIBDIR
[INFO] [stderr]   cargo:rerun-if-env-changed=PKG_CONFIG_SYSROOT_DIR_x86_64-unknown-linux-gnu
[INFO] [stderr]   cargo:rerun-if-env-changed=PKG_CONFIG_SYSROOT_DIR_x86_64_unknown_linux_gnu
[INFO] [stderr]   cargo:rerun-if-env-changed=HOST_PKG_CONFIG_SYSROOT_DIR
[INFO] [stderr]   cargo:rerun-if-env-changed=PKG_CONFIG_SYSROOT_DIR
[INFO] [stderr]   OPT_LEVEL = Some("0")
[INFO] [stderr]   TARGET = Some("x86_64-unknown-linux-gnu")
[INFO] [stderr]   HOST = Some("x86_64-unknown-linux-gnu")
[INFO] [stderr]   CC_x86_64-unknown-linux-gnu = None
[INFO] [stderr]   CC_x86_64_unknown_linux_gnu = None
[INFO] [stderr]   HOST_CC = None
[INFO] [stderr]   CC = None
[INFO] [stderr]   CFLAGS_x86_64-unknown-linux-gnu = None
[INFO] [stderr]   CFLAGS_x86_64_unknown_linux_gnu = None
[INFO] [stderr]   HOST_CFLAGS = None
[INFO] [stderr]   CFLAGS = None
[INFO] [stderr]   CRATE_CC_NO_DEFAULTS = None
[INFO] [stderr]   DEBUG = Some("true")
[INFO] [stderr]   CARGO_CFG_TARGET_FEATURE = Some("fxsr,sse,sse2,x87")
[INFO] [stderr]   running: "cc" "-O0" "-ffunction-sections" "-fdata-sections" "-fPIC" "-g" "-fno-omit-frame-pointer" "-m64" "-I" "/usr/include" "-Wall" "-Wextra" "-E" "build/expando.c"
[INFO] [stderr]   cargo:warning=build/expando.c:4:24: error: pasting "RUST_VERSION_OPENSSL_" and "(" does not give a valid preprocessing token
[INFO] [stderr]   cargo:warning=    4 | #define VERSION2(n, v) RUST_VERSION_##n##_##v
[INFO] [stderr]   cargo:warning=      |                        ^~~~~~~~~~~~~
[INFO] [stderr]   cargo:warning=build/expando.c:5:23: note: in expansion of macro 'VERSION2'
[INFO] [stderr]   cargo:warning=    5 | #define VERSION(n, v) VERSION2(n, v)
[INFO] [stderr]   cargo:warning=      |                       ^~~~~~~~
[INFO] [stderr]   cargo:warning=build/expando.c:10:1: note: in expansion of macro 'VERSION'
[INFO] [stderr]   cargo:warning=   10 | VERSION(OPENSSL, OPENSSL_VERSION_NUMBER)
[INFO] [stderr]   cargo:warning=      | ^~~~~~~
[INFO] [stderr]   exit status: 1
[INFO] [stderr] 
[INFO] [stderr]   --- stderr
[INFO] [stderr] 
[INFO] [stderr]   thread 'main' (623) panicked at /opt/rustwide/cargo-home/registry/src/index.crates.io-1949cf8c6b5b557f/openssl-sys-0.9.60/build/main.rs:141:13:
[INFO] [stderr] 
[INFO] [stderr]   Header expansion error:
[INFO] [stderr]   Error { kind: ToolExecError, message: "Command \"cc\" \"-O0\" \"-ffunction-sections\" \"-fdata-sections\" \"-fPIC\" \"-g\" \"-fno-omit-frame-pointer\" \"-m64\" \"-I\" \"/usr/include\" \"-Wall\" \"-Wextra\" \"-E\" \"build/expando.c\" with args \"cc\" did not execute successfully (status code exit status: 1)." }
[INFO] [stderr] 
[INFO] [stderr]   Failed to find OpenSSL development headers.
[INFO] [stderr] 
[INFO] [stderr]   You can try fixing this setting the `OPENSSL_DIR` environment variable
[INFO] [stderr]   pointing to your OpenSSL installation or installing OpenSSL headers package
[INFO] [stderr]   specific to your distribution:
[INFO] [stderr] 
[INFO] [stderr]       # On Ubuntu
[INFO] [stderr]       sudo apt-get install libssl-dev
[INFO] [stderr]       # On Arch Linux
[INFO] [stderr]       sudo pacman -S openssl
[INFO] [stderr]       # On Fedora
[INFO] [stderr]       sudo dnf install openssl-devel
[INFO] [stderr] 
[INFO] [stderr]   See rust-openssl README for more information:
[INFO] [stderr] 
[INFO] [stderr]       https://github.com/sfackler/rust-openssl#linux
[INFO] [stderr] 
[INFO] [stderr]   stack backtrace:
[INFO] [stderr]      0:     0x5d3e18ea3d81 - std[18c5f2a687b463a0]::backtrace_rs::backtrace::libunwind::trace
[INFO] [stderr]                                  at /rustc/f4dd856795debe636f2ba39a900f162f5abeb7e8/library/std/src/../../backtrace/src/backtrace/libunwind.rs:117:9
[INFO] [stderr]      1:     0x5d3e18ea3d81 - std[18c5f2a687b463a0]::backtrace_rs::backtrace::trace_unsynchronized::<std[18c5f2a687b463a0]::sys::backtrace::_print_fmt::{closure#1}>
[INFO] [stderr]                                  at /rustc/f4dd856795debe636f2ba39a900f162f5abeb7e8/library/std/src/../../backtrace/src/backtrace/mod.rs:66:14
[INFO] [stderr]      2:     0x5d3e18ea3d81 - std[18c5f2a687b463a0]::sys::backtrace::_print_fmt
[INFO] [stderr]                                  at /rustc/f4dd856795debe636f2ba39a900f162f5abeb7e8/library/std/src/sys/backtrace.rs:74:9
[INFO] [stderr]      3:     0x5d3e18ea3d81 - <<std[18c5f2a687b463a0]::sys::backtrace::BacktraceLock>::print::DisplayBacktrace as core[ee3e5f980a4e04aa]::fmt::Display>::fmt
[INFO] [stderr]                                  at /rustc/f4dd856795debe636f2ba39a900f162f5abeb7e8/library/std/src/sys/backtrace.rs:44:26
[INFO] [stderr]      4:     0x5d3e18eb843a - <core[ee3e5f980a4e04aa]::fmt::rt::Argument>::fmt
[INFO] [stderr]                                  at /rustc/f4dd856795debe636f2ba39a900f162f5abeb7e8/library/core/src/fmt/rt.rs:152:76
[INFO] [stderr]      5:     0x5d3e18eb843a - core[ee3e5f980a4e04aa]::fmt::write
[INFO] [stderr]      6:     0x5d3e18ea9b7c - core[ee3e5f980a4e04aa]::io::write::default_write_fmt::<std[18c5f2a687b463a0]::sys::stdio::unix::Stderr>
[INFO] [stderr]                                  at /rustc/f4dd856795debe636f2ba39a900f162f5abeb7e8/library/core/src/io/write.rs:402:11
[INFO] [stderr]      7:     0x5d3e18ea9b7c - <std[18c5f2a687b463a0]::sys::stdio::unix::Stderr as core[ee3e5f980a4e04aa]::io::write::Write>::write_fmt
[INFO] [stderr]                                  at /rustc/f4dd856795debe636f2ba39a900f162f5abeb7e8/library/core/src/io/write.rs:335:13
[INFO] [stderr]      8:     0x5d3e18e82f56 - <std[18c5f2a687b463a0]::sys::backtrace::BacktraceLock>::print
[INFO] [stderr]                                  at /rustc/f4dd856795debe636f2ba39a900f162f5abeb7e8/library/std/src/sys/backtrace.rs:47:9
[INFO] [stderr]      9:     0x5d3e18e82f56 - std[18c5f2a687b463a0]::panicking::default_hook::{closure#0}
[INFO] [stderr]                                  at /rustc/f4dd856795debe636f2ba39a900f162f5abeb7e8/library/std/src/panicking.rs:289:27
[INFO] [stderr]     10:     0x5d3e18e9e8b1 - std[18c5f2a687b463a0]::panicking::default_hook
[INFO] [stderr]                                  at /rustc/f4dd856795debe636f2ba39a900f162f5abeb7e8/library/std/src/panicking.rs:316:9
[INFO] [stderr]     11:     0x5d3e18e9ea6b - std[18c5f2a687b463a0]::panicking::panic_with_hook
[INFO] [stderr]                                  at /rustc/f4dd856795debe636f2ba39a900f162f5abeb7e8/library/std/src/panicking.rs:811:13
[INFO] [stderr]     12:     0x5d3e18e83002 - std[18c5f2a687b463a0]::panicking::panic_handler::{closure#0}
[INFO] [stderr]                                  at /rustc/f4dd856795debe636f2ba39a900f162f5abeb7e8/library/std/src/panicking.rs:685:13
[INFO] [stderr]     13:     0x5d3e18e7b629 - std[18c5f2a687b463a0]::sys::backtrace::__rust_end_short_backtrace::<std[18c5f2a687b463a0]::panicking::panic_handler::{closure#0}, !>
[INFO] [stderr]                                  at /rustc/f4dd856795debe636f2ba39a900f162f5abeb7e8/library/std/src/sys/backtrace.rs:182:18
[INFO] [stderr]     14:     0x5d3e18e838dd - __rustc[62f6431ebd7834b7]::rust_begin_unwind
[INFO] [stderr]                                  at /rustc/f4dd856795debe636f2ba39a900f162f5abeb7e8/library/std/src/panicking.rs:676:5
[INFO] [stderr]     15:     0x5d3e18eb8c0c - core[ee3e5f980a4e04aa]::panicking::panic_fmt
[INFO] [stderr]                                  at /rustc/f4dd856795debe636f2ba39a900f162f5abeb7e8/library/core/src/panicking.rs:80:14
[INFO] [stderr]     16:     0x5d3e18e128e9 - build_script_main[d059bac420bb5ac0]::validate_headers
[INFO] [stderr]     17:     0x5d3e18e0bf43 - build_script_main[d059bac420bb5ac0]::find_normal::try_pkg_config
[INFO] [stderr]     18:     0x5d3e18e0c308 - build_script_main[d059bac420bb5ac0]::find_normal::find_openssl_dir
[INFO] [stderr]     19:     0x5d3e18e0a067 - build_script_main[d059bac420bb5ac0]::find_normal::get_openssl::{closure#0}
[INFO] [stderr]     20:     0x5d3e18e079d0 - <core[ee3e5f980a4e04aa]::option::Option<std[18c5f2a687b463a0]::ffi::os_str::OsString>>::unwrap_or_else::<build_script_main[d059bac420bb5ac0]::find_normal::get_openssl::{closure#0}>
[INFO] [stderr]     21:     0x5d3e18e0b80c - build_script_main[d059bac420bb5ac0]::find_normal::get_openssl
[INFO] [stderr]     22:     0x5d3e18e10bfd - build_script_main[d059bac420bb5ac0]::find_openssl
[INFO] [stderr]     23:     0x5d3e18e12f01 - build_script_main[d059bac420bb5ac0]::main
[INFO] [stderr]     24:     0x5d3e18e0f123 - <fn() as core[ee3e5f980a4e04aa]::ops::function::FnOnce<()>>::call_once
[INFO] [stderr]     25:     0x5d3e18e09436 - std[18c5f2a687b463a0]::sys::backtrace::__rust_begin_short_backtrace::<fn(), ()>
[INFO] [stderr]     26:     0x5d3e18e09b49 - std[18c5f2a687b463a0]::rt::lang_start::<()>::{closure#0}
[INFO] [stderr]     27:     0x5d3e18e9dcb8 - <&dyn core[ee3e5f980a4e04aa]::ops::function::Fn<(), Output = i32> + core[ee3e5f980a4e04aa]::panic::unwind_safe::RefUnwindSafe + core[ee3e5f980a4e04aa]::marker::Sync as core[ee3e5f980a4e04aa]::ops::function::FnOnce<()>>::call_once
[INFO] [stderr]                                  at /rustc/f4dd856795debe636f2ba39a900f162f5abeb7e8/library/core/src/ops/function.rs:287:21
[INFO] [stderr]     28:     0x5d3e18e9dcb8 - std[18c5f2a687b463a0]::panicking::catch_unwind::do_call::<&dyn core[ee3e5f980a4e04aa]::ops::function::Fn<(), Output = i32> + core[ee3e5f980a4e04aa]::panic::unwind_safe::RefUnwindSafe + core[ee3e5f980a4e04aa]::marker::Sync, i32>
[INFO] [stderr]                                  at /rustc/f4dd856795debe636f2ba39a900f162f5abeb7e8/library/std/src/panicking.rs:573:43
[INFO] [stderr]     29:     0x5d3e18e9dcb8 - std[18c5f2a687b463a0]::panicking::catch_unwind::<i32, &dyn core[ee3e5f980a4e04aa]::ops::function::Fn<(), Output = i32> + core[ee3e5f980a4e04aa]::panic::unwind_safe::RefUnwindSafe + core[ee3e5f980a4e04aa]::marker::Sync>
[INFO] [stderr]                                  at /rustc/f4dd856795debe636f2ba39a900f162f5abeb7e8/library/std/src/panicking.rs:541:19
[INFO] [stderr]     30:     0x5d3e18e9dcb8 - std[18c5f2a687b463a0]::panic::catch_unwind::<&dyn core[ee3e5f980a4e04aa]::ops::function::Fn<(), Output = i32> + core[ee3e5f980a4e04aa]::panic::unwind_safe::RefUnwindSafe + core[ee3e5f980a4e04aa]::marker::Sync, i32>
[INFO] [stderr]                                  at /rustc/f4dd856795debe636f2ba39a900f162f5abeb7e8/library/std/src/panic.rs:359:14
[INFO] [stderr]     31:     0x5d3e18e9dcb8 - std[18c5f2a687b463a0]::rt::lang_start_internal::{closure#0}
[INFO] [stderr]                                  at /rustc/f4dd856795debe636f2ba39a900f162f5abeb7e8/library/std/src/rt.rs:175:24
[INFO] [stderr]     32:     0x5d3e18e9dcb8 - std[18c5f2a687b463a0]::panicking::catch_unwind::do_call::<std[18c5f2a687b463a0]::rt::lang_start_internal::{closure#0}, isize>
[INFO] [stderr]                                  at /rustc/f4dd856795debe636f2ba39a900f162f5abeb7e8/library/std/src/panicking.rs:573:43
[INFO] [stderr]     33:     0x5d3e18e9dcb8 - std[18c5f2a687b463a0]::panicking::catch_unwind::<isize, std[18c5f2a687b463a0]::rt::lang_start_internal::{closure#0}>
[INFO] [stderr]                                  at /rustc/f4dd856795debe636f2ba39a900f162f5abeb7e8/library/std/src/panicking.rs:541:19
[INFO] [stderr]     34:     0x5d3e18e9dcb8 - std[18c5f2a687b463a0]::panic::catch_unwind::<std[18c5f2a687b463a0]::rt::lang_start_internal::{closure#0}, isize>
[INFO] [stderr]                                  at /rustc/f4dd856795debe636f2ba39a900f162f5abeb7e8/library/std/src/panic.rs:359:14
[INFO] [stderr]     35:     0x5d3e18e9dcb8 - std[18c5f2a687b463a0]::rt::lang_start_internal
[INFO] [stderr]                                  at /rustc/f4dd856795debe636f2ba39a900f162f5abeb7e8/library/std/src/rt.rs:171:5
[INFO] [stderr]     36:     0x5d3e18e07f31 - std[18c5f2a687b463a0]::rt::lang_start::<()>
[INFO] [stderr]     37:     0x5d3e18e14e75 - main
[INFO] [stderr]     38:     0x76ea2a71f601 - <unknown>
[INFO] [stderr]     39:     0x76ea2a71f718 - __libc_start_main
[INFO] [stderr]     40:     0x5d3e18e07725 - _start
[INFO] [stderr]     41:                0x0 - <unknown>
[INFO] [stderr] warning: build failed, waiting for other jobs to finish...
[INFO] running `Command { std: "docker" "inspect" "f4030b7769cafae983196258655eae378cb6c9129058033329636360600095e4", kill_on_drop: false }`
[INFO] running `Command { std: "docker" "rm" "-f" "f4030b7769cafae983196258655eae378cb6c9129058033329636360600095e4", kill_on_drop: false }`
[INFO] [stdout] f4030b7769cafae983196258655eae378cb6c9129058033329636360600095e4
