[INFO] cloning repository https://github.com/m1dugh/k8s-postgresql-controller
[INFO] running `Command { std: "git" "-c" "credential.helper=" "-c" "credential.helper=/workspace/cargo-home/bin/git-credential-null" "clone" "--bare" "https://github.com/m1dugh/k8s-postgresql-controller" "/workspace/cache/git-repos/https%3A%2F%2Fgithub.com%2Fm1dugh%2Fk8s-postgresql-controller", kill_on_drop: false }`
[INFO] [stderr] Cloning into bare repository '/workspace/cache/git-repos/https%3A%2F%2Fgithub.com%2Fm1dugh%2Fk8s-postgresql-controller'...
[INFO] running `Command { std: "git" "rev-parse" "HEAD", kill_on_drop: false }`
[INFO] [stdout] db4d6e2820e8a8734f155c46fc6e59eea161d02e
[INFO] checking m1dugh/k8s-postgresql-controller against f4dd856795debe636f2ba39a900f162f5abeb7e8 for pr-160904
[INFO] running `Command { std: "git" "clone" "/workspace/cache/git-repos/https%3A%2F%2Fgithub.com%2Fm1dugh%2Fk8s-postgresql-controller" "/workspace/builds/worker-2-tc2/source", kill_on_drop: false }`
[INFO] [stderr] Cloning into '/workspace/builds/worker-2-tc2/source'...
[INFO] [stderr] done.
[INFO] started tweaking git repo https://github.com/m1dugh/k8s-postgresql-controller
[INFO] finished tweaking git repo https://github.com/m1dugh/k8s-postgresql-controller
[INFO] tweaked toml for git repo https://github.com/m1dugh/k8s-postgresql-controller written to /workspace/builds/worker-2-tc2/source/Cargo.toml
[INFO] validating manifest of git repo https://github.com/m1dugh/k8s-postgresql-controller on toolchain f4dd856795debe636f2ba39a900f162f5abeb7e8
[INFO] running `Command { std: CARGO_HOME="/workspace/cargo-home" RUSTUP_HOME="/workspace/rustup-home" "/workspace/cargo-home/bin/cargo" "+f4dd856795debe636f2ba39a900f162f5abeb7e8" "metadata" "--manifest-path" "Cargo.toml" "--no-deps", kill_on_drop: false }`
[INFO] crate git repo https://github.com/m1dugh/k8s-postgresql-controller already has a lockfile, it will not be regenerated
[INFO] running `Command { std: CARGO_HOME="/workspace/cargo-home" RUSTUP_HOME="/workspace/rustup-home" "/workspace/cargo-home/bin/cargo" "+f4dd856795debe636f2ba39a900f162f5abeb7e8" "fetch" "--manifest-path" "Cargo.toml", kill_on_drop: false }`
[INFO] [stderr]     Blocking waiting for file lock on package cache
[ERROR] error running command: no output for 300 seconds
[INFO] checking m1dugh/k8s-postgresql-controller against f4dd856795debe636f2ba39a900f162f5abeb7e8 for pr-160904
[INFO] running `Command { std: "git" "clone" "/workspace/cache/git-repos/https%3A%2F%2Fgithub.com%2Fm1dugh%2Fk8s-postgresql-controller" "/workspace/builds/worker-2-tc2/source", kill_on_drop: false }`
[INFO] [stderr] Cloning into '/workspace/builds/worker-2-tc2/source'...
[INFO] [stderr] done.
[INFO] started tweaking git repo https://github.com/m1dugh/k8s-postgresql-controller
[INFO] finished tweaking git repo https://github.com/m1dugh/k8s-postgresql-controller
[INFO] tweaked toml for git repo https://github.com/m1dugh/k8s-postgresql-controller written to /workspace/builds/worker-2-tc2/source/Cargo.toml
[INFO] validating manifest of git repo https://github.com/m1dugh/k8s-postgresql-controller on toolchain f4dd856795debe636f2ba39a900f162f5abeb7e8
[INFO] running `Command { std: CARGO_HOME="/workspace/cargo-home" RUSTUP_HOME="/workspace/rustup-home" "/workspace/cargo-home/bin/cargo" "+f4dd856795debe636f2ba39a900f162f5abeb7e8" "metadata" "--manifest-path" "Cargo.toml" "--no-deps", kill_on_drop: false }`
[INFO] crate git repo https://github.com/m1dugh/k8s-postgresql-controller already has a lockfile, it will not be regenerated
[INFO] running `Command { std: CARGO_HOME="/workspace/cargo-home" RUSTUP_HOME="/workspace/rustup-home" "/workspace/cargo-home/bin/cargo" "+f4dd856795debe636f2ba39a900f162f5abeb7e8" "fetch" "--manifest-path" "Cargo.toml", kill_on_drop: false }`
[INFO] [stderr]     Blocking waiting for file lock on package cache
[INFO] [stderr]     Updating crates.io index
[INFO] [stderr]     Blocking waiting for file lock on package cache
[INFO] [stderr]  Downloading crates ...
[INFO] [stderr]   Downloaded dyn-clone v1.0.16
[INFO] [stderr]   Downloaded schemars_derive v0.8.16
[INFO] [stderr]   Downloaded serde_derive_internals v0.26.0
[INFO] [stderr]   Downloaded tempfile v3.9.0
[INFO] [stderr]   Downloaded proc-macro2 v1.0.74
[INFO] [stderr]   Downloaded smallvec v1.11.1
[INFO] [stderr]   Downloaded yansi v1.0.0-rc.1
[INFO] [stderr]   Downloaded ref-cast-impl v1.0.22
[INFO] [stderr]   Downloaded schemars v0.8.16
[INFO] [stderr]   Downloaded ref-cast v1.0.22
[INFO] [stderr]   Downloaded pear v0.2.8
[INFO] [stderr]   Downloaded pear_codegen v0.2.8
[INFO] [stderr]   Downloaded serde_yaml v0.9.30
[INFO] [stderr]   Downloaded serde_derive v1.0.194
[INFO] [stderr]   Downloaded serde v1.0.194
[INFO] [stderr]   Downloaded syn v2.0.46
[INFO] [stderr]   Downloaded allocator-api2 v0.2.16
[INFO] [stderr]   Downloaded devise v0.4.1
[INFO] [stderr]   Downloaded devise_core v0.4.1
[INFO] [stderr]   Downloaded devise_codegen v0.4.1
[INFO] [stderr]   Downloaded cookie v0.18.0
[INFO] [stderr]   Downloaded serde_spanned v0.6.5
[INFO] [stderr]   Downloaded kube v0.87.2
[INFO] [stderr]   Downloaded rocket_http v0.5.0
[INFO] [stderr]   Downloaded serde_json v1.0.110
[INFO] [stderr]   Downloaded figment v0.10.13
[INFO] [stderr]   Downloaded toml v0.8.8
[INFO] [stderr]   Downloaded kube-runtime v0.87.2
[INFO] [stderr]   Downloaded hyper-timeout v0.4.1
[INFO] [stderr]   Downloaded jsonpath-rust v0.3.5
[INFO] [stderr]   Downloaded pest_generator v2.7.5
[INFO] [stderr]   Downloaded tokio-io-timeout v1.2.0
[INFO] [stderr]   Downloaded kube-derive v0.87.2
[INFO] [stderr]   Downloaded kube-core v0.87.2
[INFO] [stderr]   Downloaded json-patch v1.2.0
[INFO] [stderr]   Downloaded pest_meta v2.7.5
[INFO] [stderr]   Downloaded rocket_codegen v0.5.0
[INFO] [stderr]   Downloaded toml_edit v0.21.0
[INFO] [stderr]   Downloaded kube-client v0.87.2
[INFO] [stderr]   Downloaded pest_derive v2.7.5
[INFO] [stderr]   Downloaded pest v2.7.5
[INFO] [stderr]   Downloaded winnow v0.5.33
[INFO] [stderr]   Downloaded tower-http v0.4.4
[INFO] [stderr]   Downloaded rocket v0.5.0
[INFO] [stderr]   Downloaded k8s-openapi v0.20.0
[INFO] running `Command { std: "docker" "create" "-v" "/var/lib/crater-agent-workspace/builds/worker-2-tc2/source:/opt/rustwide/workdir:ro,Z" "-v" "/var/lib/crater-agent-workspace/builds/worker-2-tc2/target:/opt/rustwide/target:rw,Z" "-v" "/var/lib/crater-agent-workspace/cargo-home:/opt/rustwide/cargo-home:ro,Z" "-v" "/var/lib/crater-agent-workspace/rustup-home:/opt/rustwide/rustup-home:ro,Z" "-m" "1610612736" "--network" "none" "ghcr.io/rust-lang/crates-build-env/linux@sha256:3111399a4047eeb3a02b7a90e478d715f38a8c6669b5c4b49d30a17385265909" "sleep" "infinity", kill_on_drop: false }`
[INFO] [stdout] 27ca1860435a6e3714b9bb9fcd1966e482bb8d24e7524014d1d5e6ce946d85f5
[INFO] running `Command { std: "docker" "start" "27ca1860435a6e3714b9bb9fcd1966e482bb8d24e7524014d1d5e6ce946d85f5", kill_on_drop: false }`
[INFO] running `Command { std: "docker" "inspect" "27ca1860435a6e3714b9bb9fcd1966e482bb8d24e7524014d1d5e6ce946d85f5", kill_on_drop: false }`
[INFO] running `Command { std: "docker" "exec" "-e" "SOURCE_DIR=/opt/rustwide/workdir" "-e" "CARGO_HOME=/opt/rustwide/cargo-home" "-e" "RUSTUP_HOME=/opt/rustwide/rustup-home" "-e" "CARGO_TARGET_DIR=/opt/rustwide/target" "-w" "/opt/rustwide/workdir" "--user" "0:0" "27ca1860435a6e3714b9bb9fcd1966e482bb8d24e7524014d1d5e6ce946d85f5" "/opt/rustwide/cargo-home/bin/cargo" "+f4dd856795debe636f2ba39a900f162f5abeb7e8" "metadata" "--no-deps" "--format-version=1", kill_on_drop: false }`
[INFO] running `Command { std: "docker" "inspect" "27ca1860435a6e3714b9bb9fcd1966e482bb8d24e7524014d1d5e6ce946d85f5", kill_on_drop: false }`
[INFO] running `Command { std: "docker" "exec" "-e" "SOURCE_DIR=/opt/rustwide/workdir" "-e" "CARGO_HOME=/opt/rustwide/cargo-home" "-e" "RUSTUP_HOME=/opt/rustwide/rustup-home" "-e" "CARGO_TARGET_DIR=/opt/rustwide/target" "-e" "CARGO_INCREMENTAL=0" "-e" "RUST_BACKTRACE=full" "-e" "RUSTFLAGS=--cap-lints=forbid" "-e" "RUSTDOCFLAGS=--cap-lints=forbid" "-w" "/opt/rustwide/workdir" "--user" "0:0" "27ca1860435a6e3714b9bb9fcd1966e482bb8d24e7524014d1d5e6ce946d85f5" "/opt/rustwide/cargo-home/bin/cargo" "+f4dd856795debe636f2ba39a900f162f5abeb7e8" "check" "--frozen" "--all" "--all-targets" "--message-format=json", kill_on_drop: false }`
[INFO] [stderr]    Compiling proc-macro2 v1.0.74
[INFO] [stderr]    Compiling libc v0.2.151
[INFO] [stderr]    Compiling serde v1.0.194
[INFO] [stderr]     Checking log v0.4.20
[INFO] [stderr]     Checking allocator-api2 v0.2.16
[INFO] [stderr]    Compiling thiserror v1.0.56
[INFO] [stderr]    Compiling proc-macro2-diagnostics v0.10.1
[INFO] [stderr]     Checking base64 v0.21.5
[INFO] [stderr]    Compiling once_cell v1.19.0
[INFO] [stderr]    Compiling memchr v2.7.1
[INFO] [stderr]     Checking bitflags v2.4.1
[INFO] [stderr]    Compiling yansi v1.0.0-rc.1
[INFO] [stderr]    Compiling serde_json v1.0.110
[INFO] [stderr]     Checking spin v0.9.8
[INFO] [stderr]    Compiling num-traits v0.2.17
[INFO] [stderr]    Compiling syn v1.0.109
[INFO] [stderr]     Checking tower-service v0.3.2
[INFO] [stderr]     Checking http-body v0.4.6
[INFO] [stderr]    Compiling rustix v0.38.28
[INFO] [stderr]    Compiling time-macros v0.2.16
[INFO] [stderr]     Checking linux-raw-sys v0.4.12
[INFO] [stderr]    Compiling ucd-trie v0.1.6
[INFO] [stderr]    Compiling cookie v0.18.0
[INFO] [stderr]    Compiling futures-core v0.3.30
[INFO] [stderr]     Checking subtle v2.5.0
[INFO] [stderr]     Checking smallvec v1.11.1
[INFO] [stderr]    Compiling ref-cast v1.0.22
[INFO] [stderr]    Compiling rustls v0.21.10
[INFO] [stderr]    Compiling futures-sink v0.3.30
[INFO] [stderr]     Checking aho-corasick v1.1.2
[INFO] [stderr]    Compiling async-trait v0.1.77
[INFO] [stderr]     Checking digest v0.10.7
[INFO] [stderr]     Checking iana-time-zone v0.1.59
[INFO] [stderr]    Compiling k8s-openapi v0.20.0
[INFO] [stderr]    Compiling futures-task v0.3.30
[INFO] [stderr]    Compiling schemars v0.8.16
[INFO] [stderr]    Compiling futures-channel v0.3.30
[INFO] [stderr]     Checking rustls-pemfile v1.0.4
[INFO] [stderr]    Compiling tracing-core v0.1.32
[INFO] [stderr]    Compiling uncased v0.9.9
[INFO] [stderr]    Compiling futures-util v0.3.30
[INFO] [stderr]    Compiling strsim v0.10.0
[INFO] [stderr]     Checking tower-layer v0.3.2
[INFO] [stderr]     Checking dyn-clone v1.0.16
[INFO] [stderr]     Checking either v1.9.0
[INFO] [stderr]     Checking getrandom v0.2.11
[INFO] [stderr]     Checking signal-hook-registry v1.4.1
[INFO] [stderr]     Checking socket2 v0.5.5
[INFO] [stderr]     Checking mio v0.8.10
[INFO] [stderr]     Checking num_cpus v1.16.0
[INFO] [stderr]    Compiling cc v1.0.83
[INFO] [stderr]     Checking parking_lot_core v0.9.9
[INFO] [stderr]    Compiling quote v1.0.35
[INFO] [stderr]     Checking ahash v0.8.7
[INFO] [stderr]     Checking rand_core v0.6.4
[INFO] [stderr]     Checking parking_lot v0.12.1
[INFO] [stderr]    Compiling tracing v0.1.40
[INFO] [stderr]     Checking rustls-native-certs v0.6.3
[INFO] [stderr]     Checking rand_chacha v0.3.1
[INFO] [stderr]    Compiling syn v2.0.46
[INFO] [stderr]     Checking hashbrown v0.14.3
[INFO] [stderr]    Compiling tokio v1.35.1
[INFO] [stderr]     Checking rand v0.8.5
[INFO] [stderr]     Checking unicode-normalization v0.1.22
[INFO] [stderr]     Checking ordered-float v2.10.1
[INFO] [stderr]    Compiling httparse v1.8.0
[INFO] [stderr]     Checking finl_unicode v1.2.0
[INFO] [stderr]     Checking regex-automata v0.4.3
[INFO] [stderr]     Checking http-range-header v0.3.1
[INFO] [stderr]    Compiling time v0.3.31
[INFO] [stderr]     Checking winnow v0.5.33
[INFO] [stderr]     Checking cpufeatures v0.2.11
[INFO] [stderr]     Checking inlinable_string v0.1.15
[INFO] [stderr]     Checking unsafe-libyaml v0.2.10
[INFO] [stderr]     Checking unicode-bidi v0.3.14
[INFO] [stderr]     Checking zeroize v1.7.0
[INFO] [stderr]    Compiling futures-io v0.3.30
[INFO] [stderr]     Checking sha2 v0.10.8
[INFO] [stderr]     Checking is-terminal v0.4.10
[INFO] [stderr]    Compiling ring v0.17.7
[INFO] [stdout] error[E0282]: type annotations needed for `Box<_>`
[INFO] [stdout]   --> /opt/rustwide/cargo-home/registry/src/index.crates.io-1949cf8c6b5b557f/time-0.3.31/src/format_description/parse/mod.rs:83:9
[INFO] [stdout]    |
[INFO] [stdout] 83 |     let items = format_items
[INFO] [stdout]    |         ^^^^^
[INFO] [stdout] ...
[INFO] [stdout] 86 |     Ok(items.into())
[INFO] [stdout]    |        ----- type must be known at this point
[INFO] [stdout]    |
[INFO] [stdout] help: consider giving `items` an explicit type, where the placeholder `_` is specified
[INFO] [stdout]    |
[INFO] [stdout] 83 |     let items: Box<_> = format_items
[INFO] [stdout]    |              ++++++++
[INFO] [stdout] 
[INFO] [stdout] 
[INFO] [stderr]     Checking hmac v0.12.1
[INFO] [stderr]    Compiling futures v0.3.30
[INFO] [stderr]     Checking md-5 v0.10.6
[INFO] [stderr]    Compiling stable-pattern v0.1.0
[INFO] [stderr]     Checking pem v3.0.3
[INFO] [stderr]    Compiling indexmap v2.1.0
[INFO] [stderr]     Checking stringprep v0.1.4
[INFO] [stderr]    Compiling figment v0.10.13
[INFO] [stderr]     Checking instant v0.1.12
[INFO] [stderr]    Compiling multer v2.1.0
[INFO] [stderr]     Checking siphasher v0.3.11
[INFO] [stderr]     Checking fallible-iterator v0.2.0
[INFO] [stderr]    Compiling ryu v1.0.16
[INFO] [stderr]     Checking phf_shared v0.11.2
[INFO] [stderr]     Checking backoff v0.4.0
[INFO] [stderr]    Compiling rocket v0.5.0
[INFO] [stderr]    Compiling unicode-xid v0.2.4
[INFO] [stderr]     Checking state v0.6.0
[INFO] [stderr]     Checking fastrand v2.0.1
[INFO] [stderr]     Checking phf v0.11.2
[INFO] [stdout] error[E0282]: type annotations needed for `Box<_>`
[INFO] [stdout]   --> /opt/rustwide/cargo-home/registry/src/index.crates.io-1949cf8c6b5b557f/time-0.3.31/src/format_description/parse/mod.rs:83:9
[INFO] [stdout]    |
[INFO] [stdout] 83 |     let items = format_items
[INFO] [stdout]    |         ^^^^^
[INFO] [stdout] ...
[INFO] [stdout] 86 |     Ok(items.into())
[INFO] [stdout]    |        ----- type must be known at this point
[INFO] [stdout]    |
[INFO] [stdout] help: consider giving `items` an explicit type, where the placeholder `_` is specified
[INFO] [stdout]    |
[INFO] [stdout] 83 |     let items: Box<_> = format_items
[INFO] [stdout]    |              ++++++++
[INFO] [stdout] 
[INFO] [stdout] 
[INFO] [stderr]     Checking tempfile v3.9.0
[INFO] [stderr]     Checking atomic v0.5.3
[INFO] [stderr]     Checking binascii v0.1.4
[INFO] [stderr]     Checking whoami v1.4.1
[INFO] [stderr]     Checking postgres-protocol v0.6.6
[INFO] [stdout] For more information about this error, try `rustc --explain E0282`.
[INFO] [stdout] 
[INFO] [stderr]     Checking postgres-types v0.2.6
[INFO] [stderr] error: could not compile `time` (lib) due to 1 previous error
[INFO] [stderr] warning: build failed, waiting for other jobs to finish...
[INFO] [stdout] For more information about this error, try `rustc --explain E0282`.
[INFO] [stdout] 
[INFO] [stderr] error: could not compile `time` (lib) due to 1 previous error
[INFO] running `Command { std: "docker" "inspect" "27ca1860435a6e3714b9bb9fcd1966e482bb8d24e7524014d1d5e6ce946d85f5", kill_on_drop: false }`
[INFO] running `Command { std: "docker" "rm" "-f" "27ca1860435a6e3714b9bb9fcd1966e482bb8d24e7524014d1d5e6ce946d85f5", kill_on_drop: false }`
[INFO] [stdout] 27ca1860435a6e3714b9bb9fcd1966e482bb8d24e7524014d1d5e6ce946d85f5
