[INFO] cloning repository https://github.com/lokegustafsson/amba-bsc-thesis
[INFO] running `Command { std: "git" "-c" "credential.helper=" "-c" "credential.helper=/workspace/cargo-home/bin/git-credential-null" "clone" "--bare" "https://github.com/lokegustafsson/amba-bsc-thesis" "/workspace/cache/git-repos/https%3A%2F%2Fgithub.com%2Flokegustafsson%2Famba-bsc-thesis", kill_on_drop: false }`
[INFO] [stderr] Cloning into bare repository '/workspace/cache/git-repos/https%3A%2F%2Fgithub.com%2Flokegustafsson%2Famba-bsc-thesis'...
[INFO] running `Command { std: "git" "rev-parse" "HEAD", kill_on_drop: false }`
[INFO] [stdout] 401f9d605807efc91df665d0d359a4fe3968ac18
[INFO] checking lokegustafsson/amba-bsc-thesis/401f9d605807efc91df665d0d359a4fe3968ac18 against c999cef531ea9059e189e82fe0e82c5daf249bc9 for pr-160904
[INFO] running `Command { std: "git" "clone" "/workspace/cache/git-repos/https%3A%2F%2Fgithub.com%2Flokegustafsson%2Famba-bsc-thesis" "/workspace/builds/worker-0-tc1/source", kill_on_drop: false }`
[INFO] [stderr] Cloning into '/workspace/builds/worker-0-tc1/source'...
[INFO] [stderr] done.
[INFO] removed /workspace/builds/worker-0-tc1/source/.cargo/config.toml
[INFO] started tweaking git repo https://github.com/lokegustafsson/amba-bsc-thesis
[INFO] finished tweaking git repo https://github.com/lokegustafsson/amba-bsc-thesis
[INFO] tweaked toml for git repo https://github.com/lokegustafsson/amba-bsc-thesis written to /workspace/builds/worker-0-tc1/source/Cargo.toml
[INFO] validating manifest of git repo https://github.com/lokegustafsson/amba-bsc-thesis on toolchain c999cef531ea9059e189e82fe0e82c5daf249bc9
[INFO] running `Command { std: CARGO_HOME="/workspace/cargo-home" RUSTUP_HOME="/workspace/rustup-home" "/workspace/cargo-home/bin/cargo" "+c999cef531ea9059e189e82fe0e82c5daf249bc9" "metadata" "--manifest-path" "Cargo.toml" "--no-deps", kill_on_drop: false }`
[INFO] crate git repo https://github.com/lokegustafsson/amba-bsc-thesis already has a lockfile, it will not be regenerated
[INFO] running `Command { std: CARGO_HOME="/workspace/cargo-home" RUSTUP_HOME="/workspace/rustup-home" "/workspace/cargo-home/bin/cargo" "+c999cef531ea9059e189e82fe0e82c5daf249bc9" "fetch" "--manifest-path" "Cargo.toml", kill_on_drop: false }`
[INFO] [stderr] warning: virtual workspace defaulting to `resolver = "1"` despite one or more workspace members being on edition 2021 which implies `resolver = "2"`
[INFO] [stderr]   |
[INFO] [stderr]   = note: to keep the current resolver, specify `workspace.resolver = "1"` in the workspace root's manifest
[INFO] [stderr]   = note: to use the edition 2021 resolver, specify `workspace.resolver = "2"` in the workspace root's manifest
[INFO] [stderr]   = note: for more details see https://doc.rust-lang.org/cargo/reference/resolver.html#resolver-versions
[INFO] [stderr]     Updating crates.io index
[INFO] [stderr]  Downloading crates ...
[INFO] [stderr]   Downloaded unicode-linebreak v0.1.4
[INFO] [stderr]   Downloaded proc-macro2 v1.0.53
[INFO] [stderr]   Downloaded terminal_size v0.1.17
[INFO] [stderr]   Downloaded autocxx-macro v0.24.0
[INFO] [stderr]   Downloaded futures-io v0.3.26
[INFO] [stderr]   Downloaded windows-targets v0.42.1
[INFO] [stderr]   Downloaded raw-window-handle v0.5.1
[INFO] [stderr]   Downloaded autocxx-parser v0.24.0
[INFO] [stderr]   Downloaded ecolor v0.21.0
[INFO] [stderr]   Downloaded atomic_refcell v0.1.9
[INFO] [stderr]   Downloaded supports-hyperlinks v1.2.0
[INFO] [stderr]   Downloaded miette-derive v5.5.0
[INFO] [stderr]   Downloaded cxxbridge-flags v1.0.89
[INFO] [stderr]   Downloaded autocxx-build v0.24.0
[INFO] [stderr]   Downloaded strict-num v0.1.0
[INFO] [stderr]   Downloaded io-arc v1.0.0
[INFO] [stderr]   Downloaded bytemuck_derive v1.4.0
[INFO] [stderr]   Downloaded supports-color v1.3.1
[INFO] [stderr]   Downloaded is_ci v1.1.1
[INFO] [stderr]   Downloaded egui-winit v0.21.1
[INFO] [stderr]   Downloaded supports-unicode v1.0.2
[INFO] [stderr]   Downloaded rustversion v1.0.11
[INFO] [stderr]   Downloaded autocxx v0.24.0
[INFO] [stderr]   Downloaded ab_glyph v0.2.20
[INFO] [stderr]   Downloaded miette v5.5.0
[INFO] [stderr]   Downloaded glutin_egl_sys v0.4.0
[INFO] [stderr]   Downloaded emath v0.21.0
[INFO] [stderr]   Downloaded sctk-adwaita v0.5.3
[INFO] [stderr]   Downloaded tiny-skia-path v0.8.3
[INFO] [stderr]   Downloaded egui_glow v0.21.0
[INFO] [stderr]   Downloaded humansize v1.1.1
[INFO] [stderr]   Downloaded chrono-tz-build v0.0.3
[INFO] [stderr]   Downloaded filetime v0.2.20
[INFO] [stderr]   Downloaded elsa v1.8.0
[INFO] [stderr]   Downloaded scratch v1.0.3
[INFO] [stderr]   Downloaded futures-sink v0.3.26
[INFO] [stderr]   Downloaded futures-core v0.3.26
[INFO] [stderr]   Downloaded include_dir v0.7.3
[INFO] [stderr]   Downloaded include_dir_macros v0.7.3
[INFO] [stderr]   Downloaded ctrlc v3.2.5
[INFO] [stderr]   Downloaded futures-task v0.3.26
[INFO] [stderr]   Downloaded is-terminal v0.4.4
[INFO] [stderr]   Downloaded clap_lex v0.3.2
[INFO] [stderr]   Downloaded clang-sys v1.4.0
[INFO] [stderr]   Downloaded moveit v0.5.1
[INFO] [stderr]   Downloaded calloop v0.10.5
[INFO] [stderr]   Downloaded webbrowser v0.8.8
[INFO] [stderr]   Downloaded unicode-bidi v0.3.10
[INFO] [stderr]   Downloaded pest_derive v2.5.5
[INFO] [stderr]   Downloaded pest_generator v2.5.5
[INFO] [stderr]   Downloaded futures-channel v0.3.26
[INFO] [stderr]   Downloaded cookie_store v0.16.1
[INFO] [stderr]   Downloaded clap_derive v4.1.0
[INFO] [stderr]   Downloaded textwrap v0.15.2
[INFO] [stderr]   Downloaded eframe v0.21.3
[INFO] [stderr]   Downloaded glutin v0.30.7
[INFO] [stderr]   Downloaded pest_meta v2.5.5
[INFO] [stderr]   Downloaded io-lifetimes v1.0.5
[INFO] [stderr]   Downloaded cxxbridge-macro v1.0.89
[INFO] [stderr]   Downloaded prettyplease v0.1.23
[INFO] [stderr]   Downloaded cxx-gen v0.7.89
[INFO] [stderr]   Downloaded ignore v0.4.20
[INFO] [stderr]   Downloaded tar v0.4.38
[INFO] [stderr]   Downloaded async-compression v0.3.15
[INFO] [stderr]   Downloaded cpp_demangle v0.4.0
[INFO] [stderr]   Downloaded toml_edit v0.19.7
[INFO] [stderr]   Downloaded tera v1.17.1
[INFO] [stderr]   Downloaded cxx-build v1.0.91
[INFO] [stderr]   Downloaded capstone v0.11.0
[INFO] [stderr]   Downloaded serde_json v1.0.92
[INFO] [stderr]   Downloaded pest v2.5.5
[INFO] [stderr]   Downloaded autocxx-engine v0.24.0
[INFO] [stderr]   Downloaded owned_ttf_parser v0.18.1
[INFO] [stderr]   Downloaded ttf-parser v0.18.1
[INFO] [stderr]   Downloaded objc2 v0.3.0-beta.3
[INFO] [stderr]   Downloaded reqwest v0.11.14
[INFO] [stderr]   Downloaded tiny-skia v0.8.3
[INFO] [stderr]   Downloaded winnow v0.3.6
[INFO] [stderr]   Downloaded futures-util v0.3.26
[INFO] [stderr]   Downloaded hyper v0.14.24
[INFO] [stderr]   Downloaded proptest v1.1.0
[INFO] [stderr]   Downloaded autocxx-bindgen v0.62.1
[INFO] [stderr]   Downloaded android-activity v0.4.1
[INFO] [stderr]   Downloaded brotli-decompressor v2.3.4
[INFO] [stderr]   Downloaded egui v0.21.0
[INFO] [stderr]   Downloaded clap v4.1.6
[INFO] [stderr]   Downloaded glam v0.23.0
[INFO] [stderr]   Downloaded aquamarine v0.1.12
[INFO] [stderr]   Downloaded rustix v0.36.8
[INFO] [stderr]   Downloaded windows_x86_64_gnullvm v0.42.1
[INFO] [stderr]   Downloaded windows_aarch64_gnullvm v0.42.1
[INFO] [stderr]   Downloaded bstr v1.3.0
[INFO] [stderr]   Downloaded winit v0.28.3
[INFO] [stderr]   Downloaded chrono-tz v0.6.3
[INFO] [stderr]   Downloaded windows_x86_64_msvc v0.42.1
[INFO] [stderr]   Downloaded windows_aarch64_msvc v0.42.1
[INFO] [stderr]   Downloaded windows_x86_64_gnu v0.42.1
[INFO] [stderr]   Downloaded cxx v1.0.89
[INFO] [stderr]   Downloaded gimli v0.27.1
[INFO] [stderr]   Downloaded windows_i686_msvc v0.42.1
[INFO] [stderr]   Downloaded windows_i686_gnu v0.42.1
[INFO] [stderr]   Downloaded epaint v0.21.0
[INFO] [stderr]   Downloaded orbclient v0.3.43
[INFO] [stderr]   Downloaded brotli v3.3.4
[INFO] [stderr]   Downloaded capstone-sys v0.15.0
[INFO] running `Command { std: "docker" "create" "-v" "/var/lib/crater-agent-workspace/builds/worker-0-tc1/source:/opt/rustwide/workdir:ro,Z" "-v" "/var/lib/crater-agent-workspace/builds/worker-0-tc1/target:/opt/rustwide/target:rw,Z" "-v" "/var/lib/crater-agent-workspace/cargo-home:/opt/rustwide/cargo-home:ro,Z" "-v" "/var/lib/crater-agent-workspace/rustup-home:/opt/rustwide/rustup-home:ro,Z" "-m" "1610612736" "--network" "none" "ghcr.io/rust-lang/crates-build-env/linux@sha256:3111399a4047eeb3a02b7a90e478d715f38a8c6669b5c4b49d30a17385265909" "sleep" "infinity", kill_on_drop: false }`
[INFO] [stdout] 4ea4e379b7d13cc508858acd458ba5fcef5bc46bbb5194fc926ad7968e89189e
[INFO] running `Command { std: "docker" "start" "4ea4e379b7d13cc508858acd458ba5fcef5bc46bbb5194fc926ad7968e89189e", kill_on_drop: false }`
[INFO] running `Command { std: "docker" "inspect" "4ea4e379b7d13cc508858acd458ba5fcef5bc46bbb5194fc926ad7968e89189e", kill_on_drop: false }`
[INFO] running `Command { std: "docker" "exec" "-e" "SOURCE_DIR=/opt/rustwide/workdir" "-e" "CARGO_HOME=/opt/rustwide/cargo-home" "-e" "RUSTUP_HOME=/opt/rustwide/rustup-home" "-e" "CARGO_TARGET_DIR=/opt/rustwide/target" "-w" "/opt/rustwide/workdir" "--user" "0:0" "4ea4e379b7d13cc508858acd458ba5fcef5bc46bbb5194fc926ad7968e89189e" "/opt/rustwide/cargo-home/bin/cargo" "+c999cef531ea9059e189e82fe0e82c5daf249bc9" "metadata" "--no-deps" "--format-version=1", kill_on_drop: false }`
[INFO] running `Command { std: "docker" "inspect" "4ea4e379b7d13cc508858acd458ba5fcef5bc46bbb5194fc926ad7968e89189e", kill_on_drop: false }`
[INFO] running `Command { std: "docker" "exec" "-e" "SOURCE_DIR=/opt/rustwide/workdir" "-e" "CARGO_HOME=/opt/rustwide/cargo-home" "-e" "RUSTUP_HOME=/opt/rustwide/rustup-home" "-e" "CARGO_TARGET_DIR=/opt/rustwide/target" "-e" "CARGO_INCREMENTAL=0" "-e" "RUST_BACKTRACE=full" "-e" "RUSTFLAGS=--cap-lints=forbid" "-e" "RUSTDOCFLAGS=--cap-lints=forbid" "-w" "/opt/rustwide/workdir" "--user" "0:0" "4ea4e379b7d13cc508858acd458ba5fcef5bc46bbb5194fc926ad7968e89189e" "/opt/rustwide/cargo-home/bin/cargo" "+c999cef531ea9059e189e82fe0e82c5daf249bc9" "check" "--frozen" "--all" "--all-targets" "--message-format=json", kill_on_drop: false }`
[INFO] [stderr] warning: virtual workspace defaulting to `resolver = "1"` despite one or more workspace members being on edition 2021 which implies `resolver = "2"`
[INFO] [stderr]   |
[INFO] [stderr]   = note: to keep the current resolver, specify `workspace.resolver = "1"` in the workspace root's manifest
[INFO] [stderr]   = note: to use the edition 2021 resolver, specify `workspace.resolver = "2"` in the workspace root's manifest
[INFO] [stderr]   = note: for more details see https://doc.rust-lang.org/cargo/reference/resolver.html#resolver-versions
[INFO] [stderr]    Compiling libc v0.2.139
[INFO] [stderr]    Compiling proc-macro2 v1.0.53
[INFO] [stderr]    Compiling unicode-ident v1.0.6
[INFO] [stderr]    Compiling quote v1.0.26
[INFO] [stderr]    Compiling syn v1.0.107
[INFO] [stderr]    Compiling serde_derive v1.0.152
[INFO] [stderr]    Compiling serde v1.0.152
[INFO] [stderr]    Compiling memchr v2.5.0
[INFO] [stderr]     Checking once_cell v1.17.0
[INFO] [stderr]    Compiling thiserror v1.0.38
[INFO] [stderr]    Compiling pkg-config v0.3.26
[INFO] [stderr]    Compiling crc32fast v1.3.2
[INFO] [stderr]    Compiling xml-rs v0.8.4
[INFO] [stderr]     Checking tracing-core v0.1.30
[INFO] [stdout] error[E0422]: cannot find struct, variant or union type `LineColumn` in crate `proc_macro`
[INFO] [stdout]    --> /opt/rustwide/cargo-home/registry/src/index.crates.io-1949cf8c6b5b557f/proc-macro2-1.0.53/src/wrapper.rs:475:33
[INFO] [stdout]     |
[INFO] [stdout] 475 |                 let proc_macro::LineColumn { line, column } = s.start();
[INFO] [stdout]     |                                 ^^^^^^^^^^ not found in `proc_macro`
[INFO] [stdout]     |
[INFO] [stdout] help: consider importing this struct through its public re-export
[INFO] [stdout]     |
[INFO] [stdout]   1 + use crate::LineColumn;
[INFO] [stdout]     |
[INFO] [stdout] help: if you import `LineColumn`, refer to it directly
[INFO] [stdout]     |
[INFO] [stdout] 475 -                 let proc_macro::LineColumn { line, column } = s.start();
[INFO] [stdout] 475 +                 let LineColumn { line, column } = s.start();
[INFO] [stdout]     |
[INFO] [stdout] 
[INFO] [stdout] 
[INFO] [stdout] error[E0422]: cannot find struct, variant or union type `LineColumn` in crate `proc_macro`
[INFO] [stdout]    --> /opt/rustwide/cargo-home/registry/src/index.crates.io-1949cf8c6b5b557f/proc-macro2-1.0.53/src/wrapper.rs:489:33
[INFO] [stdout]     |
[INFO] [stdout] 489 |                 let proc_macro::LineColumn { line, column } = s.end();
[INFO] [stdout]     |                                 ^^^^^^^^^^ not found in `proc_macro`
[INFO] [stdout]     |
[INFO] [stdout] help: consider importing this struct through its public re-export
[INFO] [stdout]     |
[INFO] [stdout]   1 + use crate::LineColumn;
[INFO] [stdout]     |
[INFO] [stdout] help: if you import `LineColumn`, refer to it directly
[INFO] [stdout]     |
[INFO] [stdout] 489 -                 let proc_macro::LineColumn { line, column } = s.end();
[INFO] [stdout] 489 +                 let LineColumn { line, column } = s.end();
[INFO] [stdout]     |
[INFO] [stdout] 
[INFO] [stdout] 
[INFO] [stdout] error[E0635]: unknown feature `proc_macro_span_shrink`
[INFO] [stdout]   --> /opt/rustwide/cargo-home/registry/src/index.crates.io-1949cf8c6b5b557f/proc-macro2-1.0.53/src/lib.rs:92:30
[INFO] [stdout]    |
[INFO] [stdout] 92 |     feature(proc_macro_span, proc_macro_span_shrink)
[INFO] [stdout]    |                              ^^^^^^^^^^^^^^^^^^^^^^
[INFO] [stdout]    |
[INFO] [stdout] help: there is a feature with a similar name: `proc_macro_span_file`
[INFO] [stdout]    |
[INFO] [stdout] 92 -     feature(proc_macro_span, proc_macro_span_shrink)
[INFO] [stdout] 92 +     feature(proc_macro_span, proc_macro_span_file)
[INFO] [stdout]    |
[INFO] [stdout] 
[INFO] [stdout] 
[INFO] [stderr]    Compiling log v0.4.17
[INFO] [stderr]    Compiling memoffset v0.6.5
[INFO] [stderr]    Compiling ahash v0.7.6
[INFO] [stderr]     Checking libloading v0.7.4
[INFO] [stdout] Some errors have detailed explanations: E0422, E0635.
[INFO] [stdout] 
[INFO] [stdout] For more information about an error, try `rustc --explain E0422`.
[INFO] [stdout] 
[INFO] [stderr] error: could not compile `proc-macro2` (lib) due to 3 previous errors
[INFO] [stderr] warning: build failed, waiting for other jobs to finish...
[INFO] running `Command { std: "docker" "inspect" "4ea4e379b7d13cc508858acd458ba5fcef5bc46bbb5194fc926ad7968e89189e", kill_on_drop: false }`
[INFO] running `Command { std: "docker" "rm" "-f" "4ea4e379b7d13cc508858acd458ba5fcef5bc46bbb5194fc926ad7968e89189e", kill_on_drop: false }`
[INFO] [stdout] 4ea4e379b7d13cc508858acd458ba5fcef5bc46bbb5194fc926ad7968e89189e
