[INFO] cloning repository https://github.com/linxunhuan/rust-
[INFO] running `Command { std: "git" "-c" "credential.helper=" "-c" "credential.helper=/workspace/cargo-home/bin/git-credential-null" "clone" "--bare" "https://github.com/linxunhuan/rust-" "/workspace/cache/git-repos/https%3A%2F%2Fgithub.com%2Flinxunhuan%2Frust-", kill_on_drop: false }`
[INFO] [stderr] Cloning into bare repository '/workspace/cache/git-repos/https%3A%2F%2Fgithub.com%2Flinxunhuan%2Frust-'...
[INFO] running `Command { std: "git" "rev-parse" "HEAD", kill_on_drop: false }`
[INFO] [stdout] 3b1b293bbaeeaa5fe583586bdddb60df3e8cc8a0
[INFO] checking linxunhuan/rust- against f4dd856795debe636f2ba39a900f162f5abeb7e8 for pr-160904
[INFO] running `Command { std: "git" "clone" "/workspace/cache/git-repos/https%3A%2F%2Fgithub.com%2Flinxunhuan%2Frust-" "/workspace/builds/worker-4-tc2/source", kill_on_drop: false }`
[INFO] [stderr] Cloning into '/workspace/builds/worker-4-tc2/source'...
[INFO] [stderr] done.
[INFO] started tweaking git repo https://github.com/linxunhuan/rust-
[INFO] finished tweaking git repo https://github.com/linxunhuan/rust-
[INFO] tweaked toml for git repo https://github.com/linxunhuan/rust- written to /workspace/builds/worker-4-tc2/source/Cargo.toml
[INFO] validating manifest of git repo https://github.com/linxunhuan/rust- on toolchain f4dd856795debe636f2ba39a900f162f5abeb7e8
[INFO] running `Command { std: CARGO_HOME="/workspace/cargo-home" RUSTUP_HOME="/workspace/rustup-home" "/workspace/cargo-home/bin/cargo" "+f4dd856795debe636f2ba39a900f162f5abeb7e8" "metadata" "--manifest-path" "Cargo.toml" "--no-deps", kill_on_drop: false }`
[INFO] crate git repo https://github.com/linxunhuan/rust- already has a lockfile, it will not be regenerated
[INFO] running `Command { std: CARGO_HOME="/workspace/cargo-home" RUSTUP_HOME="/workspace/rustup-home" "/workspace/cargo-home/bin/cargo" "+f4dd856795debe636f2ba39a900f162f5abeb7e8" "fetch" "--manifest-path" "Cargo.toml", kill_on_drop: false }`
[INFO] [stderr]     Blocking waiting for file lock on package cache
[INFO] [stderr]     Updating crates.io index
[INFO] [stderr]     Blocking waiting for file lock on package cache
[INFO] [stderr]  Downloading crates ...
[INFO] [stderr]   Downloaded commandext v0.1.0
[INFO] [stderr]   Downloaded utils v0.0.3
[INFO] [stderr]   Downloaded cc v1.1.37
[INFO] running `Command { std: "docker" "create" "-v" "/var/lib/crater-agent-workspace/builds/worker-4-tc2/source:/opt/rustwide/workdir:ro,Z" "-v" "/var/lib/crater-agent-workspace/builds/worker-4-tc2/target:/opt/rustwide/target:rw,Z" "-v" "/var/lib/crater-agent-workspace/cargo-home:/opt/rustwide/cargo-home:ro,Z" "-v" "/var/lib/crater-agent-workspace/rustup-home:/opt/rustwide/rustup-home:ro,Z" "-m" "1610612736" "--network" "none" "ghcr.io/rust-lang/crates-build-env/linux@sha256:3111399a4047eeb3a02b7a90e478d715f38a8c6669b5c4b49d30a17385265909" "sleep" "infinity", kill_on_drop: false }`
[INFO] [stdout] d672551e35275fe2472ef919c399f796866a414bb998468efae4cd62e23a891b
[INFO] running `Command { std: "docker" "start" "d672551e35275fe2472ef919c399f796866a414bb998468efae4cd62e23a891b", kill_on_drop: false }`
[INFO] running `Command { std: "docker" "inspect" "d672551e35275fe2472ef919c399f796866a414bb998468efae4cd62e23a891b", kill_on_drop: false }`
[INFO] running `Command { std: "docker" "exec" "-e" "SOURCE_DIR=/opt/rustwide/workdir" "-e" "CARGO_HOME=/opt/rustwide/cargo-home" "-e" "RUSTUP_HOME=/opt/rustwide/rustup-home" "-e" "CARGO_TARGET_DIR=/opt/rustwide/target" "-w" "/opt/rustwide/workdir" "--user" "0:0" "d672551e35275fe2472ef919c399f796866a414bb998468efae4cd62e23a891b" "/opt/rustwide/cargo-home/bin/cargo" "+f4dd856795debe636f2ba39a900f162f5abeb7e8" "metadata" "--no-deps" "--format-version=1", kill_on_drop: false }`
[INFO] running `Command { std: "docker" "inspect" "d672551e35275fe2472ef919c399f796866a414bb998468efae4cd62e23a891b", kill_on_drop: false }`
[INFO] running `Command { std: "docker" "exec" "-e" "SOURCE_DIR=/opt/rustwide/workdir" "-e" "CARGO_HOME=/opt/rustwide/cargo-home" "-e" "RUSTUP_HOME=/opt/rustwide/rustup-home" "-e" "CARGO_TARGET_DIR=/opt/rustwide/target" "-e" "CARGO_INCREMENTAL=0" "-e" "RUST_BACKTRACE=full" "-e" "RUSTFLAGS=--cap-lints=forbid" "-e" "RUSTDOCFLAGS=--cap-lints=forbid" "-w" "/opt/rustwide/workdir" "--user" "0:0" "d672551e35275fe2472ef919c399f796866a414bb998468efae4cd62e23a891b" "/opt/rustwide/cargo-home/bin/cargo" "+f4dd856795debe636f2ba39a900f162f5abeb7e8" "check" "--frozen" "--all" "--all-targets" "--message-format=json", kill_on_drop: false }`
[INFO] [stderr]    Compiling proc-macro2 v1.0.89
[INFO] [stderr]    Compiling libc v0.2.162
[INFO] [stderr]    Compiling serde v1.0.214
[INFO] [stderr]    Compiling gcc v0.3.55
[INFO] [stderr]     Checking commandext v0.1.0
[INFO] [stderr]     Checking rustc-serialize v0.3.25
[INFO] [stderr]    Compiling num-traits v0.2.19
[INFO] [stderr]     Checking utils v0.0.3
[INFO] [stdout] error: cannot find attribute `experimental` in this scope
[INFO] [stdout]   --> /opt/rustwide/cargo-home/registry/src/index.crates.io-1949cf8c6b5b557f/utils-0.0.3/src/lib.rs:83:3
[INFO] [stdout]    |
[INFO] [stdout] 83 | #[experimental]
[INFO] [stdout]    |   ^^^^^^^^^^^^
[INFO] [stdout] 
[INFO] [stdout] 
[INFO] [stdout] error: cannot find attribute `experimental` in this scope
[INFO] [stdout]   --> /opt/rustwide/cargo-home/registry/src/index.crates.io-1949cf8c6b5b557f/utils-0.0.3/src/lib.rs:77:3
[INFO] [stdout]    |
[INFO] [stdout] 77 | #[experimental]
[INFO] [stdout]    |   ^^^^^^^^^^^^
[INFO] [stdout] 
[INFO] [stdout] 
[INFO] [stdout] error: cannot find attribute `experimental` in this scope
[INFO] [stdout]   --> /opt/rustwide/cargo-home/registry/src/index.crates.io-1949cf8c6b5b557f/utils-0.0.3/src/lib.rs:37:3
[INFO] [stdout]    |
[INFO] [stdout] 37 | #[experimental]
[INFO] [stdout]    |   ^^^^^^^^^^^^
[INFO] [stdout] 
[INFO] [stdout] 
[INFO] [stdout] error: cannot find attribute `experimental` in this scope
[INFO] [stdout]   --> /opt/rustwide/cargo-home/registry/src/index.crates.io-1949cf8c6b5b557f/utils-0.0.3/src/lib.rs:29:3
[INFO] [stdout]    |
[INFO] [stdout] 29 | #[experimental]
[INFO] [stdout]    |   ^^^^^^^^^^^^
[INFO] [stdout] 
[INFO] [stdout] 
[INFO] [stdout] error: cannot find attribute `experimental` in this scope
[INFO] [stdout]   --> /opt/rustwide/cargo-home/registry/src/index.crates.io-1949cf8c6b5b557f/utils-0.0.3/src/lib.rs:13:3
[INFO] [stdout]    |
[INFO] [stdout] 13 | #[experimental]
[INFO] [stdout]    |   ^^^^^^^^^^^^
[INFO] [stdout] 
[INFO] [stdout] 
[INFO] [stdout] error: cannot find attribute `experimental` in this scope
[INFO] [stdout]   --> /opt/rustwide/cargo-home/registry/src/index.crates.io-1949cf8c6b5b557f/utils-0.0.3/src/empty.rs:63:3
[INFO] [stdout]    |
[INFO] [stdout] 63 | #[experimental]
[INFO] [stdout]    |   ^^^^^^^^^^^^
[INFO] [stdout] 
[INFO] [stdout] 
[INFO] [stdout] error: cannot find attribute `experimental` in this scope
[INFO] [stdout]   --> /opt/rustwide/cargo-home/registry/src/index.crates.io-1949cf8c6b5b557f/utils-0.0.3/src/empty.rs:45:3
[INFO] [stdout]    |
[INFO] [stdout] 45 | #[experimental]
[INFO] [stdout]    |   ^^^^^^^^^^^^
[INFO] [stdout] 
[INFO] [stdout] 
[INFO] [stdout] error: cannot find attribute `experimental` in this scope
[INFO] [stdout]   --> /opt/rustwide/cargo-home/registry/src/index.crates.io-1949cf8c6b5b557f/utils-0.0.3/src/empty.rs:37:3
[INFO] [stdout]    |
[INFO] [stdout] 37 | #[experimental]
[INFO] [stdout]    |   ^^^^^^^^^^^^
[INFO] [stdout] 
[INFO] [stdout] 
[INFO] [stdout] error: cannot find attribute `experimental` in this scope
[INFO] [stdout]   --> /opt/rustwide/cargo-home/registry/src/index.crates.io-1949cf8c6b5b557f/utils-0.0.3/src/empty.rs:29:3
[INFO] [stdout]    |
[INFO] [stdout] 29 | #[experimental]
[INFO] [stdout]    |   ^^^^^^^^^^^^
[INFO] [stdout] 
[INFO] [stdout] 
[INFO] [stdout] error: cannot find attribute `experimental` in this scope
[INFO] [stdout]   --> /opt/rustwide/cargo-home/registry/src/index.crates.io-1949cf8c6b5b557f/utils-0.0.3/src/empty.rs:21:3
[INFO] [stdout]    |
[INFO] [stdout] 21 | #[experimental]
[INFO] [stdout]    |   ^^^^^^^^^^^^
[INFO] [stdout] 
[INFO] [stdout] 
[INFO] [stdout] error: cannot find attribute `experimental` in this scope
[INFO] [stdout]   --> /opt/rustwide/cargo-home/registry/src/index.crates.io-1949cf8c6b5b557f/utils-0.0.3/src/empty.rs:14:3
[INFO] [stdout]    |
[INFO] [stdout] 14 | #[experimental]
[INFO] [stdout]    |   ^^^^^^^^^^^^
[INFO] [stdout] 
[INFO] [stdout] 
[INFO] [stdout] error[E0599]: no method named `as_slice` found for reference `&String` in the current scope
[INFO] [stdout]   --> /opt/rustwide/cargo-home/registry/src/index.crates.io-1949cf8c6b5b557f/utils-0.0.3/src/empty.rs:32:14
[INFO] [stdout]    |
[INFO] [stdout] 32 |         self.as_slice().is_empty()
[INFO] [stdout]    |              ^^^^^^^^ method not found in `&String`
[INFO] [stdout] 
[INFO] [stdout] 
[INFO] [stdout] error[E0609]: no field `output` on type `Output`
[INFO] [stdout]   --> /opt/rustwide/cargo-home/registry/src/index.crates.io-1949cf8c6b5b557f/utils-0.0.3/src/lib.rs:17:36
[INFO] [stdout]    |
[INFO] [stdout] 17 |             match str::from_utf8(p.output.as_slice()).unwrap().trim().parse() {
[INFO] [stdout]    |                                    ^^^^^^ unknown field
[INFO] [stdout]    |
[INFO] [stdout]    = note: available fields are: `status`, `stdout`, `stderr`
[INFO] [stdout] 
[INFO] [stdout] 
[INFO] [stdout] error[E0308]: mismatched types
[INFO] [stdout]   --> /opt/rustwide/cargo-home/registry/src/index.crates.io-1949cf8c6b5b557f/utils-0.0.3/src/lib.rs:18:17
[INFO] [stdout]    |
[INFO] [stdout] 17 |             match str::from_utf8(p.output.as_slice()).unwrap().trim().parse() {
[INFO] [stdout]    |                   ----------------------------------------------------------- this expression has type `Result<_, _>`
[INFO] [stdout] 18 |                 Some(i) => i,
[INFO] [stdout]    |                 ^^^^^^^ expected `Result<_, _>`, found `Option<_>`
[INFO] [stdout]    |
[INFO] [stdout]    = note: expected enum `Result<_, _>`
[INFO] [stdout]               found enum `Option<_>`
[INFO] [stdout] help: try wrapping the pattern in a variant of `Result`
[INFO] [stdout]    |
[INFO] [stdout] 18 |                 Ok(Some(i)) => i,
[INFO] [stdout]    |                 +++       +
[INFO] [stdout] 18 |                 Err(Some(i)) => i,
[INFO] [stdout]    |                 ++++       +
[INFO] [stdout] 
[INFO] [stdout] 
[INFO] [stdout] error[E0308]: mismatched types
[INFO] [stdout]   --> /opt/rustwide/cargo-home/registry/src/index.crates.io-1949cf8c6b5b557f/utils-0.0.3/src/lib.rs:19:17
[INFO] [stdout]    |
[INFO] [stdout] 17 |             match str::from_utf8(p.output.as_slice()).unwrap().trim().parse() {
[INFO] [stdout]    |                   ----------------------------------------------------------- this expression has type `Result<_, _>`
[INFO] [stdout] 18 |                 Some(i) => i,
[INFO] [stdout] 19 |                 None    => panic!("unable to cast nproc output!"),
[INFO] [stdout]    |                 ^^^^ expected `Result<_, _>`, found `Option<_>`
[INFO] [stdout]    |
[INFO] [stdout]    = note: expected enum `Result<_, _>`
[INFO] [stdout]               found enum `Option<_>`
[INFO] [stdout] help: try wrapping the pattern in a variant of `Result`
[INFO] [stdout]    |
[INFO] [stdout] 19 |                 Ok(None)    => panic!("unable to cast nproc output!"),
[INFO] [stdout]    |                 +++    +
[INFO] [stdout] 19 |                 Err(None)    => panic!("unable to cast nproc output!"),
[INFO] [stdout]    |                 ++++    +
[INFO] [stdout] 
[INFO] [stdout] 
[INFO] [stdout] error[E0609]: no field `output` on type `Output`
[INFO] [stdout]   --> /opt/rustwide/cargo-home/registry/src/index.crates.io-1949cf8c6b5b557f/utils-0.0.3/src/lib.rs:41:54
[INFO] [stdout]    |
[INFO] [stdout] 41 |             let mut res =  String::from_utf8_lossy(o.output.as_slice());
[INFO] [stdout]    |                                                      ^^^^^^ unknown field
[INFO] [stdout]    |
[INFO] [stdout]    = note: available fields are: `status`, `stdout`, `stderr`
[INFO] [stdout] 
[INFO] [stdout] 
[INFO] [stdout] Some errors have detailed explanations: E0308, E0599, E0609.
[INFO] [stdout] 
[INFO] [stdout] For more information about an error, try `rustc --explain E0308`.
[INFO] [stdout] 
[INFO] [stderr] error: could not compile `utils` (lib) due to 16 previous errors
[INFO] [stderr] warning: build failed, waiting for other jobs to finish...
[INFO] running `Command { std: "docker" "inspect" "d672551e35275fe2472ef919c399f796866a414bb998468efae4cd62e23a891b", kill_on_drop: false }`
[INFO] running `Command { std: "docker" "rm" "-f" "d672551e35275fe2472ef919c399f796866a414bb998468efae4cd62e23a891b", kill_on_drop: false }`
[INFO] [stdout] d672551e35275fe2472ef919c399f796866a414bb998468efae4cd62e23a891b
