[INFO] cloning repository https://github.com/jfredett/brocard
[INFO] running `Command { std: "git" "-c" "credential.helper=" "-c" "credential.helper=/workspace/cargo-home/bin/git-credential-null" "clone" "--bare" "https://github.com/jfredett/brocard" "/workspace/cache/git-repos/https%3A%2F%2Fgithub.com%2Fjfredett%2Fbrocard", kill_on_drop: false }`
[INFO] [stderr] Cloning into bare repository '/workspace/cache/git-repos/https%3A%2F%2Fgithub.com%2Fjfredett%2Fbrocard'...
[INFO] running `Command { std: "git" "rev-parse" "HEAD", kill_on_drop: false }`
[INFO] [stdout] a2b5a85a2f53ef1032bf18736c23dd95490bf07d
[INFO] checking jfredett/brocard against f4dd856795debe636f2ba39a900f162f5abeb7e8 for pr-160904
[INFO] running `Command { std: "git" "clone" "/workspace/cache/git-repos/https%3A%2F%2Fgithub.com%2Fjfredett%2Fbrocard" "/workspace/builds/worker-7-tc2/source", kill_on_drop: false }`
[INFO] [stderr] Cloning into '/workspace/builds/worker-7-tc2/source'...
[INFO] [stderr] done.
[INFO] removed /workspace/builds/worker-7-tc2/source/rust-toolchain.toml
[INFO] started tweaking git repo https://github.com/jfredett/brocard
[INFO] finished tweaking git repo https://github.com/jfredett/brocard
[INFO] tweaked toml for git repo https://github.com/jfredett/brocard written to /workspace/builds/worker-7-tc2/source/Cargo.toml
[INFO] validating manifest of git repo https://github.com/jfredett/brocard on toolchain f4dd856795debe636f2ba39a900f162f5abeb7e8
[INFO] running `Command { std: CARGO_HOME="/workspace/cargo-home" RUSTUP_HOME="/workspace/rustup-home" "/workspace/cargo-home/bin/cargo" "+f4dd856795debe636f2ba39a900f162f5abeb7e8" "metadata" "--manifest-path" "Cargo.toml" "--no-deps", kill_on_drop: false }`
[INFO] crate git repo https://github.com/jfredett/brocard already has a lockfile, it will not be regenerated
[INFO] running `Command { std: CARGO_HOME="/workspace/cargo-home" RUSTUP_HOME="/workspace/rustup-home" "/workspace/cargo-home/bin/cargo" "+f4dd856795debe636f2ba39a900f162f5abeb7e8" "fetch" "--manifest-path" "Cargo.toml", kill_on_drop: false }`
[INFO] [stderr]     Blocking waiting for file lock on package cache
[INFO] [stderr]     Updating crates.io index
[INFO] [stderr]     Blocking waiting for file lock on package cache
[ERROR] error running command: no output for 300 seconds
[INFO] checking jfredett/brocard against f4dd856795debe636f2ba39a900f162f5abeb7e8 for pr-160904
[INFO] running `Command { std: "git" "clone" "/workspace/cache/git-repos/https%3A%2F%2Fgithub.com%2Fjfredett%2Fbrocard" "/workspace/builds/worker-7-tc2/source", kill_on_drop: false }`
[INFO] [stderr] Cloning into '/workspace/builds/worker-7-tc2/source'...
[INFO] [stderr] done.
[INFO] removed /workspace/builds/worker-7-tc2/source/rust-toolchain.toml
[INFO] started tweaking git repo https://github.com/jfredett/brocard
[INFO] finished tweaking git repo https://github.com/jfredett/brocard
[INFO] tweaked toml for git repo https://github.com/jfredett/brocard written to /workspace/builds/worker-7-tc2/source/Cargo.toml
[INFO] validating manifest of git repo https://github.com/jfredett/brocard on toolchain f4dd856795debe636f2ba39a900f162f5abeb7e8
[INFO] running `Command { std: CARGO_HOME="/workspace/cargo-home" RUSTUP_HOME="/workspace/rustup-home" "/workspace/cargo-home/bin/cargo" "+f4dd856795debe636f2ba39a900f162f5abeb7e8" "metadata" "--manifest-path" "Cargo.toml" "--no-deps", kill_on_drop: false }`
[INFO] crate git repo https://github.com/jfredett/brocard already has a lockfile, it will not be regenerated
[INFO] running `Command { std: CARGO_HOME="/workspace/cargo-home" RUSTUP_HOME="/workspace/rustup-home" "/workspace/cargo-home/bin/cargo" "+f4dd856795debe636f2ba39a900f162f5abeb7e8" "fetch" "--manifest-path" "Cargo.toml", kill_on_drop: false }`
[INFO] [stderr]     Blocking waiting for file lock on package cache
[INFO] [stderr]     Blocking waiting for file lock on package cache
[ERROR] error running command: no output for 300 seconds
[INFO] checking jfredett/brocard against f4dd856795debe636f2ba39a900f162f5abeb7e8 for pr-160904
[INFO] running `Command { std: "git" "clone" "/workspace/cache/git-repos/https%3A%2F%2Fgithub.com%2Fjfredett%2Fbrocard" "/workspace/builds/worker-7-tc2/source", kill_on_drop: false }`
[INFO] [stderr] Cloning into '/workspace/builds/worker-7-tc2/source'...
[INFO] [stderr] done.
[INFO] removed /workspace/builds/worker-7-tc2/source/rust-toolchain.toml
[INFO] started tweaking git repo https://github.com/jfredett/brocard
[INFO] finished tweaking git repo https://github.com/jfredett/brocard
[INFO] tweaked toml for git repo https://github.com/jfredett/brocard written to /workspace/builds/worker-7-tc2/source/Cargo.toml
[INFO] validating manifest of git repo https://github.com/jfredett/brocard on toolchain f4dd856795debe636f2ba39a900f162f5abeb7e8
[INFO] running `Command { std: CARGO_HOME="/workspace/cargo-home" RUSTUP_HOME="/workspace/rustup-home" "/workspace/cargo-home/bin/cargo" "+f4dd856795debe636f2ba39a900f162f5abeb7e8" "metadata" "--manifest-path" "Cargo.toml" "--no-deps", kill_on_drop: false }`
[INFO] crate git repo https://github.com/jfredett/brocard already has a lockfile, it will not be regenerated
[INFO] running `Command { std: CARGO_HOME="/workspace/cargo-home" RUSTUP_HOME="/workspace/rustup-home" "/workspace/cargo-home/bin/cargo" "+f4dd856795debe636f2ba39a900f162f5abeb7e8" "fetch" "--manifest-path" "Cargo.toml", kill_on_drop: false }`
[INFO] [stderr]     Blocking waiting for file lock on package cache
[INFO] [stderr]     Blocking waiting for file lock on package cache
[INFO] [stderr]  Downloading crates ...
[INFO] [stderr]   Downloaded serde_json v1.0.125
[INFO] [stderr]   Downloaded quickcheck_macros v0.9.1
[INFO] [stderr]   Downloaded criterion-macro v0.3.4
[INFO] [stderr]   Downloaded quickcheck v0.9.2
[INFO] [stderr]   Downloaded const_for v0.1.4
[INFO] [stderr]   Downloaded swrite v0.1.0
[INFO] [stderr]   Downloaded serde_derive v1.0.208
[INFO] [stderr]   Downloaded serde v1.0.208
[INFO] [stderr]   Downloaded nextest-workspace-hack v0.1.0
[INFO] [stderr]   Downloaded cargo-nextest v0.9.74
[INFO] [stderr]   Downloaded owo-colors v4.0.0
[INFO] [stderr]   Downloaded win32job v2.0.0
[INFO] [stderr]   Downloaded cc v1.1.14
[INFO] [stderr]   Downloaded nextest-runner v0.57.0
[INFO] [stderr]   Downloaded target-spec-miette v0.4.0
[INFO] [stderr]   Downloaded target-spec v3.2.1
[INFO] [stderr]   Downloaded cfg-expr v0.16.0
[INFO] [stderr]   Downloaded supports-color v3.0.0
[INFO] [stderr]   Downloaded miette v7.2.0
[INFO] [stderr]   Downloaded terminal_size v0.3.0
[INFO] [stderr]   Downloaded miette-derive v7.2.0
[INFO] [stderr]   Downloaded filetime v0.2.24
[INFO] [stderr]   Downloaded supports-hyperlinks v3.0.0
[INFO] [stderr]   Downloaded serde_ignored v0.1.10
[INFO] [stderr]   Downloaded self_update v0.39.0
[INFO] [stderr]   Downloaded zipsign-api v0.1.2
[INFO] [stderr]   Downloaded self-replace v1.4.0
[INFO] [stderr]   Downloaded portable-atomic v1.7.0
[INFO] [stderr]   Downloaded flate2 v1.0.32
[INFO] [stderr]   Downloaded newtype-uuid v1.1.0
[INFO] [stderr]   Downloaded quick-junit v0.4.0
[INFO] [stderr]   Downloaded nextest-filtering v0.9.0
[INFO] [stderr]   Downloaded nextest-metadata v0.11.0
[INFO] [stderr]   Downloaded guppy v0.17.7
[INFO] [stderr]   Downloaded mukti-metadata v0.2.1
[INFO] [stderr]   Downloaded async-scoped v0.9.0
[INFO] [stderr]   Downloaded recursion v0.5.2
[INFO] [stderr]   Downloaded future-queue v0.3.0
[INFO] [stderr]   Downloaded duct v0.13.7
[INFO] [stderr]   Downloaded shared_child v1.0.1
[INFO] [stderr]   Downloaded display-error-chain v0.2.1
[INFO] [stderr]   Downloaded camino-tempfile v1.1.1
[INFO] [stderr]   Downloaded atomicwrites v0.4.3
[INFO] [stderr]   Downloaded enable-ansi-support v0.2.1
[INFO] [stderr]   Downloaded cargo-llvm-cov v0.6.11
[INFO] [stderr]   Downloaded ruzstd v0.7.1
[INFO] [stderr]   Downloaded opener v0.7.2
[INFO] [stderr]   Downloaded lcov2cobertura v1.0.5
[INFO] [stderr]   Downloaded is_executable v1.0.1
[INFO] [stderr]   Downloaded lexopt v0.3.0
[INFO] [stderr]   Downloaded cargo-config2 v0.1.27
[INFO] running `Command { std: "docker" "create" "-v" "/var/lib/crater-agent-workspace/builds/worker-7-tc2/source:/opt/rustwide/workdir:ro,Z" "-v" "/var/lib/crater-agent-workspace/builds/worker-7-tc2/target:/opt/rustwide/target:rw,Z" "-v" "/var/lib/crater-agent-workspace/cargo-home:/opt/rustwide/cargo-home:ro,Z" "-v" "/var/lib/crater-agent-workspace/rustup-home:/opt/rustwide/rustup-home:ro,Z" "-m" "1610612736" "--network" "none" "ghcr.io/rust-lang/crates-build-env/linux@sha256:3111399a4047eeb3a02b7a90e478d715f38a8c6669b5c4b49d30a17385265909" "sleep" "infinity", kill_on_drop: false }`
[INFO] [stdout] 31aff1b36b1faea80dd8e07a577ecb8fab2efb8f186a878d69b9efabf5b86234
[INFO] running `Command { std: "docker" "start" "31aff1b36b1faea80dd8e07a577ecb8fab2efb8f186a878d69b9efabf5b86234", kill_on_drop: false }`
[INFO] running `Command { std: "docker" "inspect" "31aff1b36b1faea80dd8e07a577ecb8fab2efb8f186a878d69b9efabf5b86234", kill_on_drop: false }`
[INFO] running `Command { std: "docker" "exec" "-e" "SOURCE_DIR=/opt/rustwide/workdir" "-e" "CARGO_HOME=/opt/rustwide/cargo-home" "-e" "RUSTUP_HOME=/opt/rustwide/rustup-home" "-e" "CARGO_TARGET_DIR=/opt/rustwide/target" "-w" "/opt/rustwide/workdir" "--user" "0:0" "31aff1b36b1faea80dd8e07a577ecb8fab2efb8f186a878d69b9efabf5b86234" "/opt/rustwide/cargo-home/bin/cargo" "+f4dd856795debe636f2ba39a900f162f5abeb7e8" "metadata" "--no-deps" "--format-version=1", kill_on_drop: false }`
[INFO] running `Command { std: "docker" "inspect" "31aff1b36b1faea80dd8e07a577ecb8fab2efb8f186a878d69b9efabf5b86234", kill_on_drop: false }`
[INFO] running `Command { std: "docker" "exec" "-e" "SOURCE_DIR=/opt/rustwide/workdir" "-e" "CARGO_HOME=/opt/rustwide/cargo-home" "-e" "RUSTUP_HOME=/opt/rustwide/rustup-home" "-e" "CARGO_TARGET_DIR=/opt/rustwide/target" "-e" "CARGO_INCREMENTAL=0" "-e" "RUST_BACKTRACE=full" "-e" "RUSTFLAGS=--cap-lints=forbid" "-e" "RUSTDOCFLAGS=--cap-lints=forbid" "-w" "/opt/rustwide/workdir" "--user" "0:0" "31aff1b36b1faea80dd8e07a577ecb8fab2efb8f186a878d69b9efabf5b86234" "/opt/rustwide/cargo-home/bin/cargo" "+f4dd856795debe636f2ba39a900f162f5abeb7e8" "check" "--frozen" "--all" "--all-targets" "--message-format=json", kill_on_drop: false }`
[INFO] [stderr]    Compiling proc-macro2 v1.0.81
[INFO] [stderr]    Compiling libc v0.2.158
[INFO] [stderr]    Compiling serde v1.0.208
[INFO] [stderr]    Compiling rustix v0.38.34
[INFO] [stderr]     Checking linux-raw-sys v0.4.14
[INFO] [stderr]     Checking aho-corasick v1.1.3
[INFO] [stderr]    Compiling serde_json v1.0.125
[INFO] [stderr]     Checking log v0.4.22
[INFO] [stderr]     Checking unicode-width v0.1.12
[INFO] [stderr]     Checking either v1.13.0
[INFO] [stderr]     Checking tracing-core v0.1.32
[INFO] [stderr]     Checking rustc-demangle v0.1.24
[INFO] [stderr]    Compiling target-lexicon v0.12.16
[INFO] [stderr]    Compiling num-traits v0.2.18
[INFO] [stderr]    Compiling guppy-workspace-hack v0.1.0
[INFO] [stderr]    Compiling semver v1.0.23
[INFO] [stderr]     Checking gimli v0.28.1
[INFO] [stderr]     Checking miniz_oxide v0.7.4
[INFO] [stderr]     Checking object v0.32.2
[INFO] [stderr]    Compiling target-spec v3.2.1
[INFO] [stderr]     Checking winnow v0.6.18
[INFO] [stderr]     Checking unicode-ident v1.0.12
[INFO] [stderr]     Checking unicode-normalization v0.1.23
[INFO] [stderr]    Compiling portable-atomic v1.7.0
[INFO] [stderr]    Compiling nextest-workspace-hack v0.1.0
[INFO] [stderr]    Compiling quote v1.0.36
[INFO] [stderr]     Checking tracing v0.1.40
[INFO] [stderr]     Checking idna v0.5.0
[INFO] [stderr]     Checking textwrap v0.16.1
[INFO] [stderr]     Checking supports-color v3.0.0
[INFO] [stderr]    Compiling unicase v2.7.0
[INFO] [stderr]     Checking quick-xml v0.31.0
[INFO] [stderr]    Compiling syn v2.0.60
[INFO] [stderr]     Checking fixedbitset v0.4.2
[INFO] [stderr]     Checking cfg-expr v0.16.0
[INFO] [stderr]     Checking regex-automata v0.4.6
[INFO] [stderr]    Compiling zstd-safe v7.2.1
[INFO] [stderr]    Compiling vte_generate_state_changes v0.1.2
[INFO] [stderr]     Checking supports-hyperlinks v3.0.0
[INFO] [stderr]    Compiling nix v0.29.0
[INFO] [stderr]    Compiling jobserver v0.1.32
[INFO] [stderr]     Checking vte v0.11.1
[INFO] [stderr]     Checking itertools v0.13.0
[INFO] [stderr]     Checking url v2.5.2
[INFO] [stderr]    Compiling cc v1.1.14
[INFO] [stderr]     Checking debug-ignore v1.0.5
[INFO] [stderr]    Compiling anyhow v1.0.86
[INFO] [stderr]     Checking nested v0.1.1
[INFO] [stderr]     Checking anstyle v1.0.8
[INFO] [stderr]    Compiling self_update v0.39.0
[INFO] [stderr]     Checking anstyle-query v1.1.1
[INFO] [stderr]     Checking strip-ansi-escapes v0.2.0
[INFO] [stderr]     Checking nom v7.1.3
[INFO] [stderr]     Checking flate2 v1.0.32
[INFO] [stderr]     Checking rayon v1.10.0
[INFO] [stderr]     Checking crossbeam-channel v0.5.13
[INFO] [stderr]     Checking anstream v0.6.15
[INFO] [stderr]     Checking crossbeam-queue v0.3.11
[INFO] [stderr]     Checking quick-xml v0.23.1
[INFO] [stderr]    Compiling fs-err v2.11.0
[INFO] [stderr]     Checking chrono v0.4.38
[INFO] [stderr]     Checking plotters-backend v0.3.5
[INFO] [stderr]     Checking recursion v0.5.2
[INFO] [stderr]     Checking eyre v0.6.12
[INFO] [stderr]     Checking crossbeam v0.8.4
[INFO] [stderr]     Checking tracing-log v0.2.0
[INFO] [stderr]     Checking plotters-svg v0.3.5
[INFO] [stderr]     Checking env_filter v0.1.2
[INFO] [stderr]     Checking itertools v0.10.5
[INFO] [stderr]     Checking textwrap v0.11.0
[INFO] [stderr]     Checking csv-core v0.1.11
[INFO] [stderr]     Checking thread_local v1.1.8
[INFO] [stderr]     Checking owo-colors v3.5.0
[INFO] [stderr]     Checking getrandom v0.2.15
[INFO] [stderr]     Checking signal-hook-registry v1.4.2
[INFO] [stderr]     Checking socket2 v0.5.7
[INFO] [stderr]     Checking mio v1.0.2
[INFO] [stderr]     Checking is-terminal v0.4.13
[INFO] [stderr]     Checking filetime v0.2.24
[INFO] [stderr]     Checking supports-color v2.1.0
[INFO] [stderr]     Checking console v0.15.8
[INFO] [stderr]     Checking owo-colors v4.0.0
[INFO] [stderr]     Checking uuid v1.10.0
[INFO] [stderr]     Checking ahash v0.8.11
[INFO] [stderr]    Compiling ring v0.17.8
[INFO] [stderr]    Compiling backtrace v0.3.71
[INFO] [stderr]     Checking addr2line v0.21.0
[INFO] [stderr]    Compiling zstd-sys v2.0.13+zstd.1.5.6
[INFO] [stderr]     Checking rand_core v0.6.4
[INFO] [stderr]     Checking getrandom v0.1.16
[INFO] [stderr]     Checking shared_child v1.0.1
[INFO] [stderr]     Checking os_pipe v1.2.1
[INFO] [stderr]     Checking newtype-uuid v1.1.0
[INFO] [stderr]     Checking indicatif v0.17.8
[INFO] [stderr]     Checking rand_core v0.5.1
[INFO] [stderr]     Checking duct v0.13.7
[INFO] [stderr]     Checking rand_chacha v0.3.1
[INFO] [stderr]     Checking rand_chacha v0.2.2
[INFO] [stderr]     Checking rand v0.8.5
[INFO] [stderr]     Checking half v1.8.3
[INFO] [stderr]     Checking const_for v0.1.4
[INFO] [stderr]     Checking display-error-chain v0.2.1
[INFO] [stderr]     Checking tempfile v3.12.0
[INFO] [stderr]     Checking terminal_size v0.3.0
[INFO] [stderr]     Checking xattr v1.3.1
[INFO] [stderr]     Checking tar v0.4.41
[INFO] [stderr]     Checking clap_builder v4.5.15
[INFO] [stderr]     Checking xxhash-rust v0.8.12
[INFO] [stderr]     Checking clap v2.34.0
[INFO] [stderr]     Checking self-replace v1.4.0
[INFO] [stderr]     Checking atomicwrites v0.4.3
[INFO] [stderr]     Checking ruzstd v0.7.1
[INFO] [stderr]     Checking rand v0.7.3
[INFO] [stderr]     Checking regex v1.10.6
[INFO] [stderr]     Checking bstr v1.10.0
[INFO] [stderr]     Checking atty v0.2.14
[INFO] [stderr]     Checking env_logger v0.11.5
[INFO] [stderr]     Checking tracing-subscriber v0.3.18
[INFO] [stderr]     Checking criterion-plot v0.4.5
[INFO] [stderr]     Checking backtrace-ext v0.2.1
[INFO] [stderr]     Checking color-eyre v0.6.3
[INFO] [stderr]     Checking lcov2cobertura v1.0.5
[INFO] [stderr]     Checking globset v0.4.14
[INFO] [stderr]     Checking opener v0.7.2
[INFO] [stderr]     Checking env_logger v0.7.1
[INFO] [stderr]     Checking plotters v0.3.5
[INFO] [stderr]    Compiling syn v1.0.109
[INFO] [stderr]     Checking shell-escape v0.1.5
[INFO] [stderr]     Checking enable-ansi-support v0.2.1
[INFO] [stderr]     Checking oorandom v11.1.3
[INFO] [stderr]     Checking swrite v0.1.0
[INFO] [stderr]     Checking glob v0.3.1
[INFO] [stderr]     Checking lexopt v0.3.0
[INFO] [stderr]     Checking is_executable v1.0.1
[INFO] [stderr]     Checking brocard v0.1.0 (/opt/rustwide/workdir)
[INFO] [stderr]     Checking approx v0.3.2
[INFO] [stderr]    Compiling criterion-macro v0.3.4
[INFO] [stdout] warning: the feature `const_mut_refs` has been stable since 1.83.0 and no longer requires an attribute to enable
[INFO] [stdout]  --> src/lib.rs:1:24
[INFO] [stdout]   |
[INFO] [stdout] 1 | #![feature(const_swap, const_mut_refs)]
[INFO] [stdout]   |                        ^^^^^^^^^^^^^^
[INFO] [stdout]   |
[INFO] [stdout]   = note: `#[warn(stable_features)]` on by default
[INFO] [stdout] 
[INFO] [stdout] 
[INFO] [stdout] warning: the feature `const_swap` has been stable since 1.85.0 and no longer requires an attribute to enable
[INFO] [stdout]  --> src/lib.rs:1:12
[INFO] [stdout]   |
[INFO] [stdout] 1 | #![feature(const_swap, const_mut_refs)]
[INFO] [stdout]   |            ^^^^^^^^^^
[INFO] [stdout] 
[INFO] [stdout] 
[INFO] [stdout] warning: the feature `duration_abs_diff` has been stable since 1.81.0 and no longer requires an attribute to enable
[INFO] [stdout]  --> src/lib.rs:2:12
[INFO] [stdout]   |
[INFO] [stdout] 2 | #![feature(duration_abs_diff)]
[INFO] [stdout]   |            ^^^^^^^^^^^^^^^^^
[INFO] [stdout] 
[INFO] [stdout] 
[INFO] [stdout] warning: hiding a lifetime that's elided elsewhere is confusing
[INFO] [stdout]   --> src/montgomery/space.rs:38:28
[INFO] [stdout]    |
[INFO] [stdout] 38 |     #[inline] pub fn enter(&self, a: u128) -> Elt<R_EXP> {
[INFO] [stdout]    |                            ^^^^^              ^^^^^^^^^^ the same lifetime is hidden here
[INFO] [stdout]    |                            |
[INFO] [stdout]    |                            the lifetime is elided here
[INFO] [stdout]    |
[INFO] [stdout]    = help: the same lifetime is referred to in inconsistent ways, making the signature confusing
[INFO] [stdout]    = note: `#[warn(mismatched_lifetime_syntaxes)]` on by default
[INFO] [stdout] help: use `'_` for type paths
[INFO] [stdout]    |
[INFO] [stdout] 38 |     #[inline] pub fn enter(&self, a: u128) -> Elt<'_, R_EXP> {
[INFO] [stdout]    |                                                   +++
[INFO] [stdout] 
[INFO] [stdout] 
[INFO] [stdout] warning: hiding a lifetime that's elided elsewhere is confusing
[INFO] [stdout]   --> src/montgomery/space.rs:47:32
[INFO] [stdout]    |
[INFO] [stdout] 47 |     #[inline] pub fn factorial(&self, n: u128) -> Elt<R_EXP> {
[INFO] [stdout]    |                                ^^^^^              ^^^^^^^^^^ the same lifetime is hidden here
[INFO] [stdout]    |                                |
[INFO] [stdout]    |                                the lifetime is elided here
[INFO] [stdout]    |
[INFO] [stdout]    = help: the same lifetime is referred to in inconsistent ways, making the signature confusing
[INFO] [stdout] help: use `'_` for type paths
[INFO] [stdout]    |
[INFO] [stdout] 47 |     #[inline] pub fn factorial(&self, n: u128) -> Elt<'_, R_EXP> {
[INFO] [stdout]    |                                                       +++
[INFO] [stdout] 
[INFO] [stdout] 
[INFO] [stdout] warning: hiding a lifetime that's elided elsewhere is confusing
[INFO] [stdout]   --> src/montgomery/elt.rs:16:26
[INFO] [stdout]    |
[INFO] [stdout] 16 |     #[inline] pub fn exp(&self, e: u128) -> Elt<R_EXP> {
[INFO] [stdout]    |                          ^^^^^              ^^^^^^^^^^ the same lifetime is hidden here
[INFO] [stdout]    |                          |
[INFO] [stdout]    |                          the lifetime is elided here
[INFO] [stdout]    |
[INFO] [stdout]    = help: the same lifetime is referred to in inconsistent ways, making the signature confusing
[INFO] [stdout] help: use `'_` for type paths
[INFO] [stdout]    |
[INFO] [stdout] 16 |     #[inline] pub fn exp(&self, e: u128) -> Elt<'_, R_EXP> {
[INFO] [stdout]    |                                                 +++
[INFO] [stdout] 
[INFO] [stdout] 
[INFO] [stderr]     Checking quickcheck v0.9.2
[INFO] [stderr]    Compiling serde_derive v1.0.208
[INFO] [stderr]    Compiling futures-macro v0.3.30
[INFO] [stderr]    Compiling tokio-macros v2.4.0
[INFO] [stderr]    Compiling thiserror-impl v1.0.63
[INFO] [stderr]    Compiling miette-derive v7.2.0
[INFO] [stderr]    Compiling pin-project-internal v1.1.5
[INFO] [stderr]    Compiling clap_derive v4.5.13
[INFO] [stderr]     Checking tokio v1.39.3
[INFO] [stderr]     Checking futures-util v0.3.30
[INFO] [stderr]    Compiling rustls v0.21.12
[INFO] [stderr]    Compiling tracing-test-macro v0.2.5
[INFO] [stderr]     Checking tracing-test v0.2.5
[INFO] [stderr]     Checking thiserror v1.0.63
[INFO] [stderr]     Checking dialoguer v0.11.0
[INFO] [stderr]     Checking pin-project v1.1.5
[INFO] [stderr]     Checking miette v7.2.0
[INFO] [stderr]     Checking rustls-webpki v0.101.7
[INFO] [stderr]     Checking sct v0.7.1
[INFO] [stderr]     Checking clap v4.5.16
[INFO] [stderr]    Compiling quickcheck_macros v0.9.1
[INFO] [stderr]     Checking futures-executor v0.3.30
[INFO] [stderr]     Checking future-queue v0.3.0
[INFO] [stderr]     Checking futures v0.3.30
[INFO] [stderr]     Checking zstd v0.13.2
[INFO] [stderr]     Checking tokio-util v0.7.11
[INFO] [stderr]     Checking tokio-rustls v0.24.1
[INFO] [stderr]     Checking async-scoped v0.9.0
[INFO] [stderr]     Checking indexmap v2.4.0
[INFO] [stderr]     Checking camino v1.1.9
[INFO] [stderr]     Checking toml_datetime v0.6.8
[INFO] [stderr]     Checking serde_spanned v0.6.7
[INFO] [stderr]     Checking cargo-platform v0.1.8
[INFO] [stderr]     Checking serde_urlencoded v0.7.1
[INFO] [stderr]     Checking smol_str v0.2.2
[INFO] [stderr]     Checking serde_path_to_error v0.1.16
[INFO] [stderr]     Checking serde_ignored v0.1.10
[INFO] [stderr]     Checking humantime-serde v1.1.1
[INFO] [stderr]     Checking csv v1.3.0
[INFO] [stderr]     Checking serde_cbor v0.11.2
[INFO] [stderr]     Checking pathdiff v0.2.1
[INFO] [stderr]     Checking camino-tempfile v1.1.1
[INFO] [stderr]     Checking cargo_metadata v0.18.1
[INFO] [stderr]     Checking mukti-metadata v0.2.1
[INFO] [stderr]     Checking tinytemplate v1.2.1
[INFO] [stderr]     Checking nextest-metadata v0.11.0
[INFO] [stderr]     Checking target-spec-miette v0.4.0
[INFO] [stderr]     Checking criterion v0.3.6
[INFO] [stderr]     Checking h2 v0.3.26
[INFO] [stderr]     Checking toml_edit v0.22.20
[INFO] [stderr]     Checking petgraph v0.6.5
[INFO] [stderr]     Checking quick-junit v0.4.0
[INFO] [stderr]     Checking guppy v0.17.7
[INFO] [stderr]     Checking toml v0.8.19
[INFO] [stderr]     Checking cargo-config2 v0.1.27
[INFO] [stderr]     Checking config v0.14.0
[INFO] [stderr]     Checking nextest-filtering v0.9.0
[INFO] [stdout] error[E0277]: the trait bound `!: Accumulate<()>` is not satisfied
[INFO] [stdout]    --> /opt/rustwide/cargo-home/registry/src/index.crates.io-1949cf8c6b5b557f/nextest-filtering-0.9.0/src/parsing.rs:303:9
[INFO] [stdout]     |
[INFO] [stdout] 303 | /         repeat(
[INFO] [stdout] 304 | |             0..,
[INFO] [stdout] 305 | |             alt((
[INFO] [stdout] ...   |
[INFO] [stdout] 311 | |             )),
[INFO] [stdout] 312 | |         )
[INFO] [stdout]     | |_________^ the trait `Accumulate<()>` is not implemented for `!`
[INFO] [stdout]     |
[INFO] [stdout]     = help: the following other types implement trait `Accumulate<T>`:
[INFO] [stdout]               `()` implements `Accumulate<T>`
[INFO] [stdout]               `BTreeMap<K, V>` implements `Accumulate<(K, V)>`
[INFO] [stdout]               `BTreeSet<K>` implements `Accumulate<K>`
[INFO] [stdout]               `HashMap<K, V, S>` implements `Accumulate<(K, V)>`
[INFO] [stdout]               `HashSet<K, S>` implements `Accumulate<K>`
[INFO] [stdout]               `Vec<T>` implements `Accumulate<&'i [T]>`
[INFO] [stdout]               `Vec<T>` implements `Accumulate<T>`
[INFO] [stdout]               `std::string::String` implements `Accumulate<&'i str>`
[INFO] [stdout]             and 2 others
[INFO] [stdout]     = note: this error might have been caused by changes to Rust's type-inference algorithm (see issue #148922 <https://github.com/rust-lang/rust/issues/148922> for more information)
[INFO] [stdout]     = help: you might have intended to use the type `()` here instead
[INFO] [stdout] note: required by a bound in `winnow::combinator::repeat`
[INFO] [stdout]    --> /opt/rustwide/cargo-home/registry/src/index.crates.io-1949cf8c6b5b557f/winnow-0.6.18/src/combinator/multi.rs:117:18
[INFO] [stdout]     |
[INFO] [stdout] 111 | pub fn repeat<Input, Output, Accumulator, Error, ParseNext>(
[INFO] [stdout]     |        ------ required by a bound in this function
[INFO] [stdout] ...
[INFO] [stdout] 117 |     Accumulator: Accumulate<Output>,
[INFO] [stdout]     |                  ^^^^^^^^^^^^^^^^^^ required by this bound in `repeat`
[INFO] [stdout] 
[INFO] [stdout] 
[INFO] [stdout] error[E0277]: the trait bound `Repeat<impl Parser<_, (), ()>, _, (), !, ()>: Parser<_, !, ()>` is not satisfied
[INFO] [stdout]    --> /opt/rustwide/cargo-home/registry/src/index.crates.io-1949cf8c6b5b557f/nextest-filtering-0.9.0/src/parsing.rs:313:21
[INFO] [stdout]     |
[INFO] [stdout] 313 |         .parse_next(input)?;
[INFO] [stdout]     |          ---------- ^^^^^ unsatisfied trait bound
[INFO] [stdout]     |          |
[INFO] [stdout]     |          required by a bound introduced by this call
[INFO] [stdout]     |
[INFO] [stdout]     = help: the trait `winnow::Parser<Stateful<Located<&'a str>, errors::State<'a>>, !, ()>` is not implemented for `Repeat<impl Parser<Stateful<_, State<'a>>, (), ()>, _, (), !, ()>`
[INFO] [stdout] help: the trait `winnow::Parser<I, C, E>` is conditionally implemented for `winnow::combinator::Repeat<P, I, O, C, E>`
[INFO] [stdout]    --> /opt/rustwide/cargo-home/registry/src/index.crates.io-1949cf8c6b5b557f/winnow-0.6.18/src/combinator/multi.rs:279:1
[INFO] [stdout]     |
[INFO] [stdout] 279 | / impl<P, I, O, C, E> Parser<I, C, E> for Repeat<P, I, O, C, E>
[INFO] [stdout] 280 | | where
[INFO] [stdout] 281 | |     P: Parser<I, O, E>,
[INFO] [stdout] 282 | |     I: Stream,
[INFO] [stdout] 283 | |     C: Accumulate<O>,
[INFO] [stdout]     | |        ------------- unsatisfied requirement introduced here: `_: Accumulate<_>`
[INFO] [stdout] 284 | |     E: ParserError<I>,
[INFO] [stdout]     | |______________________^
[INFO] [stdout]     = note: the full name for the type has been written to '/opt/rustwide/target/debug/build/nextest-filtering/cc63b9f100526c37/out/nextest_filtering-cc63b9f100526c37.long-type-16974912717564635651.txt'
[INFO] [stdout]     = note: consider using `--verbose` to print the full type name to the console
[INFO] [stdout] 
[INFO] [stdout] 
[INFO] [stdout] error[E0277]: the trait bound `!: Accumulate<()>` is not satisfied
[INFO] [stdout]    --> /opt/rustwide/cargo-home/registry/src/index.crates.io-1949cf8c6b5b557f/nextest-filtering-0.9.0/src/parsing.rs:303:9
[INFO] [stdout]     |
[INFO] [stdout] 303 | /         repeat(
[INFO] [stdout] 304 | |             0..,
[INFO] [stdout] 305 | |             alt((
[INFO] [stdout] ...   |
[INFO] [stdout] 313 | |         .parse_next(input)?;
[INFO] [stdout]     | |__________________________^ the trait `Accumulate<()>` is not implemented for `!`
[INFO] [stdout]     |
[INFO] [stdout]     = help: the following other types implement trait `Accumulate<T>`:
[INFO] [stdout]               `()` implements `Accumulate<T>`
[INFO] [stdout]               `BTreeMap<K, V>` implements `Accumulate<(K, V)>`
[INFO] [stdout]               `BTreeSet<K>` implements `Accumulate<K>`
[INFO] [stdout]               `HashMap<K, V, S>` implements `Accumulate<(K, V)>`
[INFO] [stdout]               `HashSet<K, S>` implements `Accumulate<K>`
[INFO] [stdout]               `Vec<T>` implements `Accumulate<&'i [T]>`
[INFO] [stdout]               `Vec<T>` implements `Accumulate<T>`
[INFO] [stdout]               `std::string::String` implements `Accumulate<&'i str>`
[INFO] [stdout]             and 2 others
[INFO] [stdout]     = note: this error might have been caused by changes to Rust's type-inference algorithm (see issue #148922 <https://github.com/rust-lang/rust/issues/148922> for more information)
[INFO] [stdout]     = help: you might have intended to use the type `()` here instead
[INFO] [stdout] note: required by a bound in `winnow::combinator::Repeat`
[INFO] [stdout]    --> /opt/rustwide/cargo-home/registry/src/index.crates.io-1949cf8c6b5b557f/winnow-0.6.18/src/combinator/multi.rs:136:8
[INFO] [stdout]     |
[INFO] [stdout] 132 | pub struct Repeat<P, I, O, C, E>
[INFO] [stdout]     |            ------ required by a bound in this struct
[INFO] [stdout] ...
[INFO] [stdout] 136 |     C: Accumulate<O>,
[INFO] [stdout]     |        ^^^^^^^^^^^^^ required by this bound in `Repeat`
[INFO] [stdout] 
[INFO] [stdout] 
[INFO] [stdout] error[E0277]: the trait bound `!: Accumulate<()>` is not satisfied
[INFO] [stdout]    --> /opt/rustwide/cargo-home/registry/src/index.crates.io-1949cf8c6b5b557f/nextest-filtering-0.9.0/src/parsing.rs:313:10
[INFO] [stdout]     |
[INFO] [stdout] 313 |         .parse_next(input)?;
[INFO] [stdout]     |          ^^^^^^^^^^ the trait `Accumulate<()>` is not implemented for `!`
[INFO] [stdout]     |
[INFO] [stdout]     = help: the following other types implement trait `Accumulate<T>`:
[INFO] [stdout]               `()` implements `Accumulate<T>`
[INFO] [stdout]               `BTreeMap<K, V>` implements `Accumulate<(K, V)>`
[INFO] [stdout]               `BTreeSet<K>` implements `Accumulate<K>`
[INFO] [stdout]               `HashMap<K, V, S>` implements `Accumulate<(K, V)>`
[INFO] [stdout]               `HashSet<K, S>` implements `Accumulate<K>`
[INFO] [stdout]               `Vec<T>` implements `Accumulate<&'i [T]>`
[INFO] [stdout]               `Vec<T>` implements `Accumulate<T>`
[INFO] [stdout]               `std::string::String` implements `Accumulate<&'i str>`
[INFO] [stdout]             and 2 others
[INFO] [stdout]     = note: this error might have been caused by changes to Rust's type-inference algorithm (see issue #148922 <https://github.com/rust-lang/rust/issues/148922> for more information)
[INFO] [stdout]     = help: you might have intended to use the type `()` here instead
[INFO] [stdout] note: required by a bound in `winnow::combinator::Repeat`
[INFO] [stdout]    --> /opt/rustwide/cargo-home/registry/src/index.crates.io-1949cf8c6b5b557f/winnow-0.6.18/src/combinator/multi.rs:136:8
[INFO] [stdout]     |
[INFO] [stdout] 132 | pub struct Repeat<P, I, O, C, E>
[INFO] [stdout]     |            ------ required by a bound in this struct
[INFO] [stdout] ...
[INFO] [stdout] 136 |     C: Accumulate<O>,
[INFO] [stdout]     |        ^^^^^^^^^^^^^ required by this bound in `Repeat`
[INFO] [stdout] 
[INFO] [stdout] 
[INFO] [stderr]     Checking hyper v0.14.30
[INFO] [stdout] For more information about this error, try `rustc --explain E0277`.
[INFO] [stdout] 
[INFO] [stderr] error: could not compile `nextest-filtering` (lib) due to 4 previous errors
[INFO] [stderr] warning: build failed, waiting for other jobs to finish...
[INFO] running `Command { std: "docker" "inspect" "31aff1b36b1faea80dd8e07a577ecb8fab2efb8f186a878d69b9efabf5b86234", kill_on_drop: false }`
[INFO] running `Command { std: "docker" "rm" "-f" "31aff1b36b1faea80dd8e07a577ecb8fab2efb8f186a878d69b9efabf5b86234", kill_on_drop: false }`
[INFO] [stdout] 31aff1b36b1faea80dd8e07a577ecb8fab2efb8f186a878d69b9efabf5b86234
