[INFO] cloning repository https://github.com/howardleegeek/gamedata-recorder
[INFO] running `Command { std: "git" "-c" "credential.helper=" "-c" "credential.helper=/workspace/cargo-home/bin/git-credential-null" "clone" "--bare" "https://github.com/howardleegeek/gamedata-recorder" "/workspace/cache/git-repos/https%3A%2F%2Fgithub.com%2Fhowardleegeek%2Fgamedata-recorder", kill_on_drop: false }`
[INFO] [stderr] Cloning into bare repository '/workspace/cache/git-repos/https%3A%2F%2Fgithub.com%2Fhowardleegeek%2Fgamedata-recorder'...
[INFO] running `Command { std: "git" "rev-parse" "HEAD", kill_on_drop: false }`
[INFO] [stdout] 360dc5313708843401ee49c929972108450c62ce
[INFO] checking howardleegeek/gamedata-recorder against f4dd856795debe636f2ba39a900f162f5abeb7e8 for pr-160904
[INFO] running `Command { std: "git" "clone" "/workspace/cache/git-repos/https%3A%2F%2Fgithub.com%2Fhowardleegeek%2Fgamedata-recorder" "/workspace/builds/worker-2-tc2/source", kill_on_drop: false }`
[INFO] [stderr] Cloning into '/workspace/builds/worker-2-tc2/source'...
[INFO] [stderr] done.
[INFO] removed /workspace/builds/worker-2-tc2/source/.cargo/config.toml
[INFO] started tweaking git repo https://github.com/howardleegeek/gamedata-recorder
[INFO] finished tweaking git repo https://github.com/howardleegeek/gamedata-recorder
[INFO] tweaked toml for git repo https://github.com/howardleegeek/gamedata-recorder written to /workspace/builds/worker-2-tc2/source/Cargo.toml
[INFO] validating manifest of git repo https://github.com/howardleegeek/gamedata-recorder on toolchain f4dd856795debe636f2ba39a900f162f5abeb7e8
[INFO] running `Command { std: CARGO_HOME="/workspace/cargo-home" RUSTUP_HOME="/workspace/rustup-home" "/workspace/cargo-home/bin/cargo" "+f4dd856795debe636f2ba39a900f162f5abeb7e8" "metadata" "--manifest-path" "Cargo.toml" "--no-deps", kill_on_drop: false }`
[INFO] crate git repo https://github.com/howardleegeek/gamedata-recorder already has a lockfile, it will not be regenerated
[INFO] running `Command { std: CARGO_HOME="/workspace/cargo-home" RUSTUP_HOME="/workspace/rustup-home" "/workspace/cargo-home/bin/cargo" "+f4dd856795debe636f2ba39a900f162f5abeb7e8" "fetch" "--manifest-path" "Cargo.toml", kill_on_drop: false }`
[INFO] [stderr] warning: unused workspace dependency `anyhow`
[INFO] [stderr]    --> Cargo.toml:172:1
[INFO] [stderr]     |
[INFO] [stderr] 172 | anyhow = "1.0"
[INFO] [stderr]     | ^^^^^^
[INFO] [stderr]     |
[INFO] [stderr]     = note: `cargo::unused_workspace_dependencies` is set to `warn` by default
[INFO] [stderr] help: consider removing the workspace dependency `anyhow`
[INFO] [stderr] warning: unused workspace dependency `bytemuck`
[INFO] [stderr]    --> Cargo.toml:194:25
[INFO] [stderr]     |
[INFO] [stderr] 194 | [workspace.dependencies.bytemuck]
[INFO] [stderr]     |                         ^^^^^^^^
[INFO] [stderr]     |
[INFO] [stderr] help: consider removing the workspace dependency `bytemuck`
[INFO] [stderr] warning: unused workspace dependency `env_logger`
[INFO] [stderr]    --> Cargo.toml:176:1
[INFO] [stderr]     |
[INFO] [stderr] 176 | env_logger = "0.10"
[INFO] [stderr]     | ^^^^^^^^^^
[INFO] [stderr]     |
[INFO] [stderr] help: consider removing the workspace dependency `env_logger`
[INFO] [stderr] warning: unused workspace dependency `log`
[INFO] [stderr]    --> Cargo.toml:179:1
[INFO] [stderr]     |
[INFO] [stderr] 179 | log = "0.4"
[INFO] [stderr]     | ^^^
[INFO] [stderr]     |
[INFO] [stderr] help: consider removing the workspace dependency `log`
[INFO] [stderr] warning: unused workspace dependency `pollster`
[INFO] [stderr]    --> Cargo.toml:181:1
[INFO] [stderr]     |
[INFO] [stderr] 181 | pollster = "0.3"
[INFO] [stderr]     | ^^^^^^^^
[INFO] [stderr]     |
[INFO] [stderr] help: consider removing the workspace dependency `pollster`
[INFO] [stderr] warning: unused workspace dependency `wgpu`
[INFO] [stderr]    --> Cargo.toml:188:1
[INFO] [stderr]     |
[INFO] [stderr] 188 | wgpu = "27.0.0"
[INFO] [stderr]     | ^^^^
[INFO] [stderr]     |
[INFO] [stderr] help: consider removing the workspace dependency `wgpu`
[INFO] [stderr] warning: workspace (manifest) generated 6 warnings
[INFO] [stderr]     Blocking waiting for file lock on package cache
[INFO] [stderr]     Blocking waiting for file lock on package cache
[INFO] [stderr]  Downloading crates ...
[INFO] [stderr]   Downloaded wasm-bindgen-futures v0.4.51
[INFO] [stderr]   Downloaded web-sys v0.3.78
[INFO] [stderr]   Downloaded tray-icon v0.14.3
[INFO] [stderr]   Downloaded muda v0.13.5
[INFO] [stderr]   Downloaded sysinfo v0.32.1
[INFO] [stderr]   Downloaded sha256 v1.6.0
[INFO] [stderr]   Downloaded steamlocate v2.0.1
[INFO] [stderr]   Downloaded keyvalues-serde v0.2.2
[INFO] [stderr]   Downloaded keyvalues-parser v0.2.1
[INFO] [stderr]   Downloaded pest v2.8.4
[INFO] [stderr]   Downloaded rtrb v0.3.2
[INFO] [stderr]   Downloaded symphonia-codec-vorbis v0.5.4
[INFO] [stderr]   Downloaded symphonia v0.5.4
[INFO] [stderr]   Downloaded symphonia-codec-aac v0.5.4
[INFO] [stderr]   Downloaded symphonia-codec-pcm v0.5.4
[INFO] [stderr]   Downloaded symphonia-format-isomp4 v0.5.4
[INFO] [stderr]   Downloaded symphonia-format-riff v0.5.4
[INFO] [stderr]   Downloaded symphonia-core v0.5.4
[INFO] [stderr]   Downloaded symphonia-utils-xiph v0.5.4
[INFO] [stderr]   Downloaded rfd v0.14.1
[INFO] [stderr]   Downloaded symphonia-format-ogg v0.5.4
[INFO] [stderr]   Downloaded objc2-core-audio-types v0.3.1
[INFO] [stderr]   Downloaded symphonia-bundle-flac v0.5.4
[INFO] [stderr]   Downloaded block2 v0.6.1
[INFO] [stderr]   Downloaded objc2-core-audio v0.3.1
[INFO] [stderr]   Downloaded symphonia-bundle-mp3 v0.5.4
[INFO] [stderr]   Downloaded symphonia-metadata v0.5.4
[INFO] [stderr]   Downloaded alsa v0.10.0
[INFO] [stderr]   Downloaded ashpd v0.8.1
[INFO] [stderr]   Downloaded objc2-avf-audio v0.3.1
[INFO] [stderr]   Downloaded objc2-audio-toolbox v0.3.1
[INFO] [stderr]   Downloaded rustls-webpki v0.103.6
[INFO] [stderr]   Downloaded opener v0.8.3
[INFO] [stderr]   Downloaded obws v0.14.0
[INFO] [stderr]   Downloaded vsprintf v2.0.0
[INFO] [stderr]   Downloaded oneshot v0.1.11
[INFO] [stderr]   Downloaded gobject-sys v0.21.2
[INFO] [stderr]   Downloaded libloading v0.9.0
[INFO] [stderr]   Downloaded system-deps v7.0.7
[INFO] [stderr]   Downloaded toml v0.9.8
[INFO] [stderr]   Downloaded serde_spanned v1.0.3
[INFO] [stderr]   Downloaded glib-sys v0.21.2
[INFO] [stderr]   Downloaded getters0 v0.1.1
[INFO] [stderr]   Downloaded xcb v1.6.0
[INFO] [stderr]   Downloaded windows-implement v0.59.0
[INFO] [stderr]   Downloaded toml_writer v1.0.4
[INFO] [stderr]   Downloaded target-lexicon v0.13.3
[INFO] [stderr]   Downloaded display-info v0.5.5
[INFO] [stderr]   Downloaded cfg-expr v0.20.4
[INFO] [stderr]   Downloaded duplicate v2.0.0
[INFO] [stderr]   Downloaded objc2-quartz-core v0.3.1
[INFO] [stderr]   Downloaded rusty-xinput v1.3.0
[INFO] [stderr]   Downloaded windows-core v0.59.0
[INFO] [stderr]   Downloaded objc2-core-data v0.3.1
[INFO] [stderr]   Downloaded glib-macros v0.21.4
[INFO] [stderr]   Downloaded gio-sys v0.21.2
[INFO] [stderr]   Downloaded objc2-core-image v0.3.1
[INFO] [stderr]   Downloaded objc2-cloud-kit v0.3.1
[INFO] [stderr]   Downloaded inotify v0.11.0
[INFO] [stderr]   Downloaded gilrs-core v0.6.4
[INFO] [stderr]   Downloaded owo-colors v4.2.2
[INFO] [stderr]   Downloaded gilrs v0.11.0
[INFO] [stderr]   Downloaded objc2-metal v0.3.1
[INFO] [stderr]   Downloaded glib v0.21.4
[INFO] [stderr]   Downloaded imgref v1.11.0
[INFO] [stderr]   Downloaded ecolor v0.33.0
[INFO] [stderr]   Downloaded git-version v0.3.9
[INFO] [stderr]   Downloaded git-version-macro v0.3.9
[INFO] [stderr]   Downloaded embed-manifest v1.4.0
[INFO] [stderr]   Downloaded emath v0.33.0
[INFO] [stderr]   Downloaded egui_virtual_list v0.9.0
[INFO] [stderr]   Downloaded three-d-asset v0.7.0
[INFO] [stderr]   Downloaded ehttp v0.5.0
[INFO] [stderr]   Downloaded glfw-passthrough v0.55.1
[INFO] [stderr]   Downloaded egui_extras v0.33.0
[INFO] [stderr]   Downloaded egui_commonmark_macros v0.22.0
[INFO] [stderr]   Downloaded egui_commonmark_backend v0.22.0
[INFO] [stderr]   Downloaded egui_commonmark v0.22.0
[INFO] [stderr]   Downloaded egui-wgpu v0.33.0
[INFO] [stderr]   Downloaded epaint v0.33.0
[INFO] [stderr]   Downloaded egui-winit v0.33.0
[INFO] [stderr]   Downloaded three-d v0.17.1
[INFO] [stderr]   Downloaded egui v0.33.0
[INFO] [stderr]   Downloaded wgpu-hal v27.0.2
[INFO] [stderr]   Downloaded wgpu-core v27.0.1
[INFO] [stderr]   Downloaded epaint_default_fonts v0.33.0
[INFO] [stderr]   Downloaded glfw-sys-passthrough v4.0.4+3.3.5
[INFO] [stderr]   Downloaded naga v27.0.0
[INFO] [stderr]   Downloaded windows v0.59.0
[INFO] running `Command { std: "docker" "create" "-v" "/var/lib/crater-agent-workspace/builds/worker-2-tc2/source:/opt/rustwide/workdir:ro,Z" "-v" "/var/lib/crater-agent-workspace/builds/worker-2-tc2/target:/opt/rustwide/target:rw,Z" "-v" "/var/lib/crater-agent-workspace/cargo-home:/opt/rustwide/cargo-home:ro,Z" "-v" "/var/lib/crater-agent-workspace/rustup-home:/opt/rustwide/rustup-home:ro,Z" "-m" "1610612736" "--network" "none" "ghcr.io/rust-lang/crates-build-env/linux@sha256:3111399a4047eeb3a02b7a90e478d715f38a8c6669b5c4b49d30a17385265909" "sleep" "infinity", kill_on_drop: false }`
[INFO] [stdout] c63a1ac1f7a16e9238931b2d5c6261493445f59af216704b276f9d9cae4b808f
[INFO] running `Command { std: "docker" "start" "c63a1ac1f7a16e9238931b2d5c6261493445f59af216704b276f9d9cae4b808f", kill_on_drop: false }`
[INFO] running `Command { std: "docker" "inspect" "c63a1ac1f7a16e9238931b2d5c6261493445f59af216704b276f9d9cae4b808f", kill_on_drop: false }`
[INFO] running `Command { std: "docker" "exec" "-e" "SOURCE_DIR=/opt/rustwide/workdir" "-e" "CARGO_HOME=/opt/rustwide/cargo-home" "-e" "RUSTUP_HOME=/opt/rustwide/rustup-home" "-e" "CARGO_TARGET_DIR=/opt/rustwide/target" "-w" "/opt/rustwide/workdir" "--user" "0:0" "c63a1ac1f7a16e9238931b2d5c6261493445f59af216704b276f9d9cae4b808f" "/opt/rustwide/cargo-home/bin/cargo" "+f4dd856795debe636f2ba39a900f162f5abeb7e8" "metadata" "--no-deps" "--format-version=1", kill_on_drop: false }`
[INFO] running `Command { std: "docker" "inspect" "c63a1ac1f7a16e9238931b2d5c6261493445f59af216704b276f9d9cae4b808f", kill_on_drop: false }`
[INFO] running `Command { std: "docker" "exec" "-e" "SOURCE_DIR=/opt/rustwide/workdir" "-e" "CARGO_HOME=/opt/rustwide/cargo-home" "-e" "RUSTUP_HOME=/opt/rustwide/rustup-home" "-e" "CARGO_TARGET_DIR=/opt/rustwide/target" "-e" "CARGO_INCREMENTAL=0" "-e" "RUST_BACKTRACE=full" "-e" "RUSTFLAGS=--cap-lints=forbid" "-e" "RUSTDOCFLAGS=--cap-lints=forbid" "-w" "/opt/rustwide/workdir" "--user" "0:0" "c63a1ac1f7a16e9238931b2d5c6261493445f59af216704b276f9d9cae4b808f" "/opt/rustwide/cargo-home/bin/cargo" "+f4dd856795debe636f2ba39a900f162f5abeb7e8" "check" "--frozen" "--all" "--all-targets" "--message-format=json", kill_on_drop: false }`
[INFO] [stderr] warning: unused workspace dependency `anyhow`
[INFO] [stderr]    --> Cargo.toml:172:1
[INFO] [stderr]     |
[INFO] [stderr] 172 | anyhow = "1.0"
[INFO] [stderr]     | ^^^^^^
[INFO] [stderr]     |
[INFO] [stderr]     = note: `cargo::unused_workspace_dependencies` is set to `warn` by default
[INFO] [stderr] help: consider removing the workspace dependency `anyhow`
[INFO] [stderr] warning: unused workspace dependency `bytemuck`
[INFO] [stderr]    --> Cargo.toml:194:25
[INFO] [stderr]     |
[INFO] [stderr] 194 | [workspace.dependencies.bytemuck]
[INFO] [stderr]     |                         ^^^^^^^^
[INFO] [stderr]     |
[INFO] [stderr] help: consider removing the workspace dependency `bytemuck`
[INFO] [stderr] warning: unused workspace dependency `env_logger`
[INFO] [stderr]    --> Cargo.toml:176:1
[INFO] [stderr]     |
[INFO] [stderr] 176 | env_logger = "0.10"
[INFO] [stderr]     | ^^^^^^^^^^
[INFO] [stderr]     |
[INFO] [stderr] help: consider removing the workspace dependency `env_logger`
[INFO] [stderr] warning: unused workspace dependency `log`
[INFO] [stderr]    --> Cargo.toml:179:1
[INFO] [stderr]     |
[INFO] [stderr] 179 | log = "0.4"
[INFO] [stderr]     | ^^^
[INFO] [stderr]     |
[INFO] [stderr] help: consider removing the workspace dependency `log`
[INFO] [stderr] warning: unused workspace dependency `pollster`
[INFO] [stderr]    --> Cargo.toml:181:1
[INFO] [stderr]     |
[INFO] [stderr] 181 | pollster = "0.3"
[INFO] [stderr]     | ^^^^^^^^
[INFO] [stderr]     |
[INFO] [stderr] help: consider removing the workspace dependency `pollster`
[INFO] [stderr] warning: unused workspace dependency `wgpu`
[INFO] [stderr]    --> Cargo.toml:188:1
[INFO] [stderr]     |
[INFO] [stderr] 188 | wgpu = "27.0.0"
[INFO] [stderr]     | ^^^^
[INFO] [stderr]     |
[INFO] [stderr] help: consider removing the workspace dependency `wgpu`
[INFO] [stderr] warning: workspace (manifest) generated 6 warnings
[INFO] [stderr]    Compiling proc-macro2 v1.0.101
[INFO] [stderr]    Compiling unicode-ident v1.0.19
[INFO] [stderr]     Checking cfg-if v1.0.3
[INFO] [stderr]    Compiling serde_core v1.0.225
[INFO] [stderr]    Compiling serde v1.0.225
[INFO] [stderr]    Compiling libc v0.2.177
[INFO] [stderr]     Checking smallvec v1.15.1
[INFO] [stderr]     Checking log v0.4.28
[INFO] [stderr]    Compiling winnow v0.7.13
[INFO] [stderr]    Compiling hashbrown v0.16.0
[INFO] [stderr]     Checking tracing-core v0.1.34
[INFO] [stderr]    Compiling version-compare v0.2.0
[INFO] [stderr]    Compiling quote v1.0.40
[INFO] [stderr]    Compiling indexmap v2.12.0
[INFO] [stderr]    Compiling cc v1.2.63
[INFO] [stderr]    Compiling rustix v1.1.2
[INFO] [stderr]    Compiling syn v2.0.106
[INFO] [stderr]     Checking simd-adler32 v0.3.7
[INFO] [stderr]     Checking slab v0.4.11
[INFO] [stderr]     Checking linux-raw-sys v0.11.0
[INFO] [stderr]    Compiling target-lexicon v0.12.16
[INFO] [stderr]     Checking miniz_oxide v0.8.9
[INFO] [stderr]     Checking parking_lot_core v0.9.12
[INFO] [stderr]     Checking parking_lot v0.12.5
[INFO] [stderr]     Checking getrandom v0.3.3
[INFO] [stderr]    Compiling zerocopy v0.8.27
[INFO] [stderr]    Compiling serde_json v1.0.145
[INFO] [stderr]     Checking futures-io v0.3.31
[INFO] [stderr]     Checking signal-hook-registry v1.4.6
[INFO] [stderr]    Compiling libm v0.2.15
[INFO] [stderr]    Compiling cfg-expr v0.15.8
[INFO] [stderr]    Compiling num-traits v0.2.19
[INFO] [stderr]     Checking arrayvec v0.7.6
[INFO] [stderr]     Checking regex-syntax v0.8.6
[INFO] [stderr]     Checking mio v1.0.4
[INFO] [stderr]     Checking socket2 v0.6.0
[INFO] [stderr]     Checking tracing-log v0.2.0
[INFO] [stderr]     Checking thread_local v1.1.9
[INFO] [stderr]     Checking nu-ansi-term v0.50.1
[INFO] [stderr]    Compiling memoffset v0.9.1
[INFO] [stderr]     Checking libloading v0.8.8
[INFO] [stderr]    Compiling owo-colors v4.2.2
[INFO] [stderr]    Compiling object v0.36.7
[INFO] [stderr]     Checking gimli v0.31.1
[INFO] [stderr]    Compiling color-spantrace v0.3.0
[INFO] [stderr]    Compiling eyre v0.6.12
[INFO] [stderr]     Checking indenter v0.3.4
[INFO] [stderr]     Checking rustc-demangle v0.1.26
[INFO] [stderr]    Compiling icu_properties_data v2.0.1
[INFO] [stderr]     Checking windows-link v0.2.1
[INFO] [stderr]     Checking windows-strings v0.5.1
[INFO] [stderr]     Checking regex-automata v0.4.10
[INFO] [stderr]     Checking windows-result v0.4.1
[INFO] [stderr]     Checking crc32fast v1.5.0
[INFO] [stderr]     Checking dlib v0.5.2
[INFO] [stderr]    Compiling nix v0.29.0
[INFO] [stderr]    Compiling wayland-sys v0.31.7
[INFO] [stderr]     Checking flate2 v1.1.2
[INFO] [stderr]     Checking concurrent-queue v2.5.0
[INFO] [stderr]    Compiling wayland-backend v0.3.11
[INFO] [stderr]    Compiling nix v0.30.1
[INFO] [stderr]    Compiling libudev-sys v0.1.4
[INFO] [stderr]     Checking ttf-parser v0.25.1
[INFO] [stderr]    Compiling thiserror v2.0.17
[INFO] [stderr]     Checking either v1.15.0
[INFO] [stderr]     Checking pest v2.8.4
[INFO] [stderr]    Compiling synstructure v0.13.2
[INFO] [stderr]     Checking windows-threading v0.2.1
[INFO] [stderr]     Checking inotify-sys v0.1.5
[INFO] [stderr]    Compiling ahash v0.8.12
[INFO] [stderr]    Compiling proc-macro-error-attr v1.0.4
[INFO] [stderr]    Compiling target-lexicon v0.13.3
[INFO] [stderr]     Checking addr2line v0.24.2
[INFO] [stderr]     Checking downcast-rs v1.2.1
[INFO] [stderr]    Compiling syn v1.0.109
[INFO] [stderr]     Checking scoped-tls v1.0.1
[INFO] [stderr]     Checking ab_glyph_rasterizer v0.1.10
[INFO] [stderr]     Checking rayon v1.11.0
[INFO] [stderr]    Compiling quick-xml v0.37.5
[INFO] [stderr]     Checking keyvalues-parser v0.2.1
[INFO] [stderr]     Checking matchers v0.2.0
[INFO] [stderr]     Checking getrandom v0.2.16
[INFO] [stderr]    Compiling proc-macro-error v1.0.4
[INFO] [stderr]    Compiling wayland-client v0.31.11
[INFO] [stderr]    Compiling toml_parser v1.0.4
[INFO] [stderr]     Checking owned_ttf_parser v0.25.1
[INFO] [stderr]    Compiling wayland-scanner v0.31.7
[INFO] [stderr]     Checking ab_glyph v0.2.32
[INFO] [stderr]    Compiling serde_derive v1.0.225
[INFO] [stderr]    Compiling tracing-attributes v0.1.30
[INFO] [stderr]    Compiling bytemuck_derive v1.10.2
[INFO] [stderr]    Compiling zerocopy-derive v0.8.27
[INFO] [stderr]    Compiling tokio-macros v2.6.0
[INFO] [stderr]    Compiling thiserror-impl v1.0.69
[INFO] [stderr]     Checking tokio v1.48.0
[INFO] [stderr]     Checking tracing v0.1.41
[INFO] [stderr]     Checking thiserror v1.0.69
[INFO] [stderr]    Compiling zerofrom-derive v0.1.6
[INFO] [stderr]     Checking bytemuck v1.24.0
[INFO] [stderr]     Checking tracing-subscriber v0.3.20
[INFO] [stderr]    Compiling yoke-derive v0.8.0
[INFO] [stderr]    Compiling futures-macro v0.3.31
[INFO] [stderr]    Compiling zerovec-derive v0.11.1
[INFO] [stderr]     Checking futures-util v0.3.31
[INFO] [stderr]    Compiling displaydoc v0.2.5
[INFO] [stderr]     Checking zerofrom v0.1.6
[INFO] [stderr]     Checking yoke v0.8.0
[INFO] [stderr]     Checking backtrace v0.3.75
[INFO] [stderr]     Checking tracing-error v0.2.1
[INFO] [stderr]     Checking zerotrie v0.2.2
[INFO] [stderr]     Checking zerovec v0.11.4
[INFO] [stderr]    Compiling profiling-procmacros v1.0.17
[INFO] [stderr]     Checking profiling v1.0.17
[INFO] [stderr]     Checking color-eyre v0.6.5
[INFO] [stderr]    Compiling windows-implement v0.60.2
[INFO] [stderr]    Compiling windows-interface v0.59.3
[INFO] [stderr]    Compiling toml_datetime v0.6.11
[INFO] [stderr]     Checking bitflags v2.9.4
[INFO] [stderr]    Compiling serde_spanned v0.6.9
[INFO] [stderr]     Checking uuid v1.18.1
[INFO] [stderr]    Compiling toml_edit v0.22.27
[INFO] [stderr]     Checking half v2.6.0
[INFO] [stderr]     Checking windows-core v0.62.2
[INFO] [stderr]    Compiling thiserror-impl v2.0.17
[INFO] [stderr]     Checking tinystr v0.8.1
[INFO] [stderr]     Checking potential_utf v0.1.3
[INFO] [stderr]     Checking icu_collections v2.0.0
[INFO] [stderr]     Checking icu_locale_core v2.0.0
[INFO] [stderr]     Checking windows-collections v0.3.2
[INFO] [stderr]     Checking icu_provider v2.0.0
[INFO] [stderr]     Checking futures-executor v0.3.31
[INFO] [stderr]     Checking windows-numerics v0.3.1
[INFO] [stderr]     Checking windows-future v0.3.2
[INFO] [stderr]     Checking inotify v0.11.0
[INFO] [stderr]     Checking icu_properties v2.0.1
[INFO] [stderr]     Checking icu_normalizer v2.0.0
[INFO] [stdout] error[E0425]: cannot find type `IMarshal` in module `windows_core::imp`
[INFO] [stdout]   --> /opt/rustwide/cargo-home/registry/src/index.crates.io-1949cf8c6b5b557f/windows-future-0.3.2/src/bindings.rs:87:51
[INFO] [stdout]    |
[INFO] [stdout] 87 |             } else if *iid == <windows_core::imp::IMarshal as windows_core::Interface>::IID {
[INFO] [stdout]    |                                                   ^^^^^^^^ not found in `windows_core::imp`
[INFO] [stdout] 
[INFO] [stdout] 
[INFO] [stdout] error[E0425]: cannot find function `marshaler` in module `windows_core::imp`
[INFO] [stdout]   --> /opt/rustwide/cargo-home/registry/src/index.crates.io-1949cf8c6b5b557f/windows-future-0.3.2/src/bindings.rs:89:43
[INFO] [stdout]    |
[INFO] [stdout] 89 |                 return windows_core::imp::marshaler(
[INFO] [stdout]    |                                           ^^^^^^^^^ not found in `windows_core::imp`
[INFO] [stdout] 
[INFO] [stdout] 
[INFO] [stdout] error[E0425]: cannot find type `IMarshal` in module `windows_core::imp`
[INFO] [stdout]    --> /opt/rustwide/cargo-home/registry/src/index.crates.io-1949cf8c6b5b557f/windows-future-0.3.2/src/bindings.rs:255:51
[INFO] [stdout]     |
[INFO] [stdout] 255 |             } else if *iid == <windows_core::imp::IMarshal as windows_core::Interface>::IID {
[INFO] [stdout]     |                                                   ^^^^^^^^ not found in `windows_core::imp`
[INFO] [stdout] 
[INFO] [stdout] 
[INFO] [stdout] error[E0425]: cannot find function `marshaler` in module `windows_core::imp`
[INFO] [stdout]    --> /opt/rustwide/cargo-home/registry/src/index.crates.io-1949cf8c6b5b557f/windows-future-0.3.2/src/bindings.rs:257:43
[INFO] [stdout]     |
[INFO] [stdout] 257 |                 return windows_core::imp::marshaler(
[INFO] [stdout]     |                                           ^^^^^^^^^ not found in `windows_core::imp`
[INFO] [stdout] 
[INFO] [stdout] 
[INFO] [stdout] error[E0425]: cannot find type `IMarshal` in module `windows_core::imp`
[INFO] [stdout]    --> /opt/rustwide/cargo-home/registry/src/index.crates.io-1949cf8c6b5b557f/windows-future-0.3.2/src/bindings.rs:422:364
[INFO] [stdout]     |
[INFO] [stdout] 422 | ... _ } else if * iid == < windows_core::imp::IMarshal as windows_core::Interface >::IID { ( * this ) . count . add_ref ( ) ; retur...
[INFO] [stdout]     |                                               ^^^^^^^^ not found in `windows_core::imp`
[INFO] [stdout] 
[INFO] [stdout] 
[INFO] [stdout] error[E0425]: cannot find function `marshaler` in module `windows_core::imp`
[INFO] [stdout]    --> /opt/rustwide/cargo-home/registry/src/index.crates.io-1949cf8c6b5b557f/windows-future-0.3.2/src/bindings.rs:422:470
[INFO] [stdout]     |
[INFO] [stdout] 422 | ... . add_ref ( ) ; return windows_core::imp::marshaler ( core::mem::transmute ( & mut ( * this ) . vtable as * mut _ as * mut core...
[INFO] [stdout]     |                                               ^^^^^^^^^ not found in `windows_core::imp`
[INFO] [stdout] 
[INFO] [stdout] 
[INFO] [stdout] error[E0425]: cannot find type `IMarshal` in module `windows_core::imp`
[INFO] [stdout]    --> /opt/rustwide/cargo-home/registry/src/index.crates.io-1949cf8c6b5b557f/windows-future-0.3.2/src/bindings.rs:572:51
[INFO] [stdout]     |
[INFO] [stdout] 572 |             } else if *iid == <windows_core::imp::IMarshal as windows_core::Interface>::IID {
[INFO] [stdout]     |                                                   ^^^^^^^^ not found in `windows_core::imp`
[INFO] [stdout] 
[INFO] [stdout] 
[INFO] [stdout] error[E0425]: cannot find function `marshaler` in module `windows_core::imp`
[INFO] [stdout]    --> /opt/rustwide/cargo-home/registry/src/index.crates.io-1949cf8c6b5b557f/windows-future-0.3.2/src/bindings.rs:574:43
[INFO] [stdout]     |
[INFO] [stdout] 574 |                 return windows_core::imp::marshaler(
[INFO] [stdout]     |                                           ^^^^^^^^^ not found in `windows_core::imp`
[INFO] [stdout] 
[INFO] [stdout] 
[INFO] [stdout] error[E0425]: cannot find type `IMarshal` in module `windows_core::imp`
[INFO] [stdout]    --> /opt/rustwide/cargo-home/registry/src/index.crates.io-1949cf8c6b5b557f/windows-future-0.3.2/src/bindings.rs:752:364
[INFO] [stdout]     |
[INFO] [stdout] 752 | ... _ } else if * iid == < windows_core::imp::IMarshal as windows_core::Interface >::IID { ( * this ) . count . add_ref ( ) ; retur...
[INFO] [stdout]     |                                               ^^^^^^^^ not found in `windows_core::imp`
[INFO] [stdout] 
[INFO] [stdout] 
[INFO] [stdout] error[E0425]: cannot find function `marshaler` in module `windows_core::imp`
[INFO] [stdout]    --> /opt/rustwide/cargo-home/registry/src/index.crates.io-1949cf8c6b5b557f/windows-future-0.3.2/src/bindings.rs:752:470
[INFO] [stdout]     |
[INFO] [stdout] 752 | ... . add_ref ( ) ; return windows_core::imp::marshaler ( core::mem::transmute ( & mut ( * this ) . vtable as * mut _ as * mut core...
[INFO] [stdout]     |                                               ^^^^^^^^^ not found in `windows_core::imp`
[INFO] [stdout] 
[INFO] [stdout] 
[INFO] [stdout] error[E0425]: cannot find type `IMarshal` in module `windows_core::imp`
[INFO] [stdout]    --> /opt/rustwide/cargo-home/registry/src/index.crates.io-1949cf8c6b5b557f/windows-future-0.3.2/src/bindings.rs:927:377
[INFO] [stdout]     |
[INFO] [stdout] 927 | ... _ } else if * iid == < windows_core::imp::IMarshal as windows_core::Interface >::IID { ( * this ) . count . add_ref ( ) ; retur...
[INFO] [stdout]     |                                               ^^^^^^^^ not found in `windows_core::imp`
[INFO] [stdout] 
[INFO] [stdout] 
[INFO] [stdout] error[E0425]: cannot find function `marshaler` in module `windows_core::imp`
[INFO] [stdout]    --> /opt/rustwide/cargo-home/registry/src/index.crates.io-1949cf8c6b5b557f/windows-future-0.3.2/src/bindings.rs:927:483
[INFO] [stdout]     |
[INFO] [stdout] 927 | ... . add_ref ( ) ; return windows_core::imp::marshaler ( core::mem::transmute ( & mut ( * this ) . vtable as * mut _ as * mut core...
[INFO] [stdout]     |                                               ^^^^^^^^^ not found in `windows_core::imp`
[INFO] [stdout] 
[INFO] [stdout] 
[INFO] [stdout] error[E0425]: cannot find function `submit` in crate `windows_threading`
[INFO] [stdout]    --> /opt/rustwide/cargo-home/registry/src/index.crates.io-1949cf8c6b5b557f/windows-future-0.3.2/src/async_spawn.rs:264:28
[INFO] [stdout]     |
[INFO] [stdout] 264 |         windows_threading::submit(move || {
[INFO] [stdout]     |                            ^^^^^^ not found in `windows_threading`
[INFO] [stdout] 
[INFO] [stdout] 
[INFO] [stdout] error[E0425]: cannot find function `submit` in crate `windows_threading`
[INFO] [stdout]    --> /opt/rustwide/cargo-home/registry/src/index.crates.io-1949cf8c6b5b557f/windows-future-0.3.2/src/async_spawn.rs:281:28
[INFO] [stdout]     |
[INFO] [stdout] 281 |         windows_threading::submit(move || {
[INFO] [stdout]     |                            ^^^^^^ not found in `windows_threading`
[INFO] [stdout] 
[INFO] [stdout] 
[INFO] [stdout] error[E0425]: cannot find function `submit` in crate `windows_threading`
[INFO] [stdout]    --> /opt/rustwide/cargo-home/registry/src/index.crates.io-1949cf8c6b5b557f/windows-future-0.3.2/src/async_spawn.rs:298:28
[INFO] [stdout]     |
[INFO] [stdout] 298 |         windows_threading::submit(move || {
[INFO] [stdout]     |                            ^^^^^^ not found in `windows_threading`
[INFO] [stdout] 
[INFO] [stdout] 
[INFO] [stdout] error[E0425]: cannot find function `submit` in crate `windows_threading`
[INFO] [stdout]    --> /opt/rustwide/cargo-home/registry/src/index.crates.io-1949cf8c6b5b557f/windows-future-0.3.2/src/async_spawn.rs:315:28
[INFO] [stdout]     |
[INFO] [stdout] 315 |         windows_threading::submit(move || {
[INFO] [stdout]     |                            ^^^^^^ not found in `windows_threading`
[INFO] [stdout] 
[INFO] [stdout] 
[INFO] [stderr]     Checking keyvalues-serde v0.2.2
[INFO] [stderr]     Checking emath v0.33.0
[INFO] [stderr]    Compiling enumflags2_derive v0.7.12
[INFO] [stderr]    Compiling toml_datetime v0.7.3
[INFO] [stdout] For more information about this error, try `rustc --explain E0425`.
[INFO] [stdout] 
[INFO] [stderr]    Compiling serde_spanned v1.0.3
[INFO] [stderr]     Checking steamlocate v2.0.1
[INFO] [stderr] error: could not compile `windows-future` (lib) due to 16 previous errors
[INFO] [stderr] warning: build failed, waiting for other jobs to finish...
[INFO] running `Command { std: "docker" "inspect" "c63a1ac1f7a16e9238931b2d5c6261493445f59af216704b276f9d9cae4b808f", kill_on_drop: false }`
[INFO] running `Command { std: "docker" "rm" "-f" "c63a1ac1f7a16e9238931b2d5c6261493445f59af216704b276f9d9cae4b808f", kill_on_drop: false }`
[INFO] [stdout] c63a1ac1f7a16e9238931b2d5c6261493445f59af216704b276f9d9cae4b808f
