[INFO] cloning repository https://github.com/highlanderviralcenter-lab/highlander-forge-blade
[INFO] running `Command { std: "git" "-c" "credential.helper=" "-c" "credential.helper=/workspace/cargo-home/bin/git-credential-null" "clone" "--bare" "https://github.com/highlanderviralcenter-lab/highlander-forge-blade" "/workspace/cache/git-repos/https%3A%2F%2Fgithub.com%2Fhighlanderviralcenter-lab%2Fhighlander-forge-blade", kill_on_drop: false }`
[INFO] [stderr] Cloning into bare repository '/workspace/cache/git-repos/https%3A%2F%2Fgithub.com%2Fhighlanderviralcenter-lab%2Fhighlander-forge-blade'...
[INFO] running `Command { std: "git" "rev-parse" "HEAD", kill_on_drop: false }`
[INFO] [stdout] b3a87bf17f8e95fcb55291e08028e969f95419c6
[INFO] checking highlanderviralcenter-lab/highlander-forge-blade against f4dd856795debe636f2ba39a900f162f5abeb7e8 for pr-160904
[INFO] running `Command { std: "git" "clone" "/workspace/cache/git-repos/https%3A%2F%2Fgithub.com%2Fhighlanderviralcenter-lab%2Fhighlander-forge-blade" "/workspace/builds/worker-0-tc2/source", kill_on_drop: false }`
[INFO] [stderr] Cloning into '/workspace/builds/worker-0-tc2/source'...
[INFO] [stderr] done.
[INFO] removed /workspace/builds/worker-0-tc2/source/rust-toolchain.toml
[INFO] started tweaking git repo https://github.com/highlanderviralcenter-lab/highlander-forge-blade
[INFO] finished tweaking git repo https://github.com/highlanderviralcenter-lab/highlander-forge-blade
[INFO] tweaked toml for git repo https://github.com/highlanderviralcenter-lab/highlander-forge-blade written to /workspace/builds/worker-0-tc2/source/Cargo.toml
[INFO] validating manifest of git repo https://github.com/highlanderviralcenter-lab/highlander-forge-blade on toolchain f4dd856795debe636f2ba39a900f162f5abeb7e8
[INFO] running `Command { std: CARGO_HOME="/workspace/cargo-home" RUSTUP_HOME="/workspace/rustup-home" "/workspace/cargo-home/bin/cargo" "+f4dd856795debe636f2ba39a900f162f5abeb7e8" "metadata" "--manifest-path" "Cargo.toml" "--no-deps", kill_on_drop: false }`
[INFO] crate git repo https://github.com/highlanderviralcenter-lab/highlander-forge-blade already has a lockfile, it will not be regenerated
[INFO] running `Command { std: CARGO_HOME="/workspace/cargo-home" RUSTUP_HOME="/workspace/rustup-home" "/workspace/cargo-home/bin/cargo" "+f4dd856795debe636f2ba39a900f162f5abeb7e8" "fetch" "--manifest-path" "Cargo.toml", kill_on_drop: false }`
[INFO] [stderr]     Blocking waiting for file lock on package cache
[INFO] [stderr]     Blocking waiting for file lock on package cache
[INFO] [stderr]  Downloading crates ...
[INFO] [stderr]   Downloaded sqlx-macros v0.8.6
[INFO] [stderr]   Downloaded sqlx-sqlite v0.8.6
[INFO] [stderr]   Downloaded cc v1.2.65
[INFO] [stderr]   Downloaded sqlx-macros-core v0.8.6
[INFO] [stderr]   Downloaded sqlx-mysql v0.8.6
[INFO] [stderr]   Downloaded sqlx-core v0.8.6
[INFO] [stderr]   Downloaded sqlx-postgres v0.8.6
[INFO] [stderr]   Downloaded sqlx v0.8.6
[INFO] [stderr]   Downloaded mockall_derive v0.12.1
[INFO] [stderr]   Downloaded mockall v0.12.1
[INFO] [stderr]   Downloaded wayland-scanner v0.31.10
[INFO] [stderr]   Downloaded wayland-client v0.31.14
[INFO] [stderr]   Downloaded wayland-backend v0.3.15
[INFO] [stderr]   Downloaded clipboard_x11 v0.4.3
[INFO] [stderr]   Downloaded smithay-clipboard v0.7.3
[INFO] [stderr]   Downloaded wayland-protocols-misc v0.3.12
[INFO] [stderr]   Downloaded calloop v0.14.4
[INFO] [stderr]   Downloaded uds_windows v1.2.1
[INFO] [stderr]   Downloaded tiny-xlib v0.2.5
[INFO] [stderr]   Downloaded dtor v0.8.1
[INFO] [stderr]   Downloaded ctor v0.10.1
[INFO] [stderr]   Downloaded drm-ffi v0.9.1
[INFO] [stderr]   Downloaded drm-sys v0.8.1
[INFO] running `Command { std: "docker" "create" "-v" "/var/lib/crater-agent-workspace/builds/worker-0-tc2/source:/opt/rustwide/workdir:ro,Z" "-v" "/var/lib/crater-agent-workspace/builds/worker-0-tc2/target:/opt/rustwide/target:rw,Z" "-v" "/var/lib/crater-agent-workspace/cargo-home:/opt/rustwide/cargo-home:ro,Z" "-v" "/var/lib/crater-agent-workspace/rustup-home:/opt/rustwide/rustup-home:ro,Z" "-m" "1610612736" "--network" "none" "ghcr.io/rust-lang/crates-build-env/linux@sha256:3111399a4047eeb3a02b7a90e478d715f38a8c6669b5c4b49d30a17385265909" "sleep" "infinity", kill_on_drop: false }`
[INFO] [stdout] bca81ef0c646900c02a341806b446d15f369f4aba78c5e1333bb9e4949a8e347
[INFO] running `Command { std: "docker" "start" "bca81ef0c646900c02a341806b446d15f369f4aba78c5e1333bb9e4949a8e347", kill_on_drop: false }`
[INFO] running `Command { std: "docker" "inspect" "bca81ef0c646900c02a341806b446d15f369f4aba78c5e1333bb9e4949a8e347", kill_on_drop: false }`
[INFO] running `Command { std: "docker" "exec" "-e" "SOURCE_DIR=/opt/rustwide/workdir" "-e" "CARGO_HOME=/opt/rustwide/cargo-home" "-e" "RUSTUP_HOME=/opt/rustwide/rustup-home" "-e" "CARGO_TARGET_DIR=/opt/rustwide/target" "-w" "/opt/rustwide/workdir" "--user" "0:0" "bca81ef0c646900c02a341806b446d15f369f4aba78c5e1333bb9e4949a8e347" "/opt/rustwide/cargo-home/bin/cargo" "+f4dd856795debe636f2ba39a900f162f5abeb7e8" "metadata" "--no-deps" "--format-version=1", kill_on_drop: false }`
[INFO] running `Command { std: "docker" "inspect" "bca81ef0c646900c02a341806b446d15f369f4aba78c5e1333bb9e4949a8e347", kill_on_drop: false }`
[INFO] running `Command { std: "docker" "exec" "-e" "SOURCE_DIR=/opt/rustwide/workdir" "-e" "CARGO_HOME=/opt/rustwide/cargo-home" "-e" "RUSTUP_HOME=/opt/rustwide/rustup-home" "-e" "CARGO_TARGET_DIR=/opt/rustwide/target" "-e" "CARGO_INCREMENTAL=0" "-e" "RUST_BACKTRACE=full" "-e" "RUSTFLAGS=--cap-lints=forbid" "-e" "RUSTDOCFLAGS=--cap-lints=forbid" "-w" "/opt/rustwide/workdir" "--user" "0:0" "bca81ef0c646900c02a341806b446d15f369f4aba78c5e1333bb9e4949a8e347" "/opt/rustwide/cargo-home/bin/cargo" "+f4dd856795debe636f2ba39a900f162f5abeb7e8" "check" "--frozen" "--all" "--all-targets" "--message-format=json", kill_on_drop: false }`
[INFO] [stderr]    Compiling proc-macro2 v1.0.106
[INFO] [stderr]    Compiling unicode-ident v1.0.24
[INFO] [stderr]    Compiling quote v1.0.45
[INFO] [stderr]    Compiling libc v0.2.186
[INFO] [stderr]     Checking cfg-if v1.0.4
[INFO] [stderr]     Checking typenum v1.20.1
[INFO] [stderr]    Compiling serde_core v1.0.228
[INFO] [stderr]    Compiling serde v1.0.228
[INFO] [stderr]     Checking log v0.4.32
[INFO] [stderr]    Compiling parking_lot_core v0.9.12
[INFO] [stderr]    Compiling zerocopy v0.8.52
[INFO] [stderr]     Checking smallvec v1.15.2
[INFO] [stderr]     Checking lock_api v0.4.14
[INFO] [stderr]     Checking either v1.16.0
[INFO] [stderr]    Compiling rustversion v1.0.22
[INFO] [stderr]    Compiling num-traits v0.2.19
[INFO] [stderr]    Compiling zmij v1.0.21
[INFO] [stderr]     Checking futures-core v0.3.32
[INFO] [stderr]     Checking regex-syntax v0.8.11
[INFO] [stderr]    Compiling windows_x86_64_gnu v0.52.6
[INFO] [stderr]    Compiling crossbeam-utils v0.8.21
[INFO] [stderr]    Compiling signal-hook v0.3.18
[INFO] [stderr]    Compiling serde_json v1.0.150
[INFO] [stderr]    Compiling strsim v0.11.1
[INFO] [stderr]    Compiling syn v2.0.118
[INFO] [stderr]    Compiling semver v1.0.28
[INFO] [stderr]     Checking getrandom v0.2.17
[INFO] [stderr]     Checking rand_core v0.6.4
[INFO] [stderr]     Checking errno v0.3.14
[INFO] [stderr]     Checking signal-hook-registry v1.4.8
[INFO] [stderr]     Checking mio v1.2.1
[INFO] [stderr]     Checking parking_lot v0.12.5
[INFO] [stderr]    Compiling rustc_version v0.4.1
[INFO] [stderr]     Checking socket2 v0.6.4
[INFO] [stderr]     Checking generic-array v0.14.7
[INFO] [stderr]    Compiling rustix v0.38.44
[INFO] [stderr]     Checking memchr v2.8.2
[INFO] [stderr]     Checking regex-automata v0.4.14
[INFO] [stderr]     Checking bytes v1.12.0
[INFO] [stderr]    Compiling curve25519-dalek v4.1.3
[INFO] [stderr]     Checking crypto-common v0.1.7
[INFO] [stderr]     Checking inout v0.1.4
[INFO] [stderr]     Checking block-buffer v0.10.4
[INFO] [stderr]     Checking digest v0.10.7
[INFO] [stderr]     Checking cipher v0.4.4
[INFO] [stderr]     Checking universal-hash v0.5.1
[INFO] [stderr]    Compiling instability v0.3.12
[INFO] [stderr]     Checking opaque-debug v0.3.1
[INFO] [stderr]     Checking linux-raw-sys v0.4.15
[INFO] [stderr]     Checking bitflags v2.13.0
[INFO] [stderr]     Checking hashbrown v0.15.5
[INFO] [stderr]     Checking indexmap v2.14.0
[INFO] [stderr]     Checking polyval v0.6.2
[INFO] [stderr]     Checking crossbeam-epoch v0.9.18
[INFO] [stderr]     Checking signal-hook-mio v0.2.5
[INFO] [stderr]     Checking windows-targets v0.52.6
[INFO] [stderr]     Checking castaway v0.2.4
[INFO] [stderr]     Checking itertools v0.13.0
[INFO] [stderr]     Checking winnow v0.7.15
[INFO] [stderr]     Checking signature v2.2.0
[INFO] [stderr]     Checking ryu v1.0.23
[INFO] [stderr]     Checking unicode-segmentation v1.13.3
[INFO] [stderr]     Checking iana-time-zone v0.1.65
[INFO] [stderr]     Checking static_assertions v1.1.0
[INFO] [stderr]     Checking toml_write v0.1.2
[INFO] [stderr]     Checking futures-sink v0.3.32
[INFO] [stderr]    Compiling indoc v2.0.7
[INFO] [stderr]     Checking zeroize v1.9.0
[INFO] [stderr]    Compiling anyhow v1.0.102
[INFO] [stderr]     Checking compact_str v0.8.2
[INFO] [stderr]     Checking crossterm v0.28.1
[INFO] [stderr]     Checking ed25519 v2.2.3
[INFO] [stderr]     Checking lru v0.12.5
[INFO] [stderr]     Checking crossbeam-deque v0.8.6
[INFO] [stderr]     Checking matchers v0.2.0
[INFO] [stderr]     Checking windows-core v0.52.0
[INFO] [stderr]     Checking getrandom v0.4.3
[INFO] [stderr]     Checking ghash v0.5.1
[INFO] [stderr]     Checking ctr v0.9.2
[INFO] [stderr]     Checking aes v0.8.4
[INFO] [stderr]     Checking sha2 v0.10.9
[INFO] [stderr]     Checking aead v0.5.2
[INFO] [stderr]     Checking tracing-log v0.2.0
[INFO] [stderr]     Checking thread_local v1.1.9
[INFO] [stderr]     Checking ciborium-io v0.2.2
[INFO] [stderr]     Checking unicode-width v0.2.0
[INFO] [stderr]     Checking futures-task v0.3.32
[INFO] [stderr]     Checking predicates-core v1.0.10
[INFO] [stderr]     Checking clap_lex v1.1.0
[INFO] [stderr]     Checking plotters-backend v0.3.7
[INFO] [stderr]     Checking windows v0.52.0
[INFO] [stderr]     Checking futures-util v0.3.32
[INFO] [stderr]     Checking aes-gcm v0.10.3
[INFO] [stderr]     Checking clap_builder v4.6.0
[INFO] [stderr]     Checking unicode-truncate v1.1.0
[INFO] [stderr]     Checking plotters-svg v0.3.7
[INFO] [stderr]     Checking uuid v1.23.3
[INFO] [stderr]     Checking rayon-core v1.13.0
[INFO] [stderr]     Checking futures-channel v0.3.32
[INFO] [stderr]     Checking itertools v0.10.5
[INFO] [stderr]     Checking termtree v0.5.1
[INFO] [stderr]     Checking futures-io v0.3.32
[INFO] [stderr]     Checking cast v0.3.0
[INFO] [stderr]     Checking rayon v1.12.0
[INFO] [stderr]     Checking predicates-tree v1.0.13
[INFO] [stderr]     Checking plotters v0.3.7
[INFO] [stderr]     Checking predicates v3.1.4
[INFO] [stderr]    Compiling darling_core v0.23.0
[INFO] [stderr]     Checking futures v0.3.32
[INFO] [stderr]     Checking regex v1.12.4
[INFO] [stderr]     Checking is-terminal v0.4.17
[INFO] [stderr]     Checking clap v4.6.1
[INFO] [stderr]     Checking criterion-plot v0.5.0
[INFO] [stderr]     Checking fragile v2.1.0
[INFO] [stderr]     Checking anes v0.1.6
[INFO] [stderr]     Checking downcast v0.11.0
[INFO] [stderr]     Checking oorandom v11.1.5
[INFO] [stderr]    Compiling serde_derive v1.0.228
[INFO] [stderr]    Compiling zerocopy-derive v0.8.52
[INFO] [stderr]    Compiling tokio-macros v2.7.0
[INFO] [stderr]    Compiling tracing-attributes v0.1.31
[INFO] [stderr]    Compiling strum_macros v0.26.4
[INFO] [stderr]     Checking tokio v1.52.3
[INFO] [stderr]    Compiling curve25519-dalek-derive v0.1.1
[INFO] [stderr]     Checking tracing v0.1.44
[INFO] [stderr]    Compiling thiserror-impl v1.0.69
[INFO] [stderr]     Checking strum v0.26.3
[INFO] [stderr]    Compiling mockall_derive v0.12.1
[INFO] [stderr]    Compiling darling_macro v0.23.0
[INFO] [stderr]     Checking thiserror v1.0.69
[INFO] [stderr]    Compiling darling v0.23.0
[INFO] [stderr]     Checking ed25519-dalek v2.2.0
[INFO] [stderr]     Checking ratatui v0.29.0
[INFO] [stderr]     Checking serde_spanned v0.6.9
[INFO] [stderr]     Checking toml_datetime v0.6.11
[INFO] [stderr]     Checking tracing-serde v0.2.0
[INFO] [stderr]     Checking chrono v0.4.45
[INFO] [stderr]     Checking tinytemplate v1.2.1
[INFO] [stderr]     Checking toml_edit v0.22.27
[INFO] [stderr]     Checking mockall v0.12.1
[INFO] [stderr]     Checking tracing-subscriber v0.3.23
[INFO] [stderr]     Checking toml v0.8.23
[INFO] [stderr]     Checking tokio-stream v0.1.18
[INFO] [stderr]     Checking tokio-test v0.4.5
[INFO] [stderr]     Checking ppv-lite86 v0.2.21
[INFO] [stderr]     Checking half v2.7.1
[INFO] [stderr]     Checking ciborium-ll v0.2.2
[INFO] [stderr]     Checking rand_chacha v0.3.1
[INFO] [stderr]     Checking ciborium v0.2.2
[INFO] [stderr]     Checking rand v0.8.6
[INFO] [stderr]     Checking criterion v0.5.1
[INFO] [stderr]     Checking highlander-forge-blade v3.0.0-alpha.1 (/opt/rustwide/workdir)
[INFO] [stdout] error[E0433]: cannot find `windows` in `platform`
[INFO] [stdout]   --> src/core/traits.rs:55:35
[INFO] [stdout]    |
[INFO] [stdout] 55 |         Box::new(crate::platform::windows::wmi::WmiSystemInfoProvider::new())
[INFO] [stdout]    |                                   ^^^^^^^ could not find `windows` in `platform`
[INFO] [stdout]    |
[INFO] [stdout] note: found an item that was configured out
[INFO] [stdout]   --> src/platform/mod.rs:4:9
[INFO] [stdout]    |
[INFO] [stdout]  3 | #[cfg(windows)]
[INFO] [stdout]    |       ------- the item is gated here
[INFO] [stdout]  4 | pub mod windows;
[INFO] [stdout]    |         ^^^^^^^
[INFO] [stdout] 
[INFO] [stdout] 
[INFO] [stdout] error[E0433]: cannot find `windows` in `platform`
[INFO] [stdout]   --> src/core/traits.rs:58:35
[INFO] [stdout]    |
[INFO] [stdout] 58 |         Box::new(crate::platform::windows::registry::WinRegistryProvider::new())
[INFO] [stdout]    |                                   ^^^^^^^ could not find `windows` in `platform`
[INFO] [stdout]    |
[INFO] [stdout] note: found an item that was configured out
[INFO] [stdout]   --> src/platform/mod.rs:4:9
[INFO] [stdout]    |
[INFO] [stdout]  3 | #[cfg(windows)]
[INFO] [stdout]    |       ------- the item is gated here
[INFO] [stdout]  4 | pub mod windows;
[INFO] [stdout]    |         ^^^^^^^
[INFO] [stdout] 
[INFO] [stdout] 
[INFO] [stdout] error[E0433]: cannot find `windows` in `platform`
[INFO] [stdout]   --> src/core/traits.rs:61:35
[INFO] [stdout]    |
[INFO] [stdout] 61 |         Box::new(crate::platform::windows::services::WinServiceProvider::new())
[INFO] [stdout]    |                                   ^^^^^^^ could not find `windows` in `platform`
[INFO] [stdout]    |
[INFO] [stdout] note: found an item that was configured out
[INFO] [stdout]   --> src/platform/mod.rs:4:9
[INFO] [stdout]    |
[INFO] [stdout]  3 | #[cfg(windows)]
[INFO] [stdout]    |       ------- the item is gated here
[INFO] [stdout]  4 | pub mod windows;
[INFO] [stdout]    |         ^^^^^^^
[INFO] [stdout] 
[INFO] [stdout] 
[INFO] [stdout] error[E0433]: cannot find `windows` in `platform`
[INFO] [stdout]   --> src/core/traits.rs:64:35
[INFO] [stdout]    |
[INFO] [stdout] 64 |         Box::new(crate::platform::windows::updates::WuaUpdateProvider::new())
[INFO] [stdout]    |                                   ^^^^^^^ could not find `windows` in `platform`
[INFO] [stdout]    |
[INFO] [stdout] note: found an item that was configured out
[INFO] [stdout]   --> src/platform/mod.rs:4:9
[INFO] [stdout]    |
[INFO] [stdout]  3 | #[cfg(windows)]
[INFO] [stdout]    |       ------- the item is gated here
[INFO] [stdout]  4 | pub mod windows;
[INFO] [stdout]    |         ^^^^^^^
[INFO] [stdout] 
[INFO] [stdout] 
[INFO] [stdout] error[E0433]: cannot find `windows` in `platform`
[INFO] [stdout]   --> src/core/traits.rs:55:35
[INFO] [stdout]    |
[INFO] [stdout] 55 |         Box::new(crate::platform::windows::wmi::WmiSystemInfoProvider::new())
[INFO] [stdout]    |                                   ^^^^^^^ could not find `windows` in `platform`
[INFO] [stdout]    |
[INFO] [stdout] note: found an item that was configured out
[INFO] [stdout]   --> src/platform/mod.rs:4:9
[INFO] [stdout]    |
[INFO] [stdout]  3 | #[cfg(windows)]
[INFO] [stdout]    |       ------- the item is gated here
[INFO] [stdout]  4 | pub mod windows;
[INFO] [stdout]    |         ^^^^^^^
[INFO] [stdout] 
[INFO] [stdout] 
[INFO] [stdout] error[E0433]: cannot find `windows` in `platform`
[INFO] [stdout]   --> src/core/traits.rs:58:35
[INFO] [stdout]    |
[INFO] [stdout] 58 |         Box::new(crate::platform::windows::registry::WinRegistryProvider::new())
[INFO] [stdout]    |                                   ^^^^^^^ could not find `windows` in `platform`
[INFO] [stdout]    |
[INFO] [stdout] note: found an item that was configured out
[INFO] [stdout]   --> src/platform/mod.rs:4:9
[INFO] [stdout]    |
[INFO] [stdout]  3 | #[cfg(windows)]
[INFO] [stdout]    |       ------- the item is gated here
[INFO] [stdout]  4 | pub mod windows;
[INFO] [stdout]    |         ^^^^^^^
[INFO] [stdout] 
[INFO] [stdout] 
[INFO] [stdout] error[E0433]: cannot find `windows` in `platform`
[INFO] [stdout]   --> src/core/traits.rs:61:35
[INFO] [stdout]    |
[INFO] [stdout] 61 |         Box::new(crate::platform::windows::services::WinServiceProvider::new())
[INFO] [stdout]    |                                   ^^^^^^^ could not find `windows` in `platform`
[INFO] [stdout]    |
[INFO] [stdout] note: found an item that was configured out
[INFO] [stdout]   --> src/platform/mod.rs:4:9
[INFO] [stdout]    |
[INFO] [stdout]  3 | #[cfg(windows)]
[INFO] [stdout]    |       ------- the item is gated here
[INFO] [stdout]  4 | pub mod windows;
[INFO] [stdout]    |         ^^^^^^^
[INFO] [stdout] 
[INFO] [stdout] 
[INFO] [stdout] error[E0433]: cannot find `windows` in `platform`
[INFO] [stdout]   --> src/core/traits.rs:64:35
[INFO] [stdout]    |
[INFO] [stdout] 64 |         Box::new(crate::platform::windows::updates::WuaUpdateProvider::new())
[INFO] [stdout]    |                                   ^^^^^^^ could not find `windows` in `platform`
[INFO] [stdout]    |
[INFO] [stdout] note: found an item that was configured out
[INFO] [stdout]   --> src/platform/mod.rs:4:9
[INFO] [stdout]    |
[INFO] [stdout]  3 | #[cfg(windows)]
[INFO] [stdout]    |       ------- the item is gated here
[INFO] [stdout]  4 | pub mod windows;
[INFO] [stdout]    |         ^^^^^^^
[INFO] [stdout] 
[INFO] [stdout] 
[INFO] [stdout] For more information about this error, try `rustc --explain E0433`.
[INFO] [stdout] 
[INFO] [stderr] error: could not compile `highlander-forge-blade` (lib) due to 4 previous errors
[INFO] [stderr] warning: build failed, waiting for other jobs to finish...
[INFO] [stdout] For more information about this error, try `rustc --explain E0433`.
[INFO] [stdout] 
[INFO] [stderr] error: could not compile `highlander-forge-blade` (lib test) due to 4 previous errors
[INFO] running `Command { std: "docker" "inspect" "bca81ef0c646900c02a341806b446d15f369f4aba78c5e1333bb9e4949a8e347", kill_on_drop: false }`
[INFO] running `Command { std: "docker" "rm" "-f" "bca81ef0c646900c02a341806b446d15f369f4aba78c5e1333bb9e4949a8e347", kill_on_drop: false }`
[INFO] [stdout] bca81ef0c646900c02a341806b446d15f369f4aba78c5e1333bb9e4949a8e347
