[INFO] cloning repository https://github.com/goshlanguage/mate
[INFO] running `Command { std: "git" "-c" "credential.helper=" "-c" "credential.helper=/workspace/cargo-home/bin/git-credential-null" "clone" "--bare" "https://github.com/goshlanguage/mate" "/workspace/cache/git-repos/https%3A%2F%2Fgithub.com%2Fgoshlanguage%2Fmate", kill_on_drop: false }`
[INFO] [stderr] Cloning into bare repository '/workspace/cache/git-repos/https%3A%2F%2Fgithub.com%2Fgoshlanguage%2Fmate'...
[INFO] running `Command { std: "git" "rev-parse" "HEAD", kill_on_drop: false }`
[INFO] [stdout] 263dff2e13a0ceee11aa73dd8fbfcaec8858fe56
[INFO] checking goshlanguage/mate against f4dd856795debe636f2ba39a900f162f5abeb7e8 for pr-160904
[INFO] running `Command { std: "git" "clone" "/workspace/cache/git-repos/https%3A%2F%2Fgithub.com%2Fgoshlanguage%2Fmate" "/workspace/builds/worker-4-tc2/source", kill_on_drop: false }`
[INFO] [stderr] Cloning into '/workspace/builds/worker-4-tc2/source'...
[INFO] [stderr] done.
[INFO] removed /workspace/builds/worker-4-tc2/source/.cargo/config.toml
[INFO] started tweaking git repo https://github.com/goshlanguage/mate
[INFO] finished tweaking git repo https://github.com/goshlanguage/mate
[INFO] tweaked toml for git repo https://github.com/goshlanguage/mate written to /workspace/builds/worker-4-tc2/source/Cargo.toml
[INFO] validating manifest of git repo https://github.com/goshlanguage/mate on toolchain f4dd856795debe636f2ba39a900f162f5abeb7e8
[INFO] running `Command { std: CARGO_HOME="/workspace/cargo-home" RUSTUP_HOME="/workspace/rustup-home" "/workspace/cargo-home/bin/cargo" "+f4dd856795debe636f2ba39a900f162f5abeb7e8" "metadata" "--manifest-path" "Cargo.toml" "--no-deps", kill_on_drop: false }`
[INFO] crate git repo https://github.com/goshlanguage/mate already has a lockfile, it will not be regenerated
[INFO] running `Command { std: CARGO_HOME="/workspace/cargo-home" RUSTUP_HOME="/workspace/rustup-home" "/workspace/cargo-home/bin/cargo" "+f4dd856795debe636f2ba39a900f162f5abeb7e8" "fetch" "--manifest-path" "Cargo.toml", kill_on_drop: false }`
[INFO] [stderr]     Blocking waiting for file lock on package cache
[INFO] [stderr]     Updating crates.io index
[INFO] [stderr]     Blocking waiting for file lock on package cache
[ERROR] error running command: no output for 300 seconds
[INFO] checking goshlanguage/mate against f4dd856795debe636f2ba39a900f162f5abeb7e8 for pr-160904
[INFO] running `Command { std: "git" "clone" "/workspace/cache/git-repos/https%3A%2F%2Fgithub.com%2Fgoshlanguage%2Fmate" "/workspace/builds/worker-4-tc2/source", kill_on_drop: false }`
[INFO] [stderr] Cloning into '/workspace/builds/worker-4-tc2/source'...
[INFO] [stderr] done.
[INFO] removed /workspace/builds/worker-4-tc2/source/.cargo/config.toml
[INFO] started tweaking git repo https://github.com/goshlanguage/mate
[INFO] finished tweaking git repo https://github.com/goshlanguage/mate
[INFO] tweaked toml for git repo https://github.com/goshlanguage/mate written to /workspace/builds/worker-4-tc2/source/Cargo.toml
[INFO] validating manifest of git repo https://github.com/goshlanguage/mate on toolchain f4dd856795debe636f2ba39a900f162f5abeb7e8
[INFO] running `Command { std: CARGO_HOME="/workspace/cargo-home" RUSTUP_HOME="/workspace/rustup-home" "/workspace/cargo-home/bin/cargo" "+f4dd856795debe636f2ba39a900f162f5abeb7e8" "metadata" "--manifest-path" "Cargo.toml" "--no-deps", kill_on_drop: false }`
[INFO] crate git repo https://github.com/goshlanguage/mate already has a lockfile, it will not be regenerated
[INFO] running `Command { std: CARGO_HOME="/workspace/cargo-home" RUSTUP_HOME="/workspace/rustup-home" "/workspace/cargo-home/bin/cargo" "+f4dd856795debe636f2ba39a900f162f5abeb7e8" "fetch" "--manifest-path" "Cargo.toml", kill_on_drop: false }`
[INFO] [stderr]     Blocking waiting for file lock on package cache
[INFO] [stderr]     Blocking waiting for file lock on package cache
[INFO] [stderr]  Downloading crates ...
[INFO] [stderr]   Downloaded tokio-macros v1.7.0
[INFO] [stderr]   Downloaded quote v1.0.14
[INFO] [stderr]   Downloaded proc-macro2 v1.0.36
[INFO] [stderr]   Downloaded futures-core v0.3.19
[INFO] [stderr]   Downloaded cpufeatures v0.2.1
[INFO] [stderr]   Downloaded http-body v0.4.4
[INFO] [stderr]   Downloaded futures-io v0.3.19
[INFO] [stderr]   Downloaded futures-task v0.3.19
[INFO] [stderr]   Downloaded darling_macro v0.13.1
[INFO] [stderr]   Downloaded tda-sdk v0.1.4
[INFO] [stderr]   Downloaded displaydoc v0.1.7
[INFO] [stderr]   Downloaded httparse v1.5.1
[INFO] [stderr]   Downloaded futures-channel v0.3.19
[INFO] [stderr]   Downloaded ctor v0.1.21
[INFO] [stderr]   Downloaded wasm-bindgen-macro v0.2.78
[INFO] [stderr]   Downloaded gloo-timers v0.2.2
[INFO] [stderr]   Downloaded wasm-bindgen-futures v0.4.28
[INFO] [stderr]   Downloaded dlv-list v0.2.3
[INFO] [stderr]   Downloaded rust-ini v0.17.0
[INFO] [stderr]   Downloaded futures-macro v0.3.19
[INFO] [stderr]   Downloaded serde_qs v0.8.5
[INFO] [stderr]   Downloaded tokio-tungstenite v0.16.1
[INFO] [stderr]   Downloaded wildmatch v2.1.0
[INFO] [stderr]   Downloaded wasm-bindgen-shared v0.2.78
[INFO] [stderr]   Downloaded rust_decimal_macros v1.20.0
[INFO] [stderr]   Downloaded aws-creds v0.27.1
[INFO] [stderr]   Downloaded actix-cors v0.5.4
[INFO] [stderr]   Downloaded futures-sink v0.3.19
[INFO] [stderr]   Downloaded serde_with_macros v1.5.1
[INFO] [stderr]   Downloaded block_on_proc v0.2.0
[INFO] [stderr]   Downloaded darling v0.13.1
[INFO] [stderr]   Downloaded magic-crypt v3.1.9
[INFO] [stderr]   Downloaded debug-helper v0.3.12
[INFO] [stderr]   Downloaded core-foundation v0.9.2
[INFO] [stderr]   Downloaded serde-xml-rs v0.5.1
[INFO] [stderr]   Downloaded tiger v0.1.0
[INFO] [stderr]   Downloaded pin-project-lite v0.2.8
[INFO] [stderr]   Downloaded fastrand v1.6.0
[INFO] [stderr]   Downloaded socket2 v0.4.2
[INFO] [stderr]   Downloaded futures-executor v0.3.19
[INFO] [stderr]   Downloaded clap_derive v3.0.6
[INFO] [stderr]   Downloaded aws-region v0.23.4
[INFO] [stderr]   Downloaded getrandom v0.2.4
[INFO] [stderr]   Downloaded native-tls v0.2.8
[INFO] [stderr]   Downloaded pkg-config v0.3.24
[INFO] [stderr]   Downloaded security-framework-sys v2.5.0
[INFO] [stderr]   Downloaded maybe-async v0.2.6
[INFO] [stderr]   Downloaded async-trait v0.1.52
[INFO] [stderr]   Downloaded block-modes v0.8.1
[INFO] [stderr]   Downloaded os_str_bytes v6.0.0
[INFO] [stderr]   Downloaded blocking v1.1.0
[INFO] [stderr]   Downloaded semver v1.0.4
[INFO] [stderr]   Downloaded wasm-bindgen-macro-support v0.2.78
[INFO] [stderr]   Downloaded wasm-bindgen-backend v0.2.78
[INFO] [stderr]   Downloaded tokio-stream v0.1.8
[INFO] [stderr]   Downloaded structopt v0.3.25
[INFO] [stderr]   Downloaded pin-project-internal v1.0.10
[INFO] [stderr]   Downloaded once_cell v1.9.0
[INFO] [stderr]   Downloaded publicsuffix v1.5.6
[INFO] [stderr]   Downloaded ordered-multimap v0.3.1
[INFO] [stderr]   Downloaded lock_api v0.4.5
[INFO] [stderr]   Downloaded minidom v0.13.0
[INFO] [stderr]   Downloaded pin-project-internal v0.4.29
[INFO] [stderr]   Downloaded cookie_store v0.12.0
[INFO] [stderr]   Downloaded rust-s3 v0.28.0
[INFO] [stderr]   Downloaded attohttpc v0.18.0
[INFO] [stderr]   Downloaded des v0.7.0
[INFO] [stderr]   Downloaded crossbeam-utils v0.8.6
[INFO] [stderr]   Downloaded crc32fast v1.3.0
[INFO] [stderr]   Downloaded env_logger v0.9.0
[INFO] [stderr]   Downloaded anyhow v1.0.52
[INFO] [stderr]   Downloaded cc v1.0.72
[INFO] [stderr]   Downloaded openssl-sys v0.9.72
[INFO] [stderr]   Downloaded textwrap v0.14.2
[INFO] [stderr]   Downloaded krakenrs v5.2.2
[INFO] [stderr]   Downloaded serde_derive v1.0.133
[INFO] [stderr]   Downloaded indexmap v1.8.0
[INFO] [stderr]   Downloaded futures v0.3.19
[INFO] [stderr]   Downloaded pin-project v0.4.29
[INFO] [stderr]   Downloaded ipnet v2.3.1
[INFO] [stderr]   Downloaded tracing-core v0.1.21
[INFO] [stderr]   Downloaded crc-any v2.4.1
[INFO] [stderr]   Downloaded pin-project v1.0.10
[INFO] [stderr]   Downloaded tungstenite v0.16.0
[INFO] [stderr]   Downloaded security-framework v2.5.0
[INFO] [stderr]   Downloaded serde v1.0.133
[INFO] [stderr]   Downloaded xml-rs v0.8.4
[INFO] [stderr]   Downloaded tokio-util v0.6.9
[INFO] [stderr]   Downloaded serde_with v1.11.0
[INFO] [stderr]   Downloaded darling_core v0.13.1
[INFO] [stderr]   Downloaded bytes v1.1.0
[INFO] [stderr]   Downloaded js-sys v0.3.55
[INFO] [stderr]   Downloaded rust_decimal v1.20.0
[INFO] [stderr]   Downloaded tracing v0.1.29
[INFO] [stderr]   Downloaded http v0.2.6
[INFO] [stderr]   Downloaded serde_json v1.0.75
[INFO] [stderr]   Downloaded quick-xml v0.20.0
[INFO] [stderr]   Downloaded actix-web v3.3.3
[INFO] [stderr]   Downloaded reqwest v0.11.9
[INFO] [stderr]   Downloaded wasm-bindgen v0.2.78
[INFO] [stderr]   Downloaded h2 v0.3.10
[INFO] [stderr]   Downloaded hyper v0.14.16
[INFO] [stderr]   Downloaded futures-util v0.3.19
[INFO] [stderr]   Downloaded syn v1.0.85
[INFO] [stderr]   Downloaded actix-http v2.2.1
[INFO] [stderr]   Downloaded clap v3.0.8
[INFO] [stderr]   Downloaded openssl v0.10.38
[INFO] [stderr]   Downloaded webpki-roots v0.21.1
[INFO] [stderr]   Downloaded tokio v1.15.0
[INFO] [stderr]   Downloaded libc v0.2.112
[INFO] [stderr]   Downloaded web-sys v0.3.55
[INFO] [stderr]   Downloaded encoding_rs v0.8.30
[INFO] running `Command { std: "docker" "create" "-v" "/var/lib/crater-agent-workspace/builds/worker-4-tc2/source:/opt/rustwide/workdir:ro,Z" "-v" "/var/lib/crater-agent-workspace/builds/worker-4-tc2/target:/opt/rustwide/target:rw,Z" "-v" "/var/lib/crater-agent-workspace/cargo-home:/opt/rustwide/cargo-home:ro,Z" "-v" "/var/lib/crater-agent-workspace/rustup-home:/opt/rustwide/rustup-home:ro,Z" "-m" "1610612736" "--network" "none" "ghcr.io/rust-lang/crates-build-env/linux@sha256:3111399a4047eeb3a02b7a90e478d715f38a8c6669b5c4b49d30a17385265909" "sleep" "infinity", kill_on_drop: false }`
[INFO] [stdout] 1de971197e4abfb13041ad5b8ea769cf0e6be85390389bdf3952bf60849a59c1
[INFO] running `Command { std: "docker" "start" "1de971197e4abfb13041ad5b8ea769cf0e6be85390389bdf3952bf60849a59c1", kill_on_drop: false }`
[INFO] running `Command { std: "docker" "inspect" "1de971197e4abfb13041ad5b8ea769cf0e6be85390389bdf3952bf60849a59c1", kill_on_drop: false }`
[INFO] running `Command { std: "docker" "exec" "-e" "SOURCE_DIR=/opt/rustwide/workdir" "-e" "CARGO_HOME=/opt/rustwide/cargo-home" "-e" "RUSTUP_HOME=/opt/rustwide/rustup-home" "-e" "CARGO_TARGET_DIR=/opt/rustwide/target" "-w" "/opt/rustwide/workdir" "--user" "0:0" "1de971197e4abfb13041ad5b8ea769cf0e6be85390389bdf3952bf60849a59c1" "/opt/rustwide/cargo-home/bin/cargo" "+f4dd856795debe636f2ba39a900f162f5abeb7e8" "metadata" "--no-deps" "--format-version=1", kill_on_drop: false }`
[INFO] running `Command { std: "docker" "inspect" "1de971197e4abfb13041ad5b8ea769cf0e6be85390389bdf3952bf60849a59c1", kill_on_drop: false }`
[INFO] running `Command { std: "docker" "exec" "-e" "SOURCE_DIR=/opt/rustwide/workdir" "-e" "CARGO_HOME=/opt/rustwide/cargo-home" "-e" "RUSTUP_HOME=/opt/rustwide/rustup-home" "-e" "CARGO_TARGET_DIR=/opt/rustwide/target" "-e" "CARGO_INCREMENTAL=0" "-e" "RUST_BACKTRACE=full" "-e" "RUSTFLAGS=--cap-lints=forbid" "-e" "RUSTDOCFLAGS=--cap-lints=forbid" "-w" "/opt/rustwide/workdir" "--user" "0:0" "1de971197e4abfb13041ad5b8ea769cf0e6be85390389bdf3952bf60849a59c1" "/opt/rustwide/cargo-home/bin/cargo" "+f4dd856795debe636f2ba39a900f162f5abeb7e8" "check" "--frozen" "--all" "--all-targets" "--message-format=json", kill_on_drop: false }`
[INFO] [stderr]    Compiling proc-macro2 v1.0.36
[INFO] [stderr]    Compiling unicode-xid v0.2.2
[INFO] [stderr]    Compiling syn v1.0.85
[INFO] [stderr]    Compiling libc v0.2.112
[INFO] [stderr]    Compiling log v0.4.14
[INFO] [stderr]    Compiling memchr v2.4.1
[INFO] [stderr]    Compiling futures-core v0.3.19
[INFO] [stderr]     Checking pin-project-lite v0.2.8
[INFO] [stderr]    Compiling cc v1.0.72
[INFO] [stderr]    Compiling serde_derive v1.0.133
[INFO] [stderr]    Compiling serde v1.0.133
[INFO] [stderr]     Checking slab v0.4.5
[INFO] [stderr]     Checking once_cell v1.9.0
[INFO] [stderr]    Compiling value-bag v1.0.0-alpha.8
[INFO] [stderr]     Checking futures-io v0.3.19
[INFO] [stderr]     Checking futures-sink v0.3.19
[INFO] [stderr]    Compiling futures-channel v0.3.19
[INFO] [stderr]     Checking percent-encoding v2.1.0
[INFO] [stderr]    Compiling typenum v1.15.0
[INFO] [stderr]    Compiling futures-task v0.3.19
[INFO] [stderr]     Checking itoa v1.0.1
[INFO] [stderr]     Checking smallvec v1.8.0
[INFO] [stderr]    Compiling generic-array v0.14.5
[INFO] [stderr]    Compiling parking_lot_core v0.8.5
[INFO] [stderr]    Compiling futures-util v0.3.19
[INFO] [stderr]     Checking instant v0.1.12
[INFO] [stderr]     Checking tinyvec_macros v0.1.0
[INFO] [stderr]     Checking matches v0.1.9
[INFO] [stderr]     Checking bytes v1.1.0
[INFO] [stderr]     Checking lock_api v0.4.5
[INFO] [stderr]     Checking unicode-bidi v0.3.7
[INFO] [stderr]     Checking tinyvec v1.5.1
[INFO] [stderr]     Checking form_urlencoded v1.0.1
[INFO] [stderr]    Compiling num-traits v0.2.14
[INFO] [stderr]     Checking ppv-lite86 v0.2.16
[INFO] [stderr]     Checking cfg-if v0.1.10
[INFO] [stderr]    Compiling num-integer v0.1.44
[INFO] [stderr]    Compiling standback v0.2.17
[INFO] [stderr]     Checking ryu v1.0.9
[INFO] [stderr]    Compiling serde_json v1.0.75
[INFO] [stderr]    Compiling pkg-config v0.3.24
[INFO] [stderr]     Checking base64 v0.13.0
[INFO] [stderr]    Compiling proc-macro-hack v0.5.19
[INFO] [stderr]     Checking block-padding v0.2.1
[INFO] [stderr]    Compiling indexmap v1.8.0
[INFO] [stderr]     Checking opaque-debug v0.3.0
[INFO] [stderr]     Checking pin-project-lite v0.1.12
[INFO] [stderr]     Checking bytes v0.5.6
[INFO] [stderr]     Checking tracing-core v0.1.21
[INFO] [stderr]     Checking hashbrown v0.11.2
[INFO] [stderr]     Checking http v0.2.6
[INFO] [stderr]    Compiling httparse v1.5.1
[INFO] [stderr]    Compiling quote v1.0.14
[INFO] [stderr]    Compiling const_fn v0.4.9
[INFO] [stderr]     Checking signal-hook-registry v1.4.0
[INFO] [stderr]     Checking num_cpus v1.13.1
[INFO] [stderr]     Checking iovec v0.1.4
[INFO] [stderr]     Checking net2 v0.2.37
[INFO] [stderr]    Compiling time v0.2.27
[INFO] [stderr]     Checking cpufeatures v0.2.1
[INFO] [stderr]    Compiling openssl v0.10.38
[INFO] [stderr]     Checking parking_lot v0.11.2
[INFO] [stderr]    Compiling pin-project-internal v0.4.29
[INFO] [stderr]    Compiling unicode-segmentation v1.8.0
[INFO] [stderr]     Checking getrandom v0.2.4
[INFO] [stderr]    Compiling openssl-sys v0.9.72
[INFO] [stderr]    Compiling cookie v0.14.4
[INFO] [stderr]    Compiling native-tls v0.2.8
[INFO] [stderr]     Checking rand_core v0.6.3
[INFO] [stderr]    Compiling ring v0.16.20
[INFO] [stderr]     Checking unicode-normalization v0.1.19
[INFO] [stderr]     Checking aho-corasick v0.7.18
[INFO] [stderr]    Compiling convert_case v0.4.0
[INFO] [stderr]    Compiling getrandom v0.1.16
[INFO] [stderr]     Checking openssl-probe v0.1.5
[INFO] [stderr]     Checking regex-syntax v0.6.25
[INFO] [stderr]     Checking rand_chacha v0.3.1
[INFO] [stderr]    Compiling heck v0.3.3
[INFO] [stderr]     Checking threadpool v1.8.1
[INFO] [stderr]     Checking time v0.1.43
[INFO] [stderr]    Compiling encoding_rs v0.8.30
[INFO] [stderr]     Checking itoa v0.4.8
[INFO] [stderr]     Checking rand v0.8.4
[INFO] [stderr]     Checking socket2 v0.4.2
[INFO] [stderr]    Compiling proc-macro-error-attr v1.0.4
[INFO] [stderr]    Compiling crc32fast v1.3.0
[INFO] [stderr]    Compiling async-trait v0.1.52
[INFO] [stderr]     Checking copyless v0.1.5
[INFO] [stderr]     Checking rand_core v0.5.1
[INFO] [stderr]     Checking atty v0.2.14
[INFO] [stderr]    Compiling proc-macro-error v1.0.4
[INFO] [stderr]     Checking mime v0.3.16
[INFO] [stderr]     Checking either v1.6.1
[INFO] [stderr]    Compiling pq-sys v0.4.6
[INFO] [stderr]     Checking rand_chacha v0.2.2
[INFO] [stderr]     Checking subtle v2.4.1
[INFO] [stderr]     Checking match_cfg v0.1.0
[INFO] [stderr]     Checking try-lock v0.2.3
[INFO] [stderr]     Checking hostname v0.3.1
[INFO] [stderr]     Checking idna v0.2.3
[INFO] [stderr]     Checking rand v0.7.3
[INFO] [stderr]    Compiling brotli-sys v0.3.2
[INFO] [stderr]    Compiling miniz_oxide v0.4.4
[INFO] [stderr]     Checking digest v0.9.0
[INFO] [stderr]     Checking block-buffer v0.9.0
[INFO] [stderr]     Checking sha-1 v0.9.8
[INFO] [stderr]     Checking url v2.2.2
[INFO] [stderr]     Checking linked-hash-map v0.5.4
[INFO] [stderr]     Checking cache-padded v1.2.0
[INFO] [stderr]     Checking termcolor v1.1.2
[INFO] [stderr]     Checking tower-service v0.3.1
[INFO] [stderr]     Checking quick-error v1.2.3
[INFO] [stderr]     Checking concurrent-queue v1.2.2
[INFO] [stderr]     Checking resolv-conf v0.7.0
[INFO] [stderr]     Checking http-body v0.4.4
[INFO] [stderr]     Checking lru-cache v0.1.2
[INFO] [stderr]     Checking publicsuffix v1.5.6
[INFO] [stderr]     Checking qstring v0.7.2
[INFO] [stderr]     Checking fastrand v1.6.0
[INFO] [stderr]    Compiling rustversion v1.0.6
[INFO] [stderr]     Checking event-listener v2.5.1
[INFO] [stderr]     Checking chunked_transfer v1.4.0
[INFO] [stderr]     Checking unicode-width v0.1.9
[INFO] [stderr]     Checking waker-fn v1.1.0
[INFO] [stderr]     Checking humantime v2.1.0
[INFO] [stderr]     Checking parking v2.0.0
[INFO] [stderr]     Checking textwrap v0.11.0
[INFO] [stderr]     Checking futures-lite v1.12.0
[INFO] [stderr]     Checking regex v1.5.4
[INFO] [stderr]     Checking sha2 v0.9.9
[INFO] [stderr]     Checking ahash v0.4.7
[INFO] [stderr]     Checking strsim v0.8.0
[INFO] [stderr]    Compiling anyhow v1.0.52
[INFO] [stderr]     Checking ansi_term v0.12.1
[INFO] [stderr]     Checking ipnet v2.3.1
[INFO] [stderr]     Checking cipher v0.3.0
[INFO] [stderr]     Checking hashbrown v0.9.1
[INFO] [stderr]     Checking clap v2.34.0
[INFO] [stderr]     Checking crypto-mac v0.10.1
[INFO] [stderr]     Checking dlv-list v0.2.3
[INFO] [stderr]     Checking socket2 v0.3.19
[INFO] [stderr]     Checking fxhash v0.2.1
[INFO] [stderr]     Checking arrayvec v0.7.2
[INFO] [stderr]     Checking async-task v4.0.3
[INFO] [stderr]     Checking language-tags v0.2.2
[INFO] [stderr]    Compiling byteorder v1.4.3
[INFO] [stderr]    Compiling bitflags v1.3.2
[INFO] [stderr]     Checking flate2 v1.0.22
[INFO] [stderr]     Checking hmac v0.10.1
[INFO] [stderr]     Checking async-channel v1.6.1
[INFO] [stderr]     Checking dirs-sys v0.3.6
[INFO] [stderr]     Checking bytestring v1.0.0
[INFO] [stderr]     Checking wildmatch v2.1.0
[INFO] [stderr]     Checking ordered-multimap v0.3.1
[INFO] [stderr]    Compiling crossbeam-utils v0.8.6
[INFO] [stderr]     Checking atomic-waker v1.0.0
[INFO] [stderr]     Checking xml-rs v0.8.4
[INFO] [stderr]     Checking dirs v4.0.0
[INFO] [stderr]     Checking async-executor v1.4.1
[INFO] [stderr]     Checking async-mutex v1.4.0
[INFO] [stderr]     Checking crypto-mac v0.11.1
[INFO] [stderr]     Checking quick-xml v0.20.0
[INFO] [stderr]     Checking blocking v1.1.0
[INFO] [stderr]     Checking debug-helper v0.3.12
[INFO] [stderr]    Compiling heck v0.4.0
[INFO] [stderr]     Checking crc-any v2.4.1
[INFO] [stderr]     Checking hmac v0.11.0
[INFO] [stderr]    Compiling darling_core v0.13.1
[INFO] [stderr]     Checking aws-region v0.23.4
[INFO] [stderr]     Checking block-modes v0.8.1
[INFO] [stderr]     Checking des v0.7.0
[INFO] [stderr]     Checking aes v0.7.5
[INFO] [stderr]     Checking async-lock v2.4.0
[INFO] [stderr]     Checking rust-ini v0.17.0
[INFO] [stderr]     Checking tiger v0.1.0
[INFO] [stderr]     Checking md-5 v0.9.1
[INFO] [stderr]     Checking os_str_bytes v6.0.0
[INFO] [stderr]     Checking minidom v0.13.0
[INFO] [stderr]     Checking textwrap v0.14.2
[INFO] [stderr]     Checking md5 v0.7.0
[INFO] [stderr]     Checking api v0.1.0 (/opt/rustwide/workdir/api)
[INFO] [stderr]     Checking mate-collector v0.1.0 (/opt/rustwide/workdir/collector)
[INFO] [stderr]     Checking magic-crypt v3.1.9
[INFO] [stdout] error[E0463]: can't find crate for `diesel`
[INFO] [stdout]  --> api/src/main.rs:2:1
[INFO] [stdout]   |
[INFO] [stdout] 2 | extern crate diesel;
[INFO] [stdout]   | ^^^^^^^^^^^^^^^^^^^^ can't find crate
[INFO] [stdout] 
[INFO] [stdout] 
[INFO] [stdout] error[E0463]: can't find crate for `diesel_migrations`
[INFO] [stdout]  --> api/src/main.rs:4:1
[INFO] [stdout]   |
[INFO] [stdout] 4 | extern crate diesel_migrations;
[INFO] [stdout]   | ^^^^^^^^^^^^^^^^^^^^^^^^^^^^^^^ can't find crate
[INFO] [stdout] 
[INFO] [stdout] 
[INFO] [stdout] error[E0463]: can't find crate for `magic_crypt`
[INFO] [stdout]  --> api/src/main.rs:6:1
[INFO] [stdout]   |
[INFO] [stdout] 6 | extern crate magic_crypt;
[INFO] [stdout]   | ^^^^^^^^^^^^^^^^^^^^^^^^^ can't find crate
[INFO] [stdout] 
[INFO] [stdout] 
[INFO] [stdout] error[E0463]: can't find crate for `magic_crypt`
[INFO] [stdout]  --> collector/src/main.rs:6:1
[INFO] [stdout]   |
[INFO] [stdout] 6 | extern crate magic_crypt;
[INFO] [stdout]   | ^^^^^^^^^^^^^^^^^^^^^^^^^ can't find crate
[INFO] [stdout] 
[INFO] [stdout] 
[INFO] [stdout] error[E0463]: can't find crate for `num_traits`
[INFO] [stdout]  --> collector/src/types.rs:3:1
[INFO] [stdout]   |
[INFO] [stdout] 3 | extern crate num_traits;
[INFO] [stdout]   | ^^^^^^^^^^^^^^^^^^^^^^^^ can't find crate
[INFO] [stdout] 
[INFO] [stdout] 
[INFO] [stdout] error[E0463]: can't find crate for `diesel`
[INFO] [stdout]  --> api/src/main.rs:2:1
[INFO] [stdout]   |
[INFO] [stdout] 2 | extern crate diesel;
[INFO] [stdout]   | ^^^^^^^^^^^^^^^^^^^^ can't find crate
[INFO] [stdout] 
[INFO] [stdout] 
[INFO] [stdout] error[E0463]: can't find crate for `diesel_migrations`
[INFO] [stdout]  --> api/src/main.rs:4:1
[INFO] [stdout]   |
[INFO] [stdout] 4 | extern crate diesel_migrations;
[INFO] [stdout]   | ^^^^^^^^^^^^^^^^^^^^^^^^^^^^^^^ can't find crate
[INFO] [stdout] 
[INFO] [stdout] 
[INFO] [stdout] error[E0463]: can't find crate for `magic_crypt`
[INFO] [stdout]  --> api/src/main.rs:6:1
[INFO] [stdout]   |
[INFO] [stdout] 6 | extern crate magic_crypt;
[INFO] [stdout]   | ^^^^^^^^^^^^^^^^^^^^^^^^^ can't find crate
[INFO] [stdout] 
[INFO] [stdout] 
[INFO] [stdout] error[E0433]: cannot find module or crate `futures` in this scope
[INFO] [stdout]  --> api/src/models.rs:3:5
[INFO] [stdout]   |
[INFO] [stdout] 3 | use futures::future::{ready, Ready};
[INFO] [stdout]   |     ^^^^^^^ use of unresolved module or unlinked crate `futures`
[INFO] [stdout]   |
[INFO] [stdout]   = help: if you wanted to use a crate named `futures`, use `cargo add futures` to add it to your `Cargo.toml`
[INFO] [stdout] 
[INFO] [stdout] 
[INFO] [stdout] error[E0432]: unresolved import `actix_web`
[INFO] [stdout]  --> api/src/models.rs:2:5
[INFO] [stdout]   |
[INFO] [stdout] 2 | use actix_web::{Error, HttpRequest, HttpResponse, Responder};
[INFO] [stdout]   |     ^^^^^^^^^ use of unresolved module or unlinked crate `actix_web`
[INFO] [stdout]   |
[INFO] [stdout]   = help: if you wanted to use a crate named `actix_web`, use `cargo add actix_web` to add it to your `Cargo.toml`
[INFO] [stdout] 
[INFO] [stdout] 
[INFO] [stdout] error[E0432]: unresolved import `serde`
[INFO] [stdout]  --> api/src/models.rs:4:5
[INFO] [stdout]   |
[INFO] [stdout] 4 | use serde::{Deserialize, Serialize};
[INFO] [stdout]   |     ^^^^^ use of unresolved module or unlinked crate `serde`
[INFO] [stdout]   |
[INFO] [stdout]   = help: if you wanted to use a crate named `serde`, use `cargo add serde` to add it to your `Cargo.toml`
[INFO] [stdout] 
[INFO] [stdout] 
[INFO] [stdout] error[E0432]: unresolved import `actix_web`
[INFO] [stdout]  --> api/src/routes/mod.rs:1:5
[INFO] [stdout]   |
[INFO] [stdout] 1 | use actix_web::web;
[INFO] [stdout]   |     ^^^^^^^^^ use of unresolved module or unlinked crate `actix_web`
[INFO] [stdout]   |
[INFO] [stdout]   = help: if you wanted to use a crate named `actix_web`, use `cargo add actix_web` to add it to your `Cargo.toml`
[INFO] [stdout] 
[INFO] [stdout] 
[INFO] [stdout] error[E0432]: unresolved import `actix_web`
[INFO] [stdout]  --> api/src/routes/accounts/mod.rs:2:5
[INFO] [stdout]   |
[INFO] [stdout] 2 | use actix_web::web;
[INFO] [stdout]   |     ^^^^^^^^^ use of unresolved module or unlinked crate `actix_web`
[INFO] [stdout]   |
[INFO] [stdout]   = help: if you wanted to use a crate named `actix_web`, use `cargo add actix_web` to add it to your `Cargo.toml`
[INFO] [stdout] 
[INFO] [stdout] 
[INFO] [stdout] error[E0432]: unresolved import `actix_web`
[INFO] [stdout]  --> api/src/routes/accounts/handlers.rs:3:5
[INFO] [stdout]   |
[INFO] [stdout] 3 | use actix_web::{web, HttpRequest, Responder};
[INFO] [stdout]   |     ^^^^^^^^^ use of unresolved module or unlinked crate `actix_web`
[INFO] [stdout]   |
[INFO] [stdout]   = help: if you wanted to use a crate named `actix_web`, use `cargo add actix_web` to add it to your `Cargo.toml`
[INFO] [stdout] 
[INFO] [stdout] 
[INFO] [stdout] error[E0433]: cannot find module or crate `futures` in this scope
[INFO] [stdout]  --> api/src/models.rs:3:5
[INFO] [stdout]   |
[INFO] [stdout] 3 | use futures::future::{ready, Ready};
[INFO] [stdout]   |     ^^^^^^^ use of unresolved module or unlinked crate `futures`
[INFO] [stdout]   |
[INFO] [stdout]   = help: if you wanted to use a crate named `futures`, use `cargo add futures` to add it to your `Cargo.toml`
[INFO] [stdout] 
[INFO] [stdout] 
[INFO] [stdout] error[E0432]: unresolved import `actix_web`
[INFO] [stdout]  --> api/src/models.rs:2:5
[INFO] [stdout]   |
[INFO] [stdout] 2 | use actix_web::{Error, HttpRequest, HttpResponse, Responder};
[INFO] [stdout]   |     ^^^^^^^^^ use of unresolved module or unlinked crate `actix_web`
[INFO] [stdout]   |
[INFO] [stdout]   = help: if you wanted to use a crate named `actix_web`, use `cargo add actix_web` to add it to your `Cargo.toml`
[INFO] [stdout] 
[INFO] [stdout] 
[INFO] [stdout] error[E0432]: unresolved import `serde`
[INFO] [stdout]  --> api/src/models.rs:4:5
[INFO] [stdout]   |
[INFO] [stdout] 4 | use serde::{Deserialize, Serialize};
[INFO] [stdout]   |     ^^^^^ use of unresolved module or unlinked crate `serde`
[INFO] [stdout]   |
[INFO] [stdout]   = help: if you wanted to use a crate named `serde`, use `cargo add serde` to add it to your `Cargo.toml`
[INFO] [stdout] 
[INFO] [stdout] 
[INFO] [stdout] error[E0432]: unresolved import `actix_web`
[INFO] [stdout]  --> api/src/routes/mod.rs:1:5
[INFO] [stdout]   |
[INFO] [stdout] 1 | use actix_web::web;
[INFO] [stdout]   |     ^^^^^^^^^ use of unresolved module or unlinked crate `actix_web`
[INFO] [stdout]   |
[INFO] [stdout]   = help: if you wanted to use a crate named `actix_web`, use `cargo add actix_web` to add it to your `Cargo.toml`
[INFO] [stdout] 
[INFO] [stdout] 
[INFO] [stdout] error[E0432]: unresolved import `actix_web`
[INFO] [stdout]  --> api/src/routes/accounts/mod.rs:2:5
[INFO] [stdout]   |
[INFO] [stdout] 2 | use actix_web::web;
[INFO] [stdout]   |     ^^^^^^^^^ use of unresolved module or unlinked crate `actix_web`
[INFO] [stdout]   |
[INFO] [stdout]   = help: if you wanted to use a crate named `actix_web`, use `cargo add actix_web` to add it to your `Cargo.toml`
[INFO] [stdout] 
[INFO] [stdout] 
[INFO] [stdout] error[E0432]: unresolved import `actix_web`
[INFO] [stdout]  --> api/src/routes/accounts/handlers.rs:3:5
[INFO] [stdout]   |
[INFO] [stdout] 3 | use actix_web::{web, HttpRequest, Responder};
[INFO] [stdout]   |     ^^^^^^^^^ use of unresolved module or unlinked crate `actix_web`
[INFO] [stdout]   |
[INFO] [stdout]   = help: if you wanted to use a crate named `actix_web`, use `cargo add actix_web` to add it to your `Cargo.toml`
[INFO] [stdout] 
[INFO] [stdout] 
[INFO] [stdout] error[E0432]: unresolved import `clap`
[INFO] [stdout]  --> collector/src/main.rs:1:5
[INFO] [stdout]   |
[INFO] [stdout] 1 | use clap::Parser;
[INFO] [stdout]   |     ^^^^ use of unresolved module or unlinked crate `clap`
[INFO] [stdout]   |
[INFO] [stdout]   = help: if you wanted to use a crate named `clap`, use `cargo add clap` to add it to your `Cargo.toml`
[INFO] [stdout] 
[INFO] [stdout] 
[INFO] [stdout] error[E0432]: unresolved import `log`
[INFO] [stdout]  --> collector/src/main.rs:2:5
[INFO] [stdout]   |
[INFO] [stdout] 2 | use log::info;
[INFO] [stdout]   |     ^^^ use of unresolved module or unlinked crate `log`
[INFO] [stdout]   |
[INFO] [stdout]   = help: if you wanted to use a crate named `log`, use `cargo add log` to add it to your `Cargo.toml`
[INFO] [stdout] 
[INFO] [stdout] 
[INFO] [stdout] error[E0432]: unresolved import `matelog`
[INFO] [stdout]  --> collector/src/main.rs:8:5
[INFO] [stdout]   |
[INFO] [stdout] 8 | use matelog::init_logging;
[INFO] [stdout]   |     ^^^^^^^ use of unresolved module or unlinked crate `matelog`
[INFO] [stdout]   |
[INFO] [stdout]   = help: if you wanted to use a crate named `matelog`, use `cargo add matelog` to add it to your `Cargo.toml`
[INFO] [stdout] 
[INFO] [stdout] 
[INFO] [stdout] error[E0432]: unresolved import `log`
[INFO] [stdout]  --> collector/src/types.rs:2:5
[INFO] [stdout]   |
[INFO] [stdout] 2 | use log::{error, info};
[INFO] [stdout]   |     ^^^ use of unresolved module or unlinked crate `log`
[INFO] [stdout]   |
[INFO] [stdout]   = help: if you wanted to use a crate named `log`, use `cargo add log` to add it to your `Cargo.toml`
[INFO] [stdout] 
[INFO] [stdout] 
[INFO] [stdout] error[E0432]: unresolved import `serde`
[INFO] [stdout]  --> collector/src/types.rs:5:5
[INFO] [stdout]   |
[INFO] [stdout] 5 | use serde::{Deserialize, Serialize};
[INFO] [stdout]   |     ^^^^^ use of unresolved module or unlinked crate `serde`
[INFO] [stdout]   |
[INFO] [stdout]   = help: if you wanted to use a crate named `serde`, use `cargo add serde` to add it to your `Cargo.toml`
[INFO] [stdout] 
[INFO] [stdout] 
[INFO] [stdout] error[E0433]: cannot find module or crate `tda_sdk` in this scope
[INFO] [stdout]  --> collector/src/types.rs:8:5
[INFO] [stdout]   |
[INFO] [stdout] 8 | use tda_sdk::responses::{Candle, SecuritiesAccount};
[INFO] [stdout]   |     ^^^^^^^ use of unresolved module or unlinked crate `tda_sdk`
[INFO] [stdout]   |
[INFO] [stdout]   = help: if you wanted to use a crate named `tda_sdk`, use `cargo add tda_sdk` to add it to your `Cargo.toml`
[INFO] [stdout] 
[INFO] [stdout] 
[INFO] [stdout] error[E0433]: cannot find module or crate `accounts` in this scope
[INFO] [stdout]   --> collector/src/types.rs:10:5
[INFO] [stdout]    |
[INFO] [stdout] 10 | use accounts::kraken::KrakenAccount;
[INFO] [stdout]    |     ^^^^^^^^ use of unresolved module or unlinked crate `accounts`
[INFO] [stdout]    |
[INFO] [stdout]    = help: if you wanted to use a crate named `accounts`, use `cargo add accounts` to add it to your `Cargo.toml`
[INFO] [stdout] 
[INFO] [stdout] 
[INFO] [stdout] error[E0433]: cannot find module or crate `accounts` in this scope
[INFO] [stdout]   --> collector/src/types.rs:11:5
[INFO] [stdout]    |
[INFO] [stdout] 11 | use accounts::tdameritrade::TDAmeritradeAccount;
[INFO] [stdout]    |     ^^^^^^^^ use of unresolved module or unlinked crate `accounts`
[INFO] [stdout]    |
[INFO] [stdout]    = help: if you wanted to use a crate named `accounts`, use `cargo add accounts` to add it to your `Cargo.toml`
[INFO] [stdout] 
[INFO] [stdout] 
[INFO] [stdout] error[E0433]: cannot find module or crate `accounts` in this scope
[INFO] [stdout]   --> collector/src/types.rs:12:5
[INFO] [stdout]    |
[INFO] [stdout] 12 | use accounts::types::AccountType;
[INFO] [stdout]    |     ^^^^^^^^ use of unresolved module or unlinked crate `accounts`
[INFO] [stdout]    |
[INFO] [stdout]    = help: if you wanted to use a crate named `accounts`, use `cargo add accounts` to add it to your `Cargo.toml`
[INFO] [stdout] 
[INFO] [stdout] 
[INFO] [stdout] error[E0432]: unresolved import `serde_json`
[INFO] [stdout]  --> collector/src/types.rs:6:5
[INFO] [stdout]   |
[INFO] [stdout] 6 | use serde_json::{from_value, json, Map, Value};
[INFO] [stdout]   |     ^^^^^^^^^^ use of unresolved module or unlinked crate `serde_json`
[INFO] [stdout]   |
[INFO] [stdout]   = help: if you wanted to use a crate named `serde_json`, use `cargo add serde_json` to add it to your `Cargo.toml`
[INFO] [stdout] 
[INFO] [stdout] 
[INFO] [stdout] error[E0432]: unresolved import `log`
[INFO] [stdout]  --> collector/src/./state/api/mod.rs:2:5
[INFO] [stdout]   |
[INFO] [stdout] 2 | use log::info;
[INFO] [stdout]   |     ^^^ use of unresolved module or unlinked crate `log`
[INFO] [stdout]   |
[INFO] [stdout]   = help: if you wanted to use a crate named `log`, use `cargo add log` to add it to your `Cargo.toml`
[INFO] [stdout] 
[INFO] [stdout] 
[INFO] [stdout] error[E0432]: unresolved import `reqwest`
[INFO] [stdout]  --> collector/src/./state/api/mod.rs:3:5
[INFO] [stdout]   |
[INFO] [stdout] 3 | use reqwest::StatusCode;
[INFO] [stdout]   |     ^^^^^^^ use of unresolved module or unlinked crate `reqwest`
[INFO] [stdout]   |
[INFO] [stdout]   = help: if you wanted to use a crate named `reqwest`, use `cargo add reqwest` to add it to your `Cargo.toml`
[INFO] [stdout] 
[INFO] [stdout] 
[INFO] [stdout] error[E0433]: cannot find module or crate `serde_json` in this scope
[INFO] [stdout]  --> collector/src/./state/file.rs:1:5
[INFO] [stdout]   |
[INFO] [stdout] 1 | use serde_json::{json, value::Value, Map};
[INFO] [stdout]   |     ^^^^^^^^^^ use of unresolved module or unlinked crate `serde_json`
[INFO] [stdout]   |
[INFO] [stdout]   = help: if you wanted to use a crate named `serde_json`, use `cargo add serde_json` to add it to your `Cargo.toml`
[INFO] [stdout] 
[INFO] [stdout] 
[INFO] [stdout] error[E0433]: cannot find module or crate `async_std` in this scope
[INFO] [stdout]  --> collector/src/./state/s3.rs:1:5
[INFO] [stdout]   |
[INFO] [stdout] 1 | use async_std::task::block_on;
[INFO] [stdout]   |     ^^^^^^^^^ use of unresolved module or unlinked crate `async_std`
[INFO] [stdout]   |
[INFO] [stdout]   = help: if you wanted to use a crate named `async_std`, use `cargo add async_std` to add it to your `Cargo.toml`
[INFO] [stdout] 
[INFO] [stdout] 
[INFO] [stdout] error[E0432]: unresolved import `serde_json`
[INFO] [stdout]  --> collector/src/./state/file.rs:1:5
[INFO] [stdout]   |
[INFO] [stdout] 1 | use serde_json::{json, value::Value, Map};
[INFO] [stdout]   |     ^^^^^^^^^^ use of unresolved module or unlinked crate `serde_json`
[INFO] [stdout]   |
[INFO] [stdout]   = help: if you wanted to use a crate named `serde_json`, use `cargo add serde_json` to add it to your `Cargo.toml`
[INFO] [stdout] 
[INFO] [stdout] 
[INFO] [stdout] error[E0433]: cannot find module or crate `s3` in this scope
[INFO] [stdout]  --> collector/src/./state/s3.rs:3:5
[INFO] [stdout]   |
[INFO] [stdout] 3 | use s3::bucket::Bucket;
[INFO] [stdout]   |     ^^ use of unresolved module or unlinked crate `s3`
[INFO] [stdout]   |
[INFO] [stdout] help: to make use of source file collector/src/./state/s3.rs, use `mod s3` in this file to declare the module
[INFO] [stdout]  --> collector/src/main.rs:1:1
[INFO] [stdout]   |
[INFO] [stdout] 1 + mod s3;
[INFO] [stdout]   |
[INFO] [stdout] 
[INFO] [stdout] 
[INFO] [stdout] error[E0463]: can't find crate for `magic_crypt`
[INFO] [stdout]  --> collector/src/main.rs:6:1
[INFO] [stdout]   |
[INFO] [stdout] 6 | extern crate magic_crypt;
[INFO] [stdout]   | ^^^^^^^^^^^^^^^^^^^^^^^^^ can't find crate
[INFO] [stdout] 
[INFO] [stdout] 
[INFO] [stdout] error[E0433]: cannot find module or crate `s3` in this scope
[INFO] [stdout]  --> collector/src/./state/s3.rs:4:5
[INFO] [stdout]   |
[INFO] [stdout] 4 | use s3::creds::Credentials;
[INFO] [stdout]   |     ^^ use of unresolved module or unlinked crate `s3`
[INFO] [stdout]   |
[INFO] [stdout] help: to make use of source file collector/src/./state/s3.rs, use `mod s3` in this file to declare the module
[INFO] [stdout]  --> collector/src/main.rs:1:1
[INFO] [stdout]   |
[INFO] [stdout] 1 + mod s3;
[INFO] [stdout]   |
[INFO] [stdout] 
[INFO] [stdout] 
[INFO] [stdout] error[E0463]: can't find crate for `num_traits`
[INFO] [stdout]  --> collector/src/types.rs:3:1
[INFO] [stdout]   |
[INFO] [stdout] 3 | extern crate num_traits;
[INFO] [stdout]   | ^^^^^^^^^^^^^^^^^^^^^^^^ can't find crate
[INFO] [stdout] 
[INFO] [stdout] 
[INFO] [stdout] error[E0433]: cannot find module or crate `s3` in this scope
[INFO] [stdout]  --> collector/src/./state/s3.rs:5:5
[INFO] [stdout]   |
[INFO] [stdout] 5 | use s3::region::Region;
[INFO] [stdout]   |     ^^ use of unresolved module or unlinked crate `s3`
[INFO] [stdout]   |
[INFO] [stdout] help: to make use of source file collector/src/./state/s3.rs, use `mod s3` in this file to declare the module
[INFO] [stdout]  --> collector/src/main.rs:1:1
[INFO] [stdout]   |
[INFO] [stdout] 1 + mod s3;
[INFO] [stdout]   |
[INFO] [stdout] 
[INFO] [stdout] 
[INFO] [stdout] error[E0432]: unresolved import `clap`
[INFO] [stdout]  --> collector/src/main.rs:1:5
[INFO] [stdout]   |
[INFO] [stdout] 1 | use clap::Parser;
[INFO] [stdout]   |     ^^^^ use of unresolved module or unlinked crate `clap`
[INFO] [stdout]   |
[INFO] [stdout]   = help: if you wanted to use a crate named `clap`, use `cargo add clap` to add it to your `Cargo.toml`
[INFO] [stdout] 
[INFO] [stdout] 
[INFO] [stdout] Some errors have detailed explanations: E0432, E0433, E0463.
[INFO] [stdout] 
[INFO] [stdout] error[E0432]: unresolved import `log`
[INFO] [stdout]  --> collector/src/main.rs:2:5
[INFO] [stdout]   |
[INFO] [stdout] 2 | use log::info;
[INFO] [stdout]   |     ^^^ use of unresolved module or unlinked crate `log`
[INFO] [stdout]   |
[INFO] [stdout]   = help: if you wanted to use a crate named `log`, use `cargo add log` to add it to your `Cargo.toml`
[INFO] [stdout] 
[INFO] [stdout] 
[INFO] [stdout] For more information about an error, try `rustc --explain E0432`.
[INFO] [stdout] 
[INFO] [stdout] error[E0432]: unresolved import `matelog`
[INFO] [stdout]  --> collector/src/main.rs:8:5
[INFO] [stdout]   |
[INFO] [stdout] 8 | use matelog::init_logging;
[INFO] [stdout]   |     ^^^^^^^ use of unresolved module or unlinked crate `matelog`
[INFO] [stdout]   |
[INFO] [stdout]   = help: if you wanted to use a crate named `matelog`, use `cargo add matelog` to add it to your `Cargo.toml`
[INFO] [stdout] 
[INFO] [stdout] 
[INFO] [stdout] error[E0432]: unresolved import `log`
[INFO] [stdout]  --> collector/src/types.rs:2:5
[INFO] [stdout]   |
[INFO] [stdout] 2 | use log::{error, info};
[INFO] [stdout]   |     ^^^ use of unresolved module or unlinked crate `log`
[INFO] [stdout]   |
[INFO] [stdout]   = help: if you wanted to use a crate named `log`, use `cargo add log` to add it to your `Cargo.toml`
[INFO] [stdout] 
[INFO] [stdout] 
[INFO] [stdout] error[E0432]: unresolved import `serde`
[INFO] [stdout]  --> collector/src/types.rs:5:5
[INFO] [stdout]   |
[INFO] [stdout] 5 | use serde::{Deserialize, Serialize};
[INFO] [stdout]   |     ^^^^^ use of unresolved module or unlinked crate `serde`
[INFO] [stdout]   |
[INFO] [stdout]   = help: if you wanted to use a crate named `serde`, use `cargo add serde` to add it to your `Cargo.toml`
[INFO] [stdout] 
[INFO] [stdout] 
[INFO] [stdout] error[E0433]: cannot find module or crate `tda_sdk` in this scope
[INFO] [stdout]  --> collector/src/types.rs:8:5
[INFO] [stdout]   |
[INFO] [stdout] 8 | use tda_sdk::responses::{Candle, SecuritiesAccount};
[INFO] [stdout]   |     ^^^^^^^ use of unresolved module or unlinked crate `tda_sdk`
[INFO] [stdout]   |
[INFO] [stdout]   = help: if you wanted to use a crate named `tda_sdk`, use `cargo add tda_sdk` to add it to your `Cargo.toml`
[INFO] [stdout] 
[INFO] [stdout] 
[INFO] [stdout] error[E0433]: cannot find module or crate `accounts` in this scope
[INFO] [stdout]   --> collector/src/types.rs:10:5
[INFO] [stdout]    |
[INFO] [stdout] 10 | use accounts::kraken::KrakenAccount;
[INFO] [stdout]    |     ^^^^^^^^ use of unresolved module or unlinked crate `accounts`
[INFO] [stdout]    |
[INFO] [stdout]    = help: if you wanted to use a crate named `accounts`, use `cargo add accounts` to add it to your `Cargo.toml`
[INFO] [stdout] 
[INFO] [stdout] 
[INFO] [stdout] error[E0433]: cannot find module or crate `accounts` in this scope
[INFO] [stdout]   --> collector/src/types.rs:11:5
[INFO] [stdout]    |
[INFO] [stdout] 11 | use accounts::tdameritrade::TDAmeritradeAccount;
[INFO] [stdout]    |     ^^^^^^^^ use of unresolved module or unlinked crate `accounts`
[INFO] [stdout]    |
[INFO] [stdout]    = help: if you wanted to use a crate named `accounts`, use `cargo add accounts` to add it to your `Cargo.toml`
[INFO] [stdout] 
[INFO] [stdout] 
[INFO] [stdout] error[E0433]: cannot find module or crate `accounts` in this scope
[INFO] [stdout]   --> collector/src/types.rs:12:5
[INFO] [stdout]    |
[INFO] [stdout] 12 | use accounts::types::AccountType;
[INFO] [stdout]    |     ^^^^^^^^ use of unresolved module or unlinked crate `accounts`
[INFO] [stdout]    |
[INFO] [stdout]    = help: if you wanted to use a crate named `accounts`, use `cargo add accounts` to add it to your `Cargo.toml`
[INFO] [stdout] 
[INFO] [stdout] 
[INFO] [stdout] error[E0432]: unresolved import `serde_json`
[INFO] [stdout]  --> collector/src/types.rs:6:5
[INFO] [stdout]   |
[INFO] [stdout] 6 | use serde_json::{from_value, json, Map, Value};
[INFO] [stdout]   |     ^^^^^^^^^^ use of unresolved module or unlinked crate `serde_json`
[INFO] [stdout]   |
[INFO] [stdout]   = help: if you wanted to use a crate named `serde_json`, use `cargo add serde_json` to add it to your `Cargo.toml`
[INFO] [stdout] 
[INFO] [stdout] 
[INFO] [stdout] error[E0432]: unresolved import `log`
[INFO] [stdout]  --> collector/src/./state/api/mod.rs:2:5
[INFO] [stdout]   |
[INFO] [stdout] 2 | use log::info;
[INFO] [stdout]   |     ^^^ use of unresolved module or unlinked crate `log`
[INFO] [stdout]   |
[INFO] [stdout]   = help: if you wanted to use a crate named `log`, use `cargo add log` to add it to your `Cargo.toml`
[INFO] [stdout] 
[INFO] [stdout] 
[INFO] [stdout] error[E0432]: unresolved import `reqwest`
[INFO] [stdout]  --> collector/src/./state/api/mod.rs:3:5
[INFO] [stdout]   |
[INFO] [stdout] 3 | use reqwest::StatusCode;
[INFO] [stdout]   |     ^^^^^^^ use of unresolved module or unlinked crate `reqwest`
[INFO] [stdout]   |
[INFO] [stdout]   = help: if you wanted to use a crate named `reqwest`, use `cargo add reqwest` to add it to your `Cargo.toml`
[INFO] [stdout] 
[INFO] [stdout] 
[INFO] [stdout] error[E0433]: cannot find module or crate `serde_json` in this scope
[INFO] [stdout]  --> collector/src/./state/file.rs:1:5
[INFO] [stdout]   |
[INFO] [stdout] 1 | use serde_json::{json, value::Value, Map};
[INFO] [stdout]   |     ^^^^^^^^^^ use of unresolved module or unlinked crate `serde_json`
[INFO] [stdout]   |
[INFO] [stdout]   = help: if you wanted to use a crate named `serde_json`, use `cargo add serde_json` to add it to your `Cargo.toml`
[INFO] [stdout] 
[INFO] [stdout] 
[INFO] [stdout] error[E0433]: cannot find module or crate `async_std` in this scope
[INFO] [stdout]  --> collector/src/./state/s3.rs:1:5
[INFO] [stdout]   |
[INFO] [stdout] 1 | use async_std::task::block_on;
[INFO] [stdout]   |     ^^^^^^^^^ use of unresolved module or unlinked crate `async_std`
[INFO] [stdout]   |
[INFO] [stdout]   = help: if you wanted to use a crate named `async_std`, use `cargo add async_std` to add it to your `Cargo.toml`
[INFO] [stdout] 
[INFO] [stdout] 
[INFO] [stderr] error: could not compile `mate-collector` (bin "mate-collector" test) due to 20 previous errors
[INFO] [stderr] warning: build failed, waiting for other jobs to finish...
[INFO] [stdout] error[E0432]: unresolved import `serde_json`
[INFO] [stdout]  --> collector/src/./state/file.rs:1:5
[INFO] [stdout]   |
[INFO] [stdout] 1 | use serde_json::{json, value::Value, Map};
[INFO] [stdout]   |     ^^^^^^^^^^ use of unresolved module or unlinked crate `serde_json`
[INFO] [stdout]   |
[INFO] [stdout]   = help: if you wanted to use a crate named `serde_json`, use `cargo add serde_json` to add it to your `Cargo.toml`
[INFO] [stdout] 
[INFO] [stdout] 
[INFO] [stdout] error[E0433]: cannot find module or crate `s3` in this scope
[INFO] [stdout]  --> collector/src/./state/s3.rs:3:5
[INFO] [stdout]   |
[INFO] [stdout] 3 | use s3::bucket::Bucket;
[INFO] [stdout]   |     ^^ use of unresolved module or unlinked crate `s3`
[INFO] [stdout]   |
[INFO] [stdout] help: to make use of source file collector/src/./state/s3.rs, use `mod s3` in this file to declare the module
[INFO] [stdout]  --> collector/src/main.rs:1:1
[INFO] [stdout]   |
[INFO] [stdout] 1 + mod s3;
[INFO] [stdout]   |
[INFO] [stdout] 
[INFO] [stdout] 
[INFO] [stdout] error[E0432]: unresolved import `log`
[INFO] [stdout]  --> api/src/routes/accounts/utils.rs:4:5
[INFO] [stdout]   |
[INFO] [stdout] 4 | use log::{error, info};
[INFO] [stdout]   |     ^^^ use of unresolved module or unlinked crate `log`
[INFO] [stdout]   |
[INFO] [stdout]   = help: if you wanted to use a crate named `log`, use `cargo add log` to add it to your `Cargo.toml`
[INFO] [stdout] 
[INFO] [stdout] 
[INFO] [stdout] error[E0433]: cannot find `accounts` in `schema`
[INFO] [stdout]   --> api/src/routes/accounts/utils.rs:60:24
[INFO] [stdout]    |
[INFO] [stdout] 60 |     use crate::schema::accounts::dsl::*;
[INFO] [stdout]    |                        ^^^^^^^^ could not find `accounts` in `schema`
[INFO] [stdout] 
[INFO] [stdout] 
[INFO] [stdout] error[E0432]: unresolved import `log`
[INFO] [stdout]  --> api/src/routes/accounts/utils.rs:4:5
[INFO] [stdout]   |
[INFO] [stdout] 4 | use log::{error, info};
[INFO] [stdout]   |     ^^^ use of unresolved module or unlinked crate `log`
[INFO] [stdout]   |
[INFO] [stdout]   = help: if you wanted to use a crate named `log`, use `cargo add log` to add it to your `Cargo.toml`
[INFO] [stdout] 
[INFO] [stdout] 
[INFO] [stdout] error[E0433]: cannot find `account_histories` in `schema`
[INFO] [stdout]   --> api/src/routes/accounts/utils.rs:79:24
[INFO] [stdout]    |
[INFO] [stdout] 79 |     use crate::schema::account_histories::dsl::*;
[INFO] [stdout]    |                        ^^^^^^^^^^^^^^^^^ could not find `account_histories` in `schema`
[INFO] [stdout] 
[INFO] [stdout] 
[INFO] [stdout] error[E0433]: cannot find `accounts` in `schema`
[INFO] [stdout]   --> api/src/routes/accounts/utils.rs:99:24
[INFO] [stdout]    |
[INFO] [stdout] 99 |     use crate::schema::accounts::dsl::*;
[INFO] [stdout]    |                        ^^^^^^^^ could not find `accounts` in `schema`
[INFO] [stdout] 
[INFO] [stdout] 
[INFO] [stdout] error[E0433]: cannot find `account_histories` in `schema`
[INFO] [stdout]    --> api/src/routes/accounts/utils.rs:129:24
[INFO] [stdout]     |
[INFO] [stdout] 129 |     use crate::schema::account_histories::dsl::*;
[INFO] [stdout]     |                        ^^^^^^^^^^^^^^^^^ could not find `account_histories` in `schema`
[INFO] [stdout] 
[INFO] [stdout] 
[INFO] [stdout] error[E0433]: cannot find `accounts` in `schema`
[INFO] [stdout]    --> api/src/routes/accounts/utils.rs:141:24
[INFO] [stdout]     |
[INFO] [stdout] 141 |     use crate::schema::accounts::dsl::*;
[INFO] [stdout]     |                        ^^^^^^^^ could not find `accounts` in `schema`
[INFO] [stdout] 
[INFO] [stdout] 
[INFO] [stdout] error[E0433]: cannot find `accounts` in `schema`
[INFO] [stdout]   --> api/src/routes/accounts/utils.rs:60:24
[INFO] [stdout]    |
[INFO] [stdout] 60 |     use crate::schema::accounts::dsl::*;
[INFO] [stdout]    |                        ^^^^^^^^ could not find `accounts` in `schema`
[INFO] [stdout] 
[INFO] [stdout] 
[INFO] [stdout] error[E0433]: cannot find `account_histories` in `schema`
[INFO] [stdout]   --> api/src/routes/accounts/utils.rs:79:24
[INFO] [stdout]    |
[INFO] [stdout] 79 |     use crate::schema::account_histories::dsl::*;
[INFO] [stdout]    |                        ^^^^^^^^^^^^^^^^^ could not find `account_histories` in `schema`
[INFO] [stdout] 
[INFO] [stdout] 
[INFO] [stdout] error[E0433]: cannot find `accounts` in `schema`
[INFO] [stdout]   --> api/src/routes/accounts/utils.rs:99:24
[INFO] [stdout]    |
[INFO] [stdout] 99 |     use crate::schema::accounts::dsl::*;
[INFO] [stdout]    |                        ^^^^^^^^ could not find `accounts` in `schema`
[INFO] [stdout] 
[INFO] [stdout] 
[INFO] [stdout] error[E0433]: cannot find `account_histories` in `schema`
[INFO] [stdout]    --> api/src/routes/accounts/utils.rs:129:24
[INFO] [stdout]     |
[INFO] [stdout] 129 |     use crate::schema::account_histories::dsl::*;
[INFO] [stdout]     |                        ^^^^^^^^^^^^^^^^^ could not find `account_histories` in `schema`
[INFO] [stdout] 
[INFO] [stdout] 
[INFO] [stdout] error[E0433]: cannot find `accounts` in `schema`
[INFO] [stdout]    --> api/src/routes/accounts/utils.rs:141:24
[INFO] [stdout]     |
[INFO] [stdout] 141 |     use crate::schema::accounts::dsl::*;
[INFO] [stdout]     |                        ^^^^^^^^ could not find `accounts` in `schema`
[INFO] [stdout] 
[INFO] [stdout] 
[INFO] [stdout] error[E0433]: cannot find module or crate `s3` in this scope
[INFO] [stdout]  --> collector/src/./state/s3.rs:4:5
[INFO] [stdout]   |
[INFO] [stdout] 4 | use s3::creds::Credentials;
[INFO] [stdout]   |     ^^ use of unresolved module or unlinked crate `s3`
[INFO] [stdout]   |
[INFO] [stdout] help: to make use of source file collector/src/./state/s3.rs, use `mod s3` in this file to declare the module
[INFO] [stdout]  --> collector/src/main.rs:1:1
[INFO] [stdout]   |
[INFO] [stdout] 1 + mod s3;
[INFO] [stdout]   |
[INFO] [stdout] 
[INFO] [stdout] 
[INFO] [stdout] error[E0433]: cannot find module or crate `s3` in this scope
[INFO] [stdout]  --> collector/src/./state/s3.rs:5:5
[INFO] [stdout]   |
[INFO] [stdout] 5 | use s3::region::Region;
[INFO] [stdout]   |     ^^ use of unresolved module or unlinked crate `s3`
[INFO] [stdout]   |
[INFO] [stdout] help: to make use of source file collector/src/./state/s3.rs, use `mod s3` in this file to declare the module
[INFO] [stdout]  --> collector/src/main.rs:1:1
[INFO] [stdout]   |
[INFO] [stdout] 1 + mod s3;
[INFO] [stdout]   |
[INFO] [stdout] 
[INFO] [stdout] 
[INFO] [stdout] error[E0432]: unresolved import `crate::schema::accounts`
[INFO] [stdout]   --> api/src/routes/accounts/utils.rs:11:9
[INFO] [stdout]    |
[INFO] [stdout] 11 |     use crate::schema::accounts;
[INFO] [stdout]    |         ^^^^^^^^^^^^^^^--------
[INFO] [stdout]    |                        |
[INFO] [stdout]    |                        no `accounts` in `schema`
[INFO] [stdout]    |
[INFO] [stdout] help: consider importing this module instead
[INFO] [stdout]    |
[INFO] [stdout] 11 -     use crate::schema::accounts;
[INFO] [stdout] 11 +     use crate::routes::accounts;
[INFO] [stdout]    |
[INFO] [stdout] 
[INFO] [stdout] 
[INFO] [stdout] Some errors have detailed explanations: E0432, E0433, E0463.
[INFO] [stdout] 
[INFO] [stdout] For more information about an error, try `rustc --explain E0432`.
[INFO] [stdout] 
[INFO] [stdout] error[E0432]: unresolved import `crate::schema::accounts`
[INFO] [stdout]   --> api/src/routes/accounts/utils.rs:11:9
[INFO] [stdout]    |
[INFO] [stdout] 11 |     use crate::schema::accounts;
[INFO] [stdout]    |         ^^^^^^^^^^^^^^^--------
[INFO] [stdout]    |                        |
[INFO] [stdout]    |                        no `accounts` in `schema`
[INFO] [stdout]    |
[INFO] [stdout] help: consider importing this module instead
[INFO] [stdout]    |
[INFO] [stdout] 11 -     use crate::schema::accounts;
[INFO] [stdout] 11 +     use crate::routes::accounts;
[INFO] [stdout]    |
[INFO] [stdout] 
[INFO] [stdout] 
[INFO] [stdout] error[E0433]: cannot find `accounts` in `schema`
[INFO] [stdout]    --> api/src/routes/accounts/utils.rs:194:24
[INFO] [stdout]     |
[INFO] [stdout] 194 |     use crate::schema::accounts::dsl::*;
[INFO] [stdout]     |                        ^^^^^^^^ could not find `accounts` in `schema`
[INFO] [stdout] 
[INFO] [stdout] 
[INFO] [stdout] error[E0432]: unresolved import `crate::schema::account_histories`
[INFO] [stdout]    --> api/src/routes/accounts/utils.rs:164:9
[INFO] [stdout]     |
[INFO] [stdout] 164 |     use crate::schema::account_histories;
[INFO] [stdout]     |         ^^^^^^^^^^^^^^^-----------------
[INFO] [stdout]     |                        |
[INFO] [stdout]     |                        no `account_histories` in `schema`
[INFO] [stdout] 
[INFO] [stdout] 
[INFO] [stdout] error[E0433]: cannot find module or crate `actix_web` in this scope
[INFO] [stdout]   --> api/src/main.rs:13:5
[INFO] [stdout]    |
[INFO] [stdout] 13 | use actix_web::{http::header, App, HttpServer};
[INFO] [stdout]    |     ^^^^^^^^^ use of unresolved module or unlinked crate `actix_web`
[INFO] [stdout]    |
[INFO] [stdout]    = help: if you wanted to use a crate named `actix_web`, use `cargo add actix_web` to add it to your `Cargo.toml`
[INFO] [stdout] 
[INFO] [stdout] 
[INFO] [stdout] error[E0432]: unresolved import `actix_cors`
[INFO] [stdout]   --> api/src/main.rs:12:5
[INFO] [stdout]    |
[INFO] [stdout] 12 | use actix_cors::Cors;
[INFO] [stdout]    |     ^^^^^^^^^^ use of unresolved module or unlinked crate `actix_cors`
[INFO] [stdout]    |
[INFO] [stdout]    = help: if you wanted to use a crate named `actix_cors`, use `cargo add actix_cors` to add it to your `Cargo.toml`
[INFO] [stdout] 
[INFO] [stdout] 
[INFO] [stdout] error[E0432]: unresolved import `actix_web`
[INFO] [stdout]   --> api/src/main.rs:13:5
[INFO] [stdout]    |
[INFO] [stdout] 13 | use actix_web::{http::header, App, HttpServer};
[INFO] [stdout]    |     ^^^^^^^^^ use of unresolved module or unlinked crate `actix_web`
[INFO] [stdout]    |
[INFO] [stdout]    = help: if you wanted to use a crate named `actix_web`, use `cargo add actix_web` to add it to your `Cargo.toml`
[INFO] [stdout] 
[INFO] [stdout] 
[INFO] [stdout] error[E0432]: unresolved import `clap`
[INFO] [stdout]   --> api/src/main.rs:14:5
[INFO] [stdout]    |
[INFO] [stdout] 14 | use clap::Parser;
[INFO] [stdout]    |     ^^^^ use of unresolved module or unlinked crate `clap`
[INFO] [stdout]    |
[INFO] [stdout]    = help: if you wanted to use a crate named `clap`, use `cargo add clap` to add it to your `Cargo.toml`
[INFO] [stdout] 
[INFO] [stdout] 
[INFO] [stdout] error[E0432]: unresolved import `log`
[INFO] [stdout]   --> api/src/main.rs:17:5
[INFO] [stdout]    |
[INFO] [stdout] 17 | use log::info;
[INFO] [stdout]    |     ^^^ use of unresolved module or unlinked crate `log`
[INFO] [stdout]    |
[INFO] [stdout]    = help: if you wanted to use a crate named `log`, use `cargo add log` to add it to your `Cargo.toml`
[INFO] [stdout] 
[INFO] [stdout] 
[INFO] [stdout] error[E0433]: cannot find `accounts` in `schema`
[INFO] [stdout]    --> api/src/routes/accounts/utils.rs:194:24
[INFO] [stdout]     |
[INFO] [stdout] 194 |     use crate::schema::accounts::dsl::*;
[INFO] [stdout]     |                        ^^^^^^^^ could not find `accounts` in `schema`
[INFO] [stdout] 
[INFO] [stdout] 
[INFO] [stdout] error[E0432]: unresolved import `crate::schema::account_histories`
[INFO] [stdout]    --> api/src/routes/accounts/utils.rs:164:9
[INFO] [stdout]     |
[INFO] [stdout] 164 |     use crate::schema::account_histories;
[INFO] [stdout]     |         ^^^^^^^^^^^^^^^-----------------
[INFO] [stdout]     |                        |
[INFO] [stdout]     |                        no `account_histories` in `schema`
[INFO] [stdout] 
[INFO] [stdout] 
[INFO] [stdout] error[E0433]: cannot find module or crate `actix_web` in this scope
[INFO] [stdout]   --> api/src/main.rs:13:5
[INFO] [stdout]    |
[INFO] [stdout] 13 | use actix_web::{http::header, App, HttpServer};
[INFO] [stdout]    |     ^^^^^^^^^ use of unresolved module or unlinked crate `actix_web`
[INFO] [stdout]    |
[INFO] [stdout]    = help: if you wanted to use a crate named `actix_web`, use `cargo add actix_web` to add it to your `Cargo.toml`
[INFO] [stdout] 
[INFO] [stdout] 
[INFO] [stdout] error[E0432]: unresolved import `actix_cors`
[INFO] [stdout]   --> api/src/main.rs:12:5
[INFO] [stdout]    |
[INFO] [stdout] 12 | use actix_cors::Cors;
[INFO] [stdout]    |     ^^^^^^^^^^ use of unresolved module or unlinked crate `actix_cors`
[INFO] [stdout]    |
[INFO] [stdout]    = help: if you wanted to use a crate named `actix_cors`, use `cargo add actix_cors` to add it to your `Cargo.toml`
[INFO] [stdout] 
[INFO] [stdout] 
[INFO] [stdout] error[E0432]: unresolved import `actix_web`
[INFO] [stdout]   --> api/src/main.rs:13:5
[INFO] [stdout]    |
[INFO] [stdout] 13 | use actix_web::{http::header, App, HttpServer};
[INFO] [stdout]    |     ^^^^^^^^^ use of unresolved module or unlinked crate `actix_web`
[INFO] [stdout]    |
[INFO] [stdout]    = help: if you wanted to use a crate named `actix_web`, use `cargo add actix_web` to add it to your `Cargo.toml`
[INFO] [stdout] 
[INFO] [stdout] 
[INFO] [stdout] error[E0432]: unresolved import `clap`
[INFO] [stdout]   --> api/src/main.rs:14:5
[INFO] [stdout]    |
[INFO] [stdout] 14 | use clap::Parser;
[INFO] [stdout]    |     ^^^^ use of unresolved module or unlinked crate `clap`
[INFO] [stdout]    |
[INFO] [stdout]    = help: if you wanted to use a crate named `clap`, use `cargo add clap` to add it to your `Cargo.toml`
[INFO] [stdout] 
[INFO] [stdout] 
[INFO] [stdout] error[E0432]: unresolved import `log`
[INFO] [stdout]   --> api/src/main.rs:17:5
[INFO] [stdout]    |
[INFO] [stdout] 17 | use log::info;
[INFO] [stdout]    |     ^^^ use of unresolved module or unlinked crate `log`
[INFO] [stdout]    |
[INFO] [stdout]    = help: if you wanted to use a crate named `log`, use `cargo add log` to add it to your `Cargo.toml`
[INFO] [stdout] 
[INFO] [stdout] 
[INFO] [stdout] Some errors have detailed explanations: E0432, E0433, E0463.
[INFO] [stdout] 
[INFO] [stdout] For more information about an error, try `rustc --explain E0432`.
[INFO] [stdout] 
[INFO] [stdout] Some errors have detailed explanations: E0432, E0433, E0463.
[INFO] [stdout] 
[INFO] [stdout] For more information about an error, try `rustc --explain E0432`.
[INFO] [stdout] 
[INFO] [stderr] error: could not compile `mate-collector` (bin "mate-collector") due to 20 previous errors
[INFO] [stderr] error: could not compile `api` (bin "api" test) due to 23 previous errors
[INFO] [stderr] error: could not compile `api` (bin "api") due to 23 previous errors
[INFO] running `Command { std: "docker" "inspect" "1de971197e4abfb13041ad5b8ea769cf0e6be85390389bdf3952bf60849a59c1", kill_on_drop: false }`
[INFO] running `Command { std: "docker" "rm" "-f" "1de971197e4abfb13041ad5b8ea769cf0e6be85390389bdf3952bf60849a59c1", kill_on_drop: false }`
[INFO] [stdout] 1de971197e4abfb13041ad5b8ea769cf0e6be85390389bdf3952bf60849a59c1
