[INFO] cloning repository https://github.com/denoland/deno_core
[INFO] running `Command { std: "git" "-c" "credential.helper=" "-c" "credential.helper=/workspace/cargo-home/bin/git-credential-null" "clone" "--bare" "https://github.com/denoland/deno_core" "/workspace/cache/git-repos/https%3A%2F%2Fgithub.com%2Fdenoland%2Fdeno_core", kill_on_drop: false }`
[INFO] [stderr] Cloning into bare repository '/workspace/cache/git-repos/https%3A%2F%2Fgithub.com%2Fdenoland%2Fdeno_core'...
[INFO] running `Command { std: "git" "rev-parse" "HEAD", kill_on_drop: false }`
[INFO] [stdout] b12a3dc1c912ea91c5bc1a0da0e77e6cc28d8cf6
[INFO] checking denoland/deno_core/b12a3dc1c912ea91c5bc1a0da0e77e6cc28d8cf6 against c999cef531ea9059e189e82fe0e82c5daf249bc9 for pr-160904
[INFO] running `Command { std: "git" "clone" "/workspace/cache/git-repos/https%3A%2F%2Fgithub.com%2Fdenoland%2Fdeno_core" "/workspace/builds/worker-3-tc1/source", kill_on_drop: false }`
[INFO] [stderr] Cloning into '/workspace/builds/worker-3-tc1/source'...
[INFO] [stderr] done.
[INFO] removed /workspace/builds/worker-3-tc1/source/rust-toolchain.toml
[INFO] started tweaking git repo https://github.com/denoland/deno_core
[INFO] finished tweaking git repo https://github.com/denoland/deno_core
[INFO] tweaked toml for git repo https://github.com/denoland/deno_core written to /workspace/builds/worker-3-tc1/source/Cargo.toml
[INFO] validating manifest of git repo https://github.com/denoland/deno_core on toolchain c999cef531ea9059e189e82fe0e82c5daf249bc9
[INFO] running `Command { std: CARGO_HOME="/workspace/cargo-home" RUSTUP_HOME="/workspace/rustup-home" "/workspace/cargo-home/bin/cargo" "+c999cef531ea9059e189e82fe0e82c5daf249bc9" "metadata" "--manifest-path" "Cargo.toml" "--no-deps", kill_on_drop: false }`
[INFO] crate git repo https://github.com/denoland/deno_core already has a lockfile, it will not be regenerated
[INFO] running `Command { std: CARGO_HOME="/workspace/cargo-home" RUSTUP_HOME="/workspace/rustup-home" "/workspace/cargo-home/bin/cargo" "+c999cef531ea9059e189e82fe0e82c5daf249bc9" "fetch" "--manifest-path" "Cargo.toml", kill_on_drop: false }`
[INFO] [stderr] warning: unused workspace dependency `rand`
[INFO] [stderr]   --> Cargo.toml:49:1
[INFO] [stderr]    |
[INFO] [stderr] 49 | rand = "0.8.5"
[INFO] [stderr]    | ^^^^
[INFO] [stderr]    |
[INFO] [stderr]    = note: `cargo::unused_workspace_dependencies` is set to `warn` by default
[INFO] [stderr] help: consider removing the workspace dependency `rand`
[INFO] [stderr] warning: workspace (manifest) generated 1 warning
[INFO] [stderr]     Updating crates.io index
[INFO] [stderr]     Blocking waiting for file lock on package cache
[INFO] [stderr]  Downloading crates ...
[INFO] [stderr]   Downloaded sys_traits_macros v0.1.0
[INFO] [stderr]   Downloaded better_scoped_tls v1.0.1
[INFO] [stderr]   Downloaded cooked-waker v5.0.0
[INFO] [stderr]   Downloaded testing_macros v1.0.0
[INFO] [stderr]   Downloaded calendrical_calculations v0.2.3
[INFO] [stderr]   Downloaded strck v1.0.0
[INFO] [stderr]   Downloaded deno_error_macro v0.7.0
[INFO] [stderr]   Downloaded gzip-header v1.0.0
[INFO] [stderr]   Downloaded fslock v0.2.1
[INFO] [stderr]   Downloaded swc_eq_ignore_macros v1.0.1
[INFO] [stderr]   Downloaded swc_atoms v9.0.0
[INFO] [stderr]   Downloaded from_variant v3.0.0
[INFO] [stderr]   Downloaded par-core v2.0.0
[INFO] [stderr]   Downloaded swc_ecma_transforms_macros v1.0.1
[INFO] [stderr]   Downloaded deno_terminal v0.2.2
[INFO] [stderr]   Downloaded capacity_builder v0.5.0
[INFO] [stderr]   Downloaded capacity_builder_macros v0.3.0
[INFO] [stderr]   Downloaded is-terminal v0.4.12
[INFO] [stderr]   Downloaded trybuild v1.0.104
[INFO] [stderr]   Downloaded target-triple v0.1.3
[INFO] [stderr]   Downloaded syn-match v0.3.1
[INFO] [stderr]   Downloaded deno_path_util v0.6.0
[INFO] [stderr]   Downloaded swc_ecma_ast v18.0.0
[INFO] [stderr]   Downloaded deno_media_type v0.3.3
[INFO] [stderr]   Downloaded data-url v0.3.1
[INFO] [stderr]   Downloaded thiserror v1.0.60
[INFO] [stderr]   Downloaded relative-path v1.9.3
[INFO] [stderr]   Downloaded stringcase v0.4.0
[INFO] [stderr]   Downloaded sourcemap v9.2.1
[INFO] [stderr]   Downloaded rstest v0.19.0
[INFO] [stderr]   Downloaded swc_ecma_transforms_typescript v33.0.0
[INFO] [stderr]   Downloaded temporal_capi v0.1.2
[INFO] [stderr]   Downloaded sys_traits v0.1.17
[INFO] [stderr]   Downloaded icu_calendar_data v2.1.1
[INFO] [stderr]   Downloaded swc_config v3.1.2
[INFO] [stderr]   Downloaded swc_sourcemap v9.3.4
[INFO] [stderr]   Downloaded compact_str v0.7.1
[INFO] [stderr]   Downloaded clap v4.5.32
[INFO] [stderr]   Downloaded icu_locale_data v2.1.2
[INFO] [stderr]   Downloaded swc_common v17.0.1
[INFO] [stderr]   Downloaded swc_ecma_transforms_base v30.0.1
[INFO] [stderr]   Downloaded swc_ecma_parser v27.0.7
[INFO] [stderr]   Downloaded swc_ecma_lexer v26.0.0
[INFO] [stderr]   Downloaded plotters v0.3.5
[INFO] [stderr]   Downloaded timezone_provider v0.1.2
[INFO] [stderr]   Downloaded temporal_rs v0.1.2
[INFO] [stderr]   Downloaded icu_calendar v2.1.1
[INFO] [stderr]   Downloaded swc_ecma_visit v18.0.1
[INFO] [stderr]   Downloaded unicode-id-start v1.3.1
[INFO] [stderr]   Downloaded swc_config_macro v1.0.1
[INFO] [stderr]   Downloaded winsafe v0.0.19
[INFO] [stderr]   Downloaded rstest_macros v0.19.0
[INFO] [stderr]   Downloaded swc_ecma_transforms_proposal v30.0.0
[INFO] [stderr]   Downloaded psm v0.1.21
[INFO] [stderr]   Downloaded deno_core_icudata v0.77.0
[INFO] [stderr]   Downloaded string_enum v1.0.2
[INFO] [stderr]   Downloaded dprint-swc-ext v0.26.0
[INFO] [stderr]   Downloaded castaway v0.2.3
[INFO] [stderr]   Downloaded bytes-str v0.2.7
[INFO] [stderr]   Downloaded smartstring v1.0.1
[INFO] [stderr]   Downloaded ascii v1.1.0
[INFO] [stderr]   Downloaded deno_unsync v0.4.2
[INFO] [stderr]   Downloaded icu_locale v2.1.1
[INFO] [stderr]   Downloaded plotters-backend v0.3.5
[INFO] [stderr]   Downloaded h2 v0.4.4
[INFO] [stderr]   Downloaded debugid v0.8.0
[INFO] [stderr]   Downloaded ryu-js v1.0.1
[INFO] [stderr]   Downloaded if_chain v1.0.2
[INFO] [stderr]   Downloaded swc_ecma_utils v24.0.0
[INFO] [stderr]   Downloaded zoneinfo64 v0.2.0
[INFO] [stderr]   Downloaded unicycle v0.10.2
[INFO] [stderr]   Downloaded diplomat v0.14.0
[INFO] [stderr]   Downloaded uniset v0.2.4
[INFO] [stderr]   Downloaded az v1.2.1
[INFO] [stderr]   Downloaded swc_ecma_codegen v20.0.2
[INFO] [stderr]   Downloaded ast_node v5.0.0
[INFO] [stderr]   Downloaded is-macro v0.3.5
[INFO] [stderr]   Downloaded plotters-svg v0.3.5
[INFO] [stderr]   Downloaded text_lines v0.6.0
[INFO] [stderr]   Downloaded swc_visit v2.0.1
[INFO] [stderr]   Downloaded boxed_error v0.2.3
[INFO] [stderr]   Downloaded swc_allocator v4.0.1
[INFO] [stderr]   Downloaded clap_builder v4.5.32
[INFO] [stderr]   Downloaded swc_ecma_transforms_react v33.0.0
[INFO] [stderr]   Downloaded stacker v0.1.15
[INFO] [stderr]   Downloaded swc_macros_common v1.0.1
[INFO] [stderr]   Downloaded deno_error v0.7.0
[INFO] [stderr]   Downloaded ixdtf v0.6.4
[INFO] [stderr]   Downloaded diplomat-runtime v0.14.0
[INFO] [stderr]   Downloaded fastwebsockets v0.10.0
[INFO] [stderr]   Downloaded diplomat_core v0.14.0
[INFO] [stderr]   Downloaded bencher v0.1.5
[INFO] [stderr]   Downloaded deno_ast v0.52.0
[INFO] [stderr]   Downloaded swc_ecma_transforms_classes v30.0.0
[INFO] [stderr]   Downloaded wasm_dep_analyzer v0.4.0
[INFO] [stderr]   Downloaded thiserror-impl v1.0.60
[INFO] [stderr]   Downloaded swc_ecma_loader v17.0.0
[INFO] [stderr]   Downloaded which v6.0.1
[INFO] [stderr]   Downloaded hstr v3.0.4
[INFO] [stderr]   Downloaded resb v0.1.0
[INFO] [stderr]   Downloaded swc_ecma_codegen_macros v2.0.2
[INFO] [stderr]   Downloaded v8 v146.1.0
[INFO] running `Command { std: "docker" "create" "-v" "/var/lib/crater-agent-workspace/builds/worker-3-tc1/source:/opt/rustwide/workdir:ro,Z" "-v" "/var/lib/crater-agent-workspace/builds/worker-3-tc1/target:/opt/rustwide/target:rw,Z" "-v" "/var/lib/crater-agent-workspace/cargo-home:/opt/rustwide/cargo-home:ro,Z" "-v" "/var/lib/crater-agent-workspace/rustup-home:/opt/rustwide/rustup-home:ro,Z" "-m" "1610612736" "--network" "none" "ghcr.io/rust-lang/crates-build-env/linux@sha256:3111399a4047eeb3a02b7a90e478d715f38a8c6669b5c4b49d30a17385265909" "sleep" "infinity", kill_on_drop: false }`
[INFO] [stdout] 63e2f603ce3c8d22df9dabbbffadea84996cbe342bea457fcffdda4d79f68e9f
[INFO] running `Command { std: "docker" "start" "63e2f603ce3c8d22df9dabbbffadea84996cbe342bea457fcffdda4d79f68e9f", kill_on_drop: false }`
[INFO] running `Command { std: "docker" "inspect" "63e2f603ce3c8d22df9dabbbffadea84996cbe342bea457fcffdda4d79f68e9f", kill_on_drop: false }`
[INFO] running `Command { std: "docker" "exec" "-e" "SOURCE_DIR=/opt/rustwide/workdir" "-e" "CARGO_HOME=/opt/rustwide/cargo-home" "-e" "RUSTUP_HOME=/opt/rustwide/rustup-home" "-e" "CARGO_TARGET_DIR=/opt/rustwide/target" "-w" "/opt/rustwide/workdir" "--user" "0:0" "63e2f603ce3c8d22df9dabbbffadea84996cbe342bea457fcffdda4d79f68e9f" "/opt/rustwide/cargo-home/bin/cargo" "+c999cef531ea9059e189e82fe0e82c5daf249bc9" "metadata" "--no-deps" "--format-version=1", kill_on_drop: false }`
[INFO] running `Command { std: "docker" "inspect" "63e2f603ce3c8d22df9dabbbffadea84996cbe342bea457fcffdda4d79f68e9f", kill_on_drop: false }`
[INFO] running `Command { std: "docker" "exec" "-e" "SOURCE_DIR=/opt/rustwide/workdir" "-e" "CARGO_HOME=/opt/rustwide/cargo-home" "-e" "RUSTUP_HOME=/opt/rustwide/rustup-home" "-e" "CARGO_TARGET_DIR=/opt/rustwide/target" "-e" "CARGO_INCREMENTAL=0" "-e" "RUST_BACKTRACE=full" "-e" "RUSTFLAGS=--cap-lints=forbid" "-e" "RUSTDOCFLAGS=--cap-lints=forbid" "-w" "/opt/rustwide/workdir" "--user" "0:0" "63e2f603ce3c8d22df9dabbbffadea84996cbe342bea457fcffdda4d79f68e9f" "/opt/rustwide/cargo-home/bin/cargo" "+c999cef531ea9059e189e82fe0e82c5daf249bc9" "check" "--frozen" "--all" "--all-targets" "--message-format=json", kill_on_drop: false }`
[INFO] [stderr] warning: unused workspace dependency `rand`
[INFO] [stderr]   --> Cargo.toml:49:1
[INFO] [stderr]    |
[INFO] [stderr] 49 | rand = "0.8.5"
[INFO] [stderr]    | ^^^^
[INFO] [stderr]    |
[INFO] [stderr]    = note: `cargo::unused_workspace_dependencies` is set to `warn` by default
[INFO] [stderr] help: consider removing the workspace dependency `rand`
[INFO] [stderr] warning: workspace (manifest) generated 1 warning
[INFO] [stderr]    Compiling proc-macro2 v1.0.94
[INFO] [stderr]    Compiling serde_json v1.0.140
[INFO] [stderr]     Checking stable_deref_trait v1.2.0
[INFO] [stderr]    Compiling memchr v2.7.4
[INFO] [stderr]    Compiling smallvec v1.14.0
[INFO] [stderr]    Compiling radium v0.7.0
[INFO] [stderr]    Compiling libc v0.2.171
[INFO] [stderr]    Compiling rustc-hash v2.1.1
[INFO] [stderr]     Checking indexmap v2.8.0
[INFO] [stderr]    Compiling ahash v0.8.11
[INFO] [stderr]    Compiling rand_core v0.6.4
[INFO] [stderr]    Compiling either v1.11.0
[INFO] [stderr]     Checking writeable v0.5.5
[INFO] [stderr]     Checking litemap v0.7.5
[INFO] [stderr]    Compiling rand v0.8.5
[INFO] [stderr]    Compiling bitflags v2.9.0
[INFO] [stderr]     Checking icu_locid_transform_data v1.5.0
[INFO] [stderr]     Checking icu_properties_data v1.5.0
[INFO] [stderr]     Checking write16 v1.0.0
[INFO] [stderr]    Compiling siphasher v0.3.11
[INFO] [stderr]     Checking utf16_iter v1.0.5
[INFO] [stderr]     Checking icu_normalizer_data v1.5.0
[INFO] [stderr]    Compiling hashbrown v0.15.2
[INFO] [stderr]     Checking percent-encoding v2.3.1
[INFO] [stderr]    Compiling quote v1.0.40
[INFO] [stderr]     Checking form_urlencoded v1.2.1
[INFO] [stderr]    Compiling aho-corasick v1.1.3
[INFO] [stderr]    Compiling phf_shared v0.11.2
[INFO] [stderr]    Compiling syn v2.0.100
[INFO] [stderr]    Compiling regex-syntax v0.8.3
[INFO] [stderr]    Compiling icu_locale_data v2.1.2
[INFO] [stderr]    Compiling glob v0.3.1
[INFO] [stderr]    Compiling icu_calendar_data v2.1.1
[INFO] [stderr]    Compiling thiserror v2.0.12
[INFO] [stderr]    Compiling Inflector v0.11.4
[INFO] [stderr]    Compiling phf_generator v0.11.2
[INFO] [stderr]    Compiling prettyplease v0.2.31
[INFO] [stderr]     Checking rand_chacha v0.3.1
[INFO] [stderr]    Compiling cc v1.2.17
[INFO] [stderr]    Compiling clang-sys v1.8.1
[INFO] [stderr]     Checking num-integer v0.1.46
[INFO] [stderr]    Compiling slab v0.4.9
[INFO] [stderr]    Compiling rustversion v1.0.20
[INFO] [stderr]    Compiling rustix v0.38.34
[INFO] [stderr]    Compiling crc32fast v1.4.0
[INFO] [stderr]    Compiling nom v7.1.3
[INFO] [stderr]    Compiling libloading v0.8.4
[INFO] [stderr]    Compiling strck v1.0.0
[INFO] [stderr]    Compiling linux-raw-sys v0.4.13
[INFO] [stderr]    Compiling bindgen v0.72.1
[INFO] [stderr]    Compiling psm v0.1.21
[INFO] [stderr]    Compiling getrandom v0.3.2
[INFO] [stderr]    Compiling itertools v0.10.5
[INFO] [stderr]    Compiling log v0.4.21
[INFO] [stderr]    Compiling home v0.5.9
[INFO] [stderr]    Compiling regex-automata v0.4.6
[INFO] [stderr]    Compiling adler2 v2.0.0
[INFO] [stderr]    Compiling miniz_oxide v0.8.8
[INFO] [stderr]    Compiling gzip-header v1.0.0
[INFO] [stderr]    Compiling stacker v0.1.15
[INFO] [stderr]    Compiling fslock v0.2.1
[INFO] [stderr]     Checking parking_lot_core v0.9.10
[INFO] [stderr]    Compiling smartstring v1.0.1
[INFO] [stderr]    Compiling cexpr v0.6.0
[INFO] [stderr]     Checking wyz v0.5.1
[INFO] [stderr]     Checking parking_lot v0.12.3
[INFO] [stderr]    Compiling which v6.0.1
[INFO] [stderr]     Checking uuid v1.16.0
[INFO] [stderr]     Checking outref v0.5.2
[INFO] [stderr]     Checking funty v2.0.0
[INFO] [stderr]    Compiling itoa v1.0.15
[INFO] [stderr]     Checking vsimd v0.8.0
[INFO] [stderr]     Checking socket2 v0.5.8
[INFO] [stderr]    Compiling bytes v1.10.1
[INFO] [stderr]    Compiling ryu v1.0.20
[INFO] [stderr]     Checking unicode-id-start v1.3.1
[INFO] [stderr]     Checking bitvec v1.0.1
[INFO] [stderr]     Checking if_chain v1.0.2
[INFO] [stderr]     Checking writeable v0.6.2
[INFO] [stderr]     Checking data-encoding v2.6.0
[INFO] [stderr]     Checking litemap v0.8.0
[INFO] [stderr]     Checking base64-simd v0.8.0
[INFO] [stderr]    Compiling seq-macro v0.3.6
[INFO] [stderr]     Checking core_maths v0.1.1
[INFO] [stderr]     Checking zerocopy v0.7.34
[INFO] [stderr]     Checking allocator-api2 v0.2.21
[INFO] [stderr]    Compiling regex v1.10.4
[INFO] [stderr]    Compiling anyhow v1.0.100
[INFO] [stderr]     Checking hashbrown v0.14.5
[INFO] [stderr]    Compiling synstructure v0.13.1
[INFO] [stderr]    Compiling swc_macros_common v1.0.1
[INFO] [stderr]     Checking ixdtf v0.6.4
[INFO] [stderr]     Checking better_scoped_tls v1.0.1
[INFO] [stderr]     Checking swc_visit v2.0.1
[INFO] [stderr]     Checking diplomat-runtime v0.14.0
[INFO] [stderr]    Compiling az v1.2.1
[INFO] [stderr]    Compiling stringcase v0.4.0
[INFO] [stderr]    Compiling new_debug_unreachable v1.0.6
[INFO] [stderr]     Checking unicode-ident v1.0.18
[INFO] [stderr]    Compiling zerofrom-derive v0.1.6
[INFO] [stderr]    Compiling serde_derive v1.0.228
[INFO] [stderr]    Compiling displaydoc v0.2.5
[INFO] [stderr]    Compiling yoke-derive v0.7.5
[INFO] [stderr]    Compiling zerovec-derive v0.10.3
[INFO] [stderr]    Compiling icu_provider_macros v1.5.0
[INFO] [stderr]    Compiling yoke-derive v0.8.0
[INFO] [stderr]    Compiling zerovec-derive v0.11.1
[INFO] [stderr]    Compiling tracing-attributes v0.1.31
[INFO] [stderr]    Compiling tokio-macros v2.5.0
[INFO] [stderr]     Checking zerofrom v0.1.6
[INFO] [stderr]     Checking yoke v0.7.5
[INFO] [stderr]    Compiling from_variant v3.0.0
[INFO] [stderr]    Compiling swc_eq_ignore_macros v1.0.1
[INFO] [stderr]     Checking zerovec v0.10.4
[INFO] [stderr]    Compiling ast_node v5.0.0
[INFO] [stderr]    Compiling phf_macros v0.11.2
[INFO] [stderr]    Compiling is-macro v0.3.5
[INFO] [stderr]    Compiling thiserror-impl v2.0.12
[INFO] [stderr]    Compiling string_enum v1.0.2
[INFO] [stderr]     Checking yoke v0.8.0
[INFO] [stderr]    Compiling deno_error_macro v0.7.0
[INFO] [stderr]     Checking zerovec v0.11.4
[INFO] [stderr]     Checking tinystr v0.7.6
[INFO] [stderr]     Checking icu_locid v1.5.0
[INFO] [stderr]     Checking icu_collections v1.5.0
[INFO] [stderr]    Compiling futures-macro v0.3.31
[INFO] [stderr]     Checking tokio v1.44.1
[INFO] [stderr]     Checking icu_provider v1.5.0
[INFO] [stderr]    Compiling serde v1.0.228
[INFO] [stderr]     Checking tinystr v0.8.1
[INFO] [stderr]     Checking icu_locid_transform v1.5.0
[INFO] [stderr]     Checking potential_utf v0.1.3
[INFO] [stderr]     Checking icu_locale_core v2.1.1
[INFO] [stderr]     Checking zerotrie v0.2.2
[INFO] [stderr]     Checking icu_properties v1.5.1
[INFO] [stderr]     Checking num-bigint v0.4.5
[INFO] [stderr]    Compiling diplomat_core v0.14.0
[INFO] [stderr]     Checking debugid v0.8.0
[INFO] [stderr]     Checking tracing v0.1.44
[INFO] [stderr]     Checking calendrical_calculations v0.2.3
[INFO] [stderr]     Checking icu_provider v2.1.1
[INFO] [stderr]     Checking resb v0.1.0
[INFO] [stderr]     Checking icu_collections v2.1.1
[INFO] [stderr]     Checking zoneinfo64 v0.2.0
[INFO] [stderr]     Checking icu_normalizer v1.5.0
[INFO] [stderr]    Compiling v8 v146.1.0
[INFO] [stderr]     Checking icu_locale v2.1.1
[INFO] [stderr]     Checking bytes-str v0.2.7
[INFO] [stderr]     Checking idna_adapter v1.2.0
[INFO] [stderr]     Checking idna v1.0.3
[INFO] [stderr]     Checking triomphe v0.1.14
[INFO] [stderr]     Checking timezone_provider v0.1.2
[INFO] [stderr]     Checking hstr v3.0.4
[INFO] [stderr]    Compiling diplomat v0.14.0
[INFO] [stderr]     Checking url v2.5.4
[INFO] [stderr]    Compiling strum_macros v0.27.1
[INFO] [stderr]     Checking swc_atoms v9.0.0
[INFO] [stderr]     Checking icu_calendar v2.1.1
[INFO] [stderr]    Compiling capacity_builder_macros v0.3.0
[INFO] [stderr]     Checking swc_sourcemap v9.3.4
[INFO] [stderr]    Compiling sys_traits_macros v0.1.0
[INFO] [stderr]    Compiling pin-project-internal v1.1.5
[INFO] [stderr]     Checking deno_error v0.7.0
[INFO] [stderr]    Compiling syn-match v0.3.1
[INFO] [stderr]     Checking swc_common v17.0.1
[INFO] [stderr]     Checking futures-util v0.3.31
[INFO] [stderr]     Checking temporal_rs v0.1.2
[INFO] [stderr]     Checking phf v0.11.2
[INFO] [stderr]    Compiling swc_config_macro v1.0.1
[INFO] [stderr]    Compiling strum v0.27.1
[INFO] [stderr]    Compiling deno_ops v0.263.0 (/opt/rustwide/workdir/ops)
[INFO] [stderr]    Compiling boxed_error v0.2.3
[INFO] [stderr]     Checking temporal_capi v0.1.2
[INFO] [stderr]     Checking swc_ecma_ast v18.0.0
[INFO] [stderr]    Compiling scoped-tls v1.0.1
[INFO] [stderr]     Checking ryu-js v1.0.1
[INFO] [stderr]    Compiling swc_ecma_codegen_macros v2.0.2
[INFO] [stderr]     Checking par-core v2.0.0
[INFO] [stderr]    Compiling libm v0.2.15
[INFO] [stderr]     Checking futures-executor v0.3.31
[INFO] [stderr]     Checking num_cpus v1.16.0
[INFO] [stderr]     Checking futures v0.3.31
[INFO] [stderr]    Compiling unicode-width v0.2.2
[INFO] [stderr]    Compiling lock_api v0.4.12
[INFO] [stderr]     Checking pin-project v1.1.5
[INFO] [stderr]     Checking sys_traits v0.1.17
[INFO] [stderr]     Checking capacity_builder v0.5.0
[INFO] [stderr]     Checking deno_path_util v0.6.0
[INFO] [stderr]     Checking deno_unsync v0.4.2
[INFO] [stderr]     Checking wasm_dep_analyzer v0.4.0
[INFO] [stderr] error: failed to run custom build command for `v8 v146.1.0`
[INFO] [stderr] note: To improve backtraces for build dependencies, set the CARGO_PROFILE_DEV_BUILD_OVERRIDE_DEBUG=true environment variable to enable debug information generation.
[INFO] [stderr] 
[INFO] [stderr] Caused by:
[INFO] [stderr]   process didn't exit successfully: `/opt/rustwide/target/debug/build/v8/6bc00308aae05aa9/out/build_script_build` (exit status: 101)
[INFO] [stderr]   --- stdout
[INFO] [stderr]   cargo:rerun-if-changed=.gn
[INFO] [stderr]   cargo:rerun-if-changed=BUILD.gn
[INFO] [stderr]   cargo:rerun-if-changed=src/binding.cc
[INFO] [stderr]   cargo:rerun-if-env-changed=CCACHE
[INFO] [stderr]   cargo:rerun-if-env-changed=CLANG_BASE_PATH
[INFO] [stderr]   cargo:rerun-if-env-changed=CXXSTDLIB
[INFO] [stderr]   cargo:rerun-if-env-changed=DENO_TRYBUILD
[INFO] [stderr]   cargo:rerun-if-env-changed=DOCS_RS
[INFO] [stderr]   cargo:rerun-if-env-changed=GN
[INFO] [stderr]   cargo:rerun-if-env-changed=GN_ARGS
[INFO] [stderr]   cargo:rerun-if-env-changed=HOST
[INFO] [stderr]   cargo:rerun-if-env-changed=NINJA
[INFO] [stderr]   cargo:rerun-if-env-changed=OUT_DIR
[INFO] [stderr]   cargo:rerun-if-env-changed=RUSTY_V8_ARCHIVE
[INFO] [stderr]   cargo:rerun-if-env-changed=RUSTY_V8_MIRROR
[INFO] [stderr]   cargo:rerun-if-env-changed=RUSTY_V8_SRC_BINDING_PATH
[INFO] [stderr]   cargo:rerun-if-env-changed=SCCACHE
[INFO] [stderr]   cargo:rerun-if-env-changed=V8_FORCE_DEBUG
[INFO] [stderr]   cargo:rerun-if-env-changed=V8_FROM_SOURCE
[INFO] [stderr]   cargo:rerun-if-env-changed=PYTHON
[INFO] [stderr]   cargo:rerun-if-env-changed=DISABLE_CLANG
[INFO] [stderr]   cargo:rerun-if-env-changed=EXTRA_GN_ARGS
[INFO] [stderr]   cargo:rerun-if-env-changed=PRINT_GN_ARGS
[INFO] [stderr]   cargo:rerun-if-env-changed=CARGO_ENCODED_RUSTFLAGS
[INFO] [stderr]   cargo:rustc-link-lib=static=rusty_v8
[INFO] [stderr]   lockfile: "/opt/rustwide/target/debug/build/v8/v8.fslock"
[INFO] [stderr]   cargo:rustc-env=RUSTY_V8_SRC_BINDING_PATH=/opt/rustwide/cargo-home/registry/src/index.crates.io-1949cf8c6b5b557f/v8-146.1.0/gen/src_binding_release_x86_64-unknown-linux-gnu.rs
[INFO] [stderr]   static lib URL: https://github.com/denoland/rusty_v8/releases/download/v146.1.0/librusty_v8_release_x86_64-unknown-linux-gnu.a.gz
[INFO] [stderr]   cargo:rustc-link-search=/opt/rustwide/target/debug/build/gn_out/obj
[INFO] [stderr]   Looking for download in '"/opt/rustwide/cargo-home/.rusty_v8/https___github_com_denoland_rusty_v8_releases_download_v146_1_0_librusty_v8_release_x86_64_unknown_linux_gnu_a_gz"'
[INFO] [stderr]   Downloading (using Python) https://github.com/denoland/rusty_v8/releases/download/v146.1.0/librusty_v8_release_x86_64-unknown-linux-gnu.a.gz
[INFO] [stderr]   Downloading https://github.com/denoland/rusty_v8/releases/download/v146.1.0/librusty_v8_release_x86_64-unknown-linux-gnu.a.gz...
[INFO] [stderr]   <urlopen error [Errno -3] Temporary failure in name resolution>
[INFO] [stderr]   Retrying in 5 s ...
[INFO] [stderr]   Downloading https://github.com/denoland/rusty_v8/releases/download/v146.1.0/librusty_v8_release_x86_64-unknown-linux-gnu.a.gz...
[INFO] [stderr]   <urlopen error [Errno -3] Temporary failure in name resolution>
[INFO] [stderr]   Retrying in 10 s ...
[INFO] [stderr]   Downloading https://github.com/denoland/rusty_v8/releases/download/v146.1.0/librusty_v8_release_x86_64-unknown-linux-gnu.a.gz...
[INFO] [stderr]   <urlopen error [Errno -3] Temporary failure in name resolution>
[INFO] [stderr]   Retrying in 20 s ...
[INFO] [stderr]   Downloading https://github.com/denoland/rusty_v8/releases/download/v146.1.0/librusty_v8_release_x86_64-unknown-linux-gnu.a.gz...
[INFO] [stderr]   <urlopen error [Errno -3] Temporary failure in name resolution>
[INFO] [stderr]   Python downloader failed, trying with curl.
[INFO] [stderr] 
[INFO] [stderr]   --- stderr
[INFO] [stderr]   Traceback (most recent call last):
[INFO] [stderr]     File "/usr/lib/python3.14/urllib/request.py", line 1321, in do_open
[INFO] [stderr]       h.request(req.get_method(), req.selector, req.data, headers,
[INFO] [stderr]       ~~~~~~~~~^^^^^^^^^^^^^^^^^^^^^^^^^^^^^^^^^^^^^^^^^^^^^^^^^^^
[INFO] [stderr]                 encode_chunked=req.has_header('Transfer-encoding'))
[INFO] [stderr]                 ^^^^^^^^^^^^^^^^^^^^^^^^^^^^^^^^^^^^^^^^^^^^^^^^^^^
[INFO] [stderr]     File "/usr/lib/python3.14/http/client.py", line 1367, in request
[INFO] [stderr]       self._send_request(method, url, body, headers, encode_chunked)
[INFO] [stderr]       ~~~~~~~~~~~~~~~~~~^^^^^^^^^^^^^^^^^^^^^^^^^^^^^^^^^^^^^^^^^^^^
[INFO] [stderr]     File "/usr/lib/python3.14/http/client.py", line 1413, in _send_request
[INFO] [stderr]       self.endheaders(body, encode_chunked=encode_chunked)
[INFO] [stderr]       ~~~~~~~~~~~~~~~^^^^^^^^^^^^^^^^^^^^^^^^^^^^^^^^^^^^^
[INFO] [stderr]     File "/usr/lib/python3.14/http/client.py", line 1362, in endheaders
[INFO] [stderr]       self._send_output(message_body, encode_chunked=encode_chunked)
[INFO] [stderr]       ~~~~~~~~~~~~~~~~~^^^^^^^^^^^^^^^^^^^^^^^^^^^^^^^^^^^^^^^^^^^^^
[INFO] [stderr]     File "/usr/lib/python3.14/http/client.py", line 1122, in _send_output
[INFO] [stderr]       self.send(msg)
[INFO] [stderr]       ~~~~~~~~~^^^^^
[INFO] [stderr]     File "/usr/lib/python3.14/http/client.py", line 1066, in send
[INFO] [stderr]       self.connect()
[INFO] [stderr]       ~~~~~~~~~~~~^^
[INFO] [stderr]     File "/usr/lib/python3.14/http/client.py", line 1501, in connect
[INFO] [stderr]       super().connect()
[INFO] [stderr]       ~~~~~~~~~~~~~~~^^
[INFO] [stderr]     File "/usr/lib/python3.14/http/client.py", line 1032, in connect
[INFO] [stderr]       self.sock = self._create_connection(
[INFO] [stderr]                   ~~~~~~~~~~~~~~~~~~~~~~~^
[INFO] [stderr]           (self.host,self.port), self.timeout, self.source_address)
[INFO] [stderr]           ^^^^^^^^^^^^^^^^^^^^^^^^^^^^^^^^^^^^^^^^^^^^^^^^^^^^^^^^^
[INFO] [stderr]     File "/usr/lib/python3.14/socket.py", line 846, in create_connection
[INFO] [stderr]       for res in getaddrinfo(host, port, 0, SOCK_STREAM):
[INFO] [stderr]                  ~~~~~~~~~~~^^^^^^^^^^^^^^^^^^^^^^^^^^^^
[INFO] [stderr]     File "/usr/lib/python3.14/socket.py", line 983, in getaddrinfo
[INFO] [stderr]       for res in _socket.getaddrinfo(host, port, family, type, proto, flags):
[INFO] [stderr]                  ~~~~~~~~~~~~~~~~~~~^^^^^^^^^^^^^^^^^^^^^^^^^^^^^^^^^^^^^^^^
[INFO] [stderr]   socket.gaierror: [Errno -3] Temporary failure in name resolution
[INFO] [stderr] 
[INFO] [stderr]   During handling of the above exception, another exception occurred:
[INFO] [stderr] 
[INFO] [stderr]   Traceback (most recent call last):
[INFO] [stderr]     File "/opt/rustwide/cargo-home/registry/src/index.crates.io-1949cf8c6b5b557f/v8-146.1.0/./tools/download_file.py", line 63, in <module>
[INFO] [stderr]       sys.exit(main())
[INFO] [stderr]                ~~~~^^
[INFO] [stderr]     File "/opt/rustwide/cargo-home/registry/src/index.crates.io-1949cf8c6b5b557f/v8-146.1.0/./tools/download_file.py", line 58, in main
[INFO] [stderr]       DownloadUrl(args.url, f)
[INFO] [stderr]       ~~~~~~~~~~~^^^^^^^^^^^^^
[INFO] [stderr]     File "/opt/rustwide/cargo-home/registry/src/index.crates.io-1949cf8c6b5b557f/v8-146.1.0/./tools/download_file.py", line 44, in DownloadUrl
[INFO] [stderr]       raise e
[INFO] [stderr]     File "/opt/rustwide/cargo-home/registry/src/index.crates.io-1949cf8c6b5b557f/v8-146.1.0/./tools/download_file.py", line 28, in DownloadUrl
[INFO] [stderr]       response = urlopen(url)
[INFO] [stderr]     File "/usr/lib/python3.14/urllib/request.py", line 187, in urlopen
[INFO] [stderr]       return opener.open(url, data, timeout)
[INFO] [stderr]              ~~~~~~~~~~~^^^^^^^^^^^^^^^^^^^^
[INFO] [stderr]     File "/usr/lib/python3.14/urllib/request.py", line 487, in open
[INFO] [stderr]       response = self._open(req, data)
[INFO] [stderr]     File "/usr/lib/python3.14/urllib/request.py", line 504, in _open
[INFO] [stderr]       result = self._call_chain(self.handle_open, protocol, protocol +
[INFO] [stderr]                                 '_open', req)
[INFO] [stderr]     File "/usr/lib/python3.14/urllib/request.py", line 464, in _call_chain
[INFO] [stderr]       result = func(*args)
[INFO] [stderr]     File "/usr/lib/python3.14/urllib/request.py", line 1369, in https_open
[INFO] [stderr]       return self.do_open(http.client.HTTPSConnection, req,
[INFO] [stderr]              ~~~~~~~~~~~~^^^^^^^^^^^^^^^^^^^^^^^^^^^^^^^^^^
[INFO] [stderr]                           context=self._context)
[INFO] [stderr]                           ^^^^^^^^^^^^^^^^^^^^^^
[INFO] [stderr]     File "/usr/lib/python3.14/urllib/request.py", line 1324, in do_open
[INFO] [stderr]       raise URLError(err)
[INFO] [stderr]   urllib.error.URLError: <urlopen error [Errno -3] Temporary failure in name resolution>
[INFO] [stderr] 
[INFO] [stderr]   thread 'main' (2225) panicked at /opt/rustwide/cargo-home/registry/src/index.crates.io-1949cf8c6b5b557f/v8-146.1.0/build.rs:671:3:
[INFO] [stderr]   assertion failed: status.success()
[INFO] [stderr]   stack backtrace:
[INFO] [stderr]      0:     0x5f70199167f1 - std[4a959f5f0894f8b4]::backtrace_rs::backtrace::libunwind::trace
[INFO] [stderr]                                  at /rustc/c999cef531ea9059e189e82fe0e82c5daf249bc9/library/std/src/../../backtrace/src/backtrace/libunwind.rs:117:9
[INFO] [stderr]      1:     0x5f70199167f1 - std[4a959f5f0894f8b4]::backtrace_rs::backtrace::trace_unsynchronized::<std[4a959f5f0894f8b4]::sys::backtrace::_print_fmt::{closure#1}>
[INFO] [stderr]                                  at /rustc/c999cef531ea9059e189e82fe0e82c5daf249bc9/library/std/src/../../backtrace/src/backtrace/mod.rs:66:14
[INFO] [stderr]      2:     0x5f70199167f1 - std[4a959f5f0894f8b4]::sys::backtrace::_print_fmt
[INFO] [stderr]                                  at /rustc/c999cef531ea9059e189e82fe0e82c5daf249bc9/library/std/src/sys/backtrace.rs:74:9
[INFO] [stderr]      3:     0x5f70199167f1 - <<std[4a959f5f0894f8b4]::sys::backtrace::BacktraceLock>::print::DisplayBacktrace as core[703651ec52483874]::fmt::Display>::fmt
[INFO] [stderr]                                  at /rustc/c999cef531ea9059e189e82fe0e82c5daf249bc9/library/std/src/sys/backtrace.rs:44:26
[INFO] [stderr]      4:     0x5f701992ccfa - <core[703651ec52483874]::fmt::rt::Argument>::fmt
[INFO] [stderr]                                  at /rustc/c999cef531ea9059e189e82fe0e82c5daf249bc9/library/core/src/fmt/rt.rs:152:76
[INFO] [stderr]      5:     0x5f701992ccfa - core[703651ec52483874]::fmt::write
[INFO] [stderr]      6:     0x5f701991b87c - core[703651ec52483874]::io::write::default_write_fmt::<std[4a959f5f0894f8b4]::sys::stdio::unix::Stderr>
[INFO] [stderr]                                  at /rustc/c999cef531ea9059e189e82fe0e82c5daf249bc9/library/core/src/io/write.rs:402:11
[INFO] [stderr]      7:     0x5f701991b87c - <std[4a959f5f0894f8b4]::sys::stdio::unix::Stderr as core[703651ec52483874]::io::write::Write>::write_fmt
[INFO] [stderr]                                  at /rustc/c999cef531ea9059e189e82fe0e82c5daf249bc9/library/core/src/io/write.rs:335:13
[INFO] [stderr]      8:     0x5f70198f39c6 - <std[4a959f5f0894f8b4]::sys::backtrace::BacktraceLock>::print
[INFO] [stderr]                                  at /rustc/c999cef531ea9059e189e82fe0e82c5daf249bc9/library/std/src/sys/backtrace.rs:47:9
[INFO] [stderr]      9:     0x5f70198f39c6 - std[4a959f5f0894f8b4]::panicking::default_hook::{closure#0}
[INFO] [stderr]                                  at /rustc/c999cef531ea9059e189e82fe0e82c5daf249bc9/library/std/src/panicking.rs:289:27
[INFO] [stderr]     10:     0x5f7019910281 - std[4a959f5f0894f8b4]::panicking::default_hook
[INFO] [stderr]                                  at /rustc/c999cef531ea9059e189e82fe0e82c5daf249bc9/library/std/src/panicking.rs:316:9
[INFO] [stderr]     11:     0x5f70199105ab - std[4a959f5f0894f8b4]::panicking::panic_with_hook
[INFO] [stderr]                                  at /rustc/c999cef531ea9059e189e82fe0e82c5daf249bc9/library/std/src/panicking.rs:811:13
[INFO] [stderr]     12:     0x5f70198f3aa4 - std[4a959f5f0894f8b4]::panicking::panic_handler::{closure#0}
[INFO] [stderr]                                  at /rustc/c999cef531ea9059e189e82fe0e82c5daf249bc9/library/std/src/panicking.rs:678:13
[INFO] [stderr]     13:     0x5f70198eb909 - std[4a959f5f0894f8b4]::sys::backtrace::__rust_end_short_backtrace::<std[4a959f5f0894f8b4]::panicking::panic_handler::{closure#0}, !>
[INFO] [stderr]                                  at /rustc/c999cef531ea9059e189e82fe0e82c5daf249bc9/library/std/src/sys/backtrace.rs:182:18
[INFO] [stderr]     14:     0x5f70198f443d - __rustc[686462a491047c20]::rust_begin_unwind
[INFO] [stderr]                                  at /rustc/c999cef531ea9059e189e82fe0e82c5daf249bc9/library/std/src/panicking.rs:676:5
[INFO] [stderr]     15:     0x5f701992d59c - core[703651ec52483874]::panicking::panic_fmt
[INFO] [stderr]                                  at /rustc/c999cef531ea9059e189e82fe0e82c5daf249bc9/library/core/src/panicking.rs:80:14
[INFO] [stderr]     16:     0x5f701992d562 - core[703651ec52483874]::panicking::panic
[INFO] [stderr]                                  at /rustc/c999cef531ea9059e189e82fe0e82c5daf249bc9/library/core/src/panicking.rs:150:5
[INFO] [stderr]     17:     0x5f701928a278 - build_script_build[2ce05e7df09834ad]::download_file
[INFO] [stderr]     18:     0x5f701928c841 - build_script_build[2ce05e7df09834ad]::main
[INFO] [stderr]     19:     0x5f7019295873 - std[4a959f5f0894f8b4]::sys::backtrace::__rust_begin_short_backtrace::<fn(), ()>
[INFO] [stderr]     20:     0x5f7019295e49 - std[4a959f5f0894f8b4]::rt::lang_start::<()>::{closure#0}
[INFO] [stderr]     21:     0x5f701990f3b8 - <&dyn core[703651ec52483874]::ops::function::Fn<(), Output = i32> + core[703651ec52483874]::marker::Sync + core[703651ec52483874]::panic::unwind_safe::RefUnwindSafe as core[703651ec52483874]::ops::function::FnOnce<()>>::call_once
[INFO] [stderr]                                  at /rustc/c999cef531ea9059e189e82fe0e82c5daf249bc9/library/core/src/ops/function.rs:287:21
[INFO] [stderr]     22:     0x5f701990f3b8 - std[4a959f5f0894f8b4]::panicking::catch_unwind::do_call::<&dyn core[703651ec52483874]::ops::function::Fn<(), Output = i32> + core[703651ec52483874]::marker::Sync + core[703651ec52483874]::panic::unwind_safe::RefUnwindSafe, i32>
[INFO] [stderr]                                  at /rustc/c999cef531ea9059e189e82fe0e82c5daf249bc9/library/std/src/panicking.rs:573:43
[INFO] [stderr]     23:     0x5f701990f3b8 - std[4a959f5f0894f8b4]::panicking::catch_unwind::<i32, &dyn core[703651ec52483874]::ops::function::Fn<(), Output = i32> + core[703651ec52483874]::marker::Sync + core[703651ec52483874]::panic::unwind_safe::RefUnwindSafe>
[INFO] [stderr]                                  at /rustc/c999cef531ea9059e189e82fe0e82c5daf249bc9/library/std/src/panicking.rs:541:19
[INFO] [stderr]     24:     0x5f701990f3b8 - std[4a959f5f0894f8b4]::panic::catch_unwind::<&dyn core[703651ec52483874]::ops::function::Fn<(), Output = i32> + core[703651ec52483874]::marker::Sync + core[703651ec52483874]::panic::unwind_safe::RefUnwindSafe, i32>
[INFO] [stderr]                                  at /rustc/c999cef531ea9059e189e82fe0e82c5daf249bc9/library/std/src/panic.rs:359:14
[INFO] [stderr]     25:     0x5f701990f3b8 - std[4a959f5f0894f8b4]::rt::lang_start_internal::{closure#0}
[INFO] [stderr]                                  at /rustc/c999cef531ea9059e189e82fe0e82c5daf249bc9/library/std/src/rt.rs:175:24
[INFO] [stderr]     26:     0x5f701990f3b8 - std[4a959f5f0894f8b4]::panicking::catch_unwind::do_call::<std[4a959f5f0894f8b4]::rt::lang_start_internal::{closure#0}, isize>
[INFO] [stderr]                                  at /rustc/c999cef531ea9059e189e82fe0e82c5daf249bc9/library/std/src/panicking.rs:573:43
[INFO] [stderr]     27:     0x5f701990f3b8 - std[4a959f5f0894f8b4]::panicking::catch_unwind::<isize, std[4a959f5f0894f8b4]::rt::lang_start_internal::{closure#0}>
[INFO] [stderr]                                  at /rustc/c999cef531ea9059e189e82fe0e82c5daf249bc9/library/std/src/panicking.rs:541:19
[INFO] [stderr]     28:     0x5f701990f3b8 - std[4a959f5f0894f8b4]::panic::catch_unwind::<std[4a959f5f0894f8b4]::rt::lang_start_internal::{closure#0}, isize>
[INFO] [stderr]                                  at /rustc/c999cef531ea9059e189e82fe0e82c5daf249bc9/library/std/src/panic.rs:359:14
[INFO] [stderr]     29:     0x5f701990f3b8 - std[4a959f5f0894f8b4]::rt::lang_start_internal
[INFO] [stderr]                                  at /rustc/c999cef531ea9059e189e82fe0e82c5daf249bc9/library/std/src/rt.rs:171:5
[INFO] [stderr]     30:     0x5f7019294475 - main
[INFO] [stderr]     31:     0x777d50d14601 - <unknown>
[INFO] [stderr]     32:     0x777d50d14718 - __libc_start_main
[INFO] [stderr]     33:     0x5f7019288cd5 - _start
[INFO] [stderr]     34:                0x0 - <unknown>
[INFO] [stderr] warning: build failed, waiting for other jobs to finish...
[INFO] running `Command { std: "docker" "inspect" "63e2f603ce3c8d22df9dabbbffadea84996cbe342bea457fcffdda4d79f68e9f", kill_on_drop: false }`
[INFO] running `Command { std: "docker" "rm" "-f" "63e2f603ce3c8d22df9dabbbffadea84996cbe342bea457fcffdda4d79f68e9f", kill_on_drop: false }`
[INFO] [stdout] 63e2f603ce3c8d22df9dabbbffadea84996cbe342bea457fcffdda4d79f68e9f
