[INFO] cloning repository https://github.com/charliewilco/fastest
[INFO] running `Command { std: "git" "-c" "credential.helper=" "-c" "credential.helper=/workspace/cargo-home/bin/git-credential-null" "clone" "--bare" "https://github.com/charliewilco/fastest" "/workspace/cache/git-repos/https%3A%2F%2Fgithub.com%2Fcharliewilco%2Ffastest", kill_on_drop: false }`
[INFO] [stderr] Cloning into bare repository '/workspace/cache/git-repos/https%3A%2F%2Fgithub.com%2Fcharliewilco%2Ffastest'...
[INFO] running `Command { std: "git" "rev-parse" "HEAD", kill_on_drop: false }`
[INFO] [stdout] c95dd1fb77e369207860b6b6baf9b66eaadcdf56
[INFO] checking charliewilco/fastest/c95dd1fb77e369207860b6b6baf9b66eaadcdf56 against c999cef531ea9059e189e82fe0e82c5daf249bc9 for pr-160904
[INFO] running `Command { std: "git" "clone" "/workspace/cache/git-repos/https%3A%2F%2Fgithub.com%2Fcharliewilco%2Ffastest" "/workspace/builds/worker-6-tc1/source", kill_on_drop: false }`
[INFO] [stderr] Cloning into '/workspace/builds/worker-6-tc1/source'...
[INFO] [stderr] done.
[INFO] started tweaking git repo https://github.com/charliewilco/fastest
[INFO] finished tweaking git repo https://github.com/charliewilco/fastest
[INFO] tweaked toml for git repo https://github.com/charliewilco/fastest written to /workspace/builds/worker-6-tc1/source/Cargo.toml
[INFO] validating manifest of git repo https://github.com/charliewilco/fastest on toolchain c999cef531ea9059e189e82fe0e82c5daf249bc9
[INFO] running `Command { std: CARGO_HOME="/workspace/cargo-home" RUSTUP_HOME="/workspace/rustup-home" "/workspace/cargo-home/bin/cargo" "+c999cef531ea9059e189e82fe0e82c5daf249bc9" "metadata" "--manifest-path" "Cargo.toml" "--no-deps", kill_on_drop: false }`
[INFO] crate git repo https://github.com/charliewilco/fastest already has a lockfile, it will not be regenerated
[INFO] running `Command { std: CARGO_HOME="/workspace/cargo-home" RUSTUP_HOME="/workspace/rustup-home" "/workspace/cargo-home/bin/cargo" "+c999cef531ea9059e189e82fe0e82c5daf249bc9" "fetch" "--manifest-path" "Cargo.toml", kill_on_drop: false }`
[INFO] [stderr]     Updating crates.io index
[INFO] [stderr]  Downloading crates ...
[INFO] [stderr]   Downloaded swc_ecma_transforms_react v0.182.8
[INFO] [stderr]   Downloaded swc_cached v0.3.20
[INFO] [stderr]   Downloaded sourcemap v6.4.1
[INFO] [stderr]   Downloaded swc_ecma_codegen_macros v0.7.7
[INFO] [stderr]   Downloaded hstr v0.2.17
[INFO] [stderr]   Downloaded swc_ecma_parser v0.142.2
[INFO] [stderr]   Downloaded swc_visit_macros v0.5.13
[INFO] [stderr]   Downloaded swc_ecma_transforms_macros v0.5.5
[INFO] [stderr]   Downloaded swc_atoms v0.6.7
[INFO] [stderr]   Downloaded swc_visit v0.5.14
[INFO] [stderr]   Downloaded triomphe v0.1.15
[INFO] [stderr]   Downloaded swc_eq_ignore_macros v0.1.4
[INFO] [stderr]   Downloaded swc_common v0.33.26
[INFO] [stderr]   Downloaded swc_ecma_codegen v0.147.4
[INFO] [stderr]   Downloaded swc_ecma_utils v0.126.3
[INFO] [stderr]   Downloaded swc_ecma_transforms_typescript v0.187.9
[INFO] [stderr]   Downloaded string_enum v0.4.4
[INFO] [stderr]   Downloaded swc_ecma_visit v0.97.1
[INFO] [stderr]   Downloaded if_chain v1.0.3
[INFO] [stderr]   Downloaded swc_ecma_ast v0.111.1
[INFO] [stderr]   Downloaded swc_macros_common v0.3.14
[INFO] [stderr]   Downloaded ryu-js v1.0.2
[INFO] [stderr]   Downloaded swc_config v0.1.15
[INFO] [stderr]   Downloaded is-macro v0.3.7
[INFO] [stderr]   Downloaded from_variant v0.1.9
[INFO] [stderr]   Downloaded better_scoped_tls v0.1.2
[INFO] [stderr]   Downloaded ast_node v0.9.9
[INFO] [stderr]   Downloaded swc_config_macro v0.1.4
[INFO] [stderr]   Downloaded swc_ecma_transforms_base v0.136.5
[INFO] [stderr]   Downloaded sha-1 v0.10.0
[INFO] [stderr]   Downloaded v8 v0.74.3
[INFO] running `Command { std: "docker" "create" "-v" "/var/lib/crater-agent-workspace/builds/worker-6-tc1/source:/opt/rustwide/workdir:ro,Z" "-v" "/var/lib/crater-agent-workspace/builds/worker-6-tc1/target:/opt/rustwide/target:rw,Z" "-v" "/var/lib/crater-agent-workspace/cargo-home:/opt/rustwide/cargo-home:ro,Z" "-v" "/var/lib/crater-agent-workspace/rustup-home:/opt/rustwide/rustup-home:ro,Z" "-m" "1610612736" "--network" "none" "ghcr.io/rust-lang/crates-build-env/linux@sha256:3111399a4047eeb3a02b7a90e478d715f38a8c6669b5c4b49d30a17385265909" "sleep" "infinity", kill_on_drop: false }`
[INFO] [stdout] d253dba85b372c6bc9ccc333234b25491a44e19bfdd93d38ecd057d36d8aa33f
[INFO] running `Command { std: "docker" "start" "d253dba85b372c6bc9ccc333234b25491a44e19bfdd93d38ecd057d36d8aa33f", kill_on_drop: false }`
[INFO] running `Command { std: "docker" "inspect" "d253dba85b372c6bc9ccc333234b25491a44e19bfdd93d38ecd057d36d8aa33f", kill_on_drop: false }`
[INFO] running `Command { std: "docker" "exec" "-e" "SOURCE_DIR=/opt/rustwide/workdir" "-e" "CARGO_HOME=/opt/rustwide/cargo-home" "-e" "RUSTUP_HOME=/opt/rustwide/rustup-home" "-e" "CARGO_TARGET_DIR=/opt/rustwide/target" "-w" "/opt/rustwide/workdir" "--user" "0:0" "d253dba85b372c6bc9ccc333234b25491a44e19bfdd93d38ecd057d36d8aa33f" "/opt/rustwide/cargo-home/bin/cargo" "+c999cef531ea9059e189e82fe0e82c5daf249bc9" "metadata" "--no-deps" "--format-version=1", kill_on_drop: false }`
[INFO] running `Command { std: "docker" "inspect" "d253dba85b372c6bc9ccc333234b25491a44e19bfdd93d38ecd057d36d8aa33f", kill_on_drop: false }`
[INFO] running `Command { std: "docker" "exec" "-e" "SOURCE_DIR=/opt/rustwide/workdir" "-e" "CARGO_HOME=/opt/rustwide/cargo-home" "-e" "RUSTUP_HOME=/opt/rustwide/rustup-home" "-e" "CARGO_TARGET_DIR=/opt/rustwide/target" "-e" "CARGO_INCREMENTAL=0" "-e" "RUST_BACKTRACE=full" "-e" "RUSTFLAGS=--cap-lints=forbid" "-e" "RUSTDOCFLAGS=--cap-lints=forbid" "-w" "/opt/rustwide/workdir" "--user" "0:0" "d253dba85b372c6bc9ccc333234b25491a44e19bfdd93d38ecd057d36d8aa33f" "/opt/rustwide/cargo-home/bin/cargo" "+c999cef531ea9059e189e82fe0e82c5daf249bc9" "check" "--frozen" "--all" "--all-targets" "--message-format=json", kill_on_drop: false }`
[INFO] [stderr]    Compiling libc v0.2.184
[INFO] [stderr]    Compiling serde v1.0.197
[INFO] [stderr]    Compiling memchr v2.8.0
[INFO] [stderr]    Compiling zerocopy v0.8.48
[INFO] [stderr]    Compiling ahash v0.8.12
[INFO] [stderr]    Compiling siphasher v1.0.2
[INFO] [stderr]    Compiling rand_core v0.6.4
[INFO] [stderr]     Checking new_debug_unreachable v1.0.6
[INFO] [stderr]    Compiling syn v2.0.117
[INFO] [stderr]    Compiling object v0.37.3
[INFO] [stderr]    Compiling cc v1.2.59
[INFO] [stderr]     Checking either v1.15.0
[INFO] [stderr]     Checking better_scoped_tls v0.1.2
[INFO] [stderr]     Checking unicode-id v0.3.6
[INFO] [stderr]     Checking siphasher v0.3.11
[INFO] [stderr]     Checking bitflags v2.11.0
[INFO] [stderr]     Checking indexmap v2.11.1
[INFO] [stderr]    Compiling phf_shared v0.11.3
[INFO] [stderr]     Checking aho-corasick v1.1.4
[INFO] [stderr]    Compiling smartstring v1.0.1
[INFO] [stderr]    Compiling rand v0.8.5
[INFO] [stderr]    Compiling crossbeam-utils v0.8.21
[INFO] [stderr]     Checking uuid v1.23.0
[INFO] [stderr]     Checking sha-1 v0.10.0
[INFO] [stderr]     Checking if_chain v1.0.3
[INFO] [stderr]     Checking ryu-js v1.0.2
[INFO] [stderr]     Checking colored v2.2.0
[INFO] [stderr]     Checking glob v0.3.3
[INFO] [stderr]    Compiling rustix v0.38.44
[INFO] [stderr]     Checking crossbeam-channel v0.5.15
[INFO] [stderr]     Checking regex-automata v0.4.14
[INFO] [stderr]    Compiling phf_generator v0.11.3
[INFO] [stderr]     Checking getrandom v0.3.4
[INFO] [stderr]     Checking parking_lot_core v0.9.12
[INFO] [stderr]     Checking num_cpus v1.17.0
[INFO] [stderr]     Checking errno v0.3.14
[INFO] [stderr]     Checking socket2 v0.6.3
[INFO] [stderr]     Checking mio v1.2.0
[INFO] [stderr]     Checking signal-hook-registry v1.4.8
[INFO] [stderr]     Checking parking_lot v0.12.5
[INFO] [stderr]    Compiling fslock v0.1.8
[INFO] [stderr]    Compiling stacker v0.1.23
[INFO] [stderr]    Compiling which v4.4.2
[INFO] [stderr]     Checking regex v1.12.3
[INFO] [stderr]    Compiling v8 v0.74.3
[INFO] [stderr]    Compiling synstructure v0.13.2
[INFO] [stderr]    Compiling swc_macros_common v0.3.14
[INFO] [stderr]    Compiling zerofrom-derive v0.1.7
[INFO] [stderr]    Compiling yoke-derive v0.8.2
[INFO] [stderr]    Compiling serde_derive v1.0.197
[INFO] [stderr]    Compiling zerovec-derive v0.11.3
[INFO] [stderr]    Compiling displaydoc v0.2.5
[INFO] [stderr]    Compiling phf_macros v0.11.3
[INFO] [stderr]    Compiling tracing-attributes v0.1.31
[INFO] [stderr]    Compiling ast_node v0.9.9
[INFO] [stderr]    Compiling from_variant v0.1.9
[INFO] [stderr]    Compiling swc_eq_ignore_macros v0.1.4
[INFO] [stderr]    Compiling string_enum v0.4.4
[INFO] [stderr]    Compiling is-macro v0.3.7
[INFO] [stderr]    Compiling Inflector v0.11.4
[INFO] [stderr]    Compiling swc_config_macro v0.1.4
[INFO] [stderr]    Compiling swc_ecma_transforms_macros v0.5.5
[INFO] [stderr]    Compiling ar_archive_writer v0.5.1
[INFO] [stderr]     Checking hashbrown v0.14.5
[INFO] [stderr]    Compiling tokio-macros v2.7.0
[INFO] [stderr]     Checking phf v0.11.3
[INFO] [stderr]    Compiling swc_ecma_codegen_macros v0.7.7
[INFO] [stderr]    Compiling swc_visit_macros v0.5.13
[INFO] [stderr]     Checking tracing v0.1.44
[INFO] [stderr]     Checking zerofrom v0.1.7
[INFO] [stderr]     Checking tokio v1.51.0
[INFO] [stderr]     Checking dashmap v5.5.3
[INFO] [stderr]    Compiling psm v0.1.30
[INFO] [stderr]     Checking yoke v0.8.2
[INFO] [stderr]     Checking zerovec v0.11.6
[INFO] [stderr]     Checking zerotrie v0.2.4
[INFO] [stderr]     Checking swc_visit v0.5.14
[INFO] [stderr]     Checking tinystr v0.8.3
[INFO] [stderr]     Checking potential_utf v0.1.5
[INFO] [stderr]     Checking icu_locale_core v2.2.0
[INFO] [stderr]     Checking icu_collections v2.2.0
[INFO] [stderr]     Checking icu_provider v2.2.0
[INFO] [stderr]     Checking icu_normalizer v2.2.0
[INFO] [stderr]     Checking icu_properties v2.2.0
[INFO] [stderr]     Checking idna_adapter v1.2.1
[INFO] [stderr]     Checking idna v1.1.0
[INFO] [stderr]     Checking url v2.5.8
[INFO] [stderr]     Checking triomphe v0.1.15
[INFO] [stderr]     Checking num-bigint v0.4.6
[INFO] [stderr]     Checking serde_json v1.0.143
[INFO] [stderr]     Checking swc_cached v0.3.20
[INFO] [stderr]     Checking debugid v0.8.0
[INFO] [stderr]     Checking serde_spanned v0.6.9
[INFO] [stderr]     Checking toml_datetime v0.6.11
[INFO] [stderr]     Checking hstr v0.2.17
[INFO] [stderr]     Checking toml_edit v0.22.27
[INFO] [stderr]     Checking swc_atoms v0.6.7
[INFO] [stderr]     Checking swc_config v0.1.15
[INFO] [stderr]     Checking sourcemap v6.4.1
[INFO] [stderr]     Checking swc_common v0.33.26
[INFO] [stderr]     Checking toml v0.8.23
[INFO] [stderr]     Checking swc_ecma_ast v0.111.1
[INFO] [stderr]     Checking swc_ecma_visit v0.97.1
[INFO] [stderr]     Checking swc_ecma_parser v0.142.2
[INFO] [stderr]     Checking swc_ecma_codegen v0.147.4
[INFO] [stderr] error: failed to run custom build command for `v8 v0.74.3`
[INFO] [stderr] note: To improve backtraces for build dependencies, set the CARGO_PROFILE_DEV_BUILD_OVERRIDE_DEBUG=true environment variable to enable debug information generation.
[INFO] [stderr] 
[INFO] [stderr] Caused by:
[INFO] [stderr]   process didn't exit successfully: `/opt/rustwide/target/debug/build/v8/ad87288850319e68/out/build_script_build` (exit status: 101)
[INFO] [stderr]   --- stdout
[INFO] [stderr]   cargo:rerun-if-changed=.gn
[INFO] [stderr]   cargo:rerun-if-changed=BUILD.gn
[INFO] [stderr]   cargo:rerun-if-changed=src/binding.cc
[INFO] [stderr]   cargo:rerun-if-env-changed=CCACHE
[INFO] [stderr]   cargo:rerun-if-env-changed=CLANG_BASE_PATH
[INFO] [stderr]   cargo:rerun-if-env-changed=CXXSTDLIB
[INFO] [stderr]   cargo:rerun-if-env-changed=DENO_TRYBUILD
[INFO] [stderr]   cargo:rerun-if-env-changed=DOCS_RS
[INFO] [stderr]   cargo:rerun-if-env-changed=GN
[INFO] [stderr]   cargo:rerun-if-env-changed=GN_ARGS
[INFO] [stderr]   cargo:rerun-if-env-changed=HOST
[INFO] [stderr]   cargo:rerun-if-env-changed=NINJA
[INFO] [stderr]   cargo:rerun-if-env-changed=OUT_DIR
[INFO] [stderr]   cargo:rerun-if-env-changed=RUSTY_V8_ARCHIVE
[INFO] [stderr]   cargo:rerun-if-env-changed=RUSTY_V8_MIRROR
[INFO] [stderr]   cargo:rerun-if-env-changed=SCCACHE
[INFO] [stderr]   cargo:rerun-if-env-changed=V8_FORCE_DEBUG
[INFO] [stderr]   cargo:rerun-if-env-changed=V8_FROM_SOURCE
[INFO] [stderr]   cargo:rerun-if-env-changed=PYTHON
[INFO] [stderr]   cargo:rerun-if-env-changed=DISABLE_CLANG
[INFO] [stderr]   cargo:rerun-if-env-changed=EXTRA_GN_ARGS
[INFO] [stderr]   cargo:rerun-if-env-changed=NO_PRINT_GN_ARGS
[INFO] [stderr]   cargo:rustc-link-lib=static=rusty_v8
[INFO] [stderr]   download lockfile: "/opt/rustwide/target/debug/build/v8/lib_download.fslock"
[INFO] [stderr]   static lib URL: https://github.com/denoland/rusty_v8/releases/download/v0.74.3/librusty_v8_release_x86_64-unknown-linux-gnu.a
[INFO] [stderr]   cargo:rustc-link-search=/opt/rustwide/target/debug/build/gn_out/obj
[INFO] [stderr]   Downloading https://github.com/denoland/rusty_v8/releases/download/v0.74.3/librusty_v8_release_x86_64-unknown-linux-gnu.a
[INFO] [stderr]   Downloading https://github.com/denoland/rusty_v8/releases/download/v0.74.3/librusty_v8_release_x86_64-unknown-linux-gnu.a...
[INFO] [stderr]   <urlopen error [Errno -3] Temporary failure in name resolution>
[INFO] [stderr]   Retrying in 5 s ...
[INFO] [stderr]   Downloading https://github.com/denoland/rusty_v8/releases/download/v0.74.3/librusty_v8_release_x86_64-unknown-linux-gnu.a...
[INFO] [stderr]   <urlopen error [Errno -3] Temporary failure in name resolution>
[INFO] [stderr]   Retrying in 10 s ...
[INFO] [stderr]   Downloading https://github.com/denoland/rusty_v8/releases/download/v0.74.3/librusty_v8_release_x86_64-unknown-linux-gnu.a...
[INFO] [stderr]   <urlopen error [Errno -3] Temporary failure in name resolution>
[INFO] [stderr]   Retrying in 20 s ...
[INFO] [stderr]   Downloading https://github.com/denoland/rusty_v8/releases/download/v0.74.3/librusty_v8_release_x86_64-unknown-linux-gnu.a...
[INFO] [stderr]   <urlopen error [Errno -3] Temporary failure in name resolution>
[INFO] [stderr]   Python downloader failed, trying with curl.
[INFO] [stderr] 
[INFO] [stderr]   --- stderr
[INFO] [stderr]   Traceback (most recent call last):
[INFO] [stderr]     File "/usr/lib/python3.14/urllib/request.py", line 1321, in do_open
[INFO] [stderr]       h.request(req.get_method(), req.selector, req.data, headers,
[INFO] [stderr]       ~~~~~~~~~^^^^^^^^^^^^^^^^^^^^^^^^^^^^^^^^^^^^^^^^^^^^^^^^^^^
[INFO] [stderr]                 encode_chunked=req.has_header('Transfer-encoding'))
[INFO] [stderr]                 ^^^^^^^^^^^^^^^^^^^^^^^^^^^^^^^^^^^^^^^^^^^^^^^^^^^
[INFO] [stderr]     File "/usr/lib/python3.14/http/client.py", line 1367, in request
[INFO] [stderr]       self._send_request(method, url, body, headers, encode_chunked)
[INFO] [stderr]       ~~~~~~~~~~~~~~~~~~^^^^^^^^^^^^^^^^^^^^^^^^^^^^^^^^^^^^^^^^^^^^
[INFO] [stderr]     File "/usr/lib/python3.14/http/client.py", line 1413, in _send_request
[INFO] [stderr]       self.endheaders(body, encode_chunked=encode_chunked)
[INFO] [stderr]       ~~~~~~~~~~~~~~~^^^^^^^^^^^^^^^^^^^^^^^^^^^^^^^^^^^^^
[INFO] [stderr]     File "/usr/lib/python3.14/http/client.py", line 1362, in endheaders
[INFO] [stderr]       self._send_output(message_body, encode_chunked=encode_chunked)
[INFO] [stderr]       ~~~~~~~~~~~~~~~~~^^^^^^^^^^^^^^^^^^^^^^^^^^^^^^^^^^^^^^^^^^^^^
[INFO] [stderr]     File "/usr/lib/python3.14/http/client.py", line 1122, in _send_output
[INFO] [stderr]       self.send(msg)
[INFO] [stderr]       ~~~~~~~~~^^^^^
[INFO] [stderr]     File "/usr/lib/python3.14/http/client.py", line 1066, in send
[INFO] [stderr]       self.connect()
[INFO] [stderr]       ~~~~~~~~~~~~^^
[INFO] [stderr]     File "/usr/lib/python3.14/http/client.py", line 1501, in connect
[INFO] [stderr]       super().connect()
[INFO] [stderr]       ~~~~~~~~~~~~~~~^^
[INFO] [stderr]     File "/usr/lib/python3.14/http/client.py", line 1032, in connect
[INFO] [stderr]       self.sock = self._create_connection(
[INFO] [stderr]                   ~~~~~~~~~~~~~~~~~~~~~~~^
[INFO] [stderr]           (self.host,self.port), self.timeout, self.source_address)
[INFO] [stderr]           ^^^^^^^^^^^^^^^^^^^^^^^^^^^^^^^^^^^^^^^^^^^^^^^^^^^^^^^^^
[INFO] [stderr]     File "/usr/lib/python3.14/socket.py", line 846, in create_connection
[INFO] [stderr]       for res in getaddrinfo(host, port, 0, SOCK_STREAM):
[INFO] [stderr]                  ~~~~~~~~~~~^^^^^^^^^^^^^^^^^^^^^^^^^^^^
[INFO] [stderr]     File "/usr/lib/python3.14/socket.py", line 983, in getaddrinfo
[INFO] [stderr]       for res in _socket.getaddrinfo(host, port, family, type, proto, flags):
[INFO] [stderr]                  ~~~~~~~~~~~~~~~~~~~^^^^^^^^^^^^^^^^^^^^^^^^^^^^^^^^^^^^^^^^
[INFO] [stderr]   socket.gaierror: [Errno -3] Temporary failure in name resolution
[INFO] [stderr] 
[INFO] [stderr]   During handling of the above exception, another exception occurred:
[INFO] [stderr] 
[INFO] [stderr]   Traceback (most recent call last):
[INFO] [stderr]     File "/opt/rustwide/cargo-home/registry/src/index.crates.io-1949cf8c6b5b557f/v8-0.74.3/./tools/download_file.py", line 64, in <module>
[INFO] [stderr]       sys.exit(main())
[INFO] [stderr]                ~~~~^^
[INFO] [stderr]     File "/opt/rustwide/cargo-home/registry/src/index.crates.io-1949cf8c6b5b557f/v8-0.74.3/./tools/download_file.py", line 59, in main
[INFO] [stderr]       DownloadUrl(args.url, f)
[INFO] [stderr]       ~~~~~~~~~~~^^^^^^^^^^^^^
[INFO] [stderr]     File "/opt/rustwide/cargo-home/registry/src/index.crates.io-1949cf8c6b5b557f/v8-0.74.3/./tools/download_file.py", line 45, in DownloadUrl
[INFO] [stderr]       raise e
[INFO] [stderr]     File "/opt/rustwide/cargo-home/registry/src/index.crates.io-1949cf8c6b5b557f/v8-0.74.3/./tools/download_file.py", line 29, in DownloadUrl
[INFO] [stderr]       response = urlopen(url)
[INFO] [stderr]     File "/usr/lib/python3.14/urllib/request.py", line 187, in urlopen
[INFO] [stderr]       return opener.open(url, data, timeout)
[INFO] [stderr]              ~~~~~~~~~~~^^^^^^^^^^^^^^^^^^^^
[INFO] [stderr]     File "/usr/lib/python3.14/urllib/request.py", line 487, in open
[INFO] [stderr]       response = self._open(req, data)
[INFO] [stderr]     File "/usr/lib/python3.14/urllib/request.py", line 504, in _open
[INFO] [stderr]       result = self._call_chain(self.handle_open, protocol, protocol +
[INFO] [stderr]                                 '_open', req)
[INFO] [stderr]     File "/usr/lib/python3.14/urllib/request.py", line 464, in _call_chain
[INFO] [stderr]       result = func(*args)
[INFO] [stderr]     File "/usr/lib/python3.14/urllib/request.py", line 1369, in https_open
[INFO] [stderr]       return self.do_open(http.client.HTTPSConnection, req,
[INFO] [stderr]              ~~~~~~~~~~~~^^^^^^^^^^^^^^^^^^^^^^^^^^^^^^^^^^
[INFO] [stderr]                           context=self._context)
[INFO] [stderr]                           ^^^^^^^^^^^^^^^^^^^^^^
[INFO] [stderr]     File "/usr/lib/python3.14/urllib/request.py", line 1324, in do_open
[INFO] [stderr]       raise URLError(err)
[INFO] [stderr]   urllib.error.URLError: <urlopen error [Errno -3] Temporary failure in name resolution>
[INFO] [stderr] 
[INFO] [stderr]   thread 'main' (626) panicked at /opt/rustwide/cargo-home/registry/src/index.crates.io-1949cf8c6b5b557f/v8-0.74.3/build.rs:431:3:
[INFO] [stderr]   assertion failed: status.success()
[INFO] [stderr]   stack backtrace:
[INFO] [stderr]      0:     0x610f1d34bbc1 - std[4a959f5f0894f8b4]::backtrace_rs::backtrace::libunwind::trace
[INFO] [stderr]                                  at /rustc/c999cef531ea9059e189e82fe0e82c5daf249bc9/library/std/src/../../backtrace/src/backtrace/libunwind.rs:117:9
[INFO] [stderr]      1:     0x610f1d34bbc1 - std[4a959f5f0894f8b4]::backtrace_rs::backtrace::trace_unsynchronized::<std[4a959f5f0894f8b4]::sys::backtrace::_print_fmt::{closure#1}>
[INFO] [stderr]                                  at /rustc/c999cef531ea9059e189e82fe0e82c5daf249bc9/library/std/src/../../backtrace/src/backtrace/mod.rs:66:14
[INFO] [stderr]      2:     0x610f1d34bbc1 - std[4a959f5f0894f8b4]::sys::backtrace::_print_fmt
[INFO] [stderr]                                  at /rustc/c999cef531ea9059e189e82fe0e82c5daf249bc9/library/std/src/sys/backtrace.rs:74:9
[INFO] [stderr]      3:     0x610f1d34bbc1 - <<std[4a959f5f0894f8b4]::sys::backtrace::BacktraceLock>::print::DisplayBacktrace as core[703651ec52483874]::fmt::Display>::fmt
[INFO] [stderr]                                  at /rustc/c999cef531ea9059e189e82fe0e82c5daf249bc9/library/std/src/sys/backtrace.rs:44:26
[INFO] [stderr]      4:     0x610f1d35d89a - <core[703651ec52483874]::fmt::rt::Argument>::fmt
[INFO] [stderr]                                  at /rustc/c999cef531ea9059e189e82fe0e82c5daf249bc9/library/core/src/fmt/rt.rs:152:76
[INFO] [stderr]      5:     0x610f1d35d89a - core[703651ec52483874]::fmt::write
[INFO] [stderr]      6:     0x610f1d34fe1c - core[703651ec52483874]::io::write::default_write_fmt::<std[4a959f5f0894f8b4]::sys::stdio::unix::Stderr>
[INFO] [stderr]                                  at /rustc/c999cef531ea9059e189e82fe0e82c5daf249bc9/library/core/src/io/write.rs:402:11
[INFO] [stderr]      7:     0x610f1d34fe1c - <std[4a959f5f0894f8b4]::sys::stdio::unix::Stderr as core[703651ec52483874]::io::write::Write>::write_fmt
[INFO] [stderr]                                  at /rustc/c999cef531ea9059e189e82fe0e82c5daf249bc9/library/core/src/io/write.rs:335:13
[INFO] [stderr]      8:     0x610f1d32b2e6 - <std[4a959f5f0894f8b4]::sys::backtrace::BacktraceLock>::print
[INFO] [stderr]                                  at /rustc/c999cef531ea9059e189e82fe0e82c5daf249bc9/library/std/src/sys/backtrace.rs:47:9
[INFO] [stderr]      9:     0x610f1d32b2e6 - std[4a959f5f0894f8b4]::panicking::default_hook::{closure#0}
[INFO] [stderr]                                  at /rustc/c999cef531ea9059e189e82fe0e82c5daf249bc9/library/std/src/panicking.rs:289:27
[INFO] [stderr]     10:     0x610f1d346341 - std[4a959f5f0894f8b4]::panicking::default_hook
[INFO] [stderr]                                  at /rustc/c999cef531ea9059e189e82fe0e82c5daf249bc9/library/std/src/panicking.rs:316:9
[INFO] [stderr]     11:     0x610f1d3464fb - std[4a959f5f0894f8b4]::panicking::panic_with_hook
[INFO] [stderr]                                  at /rustc/c999cef531ea9059e189e82fe0e82c5daf249bc9/library/std/src/panicking.rs:811:13
[INFO] [stderr]     12:     0x610f1d32b3c4 - std[4a959f5f0894f8b4]::panicking::panic_handler::{closure#0}
[INFO] [stderr]                                  at /rustc/c999cef531ea9059e189e82fe0e82c5daf249bc9/library/std/src/panicking.rs:678:13
[INFO] [stderr]     13:     0x610f1d323379 - std[4a959f5f0894f8b4]::sys::backtrace::__rust_end_short_backtrace::<std[4a959f5f0894f8b4]::panicking::panic_handler::{closure#0}, !>
[INFO] [stderr]                                  at /rustc/c999cef531ea9059e189e82fe0e82c5daf249bc9/library/std/src/sys/backtrace.rs:182:18
[INFO] [stderr]     14:     0x610f1d32bd0d - __rustc[686462a491047c20]::rust_begin_unwind
[INFO] [stderr]                                  at /rustc/c999cef531ea9059e189e82fe0e82c5daf249bc9/library/std/src/panicking.rs:676:5
[INFO] [stderr]     15:     0x610f1d35e02c - core[703651ec52483874]::panicking::panic_fmt
[INFO] [stderr]                                  at /rustc/c999cef531ea9059e189e82fe0e82c5daf249bc9/library/core/src/panicking.rs:80:14
[INFO] [stderr]     16:     0x610f1d35dff2 - core[703651ec52483874]::panicking::panic
[INFO] [stderr]                                  at /rustc/c999cef531ea9059e189e82fe0e82c5daf249bc9/library/core/src/panicking.rs:150:5
[INFO] [stderr]     17:     0x610f1d306967 - build_script_build[f41fa896c17c4988]::download_file
[INFO] [stderr]     18:     0x610f1d30a836 - build_script_build[f41fa896c17c4988]::download_static_lib_binaries
[INFO] [stderr]     19:     0x610f1d30b7cb - build_script_build[f41fa896c17c4988]::main
[INFO] [stderr]     20:     0x610f1d2f7563 - <fn() as core[703651ec52483874]::ops::function::FnOnce<()>>::call_once
[INFO] [stderr]     21:     0x610f1d2f4cce - std[4a959f5f0894f8b4]::sys::backtrace::__rust_begin_short_backtrace::<fn(), ()>
[INFO] [stderr]     22:     0x610f1d2f9389 - std[4a959f5f0894f8b4]::rt::lang_start::<()>::{closure#0}
[INFO] [stderr]     23:     0x610f1d345528 - <&dyn core[703651ec52483874]::ops::function::Fn<(), Output = i32> + core[703651ec52483874]::marker::Sync + core[703651ec52483874]::panic::unwind_safe::RefUnwindSafe as core[703651ec52483874]::ops::function::FnOnce<()>>::call_once
[INFO] [stderr]                                  at /rustc/c999cef531ea9059e189e82fe0e82c5daf249bc9/library/core/src/ops/function.rs:287:21
[INFO] [stderr]     24:     0x610f1d345528 - std[4a959f5f0894f8b4]::panicking::catch_unwind::do_call::<&dyn core[703651ec52483874]::ops::function::Fn<(), Output = i32> + core[703651ec52483874]::marker::Sync + core[703651ec52483874]::panic::unwind_safe::RefUnwindSafe, i32>
[INFO] [stderr]                                  at /rustc/c999cef531ea9059e189e82fe0e82c5daf249bc9/library/std/src/panicking.rs:573:43
[INFO] [stderr]     25:     0x610f1d345528 - std[4a959f5f0894f8b4]::panicking::catch_unwind::<i32, &dyn core[703651ec52483874]::ops::function::Fn<(), Output = i32> + core[703651ec52483874]::marker::Sync + core[703651ec52483874]::panic::unwind_safe::RefUnwindSafe>
[INFO] [stderr]                                  at /rustc/c999cef531ea9059e189e82fe0e82c5daf249bc9/library/std/src/panicking.rs:541:19
[INFO] [stderr]     26:     0x610f1d345528 - std[4a959f5f0894f8b4]::panic::catch_unwind::<&dyn core[703651ec52483874]::ops::function::Fn<(), Output = i32> + core[703651ec52483874]::marker::Sync + core[703651ec52483874]::panic::unwind_safe::RefUnwindSafe, i32>
[INFO] [stderr]                                  at /rustc/c999cef531ea9059e189e82fe0e82c5daf249bc9/library/std/src/panic.rs:359:14
[INFO] [stderr]     27:     0x610f1d345528 - std[4a959f5f0894f8b4]::rt::lang_start_internal::{closure#0}
[INFO] [stderr]                                  at /rustc/c999cef531ea9059e189e82fe0e82c5daf249bc9/library/std/src/rt.rs:175:24
[INFO] [stderr]     28:     0x610f1d345528 - std[4a959f5f0894f8b4]::panicking::catch_unwind::do_call::<std[4a959f5f0894f8b4]::rt::lang_start_internal::{closure#0}, isize>
[INFO] [stderr]                                  at /rustc/c999cef531ea9059e189e82fe0e82c5daf249bc9/library/std/src/panicking.rs:573:43
[INFO] [stderr]     29:     0x610f1d345528 - std[4a959f5f0894f8b4]::panicking::catch_unwind::<isize, std[4a959f5f0894f8b4]::rt::lang_start_internal::{closure#0}>
[INFO] [stderr]                                  at /rustc/c999cef531ea9059e189e82fe0e82c5daf249bc9/library/std/src/panicking.rs:541:19
[INFO] [stderr]     30:     0x610f1d345528 - std[4a959f5f0894f8b4]::panic::catch_unwind::<std[4a959f5f0894f8b4]::rt::lang_start_internal::{closure#0}, isize>
[INFO] [stderr]                                  at /rustc/c999cef531ea9059e189e82fe0e82c5daf249bc9/library/std/src/panic.rs:359:14
[INFO] [stderr]     31:     0x610f1d345528 - std[4a959f5f0894f8b4]::rt::lang_start_internal
[INFO] [stderr]                                  at /rustc/c999cef531ea9059e189e82fe0e82c5daf249bc9/library/std/src/rt.rs:171:5
[INFO] [stderr]     32:     0x610f1d2f8e91 - std[4a959f5f0894f8b4]::rt::lang_start::<()>
[INFO] [stderr]     33:     0x610f1d30fa85 - main
[INFO] [stderr]     34:     0x71ff7653d601 - <unknown>
[INFO] [stderr]     35:     0x71ff7653d718 - __libc_start_main
[INFO] [stderr]     36:     0x610f1d2f1155 - _start
[INFO] [stderr]     37:                0x0 - <unknown>
[INFO] [stderr] warning: build failed, waiting for other jobs to finish...
[INFO] running `Command { std: "docker" "inspect" "d253dba85b372c6bc9ccc333234b25491a44e19bfdd93d38ecd057d36d8aa33f", kill_on_drop: false }`
[INFO] running `Command { std: "docker" "rm" "-f" "d253dba85b372c6bc9ccc333234b25491a44e19bfdd93d38ecd057d36d8aa33f", kill_on_drop: false }`
[INFO] [stdout] d253dba85b372c6bc9ccc333234b25491a44e19bfdd93d38ecd057d36d8aa33f
