[INFO] cloning repository https://github.com/Whth/ebox
[INFO] running `Command { std: "git" "-c" "credential.helper=" "-c" "credential.helper=/workspace/cargo-home/bin/git-credential-null" "clone" "--bare" "https://github.com/Whth/ebox" "/workspace/cache/git-repos/https%3A%2F%2Fgithub.com%2FWhth%2Febox", kill_on_drop: false }`
[INFO] [stderr] Cloning into bare repository '/workspace/cache/git-repos/https%3A%2F%2Fgithub.com%2FWhth%2Febox'...
[INFO] running `Command { std: "git" "rev-parse" "HEAD", kill_on_drop: false }`
[INFO] [stdout] 4fd80ae9d1b7df34e5c067c6862c792234bc5e7d
[INFO] checking Whth/ebox against f4dd856795debe636f2ba39a900f162f5abeb7e8 for pr-160904
[INFO] running `Command { std: "git" "clone" "/workspace/cache/git-repos/https%3A%2F%2Fgithub.com%2FWhth%2Febox" "/workspace/builds/worker-1-tc2/source", kill_on_drop: false }`
[INFO] [stderr] Cloning into '/workspace/builds/worker-1-tc2/source'...
[INFO] [stderr] done.
[INFO] started tweaking git repo https://github.com/Whth/ebox
[INFO] finished tweaking git repo https://github.com/Whth/ebox
[INFO] tweaked toml for git repo https://github.com/Whth/ebox written to /workspace/builds/worker-1-tc2/source/Cargo.toml
[INFO] validating manifest of git repo https://github.com/Whth/ebox on toolchain f4dd856795debe636f2ba39a900f162f5abeb7e8
[INFO] running `Command { std: CARGO_HOME="/workspace/cargo-home" RUSTUP_HOME="/workspace/rustup-home" "/workspace/cargo-home/bin/cargo" "+f4dd856795debe636f2ba39a900f162f5abeb7e8" "metadata" "--manifest-path" "Cargo.toml" "--no-deps", kill_on_drop: false }`
[INFO] crate git repo https://github.com/Whth/ebox already has a lockfile, it will not be regenerated
[INFO] running `Command { std: CARGO_HOME="/workspace/cargo-home" RUSTUP_HOME="/workspace/rustup-home" "/workspace/cargo-home/bin/cargo" "+f4dd856795debe636f2ba39a900f162f5abeb7e8" "fetch" "--manifest-path" "Cargo.toml", kill_on_drop: false }`
[INFO] [stderr]     Blocking waiting for file lock on package cache
[INFO] [stderr]     Blocking waiting for file lock on package cache
[INFO] [stderr]     Blocking waiting for file lock on package cache
[INFO] [stderr]  Downloading crates ...
[INFO] [stderr]   Downloaded array-init-cursor v0.2.1
[INFO] [stderr]   Downloaded unicode-reverse v1.0.9
[INFO] [stderr]   Downloaded bincode_derive v2.0.1
[INFO] [stderr]   Downloaded unty v0.0.4
[INFO] [stderr]   Downloaded polars-schema v0.51.0
[INFO] [stderr]   Downloaded shellexpand v3.1.1
[INFO] [stderr]   Downloaded polars-error v0.51.0
[INFO] [stderr]   Downloaded native-tls v0.2.13
[INFO] [stderr]   Downloaded quinn-udp v0.5.9
[INFO] [stderr]   Downloaded serde_stacker v0.1.14
[INFO] [stderr]   Downloaded polars-row v0.51.0
[INFO] [stderr]   Downloaded atoi_simd v0.16.0
[INFO] [stderr]   Downloaded prettytable v0.10.0
[INFO] [stderr]   Downloaded planus v1.1.1
[INFO] [stderr]   Downloaded virtue v0.0.18
[INFO] [stderr]   Downloaded now v0.1.3
[INFO] [stderr]   Downloaded iri-string v0.7.9
[INFO] [stderr]   Downloaded fast-float2 v0.2.3
[INFO] [stderr]   Downloaded fs4 v0.13.1
[INFO] [stderr]   Downloaded netcdf-sys v0.8.1
[INFO] [stderr]   Downloaded polars-time v0.51.0
[INFO] [stderr]   Downloaded bincode v2.0.1
[INFO] [stderr]   Downloaded comfy-table v7.1.4
[INFO] [stderr]   Downloaded polars-arrow-format v0.2.1
[INFO] [stderr]   Downloaded security-framework v3.2.0
[INFO] [stderr]   Downloaded polars-parquet-format v0.1.0
[INFO] [stderr]   Downloaded zune-core v0.5.0
[INFO] [stderr]   Downloaded aligned v0.4.2
[INFO] [stderr]   Downloaded hyper-util v0.1.18
[INFO] [stderr]   Downloaded polars v0.51.0
[INFO] [stderr]   Downloaded raw-cpuid v11.5.0
[INFO] [stderr]   Downloaded argminmax v0.6.3
[INFO] [stderr]   Downloaded polars-sql v0.51.0
[INFO] [stderr]   Downloaded polars-lazy v0.51.0
[INFO] [stderr]   Downloaded polars-mem-engine v0.51.0
[INFO] [stderr]   Downloaded console v0.16.1
[INFO] [stderr]   Downloaded polars-expr v0.51.0
[INFO] [stderr]   Downloaded zune-jpeg v0.5.5
[INFO] [stderr]   Downloaded ffmpeg-sys-next v8.1.0
[INFO] [stderr]   Downloaded gif v0.14.0
[INFO] [stderr]   Downloaded polars-compute v0.51.0
[INFO] [stderr]   Downloaded skiplist v0.6.0
[INFO] [stderr]   Downloaded indicatif v0.18.3
[INFO] [stderr]   Downloaded jiff-static v0.2.16
[INFO] [stderr]   Downloaded tungstenite v0.26.1
[INFO] [stderr]   Downloaded polars-io v0.51.0
[INFO] [stderr]   Downloaded netcdf v0.11.1
[INFO] [stderr]   Downloaded kmeans v2.0.1
[INFO] [stderr]   Downloaded ffmpeg-next v8.1.0
[INFO] [stderr]   Downloaded async-openai-macros v0.1.0
[INFO] [stderr]   Downloaded polars-parquet v0.51.0
[INFO] [stderr]   Downloaded object_store v0.12.1
[INFO] [stderr]   Downloaded polars-stream v0.51.0
[INFO] [stderr]   Downloaded tokio-tungstenite v0.26.1
[INFO] [stderr]   Downloaded streaming-decompression v0.1.2
[INFO] [stderr]   Downloaded mslnk v0.1.8
[INFO] [stderr]   Downloaded async-openai v0.30.1
[INFO] [stderr]   Downloaded polars-arrow v0.51.0
[INFO] [stderr]   Downloaded ndarray v0.17.1
[INFO] [stderr]   Downloaded git2 v0.20.2
[INFO] [stderr]   Downloaded polars-core v0.51.0
[INFO] [stderr]   Downloaded polars-plan v0.51.0
[INFO] [stderr]   Downloaded docx-rs v0.4.18
[INFO] [stderr]   Downloaded pxfm v0.1.25
[INFO] [stderr]   Downloaded jiff v0.2.16
[INFO] [stderr]   Downloaded reqwest-eventsource v0.6.0
[INFO] [stderr]   Downloaded moxcms v0.7.9
[INFO] [stderr]   Downloaded curl-sys v0.4.80+curl-8.12.1
[INFO] [stderr]   Downloaded libgit2-sys v0.18.1+1.9.0
[INFO] [stderr]   Downloaded hdf5-metno-src v0.9.4
[INFO] [stderr]   Downloaded polars-dtype v0.51.0
[INFO] [stderr]   Downloaded netcdf-src v0.4.1
[INFO] [stderr]   Downloaded openssl-src v300.5.0+3.5.0
[INFO] [stderr]   Downloaded tempfile v3.19.1
[INFO] [stderr]   Downloaded polars-utils v0.51.0
[INFO] [stderr]   Downloaded polars-ops v0.51.0
[INFO] [stderr]   Downloaded lz4 v1.28.1
[INFO] [stderr]   Downloaded clap-verbosity-flag v3.0.4
[INFO] [stderr]   Downloaded hdf5-metno-sys v0.9.1
[INFO] [stderr]   Downloaded avif-serialize v0.8.6
[INFO] running `Command { std: "docker" "create" "-v" "/var/lib/crater-agent-workspace/builds/worker-1-tc2/source:/opt/rustwide/workdir:ro,Z" "-v" "/var/lib/crater-agent-workspace/builds/worker-1-tc2/target:/opt/rustwide/target:rw,Z" "-v" "/var/lib/crater-agent-workspace/cargo-home:/opt/rustwide/cargo-home:ro,Z" "-v" "/var/lib/crater-agent-workspace/rustup-home:/opt/rustwide/rustup-home:ro,Z" "-m" "1610612736" "--network" "none" "ghcr.io/rust-lang/crates-build-env/linux@sha256:3111399a4047eeb3a02b7a90e478d715f38a8c6669b5c4b49d30a17385265909" "sleep" "infinity", kill_on_drop: false }`
[INFO] [stdout] 25d316ebe942a7021a23b70607e7ff8bfd19a9e15839af6b66af9b34eb02cb6d
[INFO] running `Command { std: "docker" "start" "25d316ebe942a7021a23b70607e7ff8bfd19a9e15839af6b66af9b34eb02cb6d", kill_on_drop: false }`
[INFO] running `Command { std: "docker" "inspect" "25d316ebe942a7021a23b70607e7ff8bfd19a9e15839af6b66af9b34eb02cb6d", kill_on_drop: false }`
[INFO] running `Command { std: "docker" "exec" "-e" "SOURCE_DIR=/opt/rustwide/workdir" "-e" "CARGO_HOME=/opt/rustwide/cargo-home" "-e" "RUSTUP_HOME=/opt/rustwide/rustup-home" "-e" "CARGO_TARGET_DIR=/opt/rustwide/target" "-w" "/opt/rustwide/workdir" "--user" "0:0" "25d316ebe942a7021a23b70607e7ff8bfd19a9e15839af6b66af9b34eb02cb6d" "/opt/rustwide/cargo-home/bin/cargo" "+f4dd856795debe636f2ba39a900f162f5abeb7e8" "metadata" "--no-deps" "--format-version=1", kill_on_drop: false }`
[INFO] running `Command { std: "docker" "inspect" "25d316ebe942a7021a23b70607e7ff8bfd19a9e15839af6b66af9b34eb02cb6d", kill_on_drop: false }`
[INFO] running `Command { std: "docker" "exec" "-e" "SOURCE_DIR=/opt/rustwide/workdir" "-e" "CARGO_HOME=/opt/rustwide/cargo-home" "-e" "RUSTUP_HOME=/opt/rustwide/rustup-home" "-e" "CARGO_TARGET_DIR=/opt/rustwide/target" "-e" "CARGO_INCREMENTAL=0" "-e" "RUST_BACKTRACE=full" "-e" "RUSTFLAGS=--cap-lints=forbid" "-e" "RUSTDOCFLAGS=--cap-lints=forbid" "-w" "/opt/rustwide/workdir" "--user" "0:0" "25d316ebe942a7021a23b70607e7ff8bfd19a9e15839af6b66af9b34eb02cb6d" "/opt/rustwide/cargo-home/bin/cargo" "+f4dd856795debe636f2ba39a900f162f5abeb7e8" "check" "--frozen" "--all" "--all-targets" "--message-format=json", kill_on_drop: false }`
[INFO] [stderr]    Compiling unicode-ident v1.0.16
[INFO] [stderr]    Compiling serde_core v1.0.228
[INFO] [stderr]     Checking anstyle v1.0.10
[INFO] [stderr]     Checking anstyle-query v1.1.2
[INFO] [stderr]     Checking colorchoice v1.0.3
[INFO] [stderr]     Checking anstyle-parse v0.2.6
[INFO] [stderr]     Checking clap_lex v0.7.4
[INFO] [stderr]    Compiling serde_json v1.0.145
[INFO] [stderr]     Checking ryu v1.0.19
[INFO] [stderr]    Compiling proc-macro2 v1.0.95
[INFO] [stderr]     Checking unicode-width v0.2.0
[INFO] [stderr]     Checking unicase v2.8.1
[INFO] [stderr]     Checking csv-core v0.1.11
[INFO] [stderr]     Checking anstream v0.6.18
[INFO] [stderr]     Checking clap_builder v4.5.52
[INFO] [stderr]    Compiling quote v1.0.40
[INFO] [stderr]    Compiling syn v2.0.101
[INFO] [stderr]     Checking csv v1.4.0
[INFO] [stderr]    Compiling serde_derive v1.0.228
[INFO] [stderr]    Compiling clap_derive v4.5.49
[INFO] [stderr]     Checking clap v4.5.52
[INFO] [stderr]     Checking ebox v0.3.2 (/opt/rustwide/workdir)
[INFO] [stdout] error[E0433]: cannot find module or crate `rayon` in this scope
[INFO] [stdout]  --> src/bin/yldt.rs:3:5
[INFO] [stdout]   |
[INFO] [stdout] 3 | use rayon::prelude::*;
[INFO] [stdout]   |     ^^^^^ use of unresolved module or unlinked crate `rayon`
[INFO] [stdout]   |
[INFO] [stdout]   = help: if you wanted to use a crate named `rayon`, use `cargo add rayon` to add it to your `Cargo.toml`
[INFO] [stdout] 
[INFO] [stdout] 
[INFO] [stdout] error[E0432]: unresolved import `indicatif`
[INFO] [stdout]  --> src/bin/yldt.rs:2:5
[INFO] [stdout]   |
[INFO] [stdout] 2 | use indicatif::{ProgressBar, ProgressStyle};
[INFO] [stdout]   |     ^^^^^^^^^ use of unresolved module or unlinked crate `indicatif`
[INFO] [stdout]   |
[INFO] [stdout]   = help: if you wanted to use a crate named `indicatif`, use `cargo add indicatif` to add it to your `Cargo.toml`
[INFO] [stdout] 
[INFO] [stdout] 
[INFO] [stdout] error[E0433]: cannot find module or crate `rayon` in this scope
[INFO] [stdout]  --> src/bin/yldt.rs:3:5
[INFO] [stdout]   |
[INFO] [stdout] 3 | use rayon::prelude::*;
[INFO] [stdout]   |     ^^^^^ use of unresolved module or unlinked crate `rayon`
[INFO] [stdout]   |
[INFO] [stdout]   = help: if you wanted to use a crate named `rayon`, use `cargo add rayon` to add it to your `Cargo.toml`
[INFO] [stdout] 
[INFO] [stdout] 
[INFO] [stdout] error[E0432]: unresolved import `indicatif`
[INFO] [stdout]  --> src/bin/yldt.rs:2:5
[INFO] [stdout]   |
[INFO] [stdout] 2 | use indicatif::{ProgressBar, ProgressStyle};
[INFO] [stdout]   |     ^^^^^^^^^ use of unresolved module or unlinked crate `indicatif`
[INFO] [stdout]   |
[INFO] [stdout]   = help: if you wanted to use a crate named `indicatif`, use `cargo add indicatif` to add it to your `Cargo.toml`
[INFO] [stdout] 
[INFO] [stdout] 
[INFO] [stdout] error[E0599]: no method named `par_iter` found for struct `Vec<DirEntry>` in the current scope
[INFO] [stdout]    --> src/bin/yldt.rs:121:10
[INFO] [stdout]     |
[INFO] [stdout] 120 |       let image_files: Vec<String> = entries
[INFO] [stdout]     |  ____________________________________-
[INFO] [stdout] 121 | |         .par_iter()
[INFO] [stdout]     | |_________-^^^^^^^^
[INFO] [stdout]     |
[INFO] [stdout] help: there is a method `iter` with a similar name
[INFO] [stdout]     |
[INFO] [stdout] 121 -         .par_iter()
[INFO] [stdout] 121 +         .iter()
[INFO] [stdout]     |
[INFO] [stdout] 
[INFO] [stdout] 
[INFO] [stdout] error[E0599]: no method named `par_iter` found for struct `Vec<std::string::String>` in the current scope
[INFO] [stdout]    --> src/bin/yldt.rs:156:10
[INFO] [stdout]     |
[INFO] [stdout] 155 |       let valid_files: Vec<String> = image_files
[INFO] [stdout]     |  ____________________________________-
[INFO] [stdout] 156 | |         .par_iter()
[INFO] [stdout]     | |_________-^^^^^^^^
[INFO] [stdout]     |
[INFO] [stdout] help: there is a method `iter` with a similar name
[INFO] [stdout]     |
[INFO] [stdout] 156 -         .par_iter()
[INFO] [stdout] 156 +         .iter()
[INFO] [stdout]     |
[INFO] [stdout] 
[INFO] [stdout] 
[INFO] [stdout] error[E0599]: no method named `par_iter` found for reference `&[std::string::String]` in the current scope
[INFO] [stdout]    --> src/bin/yldt.rs:289:14
[INFO] [stdout]     |
[INFO] [stdout] 288 |           let results: Result<Vec<_>, Box<dyn std::error::Error + Send + Sync>> = files
[INFO] [stdout]     |  _________________________________________________________________________________-
[INFO] [stdout] 289 | |             .par_iter()
[INFO] [stdout]     | |_____________-^^^^^^^^
[INFO] [stdout]     |
[INFO] [stdout] help: there is a method `iter` with a similar name
[INFO] [stdout]     |
[INFO] [stdout] 289 -             .par_iter()
[INFO] [stdout] 289 +             .iter()
[INFO] [stdout]     |
[INFO] [stdout] 
[INFO] [stdout] 
[INFO] [stderr] error: could not compile `ebox` (bin "yldt" test) due to 5 previous errors
[INFO] [stderr] warning: build failed, waiting for other jobs to finish...
[INFO] [stdout] Some errors have detailed explanations: E0432, E0433, E0599.
[INFO] [stdout] 
[INFO] [stdout] For more information about an error, try `rustc --explain E0432`.
[INFO] [stdout] 
[INFO] [stdout] error[E0599]: no method named `par_iter` found for struct `Vec<DirEntry>` in the current scope
[INFO] [stdout]    --> src/bin/yldt.rs:121:10
[INFO] [stdout]     |
[INFO] [stdout] 120 |       let image_files: Vec<String> = entries
[INFO] [stdout]     |  ____________________________________-
[INFO] [stdout] 121 | |         .par_iter()
[INFO] [stdout]     | |_________-^^^^^^^^
[INFO] [stdout]     |
[INFO] [stdout] help: there is a method `iter` with a similar name
[INFO] [stdout]     |
[INFO] [stdout] 121 -         .par_iter()
[INFO] [stdout] 121 +         .iter()
[INFO] [stdout]     |
[INFO] [stdout] 
[INFO] [stdout] 
[INFO] [stdout] error[E0599]: no method named `par_iter` found for struct `Vec<std::string::String>` in the current scope
[INFO] [stdout]    --> src/bin/yldt.rs:156:10
[INFO] [stdout]     |
[INFO] [stdout] 155 |       let valid_files: Vec<String> = image_files
[INFO] [stdout]     |  ____________________________________-
[INFO] [stdout] 156 | |         .par_iter()
[INFO] [stdout]     | |_________-^^^^^^^^
[INFO] [stdout]     |
[INFO] [stdout] help: there is a method `iter` with a similar name
[INFO] [stdout]     |
[INFO] [stdout] 156 -         .par_iter()
[INFO] [stdout] 156 +         .iter()
[INFO] [stdout]     |
[INFO] [stdout] 
[INFO] [stdout] 
[INFO] [stdout] error[E0599]: no method named `par_iter` found for reference `&[std::string::String]` in the current scope
[INFO] [stdout]    --> src/bin/yldt.rs:289:14
[INFO] [stdout]     |
[INFO] [stdout] 288 |           let results: Result<Vec<_>, Box<dyn std::error::Error + Send + Sync>> = files
[INFO] [stdout]     |  _________________________________________________________________________________-
[INFO] [stdout] 289 | |             .par_iter()
[INFO] [stdout]     | |_____________-^^^^^^^^
[INFO] [stdout]     |
[INFO] [stdout] help: there is a method `iter` with a similar name
[INFO] [stdout]     |
[INFO] [stdout] 289 -             .par_iter()
[INFO] [stdout] 289 +             .iter()
[INFO] [stdout]     |
[INFO] [stdout] 
[INFO] [stdout] 
[INFO] [stdout] Some errors have detailed explanations: E0432, E0433, E0599.
[INFO] [stdout] 
[INFO] [stdout] For more information about an error, try `rustc --explain E0432`.
[INFO] [stdout] 
[INFO] [stderr] error: could not compile `ebox` (bin "yldt") due to 5 previous errors
[INFO] running `Command { std: "docker" "inspect" "25d316ebe942a7021a23b70607e7ff8bfd19a9e15839af6b66af9b34eb02cb6d", kill_on_drop: false }`
[INFO] running `Command { std: "docker" "rm" "-f" "25d316ebe942a7021a23b70607e7ff8bfd19a9e15839af6b66af9b34eb02cb6d", kill_on_drop: false }`
[INFO] [stdout] 25d316ebe942a7021a23b70607e7ff8bfd19a9e15839af6b66af9b34eb02cb6d
