[INFO] cloning repository https://github.com/TimJyun/toaster
[INFO] running `Command { std: "git" "-c" "credential.helper=" "-c" "credential.helper=/workspace/cargo-home/bin/git-credential-null" "clone" "--bare" "https://github.com/TimJyun/toaster" "/workspace/cache/git-repos/https%3A%2F%2Fgithub.com%2FTimJyun%2Ftoaster", kill_on_drop: false }`
[INFO] [stderr] Cloning into bare repository '/workspace/cache/git-repos/https%3A%2F%2Fgithub.com%2FTimJyun%2Ftoaster'...
[INFO] running `Command { std: "git" "rev-parse" "HEAD", kill_on_drop: false }`
[INFO] [stdout] c6d73ee71eab677ad9de3c366046659667df6ebc
[INFO] checking TimJyun/toaster/c6d73ee71eab677ad9de3c366046659667df6ebc against c999cef531ea9059e189e82fe0e82c5daf249bc9 for pr-160904
[INFO] running `Command { std: "git" "clone" "/workspace/cache/git-repos/https%3A%2F%2Fgithub.com%2FTimJyun%2Ftoaster" "/workspace/builds/worker-1-tc1/source", kill_on_drop: false }`
[INFO] [stderr] Cloning into '/workspace/builds/worker-1-tc1/source'...
[INFO] [stderr] done.
[INFO] started tweaking git repo https://github.com/TimJyun/toaster
[INFO] finished tweaking git repo https://github.com/TimJyun/toaster
[INFO] tweaked toml for git repo https://github.com/TimJyun/toaster written to /workspace/builds/worker-1-tc1/source/Cargo.toml
[INFO] validating manifest of git repo https://github.com/TimJyun/toaster on toolchain c999cef531ea9059e189e82fe0e82c5daf249bc9
[INFO] running `Command { std: CARGO_HOME="/workspace/cargo-home" RUSTUP_HOME="/workspace/rustup-home" "/workspace/cargo-home/bin/cargo" "+c999cef531ea9059e189e82fe0e82c5daf249bc9" "metadata" "--manifest-path" "Cargo.toml" "--no-deps", kill_on_drop: false }`
[INFO] crate git repo https://github.com/TimJyun/toaster already has a lockfile, it will not be regenerated
[INFO] running `Command { std: CARGO_HOME="/workspace/cargo-home" RUSTUP_HOME="/workspace/rustup-home" "/workspace/cargo-home/bin/cargo" "+c999cef531ea9059e189e82fe0e82c5daf249bc9" "fetch" "--manifest-path" "Cargo.toml", kill_on_drop: false }`
[INFO] [stderr]     Updating crates.io index
[INFO] [stderr]     Updating git repository `https://github.com/TimJyun/opendal-indexeddb`
[INFO] [stderr]     Blocking waiting for file lock on package cache
[INFO] [stderr]  Downloading crates ...
[INFO] [stderr]   Downloaded unicase v2.8.1
[INFO] [stderr]   Downloaded windows-result v0.3.1
[INFO] [stderr]   Downloaded tinyvec v1.9.0
[INFO] [stderr]   Downloaded rustls-native-certs v0.8.1
[INFO] [stderr]   Downloaded const-serialize v0.6.2
[INFO] [stderr]   Downloaded manganis-macro v0.6.2
[INFO] [stderr]   Downloaded uuid v1.15.1
[INFO] [stderr]   Downloaded tempfile v3.18.0
[INFO] [stderr]   Downloaded dotenv_codegen_implementation v0.15.0
[INFO] [stderr]   Downloaded dioxus-html-internal-macro v0.6.2
[INFO] [stderr]   Downloaded warnings v0.2.1
[INFO] [stderr]   Downloaded dioxus-core-types v0.6.2
[INFO] [stderr]   Downloaded lazy-js-bundle v0.6.2
[INFO] [stderr]   Downloaded async-trait v0.1.87
[INFO] [stderr]   Downloaded manganis-core v0.6.2
[INFO] [stderr]   Downloaded const-serialize-macro v0.6.2
[INFO] [stderr]   Downloaded dotenv_codegen v0.15.0
[INFO] [stderr]   Downloaded dioxus-config-macro v0.6.2
[INFO] [stderr]   Downloaded quinn-udp v0.5.10
[INFO] [stderr]   Downloaded generational-box v0.6.2
[INFO] [stderr]   Downloaded dioxus-lib v0.6.2
[INFO] [stderr]   Downloaded indexed-db v0.4.2
[INFO] [stderr]   Downloaded dioxus-document v0.6.3
[INFO] [stderr]   Downloaded once_cell v1.21.0
[INFO] [stderr]   Downloaded dioxus-rsx v0.6.2
[INFO] [stderr]   Downloaded dioxus-history v0.6.2
[INFO] [stderr]   Downloaded smallvec v1.14.0
[INFO] [stderr]   Downloaded dioxus-interpreter-js v0.6.2
[INFO] [stderr]   Downloaded reqwest v0.12.14
[INFO] [stderr]   Downloaded backon v1.4.0
[INFO] [stderr]   Downloaded sledgehammer_bindgen v0.6.0
[INFO] [stderr]   Downloaded manganis v0.6.2
[INFO] [stderr]   Downloaded webview2-com-macros v0.8.0
[INFO] [stderr]   Downloaded unicode-id v0.3.5
[INFO] [stderr]   Downloaded dioxus-signals v0.6.3
[INFO] [stderr]   Downloaded dioxus-hooks v0.6.2
[INFO] [stderr]   Downloaded windows-version v0.1.3
[INFO] [stderr]   Downloaded openssl-sys v0.9.106
[INFO] [stderr]   Downloaded dioxus-html v0.6.3
[INFO] [stderr]   Downloaded dioxus-cli-config v0.6.3
[INFO] [stderr]   Downloaded dioxus-core-macro v0.6.3
[INFO] [stderr]   Downloaded tungstenite v0.23.0
[INFO] [stderr]   Downloaded security-framework v3.2.0
[INFO] [stderr]   Downloaded gloo-storage v0.3.0
[INFO] [stderr]   Downloaded dioxus-devtools-types v0.6.2
[INFO] [stderr]   Downloaded jwt-compact v0.8.0
[INFO] [stderr]   Downloaded redox_syscall v0.5.10
[INFO] [stderr]   Downloaded dioxus-core v0.6.3
[INFO] [stderr]   Downloaded sledgehammer_bindgen_macro v0.6.0
[INFO] [stderr]   Downloaded indexmap v2.8.0
[INFO] [stderr]   Downloaded base64ct v1.7.1
[INFO] [stderr]   Downloaded dioxus-devtools v0.6.2
[INFO] [stderr]   Downloaded wry v0.45.0
[INFO] [stderr]   Downloaded dtoa v1.0.10
[INFO] [stderr]   Downloaded string_cache_codegen v0.5.4
[INFO] [stderr]   Downloaded openssl v0.10.71
[INFO] [stderr]   Downloaded h2 v0.4.8
[INFO] [stderr]   Downloaded quick-xml v0.36.2
[INFO] [stderr]   Downloaded markdown v1.0.0-alpha.23
[INFO] [stderr]   Downloaded derive_more v0.99.19
[INFO] [stderr]   Downloaded rustls v0.23.23
[INFO] [stderr]   Downloaded rustix v1.0.2
[INFO] [stderr]   Downloaded dioxus-web v0.6.3
[INFO] [stderr]   Downloaded warnings-macro v0.2.0
[INFO] [stderr]   Downloaded cocoa v0.26.0
[INFO] [stderr]   Downloaded opendal v0.51.2
[INFO] [stderr]   Downloaded cocoa-foundation v0.2.0
[INFO] [stderr]   Downloaded redox_users v0.5.0
[INFO] [stderr]   Downloaded objc2-foundation v0.3.0
[INFO] [stderr]   Downloaded objc2-core-foundation v0.3.0
[INFO] [stderr]   Downloaded objc2-core-graphics v0.3.0
[INFO] [stderr]   Downloaded linux-raw-sys v0.9.2
[INFO] [stderr]   Downloaded sledgehammer_utils v0.3.1
[INFO] [stderr]   Downloaded tokio v1.44.1
[INFO] [stderr]   Downloaded objc2-app-kit v0.3.0
[INFO] [stderr]   Downloaded event-listener-strategy v0.5.3
[INFO] [stderr]   Downloaded tray-icon v0.19.3
[INFO] [stderr]   Downloaded data-encoding v2.8.0
[INFO] [stderr]   Downloaded objc2 v0.6.0
[INFO] [stderr]   Downloaded webview2-com v0.33.0
[INFO] [stderr]   Downloaded dioxus-desktop v0.6.3
[INFO] [stderr]   Downloaded dioxus-logger v0.6.2
[INFO] [stderr]   Downloaded dioxus_server_macro v0.6.2
[INFO] [stderr]   Downloaded xxhash-rust v0.8.15
[INFO] [stderr]   Downloaded dioxus-mobile v0.6.2
[INFO] [stderr]   Downloaded dioxus-router-macro v0.6.3
[INFO] [stderr]   Downloaded muda v0.15.3
[INFO] [stderr]   Downloaded block2 v0.6.0
[INFO] [stderr]   Downloaded string_cache v0.8.8
[INFO] [stderr]   Downloaded dioxus v0.6.3
[INFO] [stderr]   Downloaded dioxus-fullstack v0.6.3
[INFO] [stderr]   Downloaded dioxus-router v0.6.3
[INFO] [stderr]   Downloaded reqwest-eventsource v0.6.0
[INFO] [stderr]   Downloaded tao v0.30.8
[INFO] [stderr]   Downloaded secrecy v0.10.3
[INFO] [stderr]   Downloaded webview2-com-sys v0.33.0
[INFO] [stderr]   Downloaded async-openai-wasm v0.27.4
[INFO] running `Command { std: "docker" "create" "-v" "/var/lib/crater-agent-workspace/builds/worker-1-tc1/source:/opt/rustwide/workdir:ro,Z" "-v" "/var/lib/crater-agent-workspace/builds/worker-1-tc1/target:/opt/rustwide/target:rw,Z" "-v" "/var/lib/crater-agent-workspace/cargo-home:/opt/rustwide/cargo-home:ro,Z" "-v" "/var/lib/crater-agent-workspace/rustup-home:/opt/rustwide/rustup-home:ro,Z" "-m" "1610612736" "--network" "none" "ghcr.io/rust-lang/crates-build-env/linux@sha256:3111399a4047eeb3a02b7a90e478d715f38a8c6669b5c4b49d30a17385265909" "sleep" "infinity", kill_on_drop: false }`
[INFO] [stdout] dcf3e9d49561eb0635c7bad5ea6e24938486d1cf52f23f573e8bd153064c6ad2
[INFO] running `Command { std: "docker" "start" "dcf3e9d49561eb0635c7bad5ea6e24938486d1cf52f23f573e8bd153064c6ad2", kill_on_drop: false }`
[INFO] running `Command { std: "docker" "inspect" "dcf3e9d49561eb0635c7bad5ea6e24938486d1cf52f23f573e8bd153064c6ad2", kill_on_drop: false }`
[INFO] running `Command { std: "docker" "exec" "-e" "SOURCE_DIR=/opt/rustwide/workdir" "-e" "CARGO_HOME=/opt/rustwide/cargo-home" "-e" "RUSTUP_HOME=/opt/rustwide/rustup-home" "-e" "CARGO_TARGET_DIR=/opt/rustwide/target" "-w" "/opt/rustwide/workdir" "--user" "0:0" "dcf3e9d49561eb0635c7bad5ea6e24938486d1cf52f23f573e8bd153064c6ad2" "/opt/rustwide/cargo-home/bin/cargo" "+c999cef531ea9059e189e82fe0e82c5daf249bc9" "metadata" "--no-deps" "--format-version=1", kill_on_drop: false }`
[INFO] running `Command { std: "docker" "inspect" "dcf3e9d49561eb0635c7bad5ea6e24938486d1cf52f23f573e8bd153064c6ad2", kill_on_drop: false }`
[INFO] running `Command { std: "docker" "exec" "-e" "SOURCE_DIR=/opt/rustwide/workdir" "-e" "CARGO_HOME=/opt/rustwide/cargo-home" "-e" "RUSTUP_HOME=/opt/rustwide/rustup-home" "-e" "CARGO_TARGET_DIR=/opt/rustwide/target" "-e" "CARGO_INCREMENTAL=0" "-e" "RUST_BACKTRACE=full" "-e" "RUSTFLAGS=--cap-lints=forbid" "-e" "RUSTDOCFLAGS=--cap-lints=forbid" "-w" "/opt/rustwide/workdir" "--user" "0:0" "dcf3e9d49561eb0635c7bad5ea6e24938486d1cf52f23f573e8bd153064c6ad2" "/opt/rustwide/cargo-home/bin/cargo" "+c999cef531ea9059e189e82fe0e82c5daf249bc9" "check" "--frozen" "--all" "--all-targets" "--message-format=json", kill_on_drop: false }`
[INFO] [stderr]    Compiling proc-macro2 v1.0.94
[INFO] [stderr]    Compiling serde v1.0.219
[INFO] [stderr]     Checking once_cell v1.21.0
[INFO] [stderr]     Checking smallvec v1.14.0
[INFO] [stderr]    Compiling typenum v1.18.0
[INFO] [stderr]    Compiling cc v1.2.16
[INFO] [stderr]     Checking http v1.3.1
[INFO] [stderr]     Checking litemap v0.7.5
[INFO] [stderr]     Checking getrandom v0.2.15
[INFO] [stderr]     Checking socket2 v0.5.8
[INFO] [stderr]    Compiling slotmap v1.0.7
[INFO] [stderr]    Compiling rustversion v1.0.20
[INFO] [stderr]    Compiling serde_json v1.0.140
[INFO] [stderr]    Compiling num-traits v0.2.19
[INFO] [stderr]     Checking longest-increasing-subsequence v0.1.0
[INFO] [stderr]    Compiling proc-macro2-diagnostics v0.10.1
[INFO] [stderr]     Checking rustls-pki-types v1.11.0
[INFO] [stderr]     Checking log v0.4.26
[INFO] [stderr]     Checking hashbrown v0.15.2
[INFO] [stderr]     Checking tokio v1.44.1
[INFO] [stderr]    Compiling openssl v0.10.71
[INFO] [stderr]    Compiling unicode-segmentation v1.12.0
[INFO] [stderr]    Compiling rustls v0.23.23
[INFO] [stderr]    Compiling zerocopy v0.8.23
[INFO] [stderr]     Checking tracing-core v0.1.33
[INFO] [stderr]     Checking dioxus-core-types v0.6.2
[INFO] [stderr]     Checking parking_lot_core v0.9.10
[INFO] [stderr]    Compiling unicase v2.8.1
[INFO] [stderr]     Checking rand_core v0.6.4
[INFO] [stderr]    Compiling lazy-js-bundle v0.6.2
[INFO] [stderr]     Checking parking_lot v0.12.3
[INFO] [stderr]     Checking rustls-native-certs v0.8.1
[INFO] [stderr]     Checking sync_wrapper v1.0.2
[INFO] [stderr]    Compiling mime_guess v2.0.5
[INFO] [stderr]     Checking dioxus-cli-config v0.6.3
[INFO] [stderr]     Checking rustls-pemfile v2.2.0
[INFO] [stderr]    Compiling syn v1.0.109
[INFO] [stderr]    Compiling convert_case v0.6.0
[INFO] [stderr]    Compiling getrandom v0.3.1
[INFO] [stderr]    Compiling proc-macro-hack v0.5.20+deprecated
[INFO] [stderr]    Compiling anyhow v1.0.97
[INFO] [stderr]     Checking nom v7.1.3
[INFO] [stderr]    Compiling dioxus-document v0.6.3
[INFO] [stderr]     Checking sharded-slab v0.1.7
[INFO] [stderr]     Checking thread_local v1.1.8
[INFO] [stderr]    Compiling slab v0.4.9
[INFO] [stderr]     Checking quote v1.0.40
[INFO] [stderr]     Checking half v2.4.1
[INFO] [stderr]     Checking utf-8 v0.7.6
[INFO] [stderr]     Checking data-encoding v2.8.0
[INFO] [stderr]     Checking ciborium-io v0.2.2
[INFO] [stderr]    Compiling thiserror v2.0.12
[INFO] [stderr]     Checking indexmap v2.8.0
[INFO] [stderr]     Checking syn v2.0.100
[INFO] [stderr]     Checking http-body v1.0.1
[INFO] [stderr]     Checking ciborium-ll v0.2.2
[INFO] [stderr]     Checking tracing-subscriber v0.3.19
[INFO] [stderr]     Checking fastrand v2.3.0
[INFO] [stderr]     Checking http-body-util v0.1.3
[INFO] [stderr]     Checking futures-timer v3.0.3
[INFO] [stderr]    Compiling dotenv v0.15.0
[INFO] [stderr]    Compiling const_format_proc_macros v0.2.34
[INFO] [stderr]    Compiling dioxus-config-macro v0.6.2
[INFO] [stderr]     Checking unicode-id v0.3.5
[INFO] [stderr]     Checking base64ct v1.7.1
[INFO] [stderr]     Checking markdown v1.0.0-alpha.23
[INFO] [stderr]     Checking async-once-cell v0.5.4
[INFO] [stderr]    Compiling openssl-sys v0.9.106
[INFO] [stderr]    Compiling ring v0.17.14
[INFO] [stderr]     Checking generic-array v0.14.7
[INFO] [stderr]    Compiling native-tls v0.2.14
[INFO] [stderr]     Checking const_format v0.2.34
[INFO] [stderr]     Checking crypto-common v0.1.6
[INFO] [stderr]     Checking block-buffer v0.10.4
[INFO] [stderr]     Checking digest v0.10.7
[INFO] [stderr]     Checking eventsource-stream v0.2.3
[INFO] [stderr]     Checking sha1 v0.10.6
[INFO] [stderr]     Checking md-5 v0.10.6
[INFO] [stderr]     Checking sha2 v0.10.8
[INFO] [stderr]     Checking hmac v0.12.1
[INFO] [stderr]     Checking ppv-lite86 v0.2.21
[INFO] [stderr]     Checking rand_chacha v0.3.1
[INFO] [stderr]     Checking rand v0.8.5
[INFO] [stderr]    Compiling dotenv_codegen_implementation v0.15.0
[INFO] [stderr]     Checking dotenv_codegen v0.15.0
[INFO] [stderr]     Checking dioxus-rsx v0.6.2
[INFO] [stderr]     Checking tokio-util v0.7.13
[INFO] [stderr]     Checking backon v1.4.0
[INFO] [stderr]     Checking rustls-webpki v0.102.8
[INFO] [stderr]    Compiling synstructure v0.13.1
[INFO] [stderr]    Compiling darling_core v0.20.10
[INFO] [stderr]    Compiling serde_derive v1.0.219
[INFO] [stderr]    Compiling tracing-attributes v0.1.28
[INFO] [stderr]    Compiling futures-macro v0.3.31
[INFO] [stderr]    Compiling zerofrom-derive v0.1.6
[INFO] [stderr]    Compiling yoke-derive v0.7.5
[INFO] [stderr]    Compiling zerovec-derive v0.10.3
[INFO] [stderr]    Compiling displaydoc v0.2.5
[INFO] [stderr]    Compiling pin-project-internal v1.1.10
[INFO] [stderr]    Compiling icu_provider_macros v1.5.0
[INFO] [stderr]    Compiling warnings-macro v0.2.0
[INFO] [stderr]    Compiling zeroize_derive v1.4.2
[INFO] [stderr]    Compiling openssl-macros v0.1.1
[INFO] [stderr]    Compiling const-serialize-macro v0.6.2
[INFO] [stderr]    Compiling async-trait v0.1.87
[INFO] [stderr]    Compiling thiserror-impl v1.0.69
[INFO] [stderr]    Compiling serde_repr v0.1.20
[INFO] [stderr]    Compiling dioxus-html-internal-macro v0.6.2
[INFO] [stderr]    Compiling dioxus-router-macro v0.6.3
[INFO] [stderr]     Checking zeroize v1.8.1
[INFO] [stderr]     Checking futures-util v0.3.31
[INFO] [stderr]    Compiling thiserror-impl v2.0.12
[INFO] [stderr]    Compiling derive_more-impl v2.0.1
[INFO] [stderr]    Compiling dioxus-core-macro v0.6.3
[INFO] [stderr]     Checking zerofrom v0.1.6
[INFO] [stderr]     Checking yoke v0.7.5
[INFO] [stderr]     Checking pin-project v1.1.10
[INFO] [stderr]     Checking zerovec v0.10.4
[INFO] [stderr]     Checking tracing v0.1.41
[INFO] [stderr]     Checking thiserror v1.0.69
[INFO] [stderr]     Checking tungstenite v0.23.0
[INFO] [stderr]     Checking generational-box v0.6.2
[INFO] [stderr]     Checking warnings v0.2.1
[INFO] [stderr]     Checking h2 v0.4.8
[INFO] [stderr]     Checking dioxus-logger v0.6.2
[INFO] [stderr]    Compiling darling_macro v0.20.10
[INFO] [stderr]     Checking derive_more v2.0.1
[INFO] [stderr]    Compiling darling v0.20.10
[INFO] [stderr]    Compiling derive_builder_core v0.20.2
[INFO] [stderr]    Compiling enumset_derive v0.10.0
[INFO] [stderr]     Checking tinystr v0.7.6
[INFO] [stderr]     Checking icu_collections v1.5.0
[INFO] [stderr]     Checking icu_locid v1.5.0
[INFO] [stderr]     Checking enumset v1.1.5
[INFO] [stderr]     Checking tokio-rustls v0.26.2
[INFO] [stderr]     Checking tower v0.5.2
[INFO] [stderr]     Checking futures-executor v0.3.31
[INFO] [stderr]     Checking icu_provider v1.5.0
[INFO] [stderr]    Compiling derive_builder_macro v0.20.2
[INFO] [stderr]     Checking futures v0.3.31
[INFO] [stderr]     Checking derive_builder v0.20.2
[INFO] [stderr]     Checking icu_locid_transform v1.5.0
[INFO] [stderr]     Checking icu_properties v1.5.1
[INFO] [stderr]     Checking hyper v1.6.0
[INFO] [stderr]     Checking hyper-util v0.1.10
[INFO] [stderr]     Checking bitflags v2.9.0
[INFO] [stderr]     Checking euclid v0.22.11
[INFO] [stderr]     Checking serde_urlencoded v0.7.1
[INFO] [stderr]     Checking const-serialize v0.6.2
[INFO] [stderr]     Checking chrono v0.4.40
[INFO] [stderr]     Checking uuid v1.15.1
[INFO] [stderr]     Checking quick-xml v0.36.2
[INFO] [stderr]     Checking secrecy v0.10.3
[INFO] [stderr]     Checking ciborium v0.2.2
[INFO] [stderr]     Checking keyboard-types v0.7.0
[INFO] [stderr]     Checking manganis-core v0.6.2
[INFO] [stderr]     Checking icu_normalizer v1.5.0
[INFO] [stderr]     Checking dioxus-core v0.6.3
[INFO] [stderr]     Checking hyper-rustls v0.27.5
[INFO] [stderr]     Checking jwt-compact v0.8.0
[INFO] [stderr]    Compiling manganis-macro v0.6.2
[INFO] [stderr]     Checking manganis v0.6.2
[INFO] [stderr]     Checking idna_adapter v1.2.0
[INFO] [stderr]     Checking idna v1.0.3
[INFO] [stderr]     Checking url v2.5.4
[INFO] [stderr]     Checking dioxus-signals v0.6.3
[INFO] [stderr]     Checking dioxus-history v0.6.2
[INFO] [stderr]     Checking dioxus-devtools-types v0.6.2
[INFO] [stderr]     Checking dioxus-hooks v0.6.2
[INFO] [stderr]     Checking dioxus-devtools v0.6.2
[INFO] [stderr]     Checking tokio-native-tls v0.3.1
[INFO] [stderr]     Checking dioxus-html v0.6.3
[INFO] [stderr]     Checking hyper-tls v0.6.0
[INFO] [stderr]     Checking reqwest v0.12.14
[INFO] [stderr]     Checking reqwest-eventsource v0.6.0
[INFO] [stderr]     Checking opendal v0.51.2
[INFO] [stderr]     Checking async-openai-wasm v0.27.4
[INFO] [stderr]     Checking dioxus-lib v0.6.2
[INFO] [stderr]     Checking dioxus-router v0.6.3
[INFO] [stderr]     Checking dioxus v0.6.3
[INFO] [stderr]     Checking toaster v0.1.0 (/opt/rustwide/workdir)
[INFO] [stdout] error: proc-macro derive panicked
[INFO] [stdout]  --> src/constant.rs:3:36
[INFO] [stdout]   |
[INFO] [stdout] 3 | pub const TOASTER_API_BASE: &str = dotenv!("TOASTER_API_BASE");
[INFO] [stdout]   |                                    ^^^^^^^^^^^^^^^^^^^^^^^^^^^
[INFO] [stdout]   |
[INFO] [stdout]   = help: message: Error loading .env file: path not found
[INFO] [stdout]   = note: this error originates in the macro `dotenv` (in Nightly builds, run with -Z macro-backtrace for more info)
[INFO] [stdout] 
[INFO] [stdout] 
[INFO] [stdout] error: proc-macro derive panicked
[INFO] [stdout]  --> src/constant.rs:4:35
[INFO] [stdout]   |
[INFO] [stdout] 4 | pub const TOASTER_API_KEY: &str = dotenv!("TOASTER_API_KEY");
[INFO] [stdout]   |                                   ^^^^^^^^^^^^^^^^^^^^^^^^^^
[INFO] [stdout]   |
[INFO] [stdout]   = help: message: Error loading .env file: path not found
[INFO] [stdout]   = note: this error originates in the macro `dotenv` (in Nightly builds, run with -Z macro-backtrace for more info)
[INFO] [stdout] 
[INFO] [stdout] 
[INFO] [stdout] error: proc-macro derive panicked
[INFO] [stdout]  --> src/constant.rs:5:37
[INFO] [stdout]   |
[INFO] [stdout] 5 | pub const TOASTER_API_MODEL: &str = dotenv!("TOASTER_API_MODEL");
[INFO] [stdout]   |                                     ^^^^^^^^^^^^^^^^^^^^^^^^^^^^
[INFO] [stdout]   |
[INFO] [stdout]   = help: message: Error loading .env file: path not found
[INFO] [stdout]   = note: this error originates in the macro `dotenv` (in Nightly builds, run with -Z macro-backtrace for more info)
[INFO] [stdout] 
[INFO] [stdout] 
[INFO] [stdout] error: proc-macro derive panicked
[INFO] [stdout]  --> src/constant.rs:3:36
[INFO] [stdout]   |
[INFO] [stdout] 3 | pub const TOASTER_API_BASE: &str = dotenv!("TOASTER_API_BASE");
[INFO] [stdout]   |                                    ^^^^^^^^^^^^^^^^^^^^^^^^^^^
[INFO] [stdout]   |
[INFO] [stdout]   = help: message: Error loading .env file: path not found
[INFO] [stdout]   = note: this error originates in the macro `dotenv` (in Nightly builds, run with -Z macro-backtrace for more info)
[INFO] [stdout] 
[INFO] [stdout] 
[INFO] [stdout] error: proc-macro derive panicked
[INFO] [stdout]  --> src/constant.rs:4:35
[INFO] [stdout]   |
[INFO] [stdout] 4 | pub const TOASTER_API_KEY: &str = dotenv!("TOASTER_API_KEY");
[INFO] [stdout]   |                                   ^^^^^^^^^^^^^^^^^^^^^^^^^^
[INFO] [stdout]   |
[INFO] [stdout]   = help: message: Error loading .env file: path not found
[INFO] [stdout]   = note: this error originates in the macro `dotenv` (in Nightly builds, run with -Z macro-backtrace for more info)
[INFO] [stdout] 
[INFO] [stdout] 
[INFO] [stdout] error: proc-macro derive panicked
[INFO] [stdout]  --> src/constant.rs:5:37
[INFO] [stdout]   |
[INFO] [stdout] 5 | pub const TOASTER_API_MODEL: &str = dotenv!("TOASTER_API_MODEL");
[INFO] [stdout]   |                                     ^^^^^^^^^^^^^^^^^^^^^^^^^^^^
[INFO] [stdout]   |
[INFO] [stdout]   = help: message: Error loading .env file: path not found
[INFO] [stdout]   = note: this error originates in the macro `dotenv` (in Nightly builds, run with -Z macro-backtrace for more info)
[INFO] [stdout] 
[INFO] [stdout] 
[INFO] [stdout] error: Asset at /assets/tailwind.css doesn't exist
[INFO] [stdout]   --> src/user_interface/app.rs:29:26
[INFO] [stdout]    |
[INFO] [stdout] 29 | const _TAILWIND: Asset = asset!("/assets/tailwind.css");
[INFO] [stdout]    |                          ^^^^^^^^^^^^^^^^^^^^^^^^^^^^^^
[INFO] [stdout]    |
[INFO] [stdout]    = note: this error originates in the macro `asset` (in Nightly builds, run with -Z macro-backtrace for more info)
[INFO] [stdout] 
[INFO] [stdout] 
[INFO] [stdout] error: Asset at /assets/tailwind.css doesn't exist
[INFO] [stdout]   --> src/user_interface/app.rs:29:26
[INFO] [stdout]    |
[INFO] [stdout] 29 | const _TAILWIND: Asset = asset!("/assets/tailwind.css");
[INFO] [stdout]    |                          ^^^^^^^^^^^^^^^^^^^^^^^^^^^^^^
[INFO] [stdout]    |
[INFO] [stdout]    = note: this error originates in the macro `asset` (in Nightly builds, run with -Z macro-backtrace for more info)
[INFO] [stdout] 
[INFO] [stdout] 
[INFO] [stdout] error: cannot find macro `proc_macro_call` in this scope
[INFO] [stdout]  --> src/constant.rs:3:36
[INFO] [stdout]   |
[INFO] [stdout] 3 | pub const TOASTER_API_BASE: &str = dotenv!("TOASTER_API_BASE");
[INFO] [stdout]   |                                    ^^^^^^^^^^^^^^^^^^^^^^^^^^^
[INFO] [stdout]   |
[INFO] [stdout]   = note: this error originates in the macro `dotenv` (in Nightly builds, run with -Z macro-backtrace for more info)
[INFO] [stdout] 
[INFO] [stdout] 
[INFO] [stdout] error: cannot find macro `proc_macro_call` in this scope
[INFO] [stdout]  --> src/constant.rs:3:36
[INFO] [stdout]   |
[INFO] [stdout] 3 | pub const TOASTER_API_BASE: &str = dotenv!("TOASTER_API_BASE");
[INFO] [stdout]   |                                    ^^^^^^^^^^^^^^^^^^^^^^^^^^^
[INFO] [stdout]   |
[INFO] [stdout]   = note: this error originates in the macro `dotenv` (in Nightly builds, run with -Z macro-backtrace for more info)
[INFO] [stdout] 
[INFO] [stdout] 
[INFO] [stdout] error: cannot find macro `proc_macro_call` in this scope
[INFO] [stdout]  --> src/constant.rs:4:35
[INFO] [stdout]   |
[INFO] [stdout] 4 | pub const TOASTER_API_KEY: &str = dotenv!("TOASTER_API_KEY");
[INFO] [stdout]   |                                   ^^^^^^^^^^^^^^^^^^^^^^^^^^
[INFO] [stdout]   |
[INFO] [stdout]   = note: this error originates in the macro `dotenv` (in Nightly builds, run with -Z macro-backtrace for more info)
[INFO] [stdout] 
[INFO] [stdout] 
[INFO] [stdout] error: cannot find macro `proc_macro_call` in this scope
[INFO] [stdout]  --> src/constant.rs:4:35
[INFO] [stdout]   |
[INFO] [stdout] 4 | pub const TOASTER_API_KEY: &str = dotenv!("TOASTER_API_KEY");
[INFO] [stdout]   |                                   ^^^^^^^^^^^^^^^^^^^^^^^^^^
[INFO] [stdout]   |
[INFO] [stdout]   = note: this error originates in the macro `dotenv` (in Nightly builds, run with -Z macro-backtrace for more info)
[INFO] [stdout] 
[INFO] [stdout] 
[INFO] [stdout] error: cannot find macro `proc_macro_call` in this scope
[INFO] [stdout]  --> src/constant.rs:5:37
[INFO] [stdout]   |
[INFO] [stdout] 5 | pub const TOASTER_API_MODEL: &str = dotenv!("TOASTER_API_MODEL");
[INFO] [stdout]   |                                     ^^^^^^^^^^^^^^^^^^^^^^^^^^^^
[INFO] [stdout]   |
[INFO] [stdout]   = note: this error originates in the macro `dotenv` (in Nightly builds, run with -Z macro-backtrace for more info)
[INFO] [stdout] 
[INFO] [stdout] 
[INFO] [stdout] error: cannot find macro `proc_macro_call` in this scope
[INFO] [stdout]  --> src/constant.rs:5:37
[INFO] [stdout]   |
[INFO] [stdout] 5 | pub const TOASTER_API_MODEL: &str = dotenv!("TOASTER_API_MODEL");
[INFO] [stdout]   |                                     ^^^^^^^^^^^^^^^^^^^^^^^^^^^^
[INFO] [stdout]   |
[INFO] [stdout]   = note: this error originates in the macro `dotenv` (in Nightly builds, run with -Z macro-backtrace for more info)
[INFO] [stdout] 
[INFO] [stdout] 
[INFO] [stdout] warning: unnecessary braces around `if` condition
[INFO] [stdout]   --> src/user_interface/app.rs:43:8
[INFO] [stdout]    |
[INFO] [stdout] 43 |     if { *NEED_UPDATE.read() == true } {
[INFO] [stdout]    |        ^^                           ^^
[INFO] [stdout]    |
[INFO] [stdout]    = note: `#[warn(unused_braces)]` (part of `#[warn(unused)]`) on by default
[INFO] [stdout] help: remove these braces
[INFO] [stdout]    |
[INFO] [stdout] 43 -     if { *NEED_UPDATE.read() == true } {
[INFO] [stdout] 43 +     if *NEED_UPDATE.read() == true {
[INFO] [stdout]    |
[INFO] [stdout] 
[INFO] [stdout] 
[INFO] [stdout] warning: unexpected `cfg` condition value: `web`
[INFO] [stdout]  --> src/util/language.rs:4:11
[INFO] [stdout]   |
[INFO] [stdout] 4 |     #[cfg(target_family = "web")]
[INFO] [stdout]   |           ^^^^^^^^^^^^^^^^^^^^^
[INFO] [stdout]   |
[INFO] [stdout]   = note: expected values for `target_family` are: `unix`, `wasm`, and `windows`
[INFO] [stdout]   = note: see <https://doc.rust-lang.org/nightly/rustc/check-cfg/cargo-specifics.html> for more information about checking conditional configuration
[INFO] [stdout]   = note: `#[warn(unexpected_cfgs)]` on by default
[INFO] [stdout] 
[INFO] [stdout] 
[INFO] [stdout] warning: unexpected `cfg` condition value: `web`
[INFO] [stdout]   --> src/util/language.rs:16:11
[INFO] [stdout]    |
[INFO] [stdout] 16 |     #[cfg(target_family = "web")]
[INFO] [stdout]    |           ^^^^^^^^^^^^^^^^^^^^^
[INFO] [stdout]    |
[INFO] [stdout]    = note: expected values for `target_family` are: `unix`, `wasm`, and `windows`
[INFO] [stdout]    = note: see <https://doc.rust-lang.org/nightly/rustc/check-cfg/cargo-specifics.html> for more information about checking conditional configuration
[INFO] [stdout] 
[INFO] [stdout] 
[INFO] [stdout] warning: unnecessary braces around `if` condition
[INFO] [stdout]   --> src/user_interface/app.rs:43:8
[INFO] [stdout]    |
[INFO] [stdout] 43 |     if { *NEED_UPDATE.read() == true } {
[INFO] [stdout]    |        ^^                           ^^
[INFO] [stdout]    |
[INFO] [stdout]    = note: `#[warn(unused_braces)]` (part of `#[warn(unused)]`) on by default
[INFO] [stdout] help: remove these braces
[INFO] [stdout]    |
[INFO] [stdout] 43 -     if { *NEED_UPDATE.read() == true } {
[INFO] [stdout] 43 +     if *NEED_UPDATE.read() == true {
[INFO] [stdout]    |
[INFO] [stdout] 
[INFO] [stdout] 
[INFO] [stdout] warning: unexpected `cfg` condition value: `web`
[INFO] [stdout]  --> src/util/language.rs:4:11
[INFO] [stdout]   |
[INFO] [stdout] 4 |     #[cfg(target_family = "web")]
[INFO] [stdout]   |           ^^^^^^^^^^^^^^^^^^^^^
[INFO] [stdout]   |
[INFO] [stdout]   = note: expected values for `target_family` are: `unix`, `wasm`, and `windows`
[INFO] [stdout]   = note: see <https://doc.rust-lang.org/nightly/rustc/check-cfg/cargo-specifics.html> for more information about checking conditional configuration
[INFO] [stdout]   = note: `#[warn(unexpected_cfgs)]` on by default
[INFO] [stdout] 
[INFO] [stdout] 
[INFO] [stdout] warning: unexpected `cfg` condition value: `web`
[INFO] [stdout]   --> src/util/language.rs:16:11
[INFO] [stdout]    |
[INFO] [stdout] 16 |     #[cfg(target_family = "web")]
[INFO] [stdout]    |           ^^^^^^^^^^^^^^^^^^^^^
[INFO] [stdout]    |
[INFO] [stdout]    = note: expected values for `target_family` are: `unix`, `wasm`, and `windows`
[INFO] [stdout]    = note: see <https://doc.rust-lang.org/nightly/rustc/check-cfg/cargo-specifics.html> for more information about checking conditional configuration
[INFO] [stdout] 
[INFO] [stdout] 
[INFO] [stdout] error[E0308]: mismatched types
[INFO] [stdout]   --> src/storage/config_store.rs:23:35
[INFO] [stdout]    |
[INFO] [stdout] 14 | impl<T: Serialize + DeserializeOwned + Default + Clone + 'static> ConfigStore<T> {
[INFO] [stdout]    |      - expected this type parameter
[INFO] [stdout] ...
[INFO] [stdout] 23 |     fn get_from_storage(&self) -> T {
[INFO] [stdout]    |        ----------------           ^ expected type parameter `T`, found `()`
[INFO] [stdout]    |        |
[INFO] [stdout]    |        implicitly returns `()` as its body has no tail or `return` expression
[INFO] [stdout]    |
[INFO] [stdout]    = note: expected type parameter `T`
[INFO] [stdout]                    found unit type `()`
[INFO] [stdout] 
[INFO] [stdout] 
[INFO] [stdout] error[E0308]: mismatched types
[INFO] [stdout]   --> src/storage/config_store.rs:23:35
[INFO] [stdout]    |
[INFO] [stdout] 14 | impl<T: Serialize + DeserializeOwned + Default + Clone + 'static> ConfigStore<T> {
[INFO] [stdout]    |      - expected this type parameter
[INFO] [stdout] ...
[INFO] [stdout] 23 |     fn get_from_storage(&self) -> T {
[INFO] [stdout]    |        ----------------           ^ expected type parameter `T`, found `()`
[INFO] [stdout]    |        |
[INFO] [stdout]    |        implicitly returns `()` as its body has no tail or `return` expression
[INFO] [stdout]    |
[INFO] [stdout]    = note: expected type parameter `T`
[INFO] [stdout]                    found unit type `()`
[INFO] [stdout] 
[INFO] [stdout] 
[INFO] [stdout] error[E0308]: mismatched types
[INFO] [stdout]   --> src/storage/data_store.rs:36:32
[INFO] [stdout]    |
[INFO] [stdout] 36 |           self.op.get_or_init(|| {
[INFO] [stdout]    |  ________________________________^
[INFO] [stdout] 37 | |             #[cfg(all(feature = "web", target_family = "wasm"))]
[INFO] [stdout] 38 | |             {
[INFO] [stdout] 39 | |                 use opendal_indexeddb::config::IndexeddbConfig;
[INFO] [stdout] ...  |
[INFO] [stdout] 64 | |         })
[INFO] [stdout]    | |_________^ expected `Operator`, found `()`
[INFO] [stdout] 
[INFO] [stdout] 
[INFO] [stdout] error[E0308]: mismatched types
[INFO] [stdout]   --> src/storage/data_store.rs:36:32
[INFO] [stdout]    |
[INFO] [stdout] 36 |           self.op.get_or_init(|| {
[INFO] [stdout]    |  ________________________________^
[INFO] [stdout] 37 | |             #[cfg(all(feature = "web", target_family = "wasm"))]
[INFO] [stdout] 38 | |             {
[INFO] [stdout] 39 | |                 use opendal_indexeddb::config::IndexeddbConfig;
[INFO] [stdout] ...  |
[INFO] [stdout] 64 | |         })
[INFO] [stdout]    | |_________^ expected `Operator`, found `()`
[INFO] [stdout] 
[INFO] [stdout] 
[INFO] [stdout] warning: unreachable call
[INFO] [stdout]   --> src/user_interface/router.rs:21:10
[INFO] [stdout]    |
[INFO] [stdout] 21 | #[derive(Routable, PartialEq, Clone, Debug)]
[INFO] [stdout]    |          ^^^^^^^^
[INFO] [stdout]    |          |
[INFO] [stdout]    |          unreachable call
[INFO] [stdout]    |          any code following this expression is unreachable
[INFO] [stdout]    |
[INFO] [stdout]    = note: `#[warn(unreachable_code)]` (part of `#[warn(unused)]`) on by default
[INFO] [stdout]    = note: this warning originates in the derive macro `Routable` (in Nightly builds, run with -Z macro-backtrace for more info)
[INFO] [stdout] 
[INFO] [stdout] 
[INFO] [stdout] warning: unreachable call
[INFO] [stdout]   --> src/user_interface/router.rs:21:10
[INFO] [stdout]    |
[INFO] [stdout] 21 | #[derive(Routable, PartialEq, Clone, Debug)]
[INFO] [stdout]    |          ^^^^^^^^
[INFO] [stdout]    |          |
[INFO] [stdout]    |          unreachable call
[INFO] [stdout]    |          any code following this expression is unreachable
[INFO] [stdout]    |
[INFO] [stdout]    = note: `#[warn(unreachable_code)]` (part of `#[warn(unused)]`) on by default
[INFO] [stdout]    = note: this warning originates in the derive macro `Routable` (in Nightly builds, run with -Z macro-backtrace for more info)
[INFO] [stdout] 
[INFO] [stdout] 
[INFO] [stdout] warning: variable does not need to be mutable
[INFO] [stdout]   --> src/user_interface/fragment/chat.rs:24:9
[INFO] [stdout]    |
[INFO] [stdout] 24 |     let mut session_endpoints_res = use_resource(move || async move {
[INFO] [stdout]    |         ----^^^^^^^^^^^^^^^^^^^^^
[INFO] [stdout]    |         |
[INFO] [stdout]    |         help: remove this `mut`
[INFO] [stdout]    |
[INFO] [stdout]    = note: `#[warn(unused_mut)]` (part of `#[warn(unused)]`) on by default
[INFO] [stdout] 
[INFO] [stdout] 
[INFO] [stdout] warning: variable does not need to be mutable
[INFO] [stdout]   --> src/user_interface/fragment/chat.rs:42:9
[INFO] [stdout]    |
[INFO] [stdout] 42 |     let mut session_endpoints_signal = session_endpoints_res.suspend()?;
[INFO] [stdout]    |         ----^^^^^^^^^^^^^^^^^^^^^^^^
[INFO] [stdout]    |         |
[INFO] [stdout]    |         help: remove this `mut`
[INFO] [stdout] 
[INFO] [stdout] 
[INFO] [stdout] warning: variable does not need to be mutable
[INFO] [stdout]   --> src/user_interface/fragment/message.rs:14:13
[INFO] [stdout]    |
[INFO] [stdout] 14 |         let mut is_user_sender: bool = m.role == Role::User;
[INFO] [stdout]    |             ----^^^^^^^^^^^^^^
[INFO] [stdout]    |             |
[INFO] [stdout]    |             help: remove this `mut`
[INFO] [stdout] 
[INFO] [stdout] 
[INFO] [stdout] warning: variable does not need to be mutable
[INFO] [stdout]   --> src/user_interface/fragment/chat.rs:24:9
[INFO] [stdout]    |
[INFO] [stdout] 24 |     let mut session_endpoints_res = use_resource(move || async move {
[INFO] [stdout]    |         ----^^^^^^^^^^^^^^^^^^^^^
[INFO] [stdout]    |         |
[INFO] [stdout]    |         help: remove this `mut`
[INFO] [stdout]    |
[INFO] [stdout]    = note: `#[warn(unused_mut)]` (part of `#[warn(unused)]`) on by default
[INFO] [stdout] 
[INFO] [stdout] 
[INFO] [stdout] warning: variable does not need to be mutable
[INFO] [stdout]   --> src/user_interface/fragment/chat.rs:42:9
[INFO] [stdout]    |
[INFO] [stdout] 42 |     let mut session_endpoints_signal = session_endpoints_res.suspend()?;
[INFO] [stdout]    |         ----^^^^^^^^^^^^^^^^^^^^^^^^
[INFO] [stdout]    |         |
[INFO] [stdout]    |         help: remove this `mut`
[INFO] [stdout] 
[INFO] [stdout] 
[INFO] [stdout] warning: variable does not need to be mutable
[INFO] [stdout]   --> src/user_interface/fragment/message.rs:14:13
[INFO] [stdout]    |
[INFO] [stdout] 14 |         let mut is_user_sender: bool = m.role == Role::User;
[INFO] [stdout]    |             ----^^^^^^^^^^^^^^
[INFO] [stdout]    |             |
[INFO] [stdout]    |             help: remove this `mut`
[INFO] [stdout] 
[INFO] [stdout] 
[INFO] [stdout] warning: variable does not need to be mutable
[INFO] [stdout]   --> src/user_interface/router/index.rs:27:9
[INFO] [stdout]    |
[INFO] [stdout] 27 |     let mut session_id = use_memo(|| Uuid::new_v4().to_string());
[INFO] [stdout]    |         ----^^^^^^^^^^
[INFO] [stdout]    |         |
[INFO] [stdout]    |         help: remove this `mut`
[INFO] [stdout] 
[INFO] [stdout] 
[INFO] [stdout] For more information about this error, try `rustc --explain E0308`.
[INFO] [stdout] 
[INFO] [stdout] warning: variable does not need to be mutable
[INFO] [stdout]   --> src/user_interface/router/index.rs:27:9
[INFO] [stdout]    |
[INFO] [stdout] 27 |     let mut session_id = use_memo(|| Uuid::new_v4().to_string());
[INFO] [stdout]    |         ----^^^^^^^^^^
[INFO] [stdout]    |         |
[INFO] [stdout]    |         help: remove this `mut`
[INFO] [stdout] 
[INFO] [stdout] 
[INFO] [stderr] error: could not compile `toaster` (bin "toaster") due to 9 previous errors; 8 warnings emitted
[INFO] [stderr] warning: build failed, waiting for other jobs to finish...
[INFO] [stdout] For more information about this error, try `rustc --explain E0308`.
[INFO] [stdout] 
[INFO] [stderr] error: could not compile `toaster` (bin "toaster" test) due to 9 previous errors; 8 warnings emitted
[INFO] [stderr] warning: unused dependency `async-once-cell`
[INFO] [stderr]  --> Cargo.toml:3:1
[INFO] [stderr]   |
[INFO] [stderr] 3 | async-once-cell = "0.5"
[INFO] [stderr]   | ^^^^^^^^^^^^^^^^^^^^^^^
[INFO] [stderr]   |
[INFO] [stderr]   = note: `cargo::unused_dependencies` is set to `warn` by default
[INFO] [stderr] help: consider removing the dependency on `async-once-cell`
[INFO] [stderr] warning: `toaster` (manifest) generated 1 warning
[INFO] running `Command { std: "docker" "inspect" "dcf3e9d49561eb0635c7bad5ea6e24938486d1cf52f23f573e8bd153064c6ad2", kill_on_drop: false }`
[INFO] running `Command { std: "docker" "rm" "-f" "dcf3e9d49561eb0635c7bad5ea6e24938486d1cf52f23f573e8bd153064c6ad2", kill_on_drop: false }`
[INFO] [stdout] dcf3e9d49561eb0635c7bad5ea6e24938486d1cf52f23f573e8bd153064c6ad2
