[INFO] cloning repository https://github.com/MusaAjmal/Chat-Application
[INFO] running `Command { std: "git" "-c" "credential.helper=" "-c" "credential.helper=/workspace/cargo-home/bin/git-credential-null" "clone" "--bare" "https://github.com/MusaAjmal/Chat-Application" "/workspace/cache/git-repos/https%3A%2F%2Fgithub.com%2FMusaAjmal%2FChat-Application", kill_on_drop: false }`
[INFO] [stderr] Cloning into bare repository '/workspace/cache/git-repos/https%3A%2F%2Fgithub.com%2FMusaAjmal%2FChat-Application'...
[INFO] running `Command { std: "git" "rev-parse" "HEAD", kill_on_drop: false }`
[INFO] [stdout] c67264eee5a4be9f0c46a9d466611faa4ed02d3e
[INFO] checking MusaAjmal/Chat-Application against f4dd856795debe636f2ba39a900f162f5abeb7e8 for pr-160904
[INFO] running `Command { std: "git" "clone" "/workspace/cache/git-repos/https%3A%2F%2Fgithub.com%2FMusaAjmal%2FChat-Application" "/workspace/builds/worker-0-tc2/source", kill_on_drop: false }`
[INFO] [stderr] Cloning into '/workspace/builds/worker-0-tc2/source'...
[INFO] [stderr] done.
[INFO] started tweaking git repo https://github.com/MusaAjmal/Chat-Application
[INFO] finished tweaking git repo https://github.com/MusaAjmal/Chat-Application
[INFO] tweaked toml for git repo https://github.com/MusaAjmal/Chat-Application written to /workspace/builds/worker-0-tc2/source/Cargo.toml
[INFO] validating manifest of git repo https://github.com/MusaAjmal/Chat-Application on toolchain f4dd856795debe636f2ba39a900f162f5abeb7e8
[INFO] running `Command { std: CARGO_HOME="/workspace/cargo-home" RUSTUP_HOME="/workspace/rustup-home" "/workspace/cargo-home/bin/cargo" "+f4dd856795debe636f2ba39a900f162f5abeb7e8" "metadata" "--manifest-path" "Cargo.toml" "--no-deps", kill_on_drop: false }`
[INFO] crate git repo https://github.com/MusaAjmal/Chat-Application already has a lockfile, it will not be regenerated
[INFO] running `Command { std: CARGO_HOME="/workspace/cargo-home" RUSTUP_HOME="/workspace/rustup-home" "/workspace/cargo-home/bin/cargo" "+f4dd856795debe636f2ba39a900f162f5abeb7e8" "fetch" "--manifest-path" "Cargo.toml", kill_on_drop: false }`
[INFO] [stderr]     Blocking waiting for file lock on package cache
[INFO] [stderr]     Blocking waiting for file lock on package cache
[INFO] [stderr]  Downloading crates ...
[INFO] [stderr]   Downloaded pq-sys v0.7.2
[INFO] [stderr]   Downloaded uuid v1.17.0
[INFO] [stderr]   Downloaded dsl_auto_type v0.1.3
[INFO] [stderr]   Downloaded actix-web-actors v4.3.1+deprecated
[INFO] [stderr]   Downloaded diesel_table_macro_syntax v0.2.0
[INFO] [stderr]   Downloaded rustc-demangle v0.1.25
[INFO] [stderr]   Downloaded tracing-attributes v0.1.29
[INFO] [stderr]   Downloaded diesel_derives v2.2.5
[INFO] [stderr]   Downloaded actix v0.13.5
[INFO] [stderr]   Downloaded cc v1.2.27
[INFO] [stderr]   Downloaded actix-http v3.11.0
[INFO] [stderr]   Downloaded actix-web v4.11.0
[INFO] [stderr]   Downloaded syn v2.0.103
[INFO] [stderr]   Downloaded diesel v2.2.10
[INFO] [stderr]   Downloaded brotli v8.0.1
[INFO] [stderr]   Downloaded libc v0.2.173
[INFO] running `Command { std: "docker" "create" "-v" "/var/lib/crater-agent-workspace/builds/worker-0-tc2/source:/opt/rustwide/workdir:ro,Z" "-v" "/var/lib/crater-agent-workspace/builds/worker-0-tc2/target:/opt/rustwide/target:rw,Z" "-v" "/var/lib/crater-agent-workspace/cargo-home:/opt/rustwide/cargo-home:ro,Z" "-v" "/var/lib/crater-agent-workspace/rustup-home:/opt/rustwide/rustup-home:ro,Z" "-m" "1610612736" "--network" "none" "ghcr.io/rust-lang/crates-build-env/linux@sha256:3111399a4047eeb3a02b7a90e478d715f38a8c6669b5c4b49d30a17385265909" "sleep" "infinity", kill_on_drop: false }`
[INFO] [stdout] 0af79a089b6da1116631ebb35a71b5a5182f071afff5f650d8a7cd711d2ba7ac
[INFO] running `Command { std: "docker" "start" "0af79a089b6da1116631ebb35a71b5a5182f071afff5f650d8a7cd711d2ba7ac", kill_on_drop: false }`
[INFO] running `Command { std: "docker" "inspect" "0af79a089b6da1116631ebb35a71b5a5182f071afff5f650d8a7cd711d2ba7ac", kill_on_drop: false }`
[INFO] running `Command { std: "docker" "exec" "-e" "SOURCE_DIR=/opt/rustwide/workdir" "-e" "CARGO_HOME=/opt/rustwide/cargo-home" "-e" "RUSTUP_HOME=/opt/rustwide/rustup-home" "-e" "CARGO_TARGET_DIR=/opt/rustwide/target" "-w" "/opt/rustwide/workdir" "--user" "0:0" "0af79a089b6da1116631ebb35a71b5a5182f071afff5f650d8a7cd711d2ba7ac" "/opt/rustwide/cargo-home/bin/cargo" "+f4dd856795debe636f2ba39a900f162f5abeb7e8" "metadata" "--no-deps" "--format-version=1", kill_on_drop: false }`
[INFO] running `Command { std: "docker" "inspect" "0af79a089b6da1116631ebb35a71b5a5182f071afff5f650d8a7cd711d2ba7ac", kill_on_drop: false }`
[INFO] running `Command { std: "docker" "exec" "-e" "SOURCE_DIR=/opt/rustwide/workdir" "-e" "CARGO_HOME=/opt/rustwide/cargo-home" "-e" "RUSTUP_HOME=/opt/rustwide/rustup-home" "-e" "CARGO_TARGET_DIR=/opt/rustwide/target" "-e" "CARGO_INCREMENTAL=0" "-e" "RUST_BACKTRACE=full" "-e" "RUSTFLAGS=--cap-lints=forbid" "-e" "RUSTDOCFLAGS=--cap-lints=forbid" "-w" "/opt/rustwide/workdir" "--user" "0:0" "0af79a089b6da1116631ebb35a71b5a5182f071afff5f650d8a7cd711d2ba7ac" "/opt/rustwide/cargo-home/bin/cargo" "+f4dd856795debe636f2ba39a900f162f5abeb7e8" "check" "--frozen" "--all" "--all-targets" "--message-format=json", kill_on_drop: false }`
[INFO] [stderr]    Compiling libc v0.2.173
[INFO] [stderr]     Checking cfg-if v1.0.1
[INFO] [stderr]    Compiling parking_lot_core v0.9.11
[INFO] [stderr]     Checking log v0.4.27
[INFO] [stderr]     Checking stable_deref_trait v1.2.0
[INFO] [stderr]    Compiling lock_api v0.4.13
[INFO] [stderr]     Checking litemap v0.8.0
[INFO] [stderr]     Checking writeable v0.6.1
[INFO] [stderr]    Compiling getrandom v0.3.3
[INFO] [stderr]     Checking memchr v2.7.5
[INFO] [stderr]     Checking tracing-core v0.1.34
[INFO] [stderr]    Compiling icu_normalizer_data v2.0.0
[INFO] [stderr]    Compiling syn v2.0.103
[INFO] [stderr]    Compiling icu_properties_data v2.0.1
[INFO] [stderr]     Checking futures-util v0.3.31
[INFO] [stderr]    Compiling serde v1.0.219
[INFO] [stderr]    Compiling strsim v0.11.1
[INFO] [stderr]     Checking bitflags v2.9.1
[INFO] [stderr]     Checking local-waker v0.1.4
[INFO] [stderr]     Checking http v0.2.12
[INFO] [stderr]     Checking regex-syntax v0.8.5
[INFO] [stderr]    Compiling crossbeam-utils v0.8.21
[INFO] [stderr]    Compiling pin-project-lite v0.2.16
[INFO] [stderr]    Compiling bytes v1.10.1
[INFO] [stderr]     Checking hashbrown v0.15.4
[INFO] [stderr]    Compiling unicode-xid v0.2.6
[INFO] [stderr]     Checking miniz_oxide v0.8.9
[INFO] [stderr]     Checking actix-utils v3.0.1
[INFO] [stderr]     Checking crc32fast v1.4.2
[INFO] [stderr]    Compiling bytestring v1.4.0
[INFO] [stderr]     Checking aho-corasick v1.1.3
[INFO] [stderr]     Checking actix-service v2.0.3
[INFO] [stderr]    Compiling num-traits v0.2.19
[INFO] [stderr]    Compiling cookie v0.16.2
[INFO] [stderr]     Checking slab v0.4.10
[INFO] [stderr]    Compiling regex-lite v0.1.6
[INFO] [stderr]     Checking sha1 v0.10.6
[INFO] [stderr]     Checking flate2 v1.1.2
[INFO] [stderr]     Checking brotli v8.0.1
[INFO] [stderr]     Checking indexmap v2.9.0
[INFO] [stderr]    Compiling tracing v0.1.41
[INFO] [stderr]     Checking local-channel v0.1.5
[INFO] [stderr]     Checking encoding_rs v0.8.35
[INFO] [stderr]    Compiling pq-sys v0.7.2
[INFO] [stderr]     Checking foldhash v0.1.5
[INFO] [stderr]    Compiling jobserver v0.1.33
[INFO] [stderr]     Checking signal-hook-registry v1.4.5
[INFO] [stderr]     Checking socket2 v0.5.10
[INFO] [stderr]     Checking mio v1.0.4
[INFO] [stderr]     Checking rand_core v0.9.3
[INFO] [stderr]     Checking parking_lot v0.12.4
[INFO] [stderr]    Compiling either v1.15.0
[INFO] [stderr]    Compiling cc v1.2.27
[INFO] [stderr]     Checking rand_chacha v0.9.0
[INFO] [stderr]     Checking language-tags v0.3.2
[INFO] [stderr]     Checking scheduled-thread-pool v0.2.7
[INFO] [stderr]     Checking crossbeam-channel v0.5.15
[INFO] [stderr]     Checking tokio v1.45.1
[INFO] [stderr]     Checking rand v0.9.1
[INFO] [stderr]     Checking impl-more v0.1.9
[INFO] [stderr]     Checking r2d2 v0.8.10
[INFO] [stderr]     Checking uuid v1.17.0
[INFO] [stderr]     Checking dotenvy v0.15.7
[INFO] [stderr]     Checking regex-automata v0.4.9
[INFO] [stderr]     Checking chrono v0.4.41
[INFO] [stderr]    Compiling zstd-sys v2.0.15+zstd.1.5.7
[INFO] [stderr]    Compiling actix-router v0.5.3
[INFO] [stderr]     Checking regex v1.11.1
[INFO] [stderr]    Compiling synstructure v0.13.2
[INFO] [stderr]    Compiling darling_core v0.20.11
[INFO] [stderr]    Compiling diesel_table_macro_syntax v0.2.0
[INFO] [stderr]    Compiling zerofrom-derive v0.1.6
[INFO] [stderr]    Compiling yoke-derive v0.8.0
[INFO] [stderr]    Compiling zerovec-derive v0.11.1
[INFO] [stderr]    Compiling displaydoc v0.2.5
[INFO] [stderr]    Compiling tracing-attributes v0.1.29
[INFO] [stderr]    Compiling serde_derive v1.0.219
[INFO] [stderr]    Compiling actix-macros v0.2.4
[INFO] [stderr]    Compiling derive_more-impl v2.0.1
[INFO] [stderr]    Compiling actix-web-codegen v4.3.0
[INFO] [stderr]     Checking tokio-util v0.7.15
[INFO] [stderr]     Checking actix-rt v2.10.0
[INFO] [stderr]     Checking zerofrom v0.1.6
[INFO] [stderr]     Checking yoke v0.8.0
[INFO] [stderr]     Checking actix-server v2.6.0
[INFO] [stderr]     Checking zerovec v0.11.2
[INFO] [stderr]     Checking zerotrie v0.2.2
[INFO] [stderr]     Checking actix-codec v0.5.2
[INFO] [stderr]     Checking h2 v0.3.26
[INFO] [stderr]     Checking actix v0.13.5
[INFO] [stderr]    Compiling darling_macro v0.20.11
[INFO] [stderr]    Compiling zstd-safe v7.2.4
[INFO] [stderr]     Checking zstd v0.13.3
[INFO] [stderr]    Compiling darling v0.20.11
[INFO] [stderr]    Compiling dsl_auto_type v0.1.3
[INFO] [stderr]     Checking derive_more v2.0.1
[INFO] [stderr]    Compiling diesel_derives v2.2.5
[INFO] [stderr]     Checking tinystr v0.8.1
[INFO] [stderr]     Checking potential_utf v0.1.2
[INFO] [stderr]     Checking icu_collections v2.0.0
[INFO] [stderr]     Checking icu_locale_core v2.0.0
[INFO] [stderr]     Checking icu_provider v2.0.0
[INFO] [stderr]     Checking icu_normalizer v2.0.0
[INFO] [stderr]     Checking icu_properties v2.0.1
[INFO] [stderr]     Checking idna_adapter v1.2.1
[INFO] [stderr]     Checking idna v1.0.3
[INFO] [stderr]     Checking url v2.5.4
[INFO] [stderr]     Checking actix-http v3.11.0
[INFO] [stderr]     Checking serde_json v1.0.140
[INFO] [stderr]     Checking serde_urlencoded v0.7.1
[INFO] [stderr]     Checking diesel v2.2.10
[INFO] [stderr]     Checking actix-web v4.11.0
[INFO] [stderr]     Checking actix-web-actors v4.3.1+deprecated
[INFO] [stderr]     Checking chat-backend v0.1.0 (/opt/rustwide/workdir)
[INFO] [stdout] error[E0432]: unresolved import `chrono`
[INFO] [stdout]  --> src/models.rs:4:5
[INFO] [stdout]   |
[INFO] [stdout] 4 | use chrono::NaiveDateTime;
[INFO] [stdout]   |     ^^^^^^ use of unresolved module or unlinked crate `chrono`
[INFO] [stdout]   |
[INFO] [stdout]   = help: if you wanted to use a crate named `chrono`, use `cargo add chrono` to add it to your `Cargo.toml`
[INFO] [stdout] 
[INFO] [stdout] 
[INFO] [stdout] error[E0432]: unresolved import `actix`
[INFO] [stdout]  --> src/ws.rs:1:5
[INFO] [stdout]   |
[INFO] [stdout] 1 | use actix::{Actor, StreamHandler, AsyncContext};
[INFO] [stdout]   |     ^^^^^ use of unresolved module or unlinked crate `actix`
[INFO] [stdout]   |
[INFO] [stdout]   = help: if you wanted to use a crate named `actix`, use `cargo add actix` to add it to your `Cargo.toml`
[INFO] [stdout] 
[INFO] [stdout] 
[INFO] [stdout] error[E0432]: unresolved import `chrono`
[INFO] [stdout]  --> src/models.rs:4:5
[INFO] [stdout]   |
[INFO] [stdout] 4 | use chrono::NaiveDateTime;
[INFO] [stdout]   |     ^^^^^^ use of unresolved module or unlinked crate `chrono`
[INFO] [stdout]   |
[INFO] [stdout]   = help: if you wanted to use a crate named `chrono`, use `cargo add chrono` to add it to your `Cargo.toml`
[INFO] [stdout] 
[INFO] [stdout] 
[INFO] [stdout] error[E0432]: unresolved import `actix`
[INFO] [stdout]  --> src/ws.rs:1:5
[INFO] [stdout]   |
[INFO] [stdout] 1 | use actix::{Actor, StreamHandler, AsyncContext};
[INFO] [stdout]   |     ^^^^^ use of unresolved module or unlinked crate `actix`
[INFO] [stdout]   |
[INFO] [stdout]   = help: if you wanted to use a crate named `actix`, use `cargo add actix` to add it to your `Cargo.toml`
[INFO] [stdout] 
[INFO] [stdout] 
[INFO] [stdout] error[E0271]: type mismatch resolving `<NewUser as Insertable<table>>::Values == _`
[INFO] [stdout]   --> src/models.rs:13:10
[INFO] [stdout]    |
[INFO] [stdout] 13 | #[derive(Insertable, Deserialize)]
[INFO] [stdout]    |          ^^^^^^^^^^
[INFO] [stdout]    |          |
[INFO] [stdout]    |          types differ
[INFO] [stdout]    |          type mismatch resolving `<NewUser as Insertable<table>>::Values == _`
[INFO] [stdout]    |
[INFO] [stdout]    = note: this error originates in the derive macro `Insertable` (in Nightly builds, run with -Z macro-backtrace for more info)
[INFO] [stdout] 
[INFO] [stdout] 
[INFO] [stdout] error[E0271]: type mismatch resolving `<NewUser as Insertable<table>>::Values == _`
[INFO] [stdout]   --> src/models.rs:13:10
[INFO] [stdout]    |
[INFO] [stdout] 13 | #[derive(Insertable, Deserialize)]
[INFO] [stdout]    |          ^^^^^^^^^^
[INFO] [stdout]    |          |
[INFO] [stdout]    |          types differ
[INFO] [stdout]    |          type mismatch resolving `<NewUser as Insertable<table>>::Values == _`
[INFO] [stdout]    |
[INFO] [stdout]    = note: this error originates in the derive macro `Insertable` (in Nightly builds, run with -Z macro-backtrace for more info)
[INFO] [stdout] 
[INFO] [stdout] 
[INFO] [stdout] error[E0277]: the trait bound `uuid::Uuid: Expression` is not satisfied
[INFO] [stdout]   --> src/models.rs:13:10
[INFO] [stdout]    |
[INFO] [stdout] 13 | #[derive(Insertable, Deserialize)]
[INFO] [stdout]    |          ^^^^^^^^^^ the trait `Expression` is not implemented for `uuid::Uuid`
[INFO] [stdout]    |
[INFO] [stdout]    = help: the following other types implement trait `Expression`:
[INFO] [stdout]              &T
[INFO] [stdout]              (T0, T1)
[INFO] [stdout]              (T0, T1, T2)
[INFO] [stdout]              (T0, T1, T2, T3)
[INFO] [stdout]              (T0, T1, T2, T3, T4)
[INFO] [stdout]              (T0, T1, T2, T3, T4, T5)
[INFO] [stdout]              (T0, T1, T2, T3, T4, T5, T6)
[INFO] [stdout]              (T0, T1, T2, T3, T4, T5, T6, T7)
[INFO] [stdout]            and 127 others
[INFO] [stdout]    = note: required for `uuid::Uuid` to implement `AsExpression<diesel::sql_types::Uuid>`
[INFO] [stdout]    = note: the full name for the type has been written to '/opt/rustwide/target/debug/build/chat-backend/bbd76ec9f25a4ef7/out/chat_backend-bbd76ec9f25a4ef7.long-type-10703684469764977664.txt'
[INFO] [stdout]    = note: consider using `--verbose` to print the full type name to the console
[INFO] [stdout]    = note: this error originates in the derive macro `Insertable` (in Nightly builds, run with -Z macro-backtrace for more info)
[INFO] [stdout] 
[INFO] [stdout] 
[INFO] [stdout] error[E0277]: the trait bound `uuid::Uuid: Expression` is not satisfied
[INFO] [stdout]   --> src/models.rs:13:10
[INFO] [stdout]    |
[INFO] [stdout] 13 | #[derive(Insertable, Deserialize)]
[INFO] [stdout]    |          ^^^^^^^^^^ the trait `Expression` is not implemented for `uuid::Uuid`
[INFO] [stdout]    |
[INFO] [stdout]    = help: the following other types implement trait `Expression`:
[INFO] [stdout]              &T
[INFO] [stdout]              (T0, T1)
[INFO] [stdout]              (T0, T1, T2)
[INFO] [stdout]              (T0, T1, T2, T3)
[INFO] [stdout]              (T0, T1, T2, T3, T4)
[INFO] [stdout]              (T0, T1, T2, T3, T4, T5)
[INFO] [stdout]              (T0, T1, T2, T3, T4, T5, T6)
[INFO] [stdout]              (T0, T1, T2, T3, T4, T5, T6, T7)
[INFO] [stdout]            and 127 others
[INFO] [stdout]    = note: required for `uuid::Uuid` to implement `AsExpression<diesel::sql_types::Uuid>`
[INFO] [stdout]    = note: the full name for the type has been written to '/opt/rustwide/target/debug/build/chat-backend/d5d753c25b904020/out/chat_backend-d5d753c25b904020.long-type-6046424869907549802.txt'
[INFO] [stdout]    = note: consider using `--verbose` to print the full type name to the console
[INFO] [stdout]    = note: this error originates in the derive macro `Insertable` (in Nightly builds, run with -Z macro-backtrace for more info)
[INFO] [stdout] 
[INFO] [stdout] 
[INFO] [stdout] error[E0271]: type mismatch resolving `<NewUser as Insertable<table>>::Values == ValuesClause<(_, _), table>`
[INFO] [stdout]   --> src/models.rs:13:10
[INFO] [stdout]    |
[INFO] [stdout] 13 | #[derive(Insertable, Deserialize)]
[INFO] [stdout]    |          ^^^^^^^^^^
[INFO] [stdout]    |          |
[INFO] [stdout]    |          types differ
[INFO] [stdout]    |          type mismatch resolving `<NewUser as Insertable<table>>::Values == ValuesClause<(_, _), table>`
[INFO] [stdout]    |
[INFO] [stdout]    = note: the full name for the type has been written to '/opt/rustwide/target/debug/build/chat-backend/d5d753c25b904020/out/chat_backend-d5d753c25b904020.long-type-17736545888841671636.txt'
[INFO] [stdout]    = note: consider using `--verbose` to print the full type name to the console
[INFO] [stdout]    = note: this error originates in the derive macro `Insertable` (in Nightly builds, run with -Z macro-backtrace for more info)
[INFO] [stdout] 
[INFO] [stdout] 
[INFO] [stdout] error[E0271]: type mismatch resolving `<NewUser as Insertable<table>>::Values == ValuesClause<(_, _), table>`
[INFO] [stdout]   --> src/models.rs:13:10
[INFO] [stdout]    |
[INFO] [stdout] 13 | #[derive(Insertable, Deserialize)]
[INFO] [stdout]    |          ^^^^^^^^^^
[INFO] [stdout]    |          |
[INFO] [stdout]    |          types differ
[INFO] [stdout]    |          type mismatch resolving `<NewUser as Insertable<table>>::Values == ValuesClause<(_, _), table>`
[INFO] [stdout]    |
[INFO] [stdout]    = note: the full name for the type has been written to '/opt/rustwide/target/debug/build/chat-backend/bbd76ec9f25a4ef7/out/chat_backend-bbd76ec9f25a4ef7.long-type-15121626238716672770.txt'
[INFO] [stdout]    = note: consider using `--verbose` to print the full type name to the console
[INFO] [stdout]    = note: this error originates in the derive macro `Insertable` (in Nightly builds, run with -Z macro-backtrace for more info)
[INFO] [stdout] 
[INFO] [stdout] 
[INFO] [stdout] error[E0276]: impl has stricter requirements than trait
[INFO] [stdout]   --> src/models.rs:13:10
[INFO] [stdout]    |
[INFO] [stdout] 13 | #[derive(Insertable, Deserialize)]
[INFO] [stdout]    |          ^^^^^^^^^^ impl has extra requirement `<(std::option::Option<diesel::expression::grouped::Grouped<diesel::expression::operators::Eq<users::columns::id, <uuid::Uuid as AsExpression<diesel::sql_types::Uuid>>::Expression>>>, std::option::Option<diesel::expression::grouped::Grouped<diesel::expression::operators::Eq<users::columns::username, diesel::internal::derives::as_expression::Bound<diesel::sql_types::Text, String>>>>) as diesel::Insertable<users::table>>::Values well-formed`
[INFO] [stdout]    |
[INFO] [stdout]    = note: this error originates in the derive macro `Insertable` (in Nightly builds, run with -Z macro-backtrace for more info)
[INFO] [stdout] 
[INFO] [stdout] 
[INFO] [stdout] error[E0276]: impl has stricter requirements than trait
[INFO] [stdout]   --> src/models.rs:13:10
[INFO] [stdout]    |
[INFO] [stdout] 13 | #[derive(Insertable, Deserialize)]
[INFO] [stdout]    |          ^^^^^^^^^^ impl has extra requirement `<(std::option::Option<diesel::expression::grouped::Grouped<diesel::expression::operators::Eq<users::columns::id, <uuid::Uuid as AsExpression<diesel::sql_types::Uuid>>::Expression>>>, std::option::Option<diesel::expression::grouped::Grouped<diesel::expression::operators::Eq<users::columns::username, diesel::internal::derives::as_expression::Bound<diesel::sql_types::Text, String>>>>) as diesel::Insertable<users::table>>::Values well-formed`
[INFO] [stdout]    |
[INFO] [stdout]    = note: this error originates in the derive macro `Insertable` (in Nightly builds, run with -Z macro-backtrace for more info)
[INFO] [stdout] 
[INFO] [stdout] 
[INFO] [stdout] error[E0271]: type mismatch resolving `<&NewUser as Insertable<table>>::Values == _`
[INFO] [stdout]   --> src/models.rs:13:10
[INFO] [stdout]    |
[INFO] [stdout] 13 | #[derive(Insertable, Deserialize)]
[INFO] [stdout]    |          ^^^^^^^^^^
[INFO] [stdout]    |          |
[INFO] [stdout]    |          types differ
[INFO] [stdout]    |          type mismatch resolving `<&NewUser as Insertable<table>>::Values == _`
[INFO] [stdout]    |
[INFO] [stdout]    = note: this error originates in the derive macro `Insertable` (in Nightly builds, run with -Z macro-backtrace for more info)
[INFO] [stdout] 
[INFO] [stdout] 
[INFO] [stdout] error[E0271]: type mismatch resolving `<&NewUser as Insertable<table>>::Values == _`
[INFO] [stdout]   --> src/models.rs:13:10
[INFO] [stdout]    |
[INFO] [stdout] 13 | #[derive(Insertable, Deserialize)]
[INFO] [stdout]    |          ^^^^^^^^^^
[INFO] [stdout]    |          |
[INFO] [stdout]    |          types differ
[INFO] [stdout]    |          type mismatch resolving `<&NewUser as Insertable<table>>::Values == _`
[INFO] [stdout]    |
[INFO] [stdout]    = note: this error originates in the derive macro `Insertable` (in Nightly builds, run with -Z macro-backtrace for more info)
[INFO] [stdout] 
[INFO] [stdout] 
[INFO] [stdout] error[E0277]: the trait bound `uuid::Uuid: Expression` is not satisfied
[INFO] [stdout]   --> src/models.rs:13:10
[INFO] [stdout]    |
[INFO] [stdout] 13 | #[derive(Insertable, Deserialize)]
[INFO] [stdout]    |          ^^^^^^^^^^ the trait `Expression` is not implemented for `uuid::Uuid`
[INFO] [stdout]    |
[INFO] [stdout]    = help: the following other types implement trait `Expression`:
[INFO] [stdout]              &T
[INFO] [stdout]              (T0, T1)
[INFO] [stdout]              (T0, T1, T2)
[INFO] [stdout]              (T0, T1, T2, T3)
[INFO] [stdout]              (T0, T1, T2, T3, T4)
[INFO] [stdout]              (T0, T1, T2, T3, T4, T5)
[INFO] [stdout]              (T0, T1, T2, T3, T4, T5, T6)
[INFO] [stdout]              (T0, T1, T2, T3, T4, T5, T6, T7)
[INFO] [stdout]            and 127 others
[INFO] [stdout]    = note: required for `&'insert uuid::Uuid` to implement `Expression`
[INFO] [stdout]    = note: required for `&'insert uuid::Uuid` to implement `AsExpression<diesel::sql_types::Uuid>`
[INFO] [stdout]    = note: the full name for the type has been written to '/opt/rustwide/target/debug/build/chat-backend/d5d753c25b904020/out/chat_backend-d5d753c25b904020.long-type-6046424869907549802.txt'
[INFO] [stdout]    = note: consider using `--verbose` to print the full type name to the console
[INFO] [stdout]    = note: this error originates in the derive macro `Insertable` (in Nightly builds, run with -Z macro-backtrace for more info)
[INFO] [stdout] 
[INFO] [stdout] 
[INFO] [stdout] error[E0277]: the trait bound `uuid::Uuid: Expression` is not satisfied
[INFO] [stdout]   --> src/models.rs:13:10
[INFO] [stdout]    |
[INFO] [stdout] 13 | #[derive(Insertable, Deserialize)]
[INFO] [stdout]    |          ^^^^^^^^^^ the trait `Expression` is not implemented for `uuid::Uuid`
[INFO] [stdout]    |
[INFO] [stdout]    = help: the following other types implement trait `Expression`:
[INFO] [stdout]              &T
[INFO] [stdout]              (T0, T1)
[INFO] [stdout]              (T0, T1, T2)
[INFO] [stdout]              (T0, T1, T2, T3)
[INFO] [stdout]              (T0, T1, T2, T3, T4)
[INFO] [stdout]              (T0, T1, T2, T3, T4, T5)
[INFO] [stdout]              (T0, T1, T2, T3, T4, T5, T6)
[INFO] [stdout]              (T0, T1, T2, T3, T4, T5, T6, T7)
[INFO] [stdout]            and 127 others
[INFO] [stdout]    = note: required for `&'insert uuid::Uuid` to implement `Expression`
[INFO] [stdout]    = note: required for `&'insert uuid::Uuid` to implement `AsExpression<diesel::sql_types::Uuid>`
[INFO] [stdout]    = note: the full name for the type has been written to '/opt/rustwide/target/debug/build/chat-backend/bbd76ec9f25a4ef7/out/chat_backend-bbd76ec9f25a4ef7.long-type-10703684469764977664.txt'
[INFO] [stdout]    = note: consider using `--verbose` to print the full type name to the console
[INFO] [stdout]    = note: this error originates in the derive macro `Insertable` (in Nightly builds, run with -Z macro-backtrace for more info)
[INFO] [stdout] 
[INFO] [stdout] 
[INFO] [stdout] error[E0271]: type mismatch resolving `<&NewUser as Insertable<table>>::Values == ValuesClause<(_, _), table>`
[INFO] [stdout]   --> src/models.rs:13:10
[INFO] [stdout]    |
[INFO] [stdout] 13 | #[derive(Insertable, Deserialize)]
[INFO] [stdout]    |          ^^^^^^^^^^
[INFO] [stdout]    |          |
[INFO] [stdout]    |          types differ
[INFO] [stdout]    |          type mismatch resolving `<&NewUser as Insertable<table>>::Values == ValuesClause<(_, _), table>`
[INFO] [stdout]    |
[INFO] [stdout]    = note: the full name for the type has been written to '/opt/rustwide/target/debug/build/chat-backend/d5d753c25b904020/out/chat_backend-d5d753c25b904020.long-type-615312530489203403.txt'
[INFO] [stdout]    = note: consider using `--verbose` to print the full type name to the console
[INFO] [stdout]    = note: this error originates in the derive macro `Insertable` (in Nightly builds, run with -Z macro-backtrace for more info)
[INFO] [stdout] 
[INFO] [stdout] 
[INFO] [stdout] error[E0276]: impl has stricter requirements than trait
[INFO] [stdout]   --> src/models.rs:13:10
[INFO] [stdout]    |
[INFO] [stdout] 13 | #[derive(Insertable, Deserialize)]
[INFO] [stdout]    |          ^^^^^^^^^^ impl has extra requirement `<(std::option::Option<diesel::expression::grouped::Grouped<diesel::expression::operators::Eq<users::columns::id, <&'insert uuid::Uuid as AsExpression<diesel::sql_types::Uuid>>::Expression>>>, std::option::Option<diesel::expression::grouped::Grouped<diesel::expression::operators::Eq<users::columns::username, diesel::internal::derives::as_expression::Bound<diesel::sql_types::Text, &'insert String>>>>) as diesel::Insertable<users::table>>::Values well-formed`
[INFO] [stdout]    |
[INFO] [stdout]    = note: this error originates in the derive macro `Insertable` (in Nightly builds, run with -Z macro-backtrace for more info)
[INFO] [stdout] 
[INFO] [stdout] 
[INFO] [stdout] error[E0271]: type mismatch resolving `<&NewUser as Insertable<table>>::Values == ValuesClause<(_, _), table>`
[INFO] [stdout]   --> src/models.rs:13:10
[INFO] [stdout]    |
[INFO] [stdout] 13 | #[derive(Insertable, Deserialize)]
[INFO] [stdout]    |          ^^^^^^^^^^
[INFO] [stdout]    |          |
[INFO] [stdout]    |          types differ
[INFO] [stdout]    |          type mismatch resolving `<&NewUser as Insertable<table>>::Values == ValuesClause<(_, _), table>`
[INFO] [stdout]    |
[INFO] [stdout]    = note: the full name for the type has been written to '/opt/rustwide/target/debug/build/chat-backend/bbd76ec9f25a4ef7/out/chat_backend-bbd76ec9f25a4ef7.long-type-1379967308380168666.txt'
[INFO] [stdout]    = note: consider using `--verbose` to print the full type name to the console
[INFO] [stdout]    = note: this error originates in the derive macro `Insertable` (in Nightly builds, run with -Z macro-backtrace for more info)
[INFO] [stdout] 
[INFO] [stdout] 
[INFO] [stdout] error[E0276]: impl has stricter requirements than trait
[INFO] [stdout]   --> src/models.rs:13:10
[INFO] [stdout]    |
[INFO] [stdout] 13 | #[derive(Insertable, Deserialize)]
[INFO] [stdout]    |          ^^^^^^^^^^ impl has extra requirement `<(std::option::Option<diesel::expression::grouped::Grouped<diesel::expression::operators::Eq<users::columns::id, <&'insert uuid::Uuid as AsExpression<diesel::sql_types::Uuid>>::Expression>>>, std::option::Option<diesel::expression::grouped::Grouped<diesel::expression::operators::Eq<users::columns::username, diesel::internal::derives::as_expression::Bound<diesel::sql_types::Text, &'insert String>>>>) as diesel::Insertable<users::table>>::Values well-formed`
[INFO] [stdout]    |
[INFO] [stdout]    = note: this error originates in the derive macro `Insertable` (in Nightly builds, run with -Z macro-backtrace for more info)
[INFO] [stdout] 
[INFO] [stdout] 
[INFO] [stdout] error[E0271]: type mismatch resolving `<NewMessage as Insertable<table>>::Values == _`
[INFO] [stdout]   --> src/models.rs:28:10
[INFO] [stdout]    |
[INFO] [stdout] 28 | #[derive(Insertable, Deserialize)]
[INFO] [stdout]    |          ^^^^^^^^^^
[INFO] [stdout]    |          |
[INFO] [stdout]    |          types differ
[INFO] [stdout]    |          type mismatch resolving `<NewMessage as Insertable<table>>::Values == _`
[INFO] [stdout]    |
[INFO] [stdout]    = note: this error originates in the derive macro `Insertable` (in Nightly builds, run with -Z macro-backtrace for more info)
[INFO] [stdout] 
[INFO] [stdout] 
[INFO] [stdout] error[E0271]: type mismatch resolving `<NewMessage as Insertable<table>>::Values == _`
[INFO] [stdout]   --> src/models.rs:28:10
[INFO] [stdout]    |
[INFO] [stdout] 28 | #[derive(Insertable, Deserialize)]
[INFO] [stdout]    |          ^^^^^^^^^^
[INFO] [stdout]    |          |
[INFO] [stdout]    |          types differ
[INFO] [stdout]    |          type mismatch resolving `<NewMessage as Insertable<table>>::Values == _`
[INFO] [stdout]    |
[INFO] [stdout]    = note: this error originates in the derive macro `Insertable` (in Nightly builds, run with -Z macro-backtrace for more info)
[INFO] [stdout] 
[INFO] [stdout] 
[INFO] [stdout] error[E0277]: the trait bound `uuid::Uuid: Expression` is not satisfied
[INFO] [stdout]   --> src/models.rs:28:10
[INFO] [stdout]    |
[INFO] [stdout] 28 | #[derive(Insertable, Deserialize)]
[INFO] [stdout]    |          ^^^^^^^^^^ the trait `Expression` is not implemented for `uuid::Uuid`
[INFO] [stdout]    |
[INFO] [stdout]    = help: the following other types implement trait `Expression`:
[INFO] [stdout]              &T
[INFO] [stdout]              (T0, T1)
[INFO] [stdout]              (T0, T1, T2)
[INFO] [stdout]              (T0, T1, T2, T3)
[INFO] [stdout]              (T0, T1, T2, T3, T4)
[INFO] [stdout]              (T0, T1, T2, T3, T4, T5)
[INFO] [stdout]              (T0, T1, T2, T3, T4, T5, T6)
[INFO] [stdout]              (T0, T1, T2, T3, T4, T5, T6, T7)
[INFO] [stdout]            and 127 others
[INFO] [stdout]    = note: required for `uuid::Uuid` to implement `AsExpression<diesel::sql_types::Uuid>`
[INFO] [stdout]    = note: the full name for the type has been written to '/opt/rustwide/target/debug/build/chat-backend/d5d753c25b904020/out/chat_backend-d5d753c25b904020.long-type-6046424869907549802.txt'
[INFO] [stdout]    = note: consider using `--verbose` to print the full type name to the console
[INFO] [stdout]    = note: this error originates in the derive macro `Insertable` (in Nightly builds, run with -Z macro-backtrace for more info)
[INFO] [stdout] 
[INFO] [stdout] 
[INFO] [stdout] error[E0277]: the trait bound `uuid::Uuid: Expression` is not satisfied
[INFO] [stdout]   --> src/models.rs:28:10
[INFO] [stdout]    |
[INFO] [stdout] 28 | #[derive(Insertable, Deserialize)]
[INFO] [stdout]    |          ^^^^^^^^^^ the trait `Expression` is not implemented for `uuid::Uuid`
[INFO] [stdout]    |
[INFO] [stdout]    = help: the following other types implement trait `Expression`:
[INFO] [stdout]              &T
[INFO] [stdout]              (T0, T1)
[INFO] [stdout]              (T0, T1, T2)
[INFO] [stdout]              (T0, T1, T2, T3)
[INFO] [stdout]              (T0, T1, T2, T3, T4)
[INFO] [stdout]              (T0, T1, T2, T3, T4, T5)
[INFO] [stdout]              (T0, T1, T2, T3, T4, T5, T6)
[INFO] [stdout]              (T0, T1, T2, T3, T4, T5, T6, T7)
[INFO] [stdout]            and 127 others
[INFO] [stdout]    = note: required for `uuid::Uuid` to implement `AsExpression<diesel::sql_types::Uuid>`
[INFO] [stdout]    = note: the full name for the type has been written to '/opt/rustwide/target/debug/build/chat-backend/bbd76ec9f25a4ef7/out/chat_backend-bbd76ec9f25a4ef7.long-type-10703684469764977664.txt'
[INFO] [stdout]    = note: consider using `--verbose` to print the full type name to the console
[INFO] [stdout]    = note: this error originates in the derive macro `Insertable` (in Nightly builds, run with -Z macro-backtrace for more info)
[INFO] [stdout] 
[INFO] [stdout] 
[INFO] [stdout] error[E0271]: type mismatch resolving `<NewMessage as Insertable<table>>::Values == ValuesClause<_, table>`
[INFO] [stdout]   --> src/models.rs:28:10
[INFO] [stdout]    |
[INFO] [stdout] 28 | #[derive(Insertable, Deserialize)]
[INFO] [stdout]    |          ^^^^^^^^^^
[INFO] [stdout]    |          |
[INFO] [stdout]    |          types differ
[INFO] [stdout]    |          type mismatch resolving `<NewMessage as Insertable<table>>::Values == ValuesClause<_, table>`
[INFO] [stdout]    |
[INFO] [stdout]    = note: the full name for the type has been written to '/opt/rustwide/target/debug/build/chat-backend/d5d753c25b904020/out/chat_backend-d5d753c25b904020.long-type-7565080304970823339.txt'
[INFO] [stdout]    = note: consider using `--verbose` to print the full type name to the console
[INFO] [stdout]    = note: this error originates in the derive macro `Insertable` (in Nightly builds, run with -Z macro-backtrace for more info)
[INFO] [stdout] 
[INFO] [stdout] 
[INFO] [stdout] error[E0276]: impl has stricter requirements than trait
[INFO] [stdout]   --> src/models.rs:28:10
[INFO] [stdout]    |
[INFO] [stdout] 28 | #[derive(Insertable, Deserialize)]
[INFO] [stdout]    |          ^^^^^^^^^^ impl has extra requirement `<(std::option::Option<diesel::expression::grouped::Grouped<diesel::expression::operators::Eq<messages::columns::id, <uuid::Uuid as AsExpression<diesel::sql_types::Uuid>>::Expression>>>, std::option::Option<diesel::expression::grouped::Grouped<diesel::expression::operators::Eq<messages::columns::sender_id, <uuid::Uuid as AsExpression<diesel::sql_types::Uuid>>::Expression>>>, std::option::Option<diesel::expression::grouped::Grouped<diesel::expression::operators::Eq<messages::columns::content, diesel::internal::derives::as_expression::Bound<diesel::sql_types::Text, String>>>>) as diesel::Insertable<messages::table>>::Values well-formed`
[INFO] [stdout]    |
[INFO] [stdout]    = note: this error originates in the derive macro `Insertable` (in Nightly builds, run with -Z macro-backtrace for more info)
[INFO] [stdout] 
[INFO] [stdout] 
[INFO] [stdout] error[E0271]: type mismatch resolving `<NewMessage as Insertable<table>>::Values == ValuesClause<_, table>`
[INFO] [stdout]   --> src/models.rs:28:10
[INFO] [stdout]    |
[INFO] [stdout] 28 | #[derive(Insertable, Deserialize)]
[INFO] [stdout]    |          ^^^^^^^^^^
[INFO] [stdout]    |          |
[INFO] [stdout]    |          types differ
[INFO] [stdout]    |          type mismatch resolving `<NewMessage as Insertable<table>>::Values == ValuesClause<_, table>`
[INFO] [stdout]    |
[INFO] [stdout]    = note: the full name for the type has been written to '/opt/rustwide/target/debug/build/chat-backend/bbd76ec9f25a4ef7/out/chat_backend-bbd76ec9f25a4ef7.long-type-6047213645116639642.txt'
[INFO] [stdout]    = note: consider using `--verbose` to print the full type name to the console
[INFO] [stdout]    = note: this error originates in the derive macro `Insertable` (in Nightly builds, run with -Z macro-backtrace for more info)
[INFO] [stdout] 
[INFO] [stdout] 
[INFO] [stdout] error[E0276]: impl has stricter requirements than trait
[INFO] [stdout]   --> src/models.rs:28:10
[INFO] [stdout]    |
[INFO] [stdout] 28 | #[derive(Insertable, Deserialize)]
[INFO] [stdout]    |          ^^^^^^^^^^ impl has extra requirement `<(std::option::Option<diesel::expression::grouped::Grouped<diesel::expression::operators::Eq<messages::columns::id, <uuid::Uuid as AsExpression<diesel::sql_types::Uuid>>::Expression>>>, std::option::Option<diesel::expression::grouped::Grouped<diesel::expression::operators::Eq<messages::columns::sender_id, <uuid::Uuid as AsExpression<diesel::sql_types::Uuid>>::Expression>>>, std::option::Option<diesel::expression::grouped::Grouped<diesel::expression::operators::Eq<messages::columns::content, diesel::internal::derives::as_expression::Bound<diesel::sql_types::Text, String>>>>) as diesel::Insertable<messages::table>>::Values well-formed`
[INFO] [stdout]    |
[INFO] [stdout]    = note: this error originates in the derive macro `Insertable` (in Nightly builds, run with -Z macro-backtrace for more info)
[INFO] [stdout] 
[INFO] [stdout] 
[INFO] [stdout] error[E0271]: type mismatch resolving `<&NewMessage as Insertable<table>>::Values == _`
[INFO] [stdout]   --> src/models.rs:28:10
[INFO] [stdout]    |
[INFO] [stdout] 28 | #[derive(Insertable, Deserialize)]
[INFO] [stdout]    |          ^^^^^^^^^^
[INFO] [stdout]    |          |
[INFO] [stdout]    |          types differ
[INFO] [stdout]    |          type mismatch resolving `<&NewMessage as Insertable<table>>::Values == _`
[INFO] [stdout]    |
[INFO] [stdout]    = note: this error originates in the derive macro `Insertable` (in Nightly builds, run with -Z macro-backtrace for more info)
[INFO] [stdout] 
[INFO] [stdout] 
[INFO] [stdout] error[E0271]: type mismatch resolving `<&NewMessage as Insertable<table>>::Values == _`
[INFO] [stdout]   --> src/models.rs:28:10
[INFO] [stdout]    |
[INFO] [stdout] 28 | #[derive(Insertable, Deserialize)]
[INFO] [stdout]    |          ^^^^^^^^^^
[INFO] [stdout]    |          |
[INFO] [stdout]    |          types differ
[INFO] [stdout]    |          type mismatch resolving `<&NewMessage as Insertable<table>>::Values == _`
[INFO] [stdout]    |
[INFO] [stdout]    = note: this error originates in the derive macro `Insertable` (in Nightly builds, run with -Z macro-backtrace for more info)
[INFO] [stdout] 
[INFO] [stdout] 
[INFO] [stdout] error[E0277]: the trait bound `uuid::Uuid: Expression` is not satisfied
[INFO] [stdout]   --> src/models.rs:28:10
[INFO] [stdout]    |
[INFO] [stdout] 28 | #[derive(Insertable, Deserialize)]
[INFO] [stdout]    |          ^^^^^^^^^^ the trait `Expression` is not implemented for `uuid::Uuid`
[INFO] [stdout]    |
[INFO] [stdout]    = help: the following other types implement trait `Expression`:
[INFO] [stdout]              &T
[INFO] [stdout]              (T0, T1)
[INFO] [stdout]              (T0, T1, T2)
[INFO] [stdout]              (T0, T1, T2, T3)
[INFO] [stdout]              (T0, T1, T2, T3, T4)
[INFO] [stdout]              (T0, T1, T2, T3, T4, T5)
[INFO] [stdout]              (T0, T1, T2, T3, T4, T5, T6)
[INFO] [stdout]              (T0, T1, T2, T3, T4, T5, T6, T7)
[INFO] [stdout]            and 127 others
[INFO] [stdout]    = note: required for `&'insert uuid::Uuid` to implement `Expression`
[INFO] [stdout]    = note: required for `&'insert uuid::Uuid` to implement `AsExpression<diesel::sql_types::Uuid>`
[INFO] [stdout]    = note: the full name for the type has been written to '/opt/rustwide/target/debug/build/chat-backend/d5d753c25b904020/out/chat_backend-d5d753c25b904020.long-type-6046424869907549802.txt'
[INFO] [stdout]    = note: consider using `--verbose` to print the full type name to the console
[INFO] [stdout]    = note: this error originates in the derive macro `Insertable` (in Nightly builds, run with -Z macro-backtrace for more info)
[INFO] [stdout] 
[INFO] [stdout] 
[INFO] [stdout] error[E0277]: the trait bound `uuid::Uuid: Expression` is not satisfied
[INFO] [stdout]   --> src/models.rs:28:10
[INFO] [stdout]    |
[INFO] [stdout] 28 | #[derive(Insertable, Deserialize)]
[INFO] [stdout]    |          ^^^^^^^^^^ the trait `Expression` is not implemented for `uuid::Uuid`
[INFO] [stdout]    |
[INFO] [stdout]    = help: the following other types implement trait `Expression`:
[INFO] [stdout]              &T
[INFO] [stdout]              (T0, T1)
[INFO] [stdout]              (T0, T1, T2)
[INFO] [stdout]              (T0, T1, T2, T3)
[INFO] [stdout]              (T0, T1, T2, T3, T4)
[INFO] [stdout]              (T0, T1, T2, T3, T4, T5)
[INFO] [stdout]              (T0, T1, T2, T3, T4, T5, T6)
[INFO] [stdout]              (T0, T1, T2, T3, T4, T5, T6, T7)
[INFO] [stdout]            and 127 others
[INFO] [stdout]    = note: required for `&'insert uuid::Uuid` to implement `Expression`
[INFO] [stdout]    = note: required for `&'insert uuid::Uuid` to implement `AsExpression<diesel::sql_types::Uuid>`
[INFO] [stdout]    = note: the full name for the type has been written to '/opt/rustwide/target/debug/build/chat-backend/bbd76ec9f25a4ef7/out/chat_backend-bbd76ec9f25a4ef7.long-type-10703684469764977664.txt'
[INFO] [stdout]    = note: consider using `--verbose` to print the full type name to the console
[INFO] [stdout]    = note: this error originates in the derive macro `Insertable` (in Nightly builds, run with -Z macro-backtrace for more info)
[INFO] [stdout] 
[INFO] [stdout] 
[INFO] [stdout] error[E0271]: type mismatch resolving `<&_ as Insertable<table>>::Values == ValuesClause<_, table>`
[INFO] [stdout]   --> src/models.rs:28:10
[INFO] [stdout]    |
[INFO] [stdout] 28 | #[derive(Insertable, Deserialize)]
[INFO] [stdout]    |          ^^^^^^^^^^
[INFO] [stdout]    |          |
[INFO] [stdout]    |          types differ
[INFO] [stdout]    |          type mismatch resolving `<&_ as Insertable<table>>::Values == ValuesClause<_, table>`
[INFO] [stdout]    |
[INFO] [stdout]    = note: the full name for the type has been written to '/opt/rustwide/target/debug/build/chat-backend/d5d753c25b904020/out/chat_backend-d5d753c25b904020.long-type-5014762420018027405.txt'
[INFO] [stdout]    = note: consider using `--verbose` to print the full type name to the console
[INFO] [stdout]    = note: this error originates in the derive macro `Insertable` (in Nightly builds, run with -Z macro-backtrace for more info)
[INFO] [stdout] 
[INFO] [stdout] 
[INFO] [stdout] error[E0276]: impl has stricter requirements than trait
[INFO] [stdout]   --> src/models.rs:28:10
[INFO] [stdout]    |
[INFO] [stdout] 28 | #[derive(Insertable, Deserialize)]
[INFO] [stdout]    |          ^^^^^^^^^^ impl has extra requirement `<(std::option::Option<diesel::expression::grouped::Grouped<diesel::expression::operators::Eq<messages::columns::id, <&'insert uuid::Uuid as AsExpression<diesel::sql_types::Uuid>>::Expression>>>, std::option::Option<diesel::expression::grouped::Grouped<diesel::expression::operators::Eq<messages::columns::sender_id, <&'insert uuid::Uuid as AsExpression<diesel::sql_types::Uuid>>::Expression>>>, std::option::Option<diesel::expression::grouped::Grouped<diesel::expression::operators::Eq<messages::columns::content, diesel::internal::derives::as_expression::Bound<diesel::sql_types::Text, &'insert String>>>>) as diesel::Insertable<messages::table>>::Values well-formed`
[INFO] [stdout]    |
[INFO] [stdout]    = note: this error originates in the derive macro `Insertable` (in Nightly builds, run with -Z macro-backtrace for more info)
[INFO] [stdout] 
[INFO] [stdout] 
[INFO] [stdout] error[E0271]: type mismatch resolving `<&_ as Insertable<table>>::Values == ValuesClause<_, table>`
[INFO] [stdout]   --> src/models.rs:28:10
[INFO] [stdout]    |
[INFO] [stdout] 28 | #[derive(Insertable, Deserialize)]
[INFO] [stdout]    |          ^^^^^^^^^^
[INFO] [stdout]    |          |
[INFO] [stdout]    |          types differ
[INFO] [stdout]    |          type mismatch resolving `<&_ as Insertable<table>>::Values == ValuesClause<_, table>`
[INFO] [stdout]    |
[INFO] [stdout]    = note: the full name for the type has been written to '/opt/rustwide/target/debug/build/chat-backend/bbd76ec9f25a4ef7/out/chat_backend-bbd76ec9f25a4ef7.long-type-4517707653359390234.txt'
[INFO] [stdout]    = note: consider using `--verbose` to print the full type name to the console
[INFO] [stdout]    = note: this error originates in the derive macro `Insertable` (in Nightly builds, run with -Z macro-backtrace for more info)
[INFO] [stdout] 
[INFO] [stdout] 
[INFO] [stdout] error[E0276]: impl has stricter requirements than trait
[INFO] [stdout]   --> src/models.rs:28:10
[INFO] [stdout]    |
[INFO] [stdout] 28 | #[derive(Insertable, Deserialize)]
[INFO] [stdout]    |          ^^^^^^^^^^ impl has extra requirement `<(std::option::Option<diesel::expression::grouped::Grouped<diesel::expression::operators::Eq<messages::columns::id, <&'insert uuid::Uuid as AsExpression<diesel::sql_types::Uuid>>::Expression>>>, std::option::Option<diesel::expression::grouped::Grouped<diesel::expression::operators::Eq<messages::columns::sender_id, <&'insert uuid::Uuid as AsExpression<diesel::sql_types::Uuid>>::Expression>>>, std::option::Option<diesel::expression::grouped::Grouped<diesel::expression::operators::Eq<messages::columns::content, diesel::internal::derives::as_expression::Bound<diesel::sql_types::Text, &'insert String>>>>) as diesel::Insertable<messages::table>>::Values well-formed`
[INFO] [stdout]    |
[INFO] [stdout]    = note: this error originates in the derive macro `Insertable` (in Nightly builds, run with -Z macro-backtrace for more info)
[INFO] [stdout] 
[INFO] [stdout] 
[INFO] [stdout] Some errors have detailed explanations: E0271, E0276, E0277, E0432.
[INFO] [stdout] 
[INFO] [stdout] For more information about an error, try `rustc --explain E0271`.
[INFO] [stdout] 
[INFO] [stdout] Some errors have detailed explanations: E0271, E0276, E0277, E0432.
[INFO] [stdout] 
[INFO] [stdout] For more information about an error, try `rustc --explain E0271`.
[INFO] [stdout] 
[INFO] [stderr] error: could not compile `chat-backend` (bin "chat-backend") due to 18 previous errors
[INFO] [stderr] warning: build failed, waiting for other jobs to finish...
[INFO] [stderr] error: could not compile `chat-backend` (bin "chat-backend" test) due to 18 previous errors
[INFO] running `Command { std: "docker" "inspect" "0af79a089b6da1116631ebb35a71b5a5182f071afff5f650d8a7cd711d2ba7ac", kill_on_drop: false }`
[INFO] running `Command { std: "docker" "rm" "-f" "0af79a089b6da1116631ebb35a71b5a5182f071afff5f650d8a7cd711d2ba7ac", kill_on_drop: false }`
[INFO] [stdout] 0af79a089b6da1116631ebb35a71b5a5182f071afff5f650d8a7cd711d2ba7ac
