[INFO] cloning repository https://github.com/Kianoush-Dortaj/substrate_dex
[INFO] running `Command { std: "git" "-c" "credential.helper=" "-c" "credential.helper=/workspace/cargo-home/bin/git-credential-null" "clone" "--bare" "https://github.com/Kianoush-Dortaj/substrate_dex" "/workspace/cache/git-repos/https%3A%2F%2Fgithub.com%2FKianoush-Dortaj%2Fsubstrate_dex", kill_on_drop: false }`
[INFO] [stderr] Cloning into bare repository '/workspace/cache/git-repos/https%3A%2F%2Fgithub.com%2FKianoush-Dortaj%2Fsubstrate_dex'...
[INFO] running `Command { std: "git" "rev-parse" "HEAD", kill_on_drop: false }`
[INFO] [stdout] ab6a2313747cf70754377bd30b6f231ef3063740
[INFO] checking Kianoush-Dortaj/substrate_dex/ab6a2313747cf70754377bd30b6f231ef3063740 against c999cef531ea9059e189e82fe0e82c5daf249bc9 for pr-160904
[INFO] running `Command { std: "git" "clone" "/workspace/cache/git-repos/https%3A%2F%2Fgithub.com%2FKianoush-Dortaj%2Fsubstrate_dex" "/workspace/builds/worker-7-tc1/source", kill_on_drop: false }`
[INFO] [stderr] Cloning into '/workspace/builds/worker-7-tc1/source'...
[INFO] [stderr] done.
[INFO] [stderr] Updating files:  69% (3419/4935)
Updating files:  70% (3455/4935)
Updating files:  71% (3504/4935)
Updating files:  72% (3554/4935)
Updating files:  73% (3603/4935)
Updating files:  74% (3652/4935)
Updating files:  75% (3702/4935)
Updating files:  76% (3751/4935)
Updating files:  77% (3800/4935)
Updating files:  78% (3850/4935)
Updating files:  79% (3899/4935)
Updating files:  80% (3948/4935)
Updating files:  81% (3998/4935)
Updating files:  82% (4047/4935)
Updating files:  83% (4097/4935)
Updating files:  84% (4146/4935)
Updating files:  85% (4195/4935)
Updating files:  86% (4245/4935)
Updating files:  86% (4280/4935)
Updating files:  87% (4294/4935)
Updating files:  88% (4343/4935)
Updating files:  89% (4393/4935)
Updating files:  90% (4442/4935)
Updating files:  91% (4491/4935)
Updating files:  91% (4525/4935)
Updating files:  92% (4541/4935)
Updating files:  93% (4590/4935)
Updating files:  94% (4639/4935)
Updating files:  94% (4647/4935)
Updating files:  95% (4689/4935)
Updating files:  96% (4738/4935)
Updating files:  97% (4787/4935)
Updating files:  98% (4837/4935)
Updating files:  99% (4886/4935)
Updating files: 100% (4935/4935)
Updating files: 100% (4935/4935), done.
[INFO] started tweaking git repo https://github.com/Kianoush-Dortaj/substrate_dex
[INFO] finished tweaking git repo https://github.com/Kianoush-Dortaj/substrate_dex
[INFO] tweaked toml for git repo https://github.com/Kianoush-Dortaj/substrate_dex written to /workspace/builds/worker-7-tc1/source/Cargo.toml
[INFO] validating manifest of git repo https://github.com/Kianoush-Dortaj/substrate_dex on toolchain c999cef531ea9059e189e82fe0e82c5daf249bc9
[INFO] running `Command { std: CARGO_HOME="/workspace/cargo-home" RUSTUP_HOME="/workspace/rustup-home" "/workspace/cargo-home/bin/cargo" "+c999cef531ea9059e189e82fe0e82c5daf249bc9" "metadata" "--manifest-path" "Cargo.toml" "--no-deps", kill_on_drop: false }`
[INFO] crate git repo https://github.com/Kianoush-Dortaj/substrate_dex already has a lockfile, it will not be regenerated
[INFO] running `Command { std: CARGO_HOME="/workspace/cargo-home" RUSTUP_HOME="/workspace/rustup-home" "/workspace/cargo-home/bin/cargo" "+c999cef531ea9059e189e82fe0e82c5daf249bc9" "fetch" "--manifest-path" "Cargo.toml", kill_on_drop: false }`
[INFO] [stderr] warning: unused build dependency `prost-build`
[INFO] [stderr]   --> client/network/common/Cargo.toml:16:1
[INFO] [stderr]    |
[INFO] [stderr] 16 | prost-build = "0.11"
[INFO] [stderr]    | ^^^^^^^^^^^^^^^^^^^^
[INFO] [stderr]    |
[INFO] [stderr]    = note: `cargo::unused_dependencies` is set to `warn` by default
[INFO] [stderr] help: consider removing the dependency on `prost-build`
[INFO] [stderr] warning: `sc-network-common` (manifest) generated 1 warning
[INFO] [stderr]     Updating crates.io index
[INFO] [stderr]  Downloading crates ...
[INFO] [stderr]   Downloaded wasm-opt-cxx-sys v0.111.0
[INFO] [stderr]   Downloaded rustix v0.37.11
[INFO] [stderr]   Downloaded trie-db v0.24.0
[INFO] [stderr]   Downloaded trie-standardmap v0.15.2
[INFO] [stderr]   Downloaded keccak-hasher v0.15.3
[INFO] [stderr]   Downloaded memory-db v0.31.0
[INFO] [stderr]   Downloaded trie-bench v0.34.0
[INFO] [stderr]   Downloaded wasm-opt v0.111.0
[INFO] [stderr]   Downloaded linux-raw-sys v0.3.1
[INFO] [stderr]   Downloaded wasm-opt-sys v0.111.0
[INFO] [stderr]   Downloaded cpufeatures v0.2.6
[INFO] [stderr]   Downloaded ss58-registry v1.39.0
[INFO] [stderr]   Downloaded ref-cast v1.0.16
[INFO] [stderr]   Downloaded ref-cast-impl v1.0.16
[INFO] [stderr]   Downloaded trybuild v1.0.80
[INFO] [stderr]   Downloaded dissimilar v1.0.6
[INFO] [stderr]   Downloaded basic-toml v0.1.2
[INFO] [stderr]   Downloaded wasmtime-jit-debug v5.0.1
[INFO] [stderr]   Downloaded object v0.29.0
[INFO] [stderr]   Downloaded wasmtime v5.0.1
[INFO] [stderr]   Downloaded wasmtime-runtime v5.0.1
[INFO] [stderr]   Downloaded rustix v0.36.12
[INFO] [stderr]   Downloaded wasmtime-types v5.0.1
[INFO] [stderr]   Downloaded wasmtime-jit-icache-coherence v5.0.1
[INFO] [stderr]   Downloaded cranelift-entity v0.92.1
[INFO] [stderr]   Downloaded target-lexicon v0.12.6
[INFO] [stderr]   Downloaded wasmtime-asm-macros v5.0.1
[INFO] [stderr]   Downloaded memfd v0.6.3
[INFO] [stderr]   Downloaded wasmtime-jit v5.0.1
[INFO] [stderr]   Downloaded wasmtime-cranelift v5.0.1
[INFO] [stderr]   Downloaded cranelift-wasm v0.92.1
[INFO] [stderr]   Downloaded slice-group-by v0.3.0
[INFO] [stderr]   Downloaded wasmtime-cache v5.0.1
[INFO] [stderr]   Downloaded wasmtime-environ v5.0.1
[INFO] [stderr]   Downloaded cranelift-codegen-shared v0.92.1
[INFO] [stderr]   Downloaded wasmparser v0.96.0
[INFO] [stderr]   Downloaded cranelift-isle v0.92.1
[INFO] [stderr]   Downloaded cranelift-codegen-meta v0.92.1
[INFO] [stderr]   Downloaded cranelift-bforest v0.92.1
[INFO] [stderr]   Downloaded cranelift-native v0.92.1
[INFO] [stderr]   Downloaded wasmi-validation v0.5.0
[INFO] [stderr]   Downloaded cranelift-frontend v0.92.1
[INFO] [stderr]   Downloaded wasmi v0.13.2
[INFO] [stderr]   Downloaded wasmi_core v0.2.1
[INFO] [stderr]   Downloaded cranelift-codegen v0.92.1
[INFO] [stderr]   Downloaded array-bytes v4.2.0
[INFO] [stderr]   Downloaded secp256k1 v0.24.3
[INFO] [stderr]   Downloaded libsecp256k1 v0.7.1
[INFO] [stderr]   Downloaded secp256k1-sys v0.6.1
[INFO] [stderr]   Downloaded ckb-merkle-mountain-range v0.5.2
[INFO] [stderr]   Downloaded dyn-clone v1.0.11
[INFO] [stderr]   Downloaded bounded-collections v0.1.5
[INFO] [stderr]   Downloaded finality-grandpa v0.16.2
[INFO] [stderr]   Downloaded prometheus v0.13.3
[INFO] [stderr]   Downloaded h2 v0.3.17
[INFO] [stderr]   Downloaded static_init_macro v1.0.2
[INFO] [stderr]   Downloaded lru v0.8.1
[INFO] [stderr]   Downloaded wast v56.0.0
[INFO] [stderr]   Downloaded wasm-encoder v0.25.0
[INFO] [stderr]   Downloaded jsonrpsee v0.16.2
[INFO] [stderr]   Downloaded jsonrpsee-ws-client v0.16.2
[INFO] [stderr]   Downloaded wat v1.0.62
[INFO] [stderr]   Downloaded tower-http v0.3.5
[INFO] [stderr]   Downloaded jsonrpsee-types v0.16.2
[INFO] [stderr]   Downloaded jsonrpsee-core v0.16.2
[INFO] [stderr]   Downloaded jsonrpsee-client-transport v0.16.2
[INFO] [stderr]   Downloaded libz-sys v1.1.8
[INFO] [stderr]   Downloaded jsonrpsee-proc-macros v0.16.2
[INFO] [stderr]   Downloaded wasm-instrument v0.3.0
[INFO] [stderr]   Downloaded jsonrpsee-server v0.16.2
[INFO] [stderr]   Downloaded multiaddr v0.16.0
[INFO] [stderr]   Downloaded libp2p v0.50.1
[INFO] [stderr]   Downloaded asynchronous-codec v0.6.1
[INFO] [stderr]   Downloaded multihash v0.16.3
[INFO] [stderr]   Downloaded blake2b_simd v1.0.1
[INFO] [stderr]   Downloaded blake2s_simd v1.0.1
[INFO] [stderr]   Downloaded yamux v0.10.2
[INFO] [stderr]   Downloaded libp2p-core v0.38.0
[INFO] [stderr]   Downloaded libp2p-yamux v0.42.0
[INFO] [stderr]   Downloaded rw-stream-sink v0.3.0
[INFO] [stderr]   Downloaded asn1_der v0.7.6
[INFO] [stderr]   Downloaded libp2p-websocket v0.40.0
[INFO] [stderr]   Downloaded futures-rustls v0.22.2
[INFO] [stderr]   Downloaded multistream-select v0.12.1
[INFO] [stderr]   Downloaded webrtc-util v0.7.0
[INFO] [stderr]   Downloaded webrtc-srtp v0.9.1
[INFO] [stderr]   Downloaded libp2p-webrtc v0.4.0-alpha
[INFO] [stderr]   Downloaded rtp v0.6.8
[INFO] [stderr]   Downloaded webrtc v0.6.0
[INFO] [stderr]   Downloaded rtcp v0.7.2
[INFO] [stderr]   Downloaded webrtc-sctp v0.7.0
[INFO] [stderr]   Downloaded crc-catalog v2.2.0
[INFO] [stderr]   Downloaded arc-swap v1.6.0
[INFO] [stderr]   Downloaded webrtc-media v0.5.0
[INFO] [stderr]   Downloaded derive_builder v0.11.2
[INFO] [stderr]   Downloaded derive_builder_macro v0.11.2
[INFO] [stderr]   Downloaded waitgroup v0.1.2
[INFO] [stderr]   Downloaded derive_builder_core v0.11.2
[INFO] [stderr]   Downloaded webrtc-mdns v0.5.2
[INFO] [stderr]   Downloaded stun v0.4.4
[INFO] [stderr]   Downloaded webrtc-dtls v0.7.1
[INFO] [stderr]   Downloaded uuid v1.3.1
[INFO] [stderr]   Downloaded webrtc-ice v0.9.1
[INFO] [stderr]   Downloaded atomic-waker v1.1.1
[INFO] [stderr]   Downloaded oid-registry v0.4.0
[INFO] [stderr]   Downloaded turn v0.6.1
[INFO] [stderr]   Downloaded x509-parser v0.13.2
[INFO] [stderr]   Downloaded time-macros v0.2.8
[INFO] [stderr]   Downloaded asn1-rs-derive v0.1.0
[INFO] [stderr]   Downloaded der-parser v7.0.0
[INFO] [stderr]   Downloaded asn1-rs v0.3.1
[INFO] [stderr]   Downloaded x25519-dalek v2.0.0-pre.1
[INFO] [stderr]   Downloaded p384 v0.11.2
[INFO] [stderr]   Downloaded ccm v0.3.0
[INFO] [stderr]   Downloaded block-modes v0.7.0
[INFO] [stderr]   Downloaded substring v1.4.5
[INFO] [stderr]   Downloaded prost-codec v0.3.0
[INFO] [stderr]   Downloaded webrtc-data v0.6.0
[INFO] [stderr]   Downloaded sdp v0.5.3
[INFO] [stderr]   Downloaded libp2p-noise v0.41.0
[INFO] [stderr]   Downloaded platforms v3.0.2
[INFO] [stderr]   Downloaded interceptor v0.8.2
[INFO] [stderr]   Downloaded packed_simd_2 v0.3.8
[INFO] [stderr]   Downloaded netlink-sys v0.8.5
[INFO] [stderr]   Downloaded chacha20poly1305 v0.9.1
[INFO] [stderr]   Downloaded system-configuration v0.5.0
[INFO] [stderr]   Downloaded chacha20 v0.8.2
[INFO] [stderr]   Downloaded if-watch v3.0.1
[INFO] [stderr]   Downloaded rtnetlink v0.10.1
[INFO] [stderr]   Downloaded netlink-proto v0.10.0
[INFO] [stderr]   Downloaded netlink-packet-core v0.4.2
[INFO] [stderr]   Downloaded if-addrs v0.7.0
[INFO] [stderr]   Downloaded libp2p-wasm-ext v0.38.0
[INFO] [stderr]   Downloaded libp2p-swarm-derive v0.31.0
[INFO] [stderr]   Downloaded libp2p-tcp v0.38.0
[INFO] [stderr]   Downloaded libp2p-tls v0.1.0
[INFO] [stderr]   Downloaded libp2p-ping v0.41.0
[INFO] [stderr]   Downloaded prometheus-client-derive-text-encode v0.3.0
[INFO] [stderr]   Downloaded polling v2.7.0
[INFO] [stderr]   Downloaded libp2p-request-response v0.23.0
[INFO] [stderr]   Downloaded libp2p-quic v0.7.0-alpha
[INFO] [stderr]   Downloaded libp2p-identity v0.1.1
[INFO] [stderr]   Downloaded libp2p-mplex v0.38.0
[INFO] [stderr]   Downloaded libp2p-metrics v0.11.0
[INFO] [stderr]   Downloaded dtoa v1.0.6
[INFO] [stderr]   Downloaded enum-as-inner v0.5.1
[INFO] [stderr]   Downloaded libp2p-dns v0.38.0
[INFO] [stderr]   Downloaded netlink-packet-route v0.12.0
[INFO] [stderr]   Downloaded libp2p-core v0.39.1
[INFO] [stderr]   Downloaded libp2p-identify v0.41.1
[INFO] [stderr]   Downloaded libp2p-mdns v0.42.0
[INFO] [stderr]   Downloaded libp2p-swarm v0.41.1
[INFO] [stderr]   Downloaded prometheus-client v0.18.1
[INFO] [stderr]   Downloaded trust-dns-resolver v0.22.0
[INFO] [stderr]   Downloaded libp2p-kad v0.42.1
[INFO] [stderr]   Downloaded quinn-proto v0.9.3
[INFO] [stderr]   Downloaded kvdb-rocksdb v0.17.0
[INFO] [stderr]   Downloaded parity-db v0.4.6
[INFO] [stderr]   Downloaded curve25519-dalek v4.0.0-rc.1
[INFO] [stderr]   Downloaded trust-dns-proto v0.22.0
[INFO] [stderr]   Downloaded rocksdb v0.19.0
[INFO] [stderr]   Downloaded fiat-crypto v0.1.20
[INFO] [stderr]   Downloaded windows_x86_64_msvc v0.34.0
[INFO] [stderr]   Downloaded snow v0.9.2
[INFO] [stderr]   Downloaded windows_i686_msvc v0.34.0
[INFO] [stderr]   Downloaded windows_i686_gnu v0.34.0
[INFO] [stderr]   Downloaded windows_aarch64_msvc v0.34.0
[INFO] [stderr]   Downloaded windows_x86_64_gnu v0.34.0
[INFO] [stderr]   Downloaded tikv-jemalloc-sys v0.5.3+5.3.0-patched
[INFO] [stderr]   Downloaded anstream v0.3.0
[INFO] [stderr]   Downloaded anstyle-wincon v1.0.0
[INFO] [stderr]   Downloaded cid v0.8.6
[INFO] [stderr]   Downloaded linregress v0.5.1
[INFO] [stderr]   Downloaded wide v0.7.8
[INFO] [stderr]   Downloaded frame-metadata v15.1.0
[INFO] [stderr]   Downloaded nalgebra-macros v0.2.0
[INFO] [stderr]   Downloaded enumflags2 v0.7.7
[INFO] [stderr]   Downloaded enumflags2_derive v0.7.7
[INFO] [stderr]   Downloaded nalgebra v0.32.2
[INFO] [stderr]   Downloaded wasmi_arena v0.1.0
[INFO] [stderr]   Downloaded wasmparser-nostd v0.91.0
[INFO] [stderr]   Downloaded wasmi v0.20.0
[INFO] [stderr]   Downloaded wasmi_core v0.5.0
[INFO] [stderr]   Downloaded git2 v0.16.1
[INFO] [stderr]   Downloaded lite-json v0.2.0
[INFO] [stderr]   Downloaded lite-parser v0.2.0
[INFO] [stderr]   Downloaded names v0.13.0
[INFO] [stderr]   Downloaded arbitrary v1.3.0
[INFO] [stderr]   Downloaded librocksdb-sys v0.8.3+7.4.4
[INFO] [stderr]   Downloaded pest_derive v2.5.7
[INFO] [stderr]   Downloaded pest_generator v2.5.7
[INFO] [stderr]   Downloaded pest_meta v2.5.7
[INFO] [stderr]   Downloaded handlebars v4.3.6
[INFO] [stderr]   Downloaded pest v2.5.7
[INFO] [stderr]   Downloaded clap_complete v4.2.0
[INFO] [stderr]   Downloaded comfy-table v6.1.4
[INFO] [stderr]   Downloaded predicates v3.0.3
[INFO] [stderr]   Downloaded assert_cmd v2.0.11
[INFO] [stderr]   Downloaded libgit2-sys v0.14.2+1.5.1
[INFO] [stderr]   Downloaded windows v0.34.0
[INFO] [stderr]   Downloaded honggfuzz v0.5.55
[INFO] running `Command { std: "docker" "create" "-v" "/var/lib/crater-agent-workspace/builds/worker-7-tc1/source:/opt/rustwide/workdir:ro,Z" "-v" "/var/lib/crater-agent-workspace/builds/worker-7-tc1/target:/opt/rustwide/target:rw,Z" "-v" "/var/lib/crater-agent-workspace/cargo-home:/opt/rustwide/cargo-home:ro,Z" "-v" "/var/lib/crater-agent-workspace/rustup-home:/opt/rustwide/rustup-home:ro,Z" "-m" "1610612736" "--network" "none" "ghcr.io/rust-lang/crates-build-env/linux@sha256:3111399a4047eeb3a02b7a90e478d715f38a8c6669b5c4b49d30a17385265909" "sleep" "infinity", kill_on_drop: false }`
[INFO] [stdout] e53da62dedac5fb73dca63eb3d7f9c3839994092fc24b8c0dbcedc666c008ee6
[INFO] running `Command { std: "docker" "start" "e53da62dedac5fb73dca63eb3d7f9c3839994092fc24b8c0dbcedc666c008ee6", kill_on_drop: false }`
[INFO] running `Command { std: "docker" "inspect" "e53da62dedac5fb73dca63eb3d7f9c3839994092fc24b8c0dbcedc666c008ee6", kill_on_drop: false }`
[INFO] running `Command { std: "docker" "exec" "-e" "SOURCE_DIR=/opt/rustwide/workdir" "-e" "CARGO_HOME=/opt/rustwide/cargo-home" "-e" "RUSTUP_HOME=/opt/rustwide/rustup-home" "-e" "CARGO_TARGET_DIR=/opt/rustwide/target" "-w" "/opt/rustwide/workdir" "--user" "0:0" "e53da62dedac5fb73dca63eb3d7f9c3839994092fc24b8c0dbcedc666c008ee6" "/opt/rustwide/cargo-home/bin/cargo" "+c999cef531ea9059e189e82fe0e82c5daf249bc9" "metadata" "--no-deps" "--format-version=1", kill_on_drop: false }`
[INFO] running `Command { std: "docker" "inspect" "e53da62dedac5fb73dca63eb3d7f9c3839994092fc24b8c0dbcedc666c008ee6", kill_on_drop: false }`
[INFO] running `Command { std: "docker" "exec" "-e" "SOURCE_DIR=/opt/rustwide/workdir" "-e" "CARGO_HOME=/opt/rustwide/cargo-home" "-e" "RUSTUP_HOME=/opt/rustwide/rustup-home" "-e" "CARGO_TARGET_DIR=/opt/rustwide/target" "-e" "CARGO_INCREMENTAL=0" "-e" "RUST_BACKTRACE=full" "-e" "RUSTFLAGS=--cap-lints=forbid" "-e" "RUSTDOCFLAGS=--cap-lints=forbid" "-w" "/opt/rustwide/workdir" "--user" "0:0" "e53da62dedac5fb73dca63eb3d7f9c3839994092fc24b8c0dbcedc666c008ee6" "/opt/rustwide/cargo-home/bin/cargo" "+c999cef531ea9059e189e82fe0e82c5daf249bc9" "check" "--frozen" "--all" "--all-targets" "--message-format=json", kill_on_drop: false }`
[INFO] [stderr] warning: unused build dependency `prost-build`
[INFO] [stderr]   --> client/network/common/Cargo.toml:16:1
[INFO] [stderr]    |
[INFO] [stderr] 16 | prost-build = "0.11"
[INFO] [stderr]    | ^^^^^^^^^^^^^^^^^^^^
[INFO] [stderr]    |
[INFO] [stderr]    = note: `cargo::unused_dependencies` is set to `warn` by default
[INFO] [stderr] help: consider removing the dependency on `prost-build`
[INFO] [stderr] warning: `sc-network-common` (manifest) generated 1 warning
[INFO] [stderr]    Compiling libc v0.2.141
[INFO] [stderr]    Compiling proc-macro2 v1.0.56
[INFO] [stderr]    Compiling syn v1.0.109
[INFO] [stderr]    Compiling serde_derive v1.0.160
[INFO] [stderr]    Compiling serde v1.0.160
[INFO] [stderr]    Compiling thiserror v1.0.40
[INFO] [stderr]    Compiling anyhow v1.0.70
[INFO] [stderr]    Compiling quote v1.0.26
[INFO] [stderr]    Compiling futures-core v0.3.28
[INFO] [stderr]    Compiling indexmap v1.9.3
[INFO] [stderr]    Compiling memchr v2.5.0
[INFO] [stderr]    Compiling regex-syntax v0.6.29
[INFO] [stderr]    Compiling slab v0.4.8
[INFO] [stderr]    Compiling futures-task v0.3.28
[INFO] [stderr]    Compiling futures-channel v0.3.28
[INFO] [stderr]    Compiling io-lifetimes v1.0.10
[INFO] [stderr]    Compiling futures-util v0.3.28
[INFO] [stderr]    Compiling rustix v0.37.11
[INFO] [stderr]    Compiling parking_lot_core v0.9.7
[INFO] [stderr]    Compiling libm v0.2.6
[INFO] [stderr]    Compiling generic-array v0.14.7
[INFO] [stderr]    Compiling subtle v2.4.1
[INFO] [stderr]    Compiling serde_json v1.0.96
[INFO] [stderr]    Compiling crc32fast v1.3.2
[INFO] [stderr]    Compiling paste v1.0.12
[INFO] [stdout] error[E0422]: cannot find struct, variant or union type `LineColumn` in crate `proc_macro`
[INFO] [stdout]    --> /opt/rustwide/cargo-home/registry/src/index.crates.io-1949cf8c6b5b557f/proc-macro2-1.0.56/src/wrapper.rs:475:33
[INFO] [stdout]     |
[INFO] [stdout] 475 |                 let proc_macro::LineColumn { line, column } = s.start();
[INFO] [stdout]     |                                 ^^^^^^^^^^ not found in `proc_macro`
[INFO] [stdout]     |
[INFO] [stdout] help: consider importing this struct through its public re-export
[INFO] [stdout]     |
[INFO] [stdout]   1 + use crate::LineColumn;
[INFO] [stdout]     |
[INFO] [stdout] help: if you import `LineColumn`, refer to it directly
[INFO] [stdout]     |
[INFO] [stdout] 475 -                 let proc_macro::LineColumn { line, column } = s.start();
[INFO] [stdout] 475 +                 let LineColumn { line, column } = s.start();
[INFO] [stdout]     |
[INFO] [stdout] 
[INFO] [stdout] 
[INFO] [stderr]    Compiling crunchy v0.2.2
[INFO] [stdout] error[E0422]: cannot find struct, variant or union type `LineColumn` in crate `proc_macro`
[INFO] [stdout]    --> /opt/rustwide/cargo-home/registry/src/index.crates.io-1949cf8c6b5b557f/proc-macro2-1.0.56/src/wrapper.rs:489:33
[INFO] [stdout]     |
[INFO] [stdout] 489 |                 let proc_macro::LineColumn { line, column } = s.end();
[INFO] [stdout]     |                                 ^^^^^^^^^^ not found in `proc_macro`
[INFO] [stdout]     |
[INFO] [stdout] help: consider importing this struct through its public re-export
[INFO] [stdout]     |
[INFO] [stdout]   1 + use crate::LineColumn;
[INFO] [stdout]     |
[INFO] [stdout] help: if you import `LineColumn`, refer to it directly
[INFO] [stdout]     |
[INFO] [stdout] 489 -                 let proc_macro::LineColumn { line, column } = s.end();
[INFO] [stdout] 489 +                 let LineColumn { line, column } = s.end();
[INFO] [stdout]     |
[INFO] [stdout] 
[INFO] [stdout] 
[INFO] [stdout] error[E0635]: unknown feature `proc_macro_span_shrink`
[INFO] [stdout]   --> /opt/rustwide/cargo-home/registry/src/index.crates.io-1949cf8c6b5b557f/proc-macro2-1.0.56/src/lib.rs:92:30
[INFO] [stdout]    |
[INFO] [stdout] 92 |     feature(proc_macro_span, proc_macro_span_shrink)
[INFO] [stdout]    |                              ^^^^^^^^^^^^^^^^^^^^^^
[INFO] [stdout]    |
[INFO] [stdout] help: there is a feature with a similar name: `proc_macro_span_file`
[INFO] [stdout]    |
[INFO] [stdout] 92 -     feature(proc_macro_span, proc_macro_span_shrink)
[INFO] [stdout] 92 +     feature(proc_macro_span, proc_macro_span_file)
[INFO] [stdout]    |
[INFO] [stdout] 
[INFO] [stdout] 
[INFO] [stderr]    Compiling itoa v1.0.6
[INFO] [stderr]    Compiling zstd-safe v5.0.2+zstd.1.5.2
[INFO] [stderr]     Checking once_cell v1.17.1
[INFO] [stderr]    Compiling ryu v1.0.13
[INFO] [stderr]     Checking bytes v1.4.0
[INFO] [stdout] Some errors have detailed explanations: E0422, E0635.
[INFO] [stdout] 
[INFO] [stdout] For more information about an error, try `rustc --explain E0422`.
[INFO] [stdout] 
[INFO] [stderr] error: could not compile `proc-macro2` (lib) due to 3 previous errors
[INFO] [stderr] warning: build failed, waiting for other jobs to finish...
[INFO] running `Command { std: "docker" "inspect" "e53da62dedac5fb73dca63eb3d7f9c3839994092fc24b8c0dbcedc666c008ee6", kill_on_drop: false }`
[INFO] running `Command { std: "docker" "rm" "-f" "e53da62dedac5fb73dca63eb3d7f9c3839994092fc24b8c0dbcedc666c008ee6", kill_on_drop: false }`
[INFO] [stdout] e53da62dedac5fb73dca63eb3d7f9c3839994092fc24b8c0dbcedc666c008ee6
