[INFO] cloning repository https://github.com/HomelikeBrick42/OpenGL-Rust
[INFO] running `Command { std: "git" "-c" "credential.helper=" "-c" "credential.helper=/workspace/cargo-home/bin/git-credential-null" "clone" "--bare" "https://github.com/HomelikeBrick42/OpenGL-Rust" "/workspace/cache/git-repos/https%3A%2F%2Fgithub.com%2FHomelikeBrick42%2FOpenGL-Rust", kill_on_drop: false }`
[INFO] [stderr] Cloning into bare repository '/workspace/cache/git-repos/https%3A%2F%2Fgithub.com%2FHomelikeBrick42%2FOpenGL-Rust'...
[INFO] running `Command { std: "git" "rev-parse" "HEAD", kill_on_drop: false }`
[INFO] [stdout] cf64269cb2687c89af22b614996d3f1ff6b0fed6
[INFO] checking HomelikeBrick42/OpenGL-Rust against f4dd856795debe636f2ba39a900f162f5abeb7e8 for pr-160904
[INFO] running `Command { std: "git" "clone" "/workspace/cache/git-repos/https%3A%2F%2Fgithub.com%2FHomelikeBrick42%2FOpenGL-Rust" "/workspace/builds/worker-4-tc2/source", kill_on_drop: false }`
[INFO] [stderr] Cloning into '/workspace/builds/worker-4-tc2/source'...
[INFO] [stderr] done.
[INFO] started tweaking git repo https://github.com/HomelikeBrick42/OpenGL-Rust
[INFO] finished tweaking git repo https://github.com/HomelikeBrick42/OpenGL-Rust
[INFO] tweaked toml for git repo https://github.com/HomelikeBrick42/OpenGL-Rust written to /workspace/builds/worker-4-tc2/source/Cargo.toml
[INFO] validating manifest of git repo https://github.com/HomelikeBrick42/OpenGL-Rust on toolchain f4dd856795debe636f2ba39a900f162f5abeb7e8
[INFO] running `Command { std: CARGO_HOME="/workspace/cargo-home" RUSTUP_HOME="/workspace/rustup-home" "/workspace/cargo-home/bin/cargo" "+f4dd856795debe636f2ba39a900f162f5abeb7e8" "metadata" "--manifest-path" "Cargo.toml" "--no-deps", kill_on_drop: false }`
[INFO] crate git repo https://github.com/HomelikeBrick42/OpenGL-Rust already has a lockfile, it will not be regenerated
[INFO] running `Command { std: CARGO_HOME="/workspace/cargo-home" RUSTUP_HOME="/workspace/rustup-home" "/workspace/cargo-home/bin/cargo" "+f4dd856795debe636f2ba39a900f162f5abeb7e8" "fetch" "--manifest-path" "Cargo.toml", kill_on_drop: false }`
[INFO] [stderr]     Blocking waiting for file lock on package cache
[INFO] [stderr]     Blocking waiting for file lock on package cache
[INFO] [stderr]  Downloading crates ...
[INFO] [stderr]   Downloaded num-bigint v0.4.0
[INFO] [stderr]   Downloaded cc v1.0.69
[INFO] [stderr]   Downloaded glfw v0.41.0
[INFO] [stderr]   Downloaded glfw-sys v3.3.4
[INFO] running `Command { std: "docker" "create" "-v" "/var/lib/crater-agent-workspace/builds/worker-4-tc2/source:/opt/rustwide/workdir:ro,Z" "-v" "/var/lib/crater-agent-workspace/builds/worker-4-tc2/target:/opt/rustwide/target:rw,Z" "-v" "/var/lib/crater-agent-workspace/cargo-home:/opt/rustwide/cargo-home:ro,Z" "-v" "/var/lib/crater-agent-workspace/rustup-home:/opt/rustwide/rustup-home:ro,Z" "-m" "1610612736" "--network" "none" "ghcr.io/rust-lang/crates-build-env/linux@sha256:3111399a4047eeb3a02b7a90e478d715f38a8c6669b5c4b49d30a17385265909" "sleep" "infinity", kill_on_drop: false }`
[INFO] [stdout] 27909302e7108a5cb87cf2d6ecaf26eb2bcebff24ada09dbe0dc22be5d30815c
[INFO] running `Command { std: "docker" "start" "27909302e7108a5cb87cf2d6ecaf26eb2bcebff24ada09dbe0dc22be5d30815c", kill_on_drop: false }`
[INFO] running `Command { std: "docker" "inspect" "27909302e7108a5cb87cf2d6ecaf26eb2bcebff24ada09dbe0dc22be5d30815c", kill_on_drop: false }`
[INFO] running `Command { std: "docker" "exec" "-e" "SOURCE_DIR=/opt/rustwide/workdir" "-e" "CARGO_HOME=/opt/rustwide/cargo-home" "-e" "RUSTUP_HOME=/opt/rustwide/rustup-home" "-e" "CARGO_TARGET_DIR=/opt/rustwide/target" "-w" "/opt/rustwide/workdir" "--user" "0:0" "27909302e7108a5cb87cf2d6ecaf26eb2bcebff24ada09dbe0dc22be5d30815c" "/opt/rustwide/cargo-home/bin/cargo" "+f4dd856795debe636f2ba39a900f162f5abeb7e8" "metadata" "--no-deps" "--format-version=1", kill_on_drop: false }`
[INFO] running `Command { std: "docker" "inspect" "27909302e7108a5cb87cf2d6ecaf26eb2bcebff24ada09dbe0dc22be5d30815c", kill_on_drop: false }`
[INFO] running `Command { std: "docker" "exec" "-e" "SOURCE_DIR=/opt/rustwide/workdir" "-e" "CARGO_HOME=/opt/rustwide/cargo-home" "-e" "RUSTUP_HOME=/opt/rustwide/rustup-home" "-e" "CARGO_TARGET_DIR=/opt/rustwide/target" "-e" "CARGO_INCREMENTAL=0" "-e" "RUST_BACKTRACE=full" "-e" "RUSTFLAGS=--cap-lints=forbid" "-e" "RUSTDOCFLAGS=--cap-lints=forbid" "-w" "/opt/rustwide/workdir" "--user" "0:0" "27909302e7108a5cb87cf2d6ecaf26eb2bcebff24ada09dbe0dc22be5d30815c" "/opt/rustwide/cargo-home/bin/cargo" "+f4dd856795debe636f2ba39a900f162f5abeb7e8" "check" "--frozen" "--all" "--all-targets" "--message-format=json", kill_on_drop: false }`
[INFO] [stderr]    Compiling libc v0.2.98
[INFO] [stderr]    Compiling crossbeam-utils v0.8.5
[INFO] [stderr]    Compiling memoffset v0.6.4
[INFO] [stderr]    Compiling crossbeam-epoch v0.9.5
[INFO] [stderr]    Compiling rayon-core v1.9.1
[INFO] [stderr]    Compiling rayon v1.5.1
[INFO] [stderr]    Compiling cc v1.0.69
[INFO] [stderr]    Compiling num-iter v0.1.42
[INFO] [stderr]    Compiling num-bigint v0.4.0
[INFO] [stderr]    Compiling miniz_oxide v0.4.4
[INFO] [stderr]    Compiling log v0.4.14
[INFO] [stderr]    Compiling xml-rs v0.8.3
[INFO] [stderr]    Compiling num-rational v0.4.0
[INFO] [stderr]     Checking weezl v0.1.5
[INFO] [stderr]     Checking semver-parser v0.7.0
[INFO] [stderr]     Checking png v0.16.8
[INFO] [stderr]     Checking num-complex v0.4.0
[INFO] [stderr]     Checking semver v0.9.0
[INFO] [stderr]     Checking bytemuck v1.7.2
[INFO] [stderr]     Checking gif v0.11.2
[INFO] [stderr]     Checking crossbeam-channel v0.5.1
[INFO] [stderr]    Compiling cmake v0.1.45
[INFO] [stderr]    Compiling gl_generator v0.14.0
[INFO] [stderr]     Checking crossbeam-deque v0.8.0
[INFO] [stderr]     Checking num_cpus v1.13.0
[INFO] [stderr]     Checking raw-window-handle v0.3.3
[INFO] [stderr]    Compiling glfw-sys v3.3.4
[INFO] [stderr]    Compiling gl v0.14.0
[INFO] [stderr] error: failed to run custom build command for `glfw-sys v3.3.4`
[INFO] [stderr] note: To improve backtraces for build dependencies, set the CARGO_PROFILE_DEV_BUILD_OVERRIDE_DEBUG=true environment variable to enable debug information generation.
[INFO] [stderr] 
[INFO] [stderr] Caused by:
[INFO] [stderr]   process didn't exit successfully: `/opt/rustwide/target/debug/build/glfw-sys/4180377da3bba0ba/out/build_script_build` (exit status: 101)
[INFO] [stderr]   --- stdout
[INFO] [stderr]   running: cd "/opt/rustwide/target/debug/build/glfw-sys/5cb8db0f4b199977/out/build" && CMAKE_PREFIX_PATH="" "cmake" "/opt/rustwide/cargo-home/registry/src/index.crates.io-1949cf8c6b5b557f/glfw-sys-3.3.4/." "-DGLFW_BUILD_EXAMPLES=OFF" "-DGLFW_BUILD_TESTS=OFF" "-DGLFW_BUILD_DOCS=OFF" "-DCMAKE_INSTALL_LIBDIR=lib" "-DCMAKE_INSTALL_PREFIX=/opt/rustwide/target/debug/build/glfw-sys/5cb8db0f4b199977/out" "-DCMAKE_C_FLAGS= -ffunction-sections -fdata-sections -fPIC -m64" "-DCMAKE_C_COMPILER=/usr/bin/cc" "-DCMAKE_CXX_FLAGS= -ffunction-sections -fdata-sections -fPIC -m64" "-DCMAKE_CXX_COMPILER=/usr/bin/c++" "-DCMAKE_ASM_FLAGS= -ffunction-sections -fdata-sections -fPIC -m64" "-DCMAKE_ASM_COMPILER=/usr/bin/cc" "-DCMAKE_BUILD_TYPE=Debug"
[INFO] [stderr]   -- Configuring incomplete, errors occurred!
[INFO] [stderr] 
[INFO] [stderr]   --- stderr
[INFO] [stderr]   CMake Error at CMakeLists.txt:1 (cmake_minimum_required):
[INFO] [stderr]     Compatibility with CMake < 3.5 has been removed from CMake.
[INFO] [stderr] 
[INFO] [stderr]     Update the VERSION argument <min> value.  Or, use the <min>...<max> syntax
[INFO] [stderr]     to tell CMake that the project requires at least <min> but has been updated
[INFO] [stderr]     to work with policies introduced by <max> or earlier.
[INFO] [stderr] 
[INFO] [stderr]     Or, add -DCMAKE_POLICY_VERSION_MINIMUM=3.5 to try configuring anyway.
[INFO] [stderr] 
[INFO] [stderr] 
[INFO] [stderr] 
[INFO] [stderr]   thread 'main' (571) panicked at /opt/rustwide/cargo-home/registry/src/index.crates.io-1949cf8c6b5b557f/cmake-0.1.45/src/lib.rs:894:5:
[INFO] [stderr] 
[INFO] [stderr]   command did not execute successfully, got: exit status: 1
[INFO] [stderr] 
[INFO] [stderr]   build script failed, must exit now
[INFO] [stderr]   stack backtrace:
[INFO] [stderr]      0:     0x559e9afb1281 - std[18c5f2a687b463a0]::backtrace_rs::backtrace::libunwind::trace
[INFO] [stderr]                                  at /rustc/f4dd856795debe636f2ba39a900f162f5abeb7e8/library/std/src/../../backtrace/src/backtrace/libunwind.rs:117:9
[INFO] [stderr]      1:     0x559e9afb1281 - std[18c5f2a687b463a0]::backtrace_rs::backtrace::trace_unsynchronized::<std[18c5f2a687b463a0]::sys::backtrace::_print_fmt::{closure#1}>
[INFO] [stderr]                                  at /rustc/f4dd856795debe636f2ba39a900f162f5abeb7e8/library/std/src/../../backtrace/src/backtrace/mod.rs:66:14
[INFO] [stderr]      2:     0x559e9afb1281 - std[18c5f2a687b463a0]::sys::backtrace::_print_fmt
[INFO] [stderr]                                  at /rustc/f4dd856795debe636f2ba39a900f162f5abeb7e8/library/std/src/sys/backtrace.rs:74:9
[INFO] [stderr]      3:     0x559e9afb1281 - <<std[18c5f2a687b463a0]::sys::backtrace::BacktraceLock>::print::DisplayBacktrace as core[ee3e5f980a4e04aa]::fmt::Display>::fmt
[INFO] [stderr]                                  at /rustc/f4dd856795debe636f2ba39a900f162f5abeb7e8/library/std/src/sys/backtrace.rs:44:26
[INFO] [stderr]      4:     0x559e9afc59fa - <core[ee3e5f980a4e04aa]::fmt::rt::Argument>::fmt
[INFO] [stderr]                                  at /rustc/f4dd856795debe636f2ba39a900f162f5abeb7e8/library/core/src/fmt/rt.rs:152:76
[INFO] [stderr]      5:     0x559e9afc59fa - core[ee3e5f980a4e04aa]::fmt::write
[INFO] [stderr]      6:     0x559e9afb720c - core[ee3e5f980a4e04aa]::io::write::default_write_fmt::<std[18c5f2a687b463a0]::sys::stdio::unix::Stderr>
[INFO] [stderr]                                  at /rustc/f4dd856795debe636f2ba39a900f162f5abeb7e8/library/core/src/io/write.rs:402:11
[INFO] [stderr]      7:     0x559e9afb720c - <std[18c5f2a687b463a0]::sys::stdio::unix::Stderr as core[ee3e5f980a4e04aa]::io::write::Write>::write_fmt
[INFO] [stderr]                                  at /rustc/f4dd856795debe636f2ba39a900f162f5abeb7e8/library/core/src/io/write.rs:335:13
[INFO] [stderr]      8:     0x559e9af8f9c6 - <std[18c5f2a687b463a0]::sys::backtrace::BacktraceLock>::print
[INFO] [stderr]                                  at /rustc/f4dd856795debe636f2ba39a900f162f5abeb7e8/library/std/src/sys/backtrace.rs:47:9
[INFO] [stderr]      9:     0x559e9af8f9c6 - std[18c5f2a687b463a0]::panicking::default_hook::{closure#0}
[INFO] [stderr]                                  at /rustc/f4dd856795debe636f2ba39a900f162f5abeb7e8/library/std/src/panicking.rs:289:27
[INFO] [stderr]     10:     0x559e9afab891 - std[18c5f2a687b463a0]::panicking::default_hook
[INFO] [stderr]                                  at /rustc/f4dd856795debe636f2ba39a900f162f5abeb7e8/library/std/src/panicking.rs:316:9
[INFO] [stderr]     11:     0x559e9afaba4b - std[18c5f2a687b463a0]::panicking::panic_with_hook
[INFO] [stderr]                                  at /rustc/f4dd856795debe636f2ba39a900f162f5abeb7e8/library/std/src/panicking.rs:811:13
[INFO] [stderr]     12:     0x559e9af8fa72 - std[18c5f2a687b463a0]::panicking::panic_handler::{closure#0}
[INFO] [stderr]                                  at /rustc/f4dd856795debe636f2ba39a900f162f5abeb7e8/library/std/src/panicking.rs:685:13
[INFO] [stderr]     13:     0x559e9af88259 - std[18c5f2a687b463a0]::sys::backtrace::__rust_end_short_backtrace::<std[18c5f2a687b463a0]::panicking::panic_handler::{closure#0}, !>
[INFO] [stderr]                                  at /rustc/f4dd856795debe636f2ba39a900f162f5abeb7e8/library/std/src/sys/backtrace.rs:182:18
[INFO] [stderr]     14:     0x559e9af902ad - __rustc[62f6431ebd7834b7]::rust_begin_unwind
[INFO] [stderr]                                  at /rustc/f4dd856795debe636f2ba39a900f162f5abeb7e8/library/std/src/panicking.rs:676:5
[INFO] [stderr]     15:     0x559e9afc616c - core[ee3e5f980a4e04aa]::panicking::panic_fmt
[INFO] [stderr]                                  at /rustc/f4dd856795debe636f2ba39a900f162f5abeb7e8/library/core/src/panicking.rs:80:14
[INFO] [stderr]     16:     0x559e9af3acd7 - cmake[e4d70e0d33ed6f66]::fail
[INFO] [stderr]     17:     0x559e9af3a991 - cmake[e4d70e0d33ed6f66]::run
[INFO] [stderr]     18:     0x559e9af3ea6d - <cmake[e4d70e0d33ed6f66]::Config>::build
[INFO] [stderr]     19:     0x559e9af37618 - build_script_build[73e793e013a16e9e]::main
[INFO] [stderr]     20:     0x559e9af378db - <fn() as core[ee3e5f980a4e04aa]::ops::function::FnOnce<()>>::call_once
[INFO] [stderr]     21:     0x559e9af374de - std[18c5f2a687b463a0]::sys::backtrace::__rust_begin_short_backtrace::<fn(), ()>
[INFO] [stderr]     22:     0x559e9af374e9 - std[18c5f2a687b463a0]::rt::lang_start::<()>::{closure#0}
[INFO] [stderr]     23:     0x559e9afaac98 - <&dyn core[ee3e5f980a4e04aa]::ops::function::Fn<(), Output = i32> + core[ee3e5f980a4e04aa]::panic::unwind_safe::RefUnwindSafe + core[ee3e5f980a4e04aa]::marker::Sync as core[ee3e5f980a4e04aa]::ops::function::FnOnce<()>>::call_once
[INFO] [stderr]                                  at /rustc/f4dd856795debe636f2ba39a900f162f5abeb7e8/library/core/src/ops/function.rs:287:21
[INFO] [stderr]     24:     0x559e9afaac98 - std[18c5f2a687b463a0]::panicking::catch_unwind::do_call::<&dyn core[ee3e5f980a4e04aa]::ops::function::Fn<(), Output = i32> + core[ee3e5f980a4e04aa]::panic::unwind_safe::RefUnwindSafe + core[ee3e5f980a4e04aa]::marker::Sync, i32>
[INFO] [stderr]                                  at /rustc/f4dd856795debe636f2ba39a900f162f5abeb7e8/library/std/src/panicking.rs:573:43
[INFO] [stderr]     25:     0x559e9afaac98 - std[18c5f2a687b463a0]::panicking::catch_unwind::<i32, &dyn core[ee3e5f980a4e04aa]::ops::function::Fn<(), Output = i32> + core[ee3e5f980a4e04aa]::panic::unwind_safe::RefUnwindSafe + core[ee3e5f980a4e04aa]::marker::Sync>
[INFO] [stderr]                                  at /rustc/f4dd856795debe636f2ba39a900f162f5abeb7e8/library/std/src/panicking.rs:541:19
[INFO] [stderr]     26:     0x559e9afaac98 - std[18c5f2a687b463a0]::panic::catch_unwind::<&dyn core[ee3e5f980a4e04aa]::ops::function::Fn<(), Output = i32> + core[ee3e5f980a4e04aa]::panic::unwind_safe::RefUnwindSafe + core[ee3e5f980a4e04aa]::marker::Sync, i32>
[INFO] [stderr]                                  at /rustc/f4dd856795debe636f2ba39a900f162f5abeb7e8/library/std/src/panic.rs:359:14
[INFO] [stderr]     27:     0x559e9afaac98 - std[18c5f2a687b463a0]::rt::lang_start_internal::{closure#0}
[INFO] [stderr]                                  at /rustc/f4dd856795debe636f2ba39a900f162f5abeb7e8/library/std/src/rt.rs:175:24
[INFO] [stderr]     28:     0x559e9afaac98 - std[18c5f2a687b463a0]::panicking::catch_unwind::do_call::<std[18c5f2a687b463a0]::rt::lang_start_internal::{closure#0}, isize>
[INFO] [stderr]                                  at /rustc/f4dd856795debe636f2ba39a900f162f5abeb7e8/library/std/src/panicking.rs:573:43
[INFO] [stderr]     29:     0x559e9afaac98 - std[18c5f2a687b463a0]::panicking::catch_unwind::<isize, std[18c5f2a687b463a0]::rt::lang_start_internal::{closure#0}>
[INFO] [stderr]                                  at /rustc/f4dd856795debe636f2ba39a900f162f5abeb7e8/library/std/src/panicking.rs:541:19
[INFO] [stderr]     30:     0x559e9afaac98 - std[18c5f2a687b463a0]::panic::catch_unwind::<std[18c5f2a687b463a0]::rt::lang_start_internal::{closure#0}, isize>
[INFO] [stderr]                                  at /rustc/f4dd856795debe636f2ba39a900f162f5abeb7e8/library/std/src/panic.rs:359:14
[INFO] [stderr]     31:     0x559e9afaac98 - std[18c5f2a687b463a0]::rt::lang_start_internal
[INFO] [stderr]                                  at /rustc/f4dd856795debe636f2ba39a900f162f5abeb7e8/library/std/src/rt.rs:171:5
[INFO] [stderr]     32:     0x559e9af371b1 - std[18c5f2a687b463a0]::rt::lang_start::<()>
[INFO] [stderr]     33:     0x559e9af37915 - main
[INFO] [stderr]     34:     0x72b438843601 - <unknown>
[INFO] [stderr]     35:     0x72b438843718 - __libc_start_main
[INFO] [stderr]     36:     0x559e9af36905 - _start
[INFO] [stderr]     37:                0x0 - <unknown>
[INFO] [stderr] warning: build failed, waiting for other jobs to finish...
[INFO] [stdout] error[E0308]: mismatched types
[INFO] [stdout]   --> /opt/rustwide/cargo-home/registry/src/index.crates.io-1949cf8c6b5b557f/num-bigint-0.4.0/src/biguint/convert.rs:70:19
[INFO] [stdout]    |
[INFO] [stdout] 70 |         .div_ceil(&big_digit::BITS.into())
[INFO] [stdout]    |          -------- ^^^^^^^^^^^^^^^^^^^^^^^ expected `u64`, found `&_`
[INFO] [stdout]    |          |
[INFO] [stdout]    |          arguments to this method are incorrect
[INFO] [stdout]    |
[INFO] [stdout]    = note:   expected type `u64`
[INFO] [stdout]            found reference `&_`
[INFO] [stdout] note: method defined here
[INFO] [stdout]   --> /rustc/f4dd856795debe636f2ba39a900f162f5abeb7e8/library/core/src/num/uint_macros.rs:3817:21
[INFO] [stdout]   --> /rustc/f4dd856795debe636f2ba39a900f162f5abeb7e8/library/core/src/num/mod.rs:1324:4
[INFO] [stdout]   ::: /rustc/f4dd856795debe636f2ba39a900f162f5abeb7e8/library/core/src/num/mod.rs:1348:5
[INFO] [stdout]    |
[INFO] [stdout]    = note: in this macro invocation
[INFO] [stdout]    = note: this error originates in the macro `uint_impl` (in Nightly builds, run with -Z macro-backtrace for more info)
[INFO] [stdout] help: consider removing the borrow
[INFO] [stdout]    |
[INFO] [stdout] 70 -         .div_ceil(&big_digit::BITS.into())
[INFO] [stdout] 70 +         .div_ceil(big_digit::BITS.into())
[INFO] [stdout]    |
[INFO] [stdout] 
[INFO] [stdout] 
[INFO] [stdout] error[E0308]: mismatched types
[INFO] [stdout]    --> /opt/rustwide/cargo-home/registry/src/index.crates.io-1949cf8c6b5b557f/num-bigint-0.4.0/src/biguint/convert.rs:585:19
[INFO] [stdout]     |
[INFO] [stdout] 585 |         .div_ceil(&u64::from(bits))
[INFO] [stdout]     |          -------- ^^^^^^^^^^^^^^^^ expected `u64`, found `&u64`
[INFO] [stdout]     |          |
[INFO] [stdout]     |          arguments to this method are incorrect
[INFO] [stdout]     |
[INFO] [stdout] note: method defined here
[INFO] [stdout]    --> /rustc/f4dd856795debe636f2ba39a900f162f5abeb7e8/library/core/src/num/uint_macros.rs:3817:21
[INFO] [stdout]    --> /rustc/f4dd856795debe636f2ba39a900f162f5abeb7e8/library/core/src/num/mod.rs:1324:4
[INFO] [stdout]    ::: /rustc/f4dd856795debe636f2ba39a900f162f5abeb7e8/library/core/src/num/mod.rs:1348:5
[INFO] [stdout]     |
[INFO] [stdout]     = note: in this macro invocation
[INFO] [stdout]     = note: this error originates in the macro `uint_impl` (in Nightly builds, run with -Z macro-backtrace for more info)
[INFO] [stdout] help: consider removing the borrow
[INFO] [stdout]     |
[INFO] [stdout] 585 -         .div_ceil(&u64::from(bits))
[INFO] [stdout] 585 +         .div_ceil(u64::from(bits))
[INFO] [stdout]     |
[INFO] [stdout] 
[INFO] [stdout] 
[INFO] [stdout] error[E0308]: mismatched types
[INFO] [stdout]    --> /opt/rustwide/cargo-home/registry/src/index.crates.io-1949cf8c6b5b557f/num-bigint-0.4.0/src/biguint/convert.rs:613:19
[INFO] [stdout]     |
[INFO] [stdout] 613 |         .div_ceil(&u64::from(bits))
[INFO] [stdout]     |          -------- ^^^^^^^^^^^^^^^^ expected `u64`, found `&u64`
[INFO] [stdout]     |          |
[INFO] [stdout]     |          arguments to this method are incorrect
[INFO] [stdout]     |
[INFO] [stdout] note: method defined here
[INFO] [stdout]    --> /rustc/f4dd856795debe636f2ba39a900f162f5abeb7e8/library/core/src/num/uint_macros.rs:3817:21
[INFO] [stdout]    --> /rustc/f4dd856795debe636f2ba39a900f162f5abeb7e8/library/core/src/num/mod.rs:1324:4
[INFO] [stdout]    ::: /rustc/f4dd856795debe636f2ba39a900f162f5abeb7e8/library/core/src/num/mod.rs:1348:5
[INFO] [stdout]     |
[INFO] [stdout]     = note: in this macro invocation
[INFO] [stdout]     = note: this error originates in the macro `uint_impl` (in Nightly builds, run with -Z macro-backtrace for more info)
[INFO] [stdout] help: consider removing the borrow
[INFO] [stdout]     |
[INFO] [stdout] 613 -         .div_ceil(&u64::from(bits))
[INFO] [stdout] 613 +         .div_ceil(u64::from(bits))
[INFO] [stdout]     |
[INFO] [stdout] 
[INFO] [stdout] 
[INFO] [stdout] error[E0308]: mismatched types
[INFO] [stdout]    --> /opt/rustwide/cargo-home/registry/src/index.crates.io-1949cf8c6b5b557f/num-bigint-0.4.0/src/biguint.rs:398:54
[INFO] [stdout]     |
[INFO] [stdout] 398 |                 let root_scale = extra_bits.div_ceil(&n64);
[INFO] [stdout]     |                                             -------- ^^^^ expected `u64`, found `&u64`
[INFO] [stdout]     |                                             |
[INFO] [stdout]     |                                             arguments to this method are incorrect
[INFO] [stdout]     |
[INFO] [stdout] note: method defined here
[INFO] [stdout]    --> /rustc/f4dd856795debe636f2ba39a900f162f5abeb7e8/library/core/src/num/uint_macros.rs:3817:21
[INFO] [stdout]    --> /rustc/f4dd856795debe636f2ba39a900f162f5abeb7e8/library/core/src/num/mod.rs:1324:4
[INFO] [stdout]    ::: /rustc/f4dd856795debe636f2ba39a900f162f5abeb7e8/library/core/src/num/mod.rs:1348:5
[INFO] [stdout]     |
[INFO] [stdout]     = note: in this macro invocation
[INFO] [stdout]     = note: this error originates in the macro `uint_impl` (in Nightly builds, run with -Z macro-backtrace for more info)
[INFO] [stdout] help: consider removing the borrow
[INFO] [stdout]     |
[INFO] [stdout] 398 -                 let root_scale = extra_bits.div_ceil(&n64);
[INFO] [stdout] 398 +                 let root_scale = extra_bits.div_ceil(n64);
[INFO] [stdout]     |
[INFO] [stdout] 
[INFO] [stdout] 
[INFO] [stdout] For more information about this error, try `rustc --explain E0308`.
[INFO] [stdout] 
[INFO] [stderr] error: could not compile `num-bigint` (lib) due to 4 previous errors
[INFO] running `Command { std: "docker" "inspect" "27909302e7108a5cb87cf2d6ecaf26eb2bcebff24ada09dbe0dc22be5d30815c", kill_on_drop: false }`
[INFO] running `Command { std: "docker" "rm" "-f" "27909302e7108a5cb87cf2d6ecaf26eb2bcebff24ada09dbe0dc22be5d30815c", kill_on_drop: false }`
[INFO] [stdout] 27909302e7108a5cb87cf2d6ecaf26eb2bcebff24ada09dbe0dc22be5d30815c
