[INFO] cloning repository https://github.com/aplefull/vexel
[INFO] running `Command { std: "git" "-c" "credential.helper=" "-c" "credential.helper=/workspace/cargo-home/bin/git-credential-null" "clone" "--bare" "https://github.com/aplefull/vexel" "/workspace/cache/git-repos/https%3A%2F%2Fgithub.com%2Faplefull%2Fvexel", kill_on_drop: false }`
[INFO] [stderr] Cloning into bare repository '/workspace/cache/git-repos/https%3A%2F%2Fgithub.com%2Faplefull%2Fvexel'...
[INFO] running `Command { std: "git" "rev-parse" "HEAD", kill_on_drop: false }`
[INFO] [stdout] 7be9299ea042b0f4c4d7f991e18f569823381222
[INFO] checking aplefull/vexel against f4dd856795debe636f2ba39a900f162f5abeb7e8 for pr-160904
[INFO] running `Command { std: "git" "clone" "/workspace/cache/git-repos/https%3A%2F%2Fgithub.com%2Faplefull%2Fvexel" "/workspace/builds/worker-4-tc2/source", kill_on_drop: false }`
[INFO] [stderr] Cloning into '/workspace/builds/worker-4-tc2/source'...
[INFO] [stderr] done.
[INFO] [stderr] Updating files:  18% (323/1741)
Updating files:  19% (331/1741)
Updating files:  20% (349/1741)
Updating files:  21% (366/1741)
Updating files:  22% (384/1741)
Updating files:  23% (401/1741)
Updating files:  23% (402/1741)
Updating files:  24% (418/1741)
Updating files:  25% (436/1741)
Updating files:  26% (453/1741)
Updating files:  27% (471/1741)
Updating files:  28% (488/1741)
Updating files:  28% (492/1741)
Updating files:  29% (505/1741)
Updating files:  30% (523/1741)
Updating files:  31% (540/1741)
Updating files:  32% (558/1741)
Updating files:  33% (575/1741)
Updating files:  34% (592/1741)
Updating files:  35% (610/1741)
Updating files:  36% (627/1741)
Updating files:  37% (645/1741)
Updating files:  38% (662/1741)
Updating files:  39% (679/1741)
Updating files:  40% (697/1741)
Updating files:  41% (714/1741)
Updating files:  42% (732/1741)
Updating files:  42% (740/1741)
Updating files:  43% (749/1741)
Updating files:  44% (767/1741)
Updating files:  45% (784/1741)
Updating files:  46% (801/1741)
Updating files:  47% (819/1741)
Updating files:  48% (836/1741)
Updating files:  49% (854/1741)
Updating files:  50% (871/1741)
Updating files:  51% (888/1741)
Updating files:  52% (906/1741)
Updating files:  53% (923/1741)
Updating files:  54% (941/1741)
Updating files:  55% (958/1741)
Updating files:  56% (975/1741)
Updating files:  57% (993/1741)
Updating files:  58% (1010/1741)
Updating files:  59% (1028/1741)
Updating files:  60% (1045/1741)
Updating files:  61% (1063/1741)
Updating files:  62% (1080/1741)
Updating files:  63% (1097/1741)
Updating files:  63% (1103/1741)
Updating files:  64% (1115/1741)
Updating files:  65% (1132/1741)
Updating files:  66% (1150/1741)
Updating files:  67% (1167/1741)
Updating files:  67% (1177/1741)
Updating files:  68% (1184/1741)
Updating files:  69% (1202/1741)
Updating files:  70% (1219/1741)
Updating files:  71% (1237/1741)
Updating files:  72% (1254/1741)
Updating files:  73% (1271/1741)
Updating files:  74% (1289/1741)
Updating files:  75% (1306/1741)
Updating files:  76% (1324/1741)
Updating files:  77% (1341/1741)
Updating files:  78% (1358/1741)
Updating files:  79% (1376/1741)
Updating files:  80% (1393/1741)
Updating files:  81% (1411/1741)
Updating files:  82% (1428/1741)
Updating files:  83% (1446/1741)
Updating files:  84% (1463/1741)
Updating files:  85% (1480/1741)
Updating files:  86% (1498/1741)
Updating files:  87% (1515/1741)
Updating files:  88% (1533/1741)
Updating files:  89% (1550/1741)
Updating files:  90% (1567/1741)
Updating files:  91% (1585/1741)
Updating files:  92% (1602/1741)
Updating files:  93% (1620/1741)
Updating files:  94% (1637/1741)
Updating files:  95% (1654/1741)
Updating files:  96% (1672/1741)
Updating files:  97% (1689/1741)
Updating files:  98% (1707/1741)
Updating files:  99% (1724/1741)
Updating files: 100% (1741/1741)
Updating files: 100% (1741/1741), done.
[INFO] removed /workspace/builds/worker-4-tc2/source/.cargo/config.toml
[INFO] removed /workspace/builds/worker-4-tc2/source/rust-toolchain.toml
[INFO] started tweaking git repo https://github.com/aplefull/vexel
[INFO] finished tweaking git repo https://github.com/aplefull/vexel
[INFO] tweaked toml for git repo https://github.com/aplefull/vexel written to /workspace/builds/worker-4-tc2/source/Cargo.toml
[INFO] validating manifest of git repo https://github.com/aplefull/vexel on toolchain f4dd856795debe636f2ba39a900f162f5abeb7e8
[INFO] running `Command { std: CARGO_HOME="/workspace/cargo-home" RUSTUP_HOME="/workspace/rustup-home" "/workspace/cargo-home/bin/cargo" "+f4dd856795debe636f2ba39a900f162f5abeb7e8" "metadata" "--manifest-path" "Cargo.toml" "--no-deps", kill_on_drop: false }`
[INFO] crate git repo https://github.com/aplefull/vexel already has a lockfile, it will not be regenerated
[INFO] running `Command { std: CARGO_HOME="/workspace/cargo-home" RUSTUP_HOME="/workspace/rustup-home" "/workspace/cargo-home/bin/cargo" "+f4dd856795debe636f2ba39a900f162f5abeb7e8" "fetch" "--manifest-path" "Cargo.toml", kill_on_drop: false }`
[INFO] running `Command { std: "docker" "create" "-v" "/var/lib/crater-agent-workspace/builds/worker-4-tc2/source:/opt/rustwide/workdir:ro,Z" "-v" "/var/lib/crater-agent-workspace/builds/worker-4-tc2/target:/opt/rustwide/target:rw,Z" "-v" "/var/lib/crater-agent-workspace/cargo-home:/opt/rustwide/cargo-home:ro,Z" "-v" "/var/lib/crater-agent-workspace/rustup-home:/opt/rustwide/rustup-home:ro,Z" "-m" "1610612736" "--network" "none" "ghcr.io/rust-lang/crates-build-env/linux@sha256:3111399a4047eeb3a02b7a90e478d715f38a8c6669b5c4b49d30a17385265909" "sleep" "infinity", kill_on_drop: false }`
[INFO] [stdout] c532d0e83e596fbbf61a00e169bdc0ad76fd0011c77eb3c52315b0d7e8320ea2
[INFO] running `Command { std: "docker" "start" "c532d0e83e596fbbf61a00e169bdc0ad76fd0011c77eb3c52315b0d7e8320ea2", kill_on_drop: false }`
[INFO] running `Command { std: "docker" "inspect" "c532d0e83e596fbbf61a00e169bdc0ad76fd0011c77eb3c52315b0d7e8320ea2", kill_on_drop: false }`
[INFO] running `Command { std: "docker" "exec" "-e" "SOURCE_DIR=/opt/rustwide/workdir" "-e" "CARGO_HOME=/opt/rustwide/cargo-home" "-e" "RUSTUP_HOME=/opt/rustwide/rustup-home" "-e" "CARGO_TARGET_DIR=/opt/rustwide/target" "-w" "/opt/rustwide/workdir" "--user" "0:0" "c532d0e83e596fbbf61a00e169bdc0ad76fd0011c77eb3c52315b0d7e8320ea2" "/opt/rustwide/cargo-home/bin/cargo" "+f4dd856795debe636f2ba39a900f162f5abeb7e8" "metadata" "--no-deps" "--format-version=1", kill_on_drop: false }`
[INFO] running `Command { std: "docker" "inspect" "c532d0e83e596fbbf61a00e169bdc0ad76fd0011c77eb3c52315b0d7e8320ea2", kill_on_drop: false }`
[INFO] running `Command { std: "docker" "exec" "-e" "SOURCE_DIR=/opt/rustwide/workdir" "-e" "CARGO_HOME=/opt/rustwide/cargo-home" "-e" "RUSTUP_HOME=/opt/rustwide/rustup-home" "-e" "CARGO_TARGET_DIR=/opt/rustwide/target" "-e" "CARGO_INCREMENTAL=0" "-e" "RUST_BACKTRACE=full" "-e" "RUSTFLAGS=--cap-lints=forbid" "-e" "RUSTDOCFLAGS=--cap-lints=forbid" "-w" "/opt/rustwide/workdir" "--user" "0:0" "c532d0e83e596fbbf61a00e169bdc0ad76fd0011c77eb3c52315b0d7e8320ea2" "/opt/rustwide/cargo-home/bin/cargo" "+f4dd856795debe636f2ba39a900f162f5abeb7e8" "check" "--frozen" "--all" "--all-targets" "--message-format=json", kill_on_drop: false }`
[INFO] [stderr]     Checking pin-project-lite v0.2.15
[INFO] [stderr]    Compiling serde v1.0.217
[INFO] [stderr]    Compiling rustix v0.38.41
[INFO] [stderr]    Compiling syn v2.0.87
[INFO] [stderr]    Compiling cc v1.2.63
[INFO] [stderr]    Compiling hashbrown v0.15.2
[INFO] [stderr]     Checking libloading v0.8.6
[INFO] [stderr]     Checking tracing-core v0.1.33
[INFO] [stderr]     Checking concurrent-queue v2.5.0
[INFO] [stderr]     Checking dlib v0.5.2
[INFO] [stderr]    Compiling wayland-sys v0.31.5
[INFO] [stderr]     Checking getrandom v0.2.15
[INFO] [stderr]    Compiling wasm-bindgen-shared v0.2.99
[INFO] [stderr]     Checking event-listener v5.3.1
[INFO] [stderr]    Compiling quick-xml v0.36.2
[INFO] [stderr]    Compiling wayland-client v0.31.7
[INFO] [stderr]     Checking event-listener-strategy v0.5.3
[INFO] [stderr]     Checking generic-array v0.14.7
[INFO] [stderr]     Checking futures-lite v2.5.0
[INFO] [stderr]     Checking endi v1.1.0
[INFO] [stderr]    Compiling indexmap v2.7.0
[INFO] [stderr]    Compiling wasm-bindgen v0.2.99
[INFO] [stderr]     Checking async-task v4.7.1
[INFO] [stderr]    Compiling cmake v0.1.58
[INFO] [stderr]     Checking crypto-common v0.1.6
[INFO] [stderr]    Compiling wayland-scanner v0.31.5
[INFO] [stderr]     Checking block-buffer v0.10.4
[INFO] [stderr]     Checking piper v0.2.4
[INFO] [stderr]     Checking async-lock v3.4.0
[INFO] [stderr]     Checking async-channel v2.3.1
[INFO] [stderr]     Checking rand_core v0.6.4
[INFO] [stderr]    Compiling toml_edit v0.22.22
[INFO] [stderr]    Compiling nix v0.29.0
[INFO] [stderr]    Compiling crossbeam-utils v0.8.20
[INFO] [stderr]    Compiling wayland-backend v0.3.7
[INFO] [stderr]    Compiling khronos_api v3.1.0
[INFO] [stderr]     Checking blocking v1.6.1
[INFO] [stderr]     Checking digest v0.10.7
[INFO] [stderr]    Compiling serde_json v1.0.134
[INFO] [stderr]     Checking cpufeatures v0.2.16
[INFO] [stderr]     Checking ttf-parser v0.25.1
[INFO] [stderr]     Checking sha1 v0.10.6
[INFO] [stderr]     Checking async-fs v2.1.2
[INFO] [stderr]    Compiling crossbeam-epoch v0.9.18
[INFO] [stderr]    Compiling rayon-core v1.12.1
[INFO] [stderr]     Checking async-executor v1.13.1
[INFO] [stderr]    Compiling crossbeam-deque v0.8.6
[INFO] [stderr]     Checking async-broadcast v0.7.1
[INFO] [stderr]     Checking ordered-stream v0.2.0
[INFO] [stderr]    Compiling ahash v0.8.11
[INFO] [stderr]     Checking xdg-home v1.3.0
[INFO] [stderr]    Compiling xml-rs v0.8.24
[INFO] [stderr]     Checking ab_glyph_rasterizer v0.1.8
[INFO] [stderr]    Compiling x11-dl v2.21.0
[INFO] [stderr]    Compiling either v1.13.0
[INFO] [stderr]     Checking wasm_sync v0.1.2
[INFO] [stderr]     Checking xcursor v0.3.8
[INFO] [stderr]    Compiling proc-macro-crate v3.2.0
[INFO] [stderr]    Compiling gl_generator v0.14.0
[INFO] [stderr]    Compiling rayon v1.10.0
[INFO] [stderr]    Compiling jpegxl-src v0.11.4
[INFO] [stderr]     Checking memmap2 v0.9.5
[INFO] [stderr]    Compiling zerocopy v0.8.27
[INFO] [stderr]     Checking owned_ttf_parser v0.25.0
[INFO] [stderr]     Checking accesskit v0.16.3
[INFO] [stderr]     Checking ab_glyph v0.2.29
[INFO] [stderr]     Checking num-bigint v0.4.6
[INFO] [stderr]    Compiling jpegxl-sys v0.12.1+libjxl-0.11.2
[INFO] [stderr]     Checking parking_lot_core v0.9.10
[INFO] [stderr]    Compiling libdav1d-sys v0.7.1+libdav1d.1.4.3
[INFO] [stderr]     Checking clap_lex v0.7.2
[INFO] [stderr]     Checking x11rb-protocol v0.13.1
[INFO] [stderr]    Compiling built v0.7.7
[INFO] [stderr]    Compiling zvariant_utils v2.1.0
[INFO] [stderr]    Compiling synstructure v0.13.1
[INFO] [stderr]    Compiling wasm-bindgen-backend v0.2.99
[INFO] [stderr]     Checking wayland-csd-frame v0.3.0
[INFO] [stderr]    Compiling serde_derive_internals v0.28.0
[INFO] [stderr]    Compiling serde_derive v1.0.217
[INFO] [stderr]    Compiling enumflags2_derive v0.7.10
[INFO] [stderr]    Compiling tracing-attributes v0.1.28
[INFO] [stderr]    Compiling zerocopy-derive v0.7.35
[INFO] [stderr]    Compiling thiserror-impl v1.0.69
[INFO] [stderr]    Compiling zvariant_derive v4.2.0
[INFO] [stderr]    Compiling bytemuck_derive v1.8.0
[INFO] [stderr]    Compiling zerofrom-derive v0.1.5
[INFO] [stderr]     Checking zerocopy v0.7.35
[INFO] [stderr]    Compiling yoke-derive v0.7.5
[INFO] [stderr]     Checking tracing v0.1.41
[INFO] [stderr]     Checking thiserror v1.0.69
[INFO] [stderr]     Checking polling v3.7.4
[INFO] [stderr]     Checking bytemuck v1.20.0
[INFO] [stderr]    Compiling zerovec-derive v0.10.3
[INFO] [stderr]    Compiling wasm-bindgen-macro-support v0.2.99
[INFO] [stderr]    Compiling displaydoc v0.2.5
[INFO] [stderr]     Checking ppv-lite86 v0.2.20
[INFO] [stderr]     Checking zerofrom v0.1.5
[INFO] [stderr]     Checking rand_chacha v0.3.1
[INFO] [stderr]    Compiling futures-macro v0.3.31
[INFO] [stderr]     Checking yoke v0.7.5
[INFO] [stderr]     Checking rand v0.8.5
[INFO] [stderr]     Checking async-io v2.4.0
[INFO] [stderr]     Checking wayland-protocols v0.32.5
[INFO] [stderr]     Checking zerovec v0.10.4
[INFO] [stderr]    Compiling icu_provider_macros v1.5.0
[INFO] [stderr]     Checking futures-util v0.3.31
[INFO] [stderr]    Compiling serde_repr v0.1.19
[INFO] [stderr]    Compiling wasm-bindgen-macro v0.2.99
[INFO] [stderr]    Compiling async-trait v0.1.83
[INFO] [stderr]    Compiling zbus_macros v4.4.0
[INFO] [stderr]     Checking tinystr v0.7.6
[INFO] [stderr]     Checking icu_locid v1.5.0
[INFO] [stderr]     Checking js-sys v0.3.76
[INFO] [stderr]     Checking icu_provider v1.5.0
[INFO] [stderr]     Checking calloop v0.13.0
[INFO] [stderr]    Compiling equator-macro v0.4.2
[INFO] [stderr]     Checking calloop-wayland-source v0.3.0
[INFO] [stderr]     Checking equator v0.4.2
[INFO] [stderr]     Checking icu_locid_transform v1.5.0
[INFO] [stderr]     Checking icu_collections v1.5.0
[INFO] [stderr]     Checking wayland-cursor v0.31.7
[INFO] [stderr]     Checking aligned-vec v0.6.4
[INFO] [stderr]     Checking icu_properties v1.5.1
[INFO] [stderr]     Checking tiny-skia-path v0.11.4
[INFO] [stderr]    Compiling nasm-rs v0.2.5
[INFO] [stderr]    Compiling enumflags2 v0.7.10
[INFO] [stderr]    Compiling quick-xml v0.30.0
[INFO] [stderr]    Compiling zvariant v4.2.0
[INFO] [stderr]     Checking wayland-protocols-wlr v0.3.5
[INFO] [stderr]     Checking web-sys v0.3.76
[INFO] [stderr]    Compiling zerocopy-derive v0.8.27
[INFO] [stderr]     Checking smithay-client-toolkit v0.19.2
[INFO] [stderr]     Checking icu_normalizer v1.5.0
[INFO] [stderr]     Checking x11rb v0.13.1
[INFO] [stderr]    Compiling rav1e v0.7.1
[INFO] [stderr]     Checking tiny-skia v0.11.4
[INFO] [stderr]     Checking v_frame v0.3.9
[INFO] [stderr]     Checking emath v0.29.1
[INFO] [stderr]    Compiling tsify-macros v0.4.5
[INFO] [stderr]    Compiling clap_derive v4.5.18
[INFO] [stderr]     Checking zbus_names v3.0.0
[INFO] [stderr]    Compiling profiling-procmacros v1.0.18
[INFO] [stderr]     Checking num-rational v0.4.2
[INFO] [stderr]     Checking clap_builder v4.5.20
[INFO] [stderr]     Checking zbus_xml v4.0.0
[INFO] [stderr]     Checking zbus v4.4.0
[INFO] [stderr]     Checking zbus-lockstep v0.4.4
[INFO] [stderr]     Checking parking_lot v0.12.3
[INFO] [stderr]     Checking immutable-chunkmap v2.0.6
[INFO] [stderr]     Checking gloo-utils v0.1.7
[INFO] [stderr]    Compiling winit v0.30.5
[INFO] [stderr]    Compiling zbus-lockstep-macros v0.4.4
[INFO] [stderr]     Checking nom v8.0.0
[INFO] [stderr]     Checking crossbeam-channel v0.5.15
[INFO] [stderr]     Checking miniz_oxide v0.8.0
[INFO] [stderr]     Checking accesskit_consumer v0.24.3
[INFO] [stderr]     Checking wasm-bindgen-rayon v1.3.0
[INFO] [stderr]     Checking tsify v0.4.5
[INFO] [stderr]     Checking half v2.7.1
[INFO] [stderr]     Checking profiling v1.0.16
[INFO] [stderr]     Checking sctk-adwaita v0.10.1
[INFO] [stderr]     Checking ecolor v0.29.1
[INFO] [stderr]     Checking clap v4.5.20
[INFO] [stderr]     Checking idna_adapter v1.2.0
[INFO] [stderr]     Checking serde-wasm-bindgen v0.6.5
[INFO] [stderr]     Checking wayland-protocols-plasma v0.3.5
[INFO] [stderr]    Compiling arg_enum_proc_macro v0.3.4
[INFO] [stderr]    Compiling num-derive v0.4.2
[INFO] [stderr]    Compiling glutin_egl_sys v0.7.0
[INFO] [stderr]    Compiling glutin_glx_sys v0.6.0
[INFO] [stderr]     Checking xkbcommon-dl v0.4.2
[INFO] [stderr]    Compiling libavif-sys v0.17.0+libavif.1.0.4
[INFO] [stderr]    Compiling simd_helpers v0.1.0
[INFO] [stderr]     Checking maybe-rayon v0.1.1
[INFO] [stderr]     Checking bitstream-io v2.6.0
[INFO] [stderr]     Checking epaint_default_fonts v0.29.1
[INFO] [stderr]     Checking regex-syntax v0.8.10
[INFO] [stderr]     Checking scan_fmt v0.2.6
[INFO] [stderr]     Checking ciborium-io v0.2.2
[INFO] [stderr]    Compiling noop_proc_macro v0.3.0
[INFO] [stderr]     Checking dpi v0.1.1
[INFO] [stderr]     Checking ciborium-ll v0.2.2
[INFO] [stderr]     Checking epaint v0.29.1
[INFO] [stderr]     Checking regex-automata v0.4.14
[INFO] [stderr]     Checking atspi-common v0.6.0
[INFO] [stderr]     Checking flate2 v1.0.35
[INFO] [stderr]     Checking idna v1.0.3
[INFO] [stderr]     Checking av1-grain v0.2.5
[INFO] [stderr]     Checking fdeflate v0.3.7
[INFO] [stderr]     Checking form_urlencoded v1.2.1
[INFO] [stderr]     Checking itertools v0.10.5
[INFO] [stderr]    Compiling glutin v0.32.1
[INFO] [stderr]    Compiling glob v0.3.1
[INFO] [stderr] error: could not compile `winit` (lib)
[INFO] [stderr] 
[INFO] [stderr] Caused by:
[INFO] [stderr]   process didn't exit successfully: `/opt/rustwide/rustup-home/toolchains/f4dd856795debe636f2ba39a900f162f5abeb7e8/bin/rustc --crate-name winit --edition=2021 /opt/rustwide/cargo-home/registry/src/index.crates.io-1949cf8c6b5b557f/winit-0.30.5/src/lib.rs --error-format=json --json=diagnostic-rendered-ansi,artifacts,future-incompat,unused-externs-silent --crate-type lib --emit=dep-info,metadata -C embed-bitcode=no -C debuginfo=2 --cfg 'feature="ahash"' --cfg 'feature="bytemuck"' --cfg 'feature="default"' --cfg 'feature="memmap2"' --cfg 'feature="percent-encoding"' --cfg 'feature="rwh_06"' --cfg 'feature="sctk"' --cfg 'feature="sctk-adwaita"' --cfg 'feature="wayland"' --cfg 'feature="wayland-backend"' --cfg 'feature="wayland-client"' --cfg 'feature="wayland-csd-adwaita"' --cfg 'feature="wayland-dlopen"' --cfg 'feature="wayland-protocols"' --cfg 'feature="wayland-protocols-plasma"' --cfg 'feature="x11"' --cfg 'feature="x11-dl"' --cfg 'feature="x11rb"' --check-cfg 'cfg(docsrs,test)' --check-cfg 'cfg(feature, values("ahash", "android-game-activity", "android-native-activity", "bytemuck", "default", "memmap2", "mint", "percent-encoding", "rwh_04", "rwh_05", "rwh_06", "sctk", "sctk-adwaita", "serde", "wayland", "wayland-backend", "wayland-client", "wayland-csd-adwaita", "wayland-csd-adwaita-crossfont", "wayland-csd-adwaita-notitle", "wayland-dlopen", "wayland-protocols", "wayland-protocols-plasma", "x11", "x11-dl", "x11rb"))' -C metadata=1aa68308e3c5dfe3 -C extra-filename=-5132c873693406f4 --out-dir /opt/rustwide/target/debug/build/winit/5132c873693406f4/out -L dependency=/opt/rustwide/target/debug/build/ab_glyph/a23b5b8f295b5adc/out -L dependency=/opt/rustwide/target/debug/build/ab_glyph_rasterizer/2322ec00fc99be74/out -L dependency=/opt/rustwide/target/debug/build/arrayref/4d71eac3f20c682f/out -L dependency=/opt/rustwide/target/debug/build/arrayvec/30751d79791e52e6/out -L dependency=/opt/rustwide/target/debug/build/as-raw-xcb-connection/c7dfc3282e323867/out -L dependency=/opt/rustwide/target/debug/build/bitflags/2b23c89994425946/out -L dependency=/opt/rustwide/target/debug/build/bytemuck/0c6909030a7d5371/out -L dependency=/opt/rustwide/target/debug/build/bytemuck_derive/950051407bf50d9e/out -L dependency=/opt/rustwide/target/debug/build/byteorder/94fc675bb8dfbb56/out -L dependency=/opt/rustwide/target/debug/build/calloop-wayland-source/6abf94828bb7f041/out -L dependency=/opt/rustwide/target/debug/build/calloop/92f6b4a92af87d56/out -L dependency=/opt/rustwide/target/debug/build/cfg-if/d541ac7a75168aa5/out -L dependency=/opt/rustwide/target/debug/build/cursor-icon/e62786e060919070/out -L dependency=/opt/rustwide/target/debug/build/dlib/76721273994c16ed/out -L dependency=/opt/rustwide/target/debug/build/downcast-rs/e66389dcb14c8a87/out -L dependency=/opt/rustwide/target/debug/build/getrandom/141d54f742f9b784/out -L dependency=/opt/rustwide/target/debug/build/libc/2e40c07f920765e0/out -L dependency=/opt/rustwide/target/debug/build/libloading/d5f5fd084223f1cc/out -L dependency=/opt/rustwide/target/debug/build/linux-raw-sys/6cc0eddb9c0291e7/out -L dependency=/opt/rustwide/target/debug/build/log/5bba7294d90dc890/out -L dependency=/opt/rustwide/target/debug/build/memmap2/2ee9aebd53a3af9e/out -L dependency=/opt/rustwide/target/debug/build/once_cell/154929b6ac9493b9/out -L dependency=/opt/rustwide/target/debug/build/owned_ttf_parser/b80ac92c1c9442d6/out -L dependency=/opt/rustwide/target/debug/build/pin-project-lite/61fd4e4df647da40/out -L dependency=/opt/rustwide/target/debug/build/polling/73ccb1603dfd5718/out -L dependency=/opt/rustwide/target/debug/build/rustix/51311fcffc2179a1/out -L dependency=/opt/rustwide/target/debug/build/scoped-tls/668d833244126a72/out -L dependency=/opt/rustwide/target/debug/build/slab/336ee4618dc8a867/out -L dependency=/opt/rustwide/target/debug/build/smallvec/8a844c6b28342856/out -L dependency=/opt/rustwide/target/debug/build/smithay-client-toolkit/0afc0f2b59d1a10d/out -L dependency=/opt/rustwide/target/debug/build/strict-num/d33fab308d13fd49/out -L dependency=/opt/rustwide/target/debug/build/thiserror-impl/87c3512382004d9b/out -L dependency=/opt/rustwide/target/debug/build/thiserror/947429ecaf84397a/out -L dependency=/opt/rustwide/target/debug/build/tiny-skia-path/317c1a06932c86bf/out -L dependency=/opt/rustwide/target/debug/build/tiny-skia/7ec66a40bdc1dd98/out -L dependency=/opt/rustwide/target/debug/build/tracing-attributes/26bbc08cd9b5fbfe/out -L dependency=/opt/rustwide/target/debug/build/tracing-core/daed264f5155db27/out -L dependency=/opt/rustwide/target/debug/build/tracing/03c1ed320cbb6593/out -L dependency=/opt/rustwide/target/debug/build/ttf-parser/ea275a4082441718/out -L dependency=/opt/rustwide/target/debug/build/wayland-backend/bf254c12fc554952/out -L dependency=/opt/rustwide/target/debug/build/wayland-client/9d78a6cb847ecceb/out -L dependency=/opt/rustwide/target/debug/build/wayland-csd-frame/076fe475917f2f4b/out -L dependency=/opt/rustwide/target/debug/build/wayland-cursor/5da09b99cea7d5ca/out -L dependency=/opt/rustwide/target/debug/build/wayland-protocols-wlr/a29d19bc5de901fa/out -L dependency=/opt/rustwide/target/debug/build/wayland-protocols/e1b0c39c384b3f13/out -L dependency=/opt/rustwide/target/debug/build/wayland-scanner/b1c6625d34b0ff3a/out -L dependency=/opt/rustwide/target/debug/build/wayland-sys/aa6b77723470473d/out -L dependency=/opt/rustwide/target/debug/build/x11rb-protocol/385b56e97b57194f/out -L dependency=/opt/rustwide/target/debug/build/xcursor/be96b4009c06b4a7/out -L dependency=/opt/rustwide/target/debug/build/xkeysym/4386b6ce81738058/out -L dependency=/opt/rustwide/target/debug/build/zerocopy-derive/3ae49a2d6a36d80f/out -L dependency=/opt/rustwide/target/debug/build/zerocopy/aebf2f0c30ba8905/out --extern ahash=/opt/rustwide/target/debug/build/ahash/5f219038049c9ce4/out/libahash-5f219038049c9ce4.rmeta --extern bitflags=/opt/rustwide/target/debug/build/bitflags/2b23c89994425946/out/libbitflags-2b23c89994425946.rmeta --extern bytemuck=/opt/rustwide/target/debug/build/bytemuck/0c6909030a7d5371/out/libbytemuck-0c6909030a7d5371.rmeta --extern calloop=/opt/rustwide/target/debug/build/calloop/92f6b4a92af87d56/out/libcalloop-92f6b4a92af87d56.rmeta --extern cursor_icon=/opt/rustwide/target/debug/build/cursor-icon/e62786e060919070/out/libcursor_icon-e62786e060919070.rmeta --extern dpi=/opt/rustwide/target/debug/build/dpi/3fb527f170fda73b/out/libdpi-3fb527f170fda73b.rmeta --extern libc=/opt/rustwide/target/debug/build/libc/2e40c07f920765e0/out/liblibc-2e40c07f920765e0.rmeta --extern memmap2=/opt/rustwide/target/debug/build/memmap2/2ee9aebd53a3af9e/out/libmemmap2-2ee9aebd53a3af9e.rmeta --extern percent_encoding=/opt/rustwide/target/debug/build/percent-encoding/70e4695576ffb191/out/libpercent_encoding-70e4695576ffb191.rmeta --extern rwh_06=/opt/rustwide/target/debug/build/raw-window-handle/4edc1522fa5f26cd/out/libraw_window_handle-4edc1522fa5f26cd.rmeta --extern rustix=/opt/rustwide/target/debug/build/rustix/51311fcffc2179a1/out/librustix-51311fcffc2179a1.rmeta --extern sctk_adwaita=/opt/rustwide/target/debug/build/sctk-adwaita/2f755ae7baf6d5b8/out/libsctk_adwaita-2f755ae7baf6d5b8.rmeta --extern sctk=/opt/rustwide/target/debug/build/smithay-client-toolkit/0afc0f2b59d1a10d/out/libsmithay_client_toolkit-0afc0f2b59d1a10d.rmeta --extern smol_str=/opt/rustwide/target/debug/build/smol_str/a073e469c77ae8b8/out/libsmol_str-a073e469c77ae8b8.rmeta --extern tracing=/opt/rustwide/target/debug/build/tracing/03c1ed320cbb6593/out/libtracing-03c1ed320cbb6593.rmeta --extern wayland_backend=/opt/rustwide/target/debug/build/wayland-backend/bf254c12fc554952/out/libwayland_backend-bf254c12fc554952.rmeta --extern wayland_client=/opt/rustwide/target/debug/build/wayland-client/9d78a6cb847ecceb/out/libwayland_client-9d78a6cb847ecceb.rmeta --extern wayland_protocols=/opt/rustwide/target/debug/build/wayland-protocols/e1b0c39c384b3f13/out/libwayland_protocols-e1b0c39c384b3f13.rmeta --extern wayland_protocols_plasma=/opt/rustwide/target/debug/build/wayland-protocols-plasma/9d528f460c6cacd9/out/libwayland_protocols_plasma-9d528f460c6cacd9.rmeta --extern x11_dl=/opt/rustwide/target/debug/build/x11-dl/7562e21e8e7cc7aa/out/libx11_dl-7562e21e8e7cc7aa.rmeta --extern x11rb=/opt/rustwide/target/debug/build/x11rb/f96ca67eb4c7fb80/out/libx11rb-f96ca67eb4c7fb80.rmeta --extern xkbcommon_dl=/opt/rustwide/target/debug/build/xkbcommon-dl/d9d23f19ff92d298/out/libxkbcommon_dl-d9d23f19ff92d298.rmeta --cap-lints allow --cap-lints=forbid --force-warn=unused_crate_dependencies --cfg free_unix --cfg x11_platform --cfg wayland_platform --check-cfg 'cfg(android_platform)' --check-cfg 'cfg(web_platform)' --check-cfg 'cfg(macos_platform)' --check-cfg 'cfg(ios_platform)' --check-cfg 'cfg(windows_platform)' --check-cfg 'cfg(apple)' --check-cfg 'cfg(free_unix)' --check-cfg 'cfg(redox)' --check-cfg 'cfg(x11_platform)' --check-cfg 'cfg(wayland_platform)' --check-cfg 'cfg(orbital_platform)' --check-cfg 'cfg(unreleased_changelogs)'` (signal: 9, SIGKILL: kill)
[INFO] [stderr] warning: build failed, waiting for other jobs to finish...
[INFO] [stderr] error: could not compile `atspi-common` (lib)
[INFO] [stderr] 
[INFO] [stderr] Caused by:
[INFO] [stderr]   process didn't exit successfully: `/opt/rustwide/rustup-home/toolchains/f4dd856795debe636f2ba39a900f162f5abeb7e8/bin/rustc --crate-name atspi_common --edition=2021 /opt/rustwide/cargo-home/registry/src/index.crates.io-1949cf8c6b5b557f/atspi-common-0.6.0/src/lib.rs --error-format=json --json=diagnostic-rendered-ansi,artifacts,future-incompat,unused-externs-silent --crate-type lib --emit=dep-info,metadata -C embed-bitcode=no -C debuginfo=2 --cfg 'feature="async-std"' --cfg 'feature="zbus"' --check-cfg 'cfg(docsrs,test)' --check-cfg 'cfg(feature, values("async-std", "default", "tokio", "zbus"))' -C metadata=eb4b39ce82cd7059 -C extra-filename=-ba7586f5c97bba85 --out-dir /opt/rustwide/target/debug/build/atspi-common/ba7586f5c97bba85/out -L dependency=/opt/rustwide/target/debug/build/async-broadcast/d926500cdf479a2e/out -L dependency=/opt/rustwide/target/debug/build/async-channel/36774f8d3117719b/out -L dependency=/opt/rustwide/target/debug/build/async-executor/5e8ecb96438f9068/out -L dependency=/opt/rustwide/target/debug/build/async-fs/e6b9c4078e9829ac/out -L dependency=/opt/rustwide/target/debug/build/async-io/7d5da847903fdf9b/out -L dependency=/opt/rustwide/target/debug/build/async-lock/53e3ac9ec7d79940/out -L dependency=/opt/rustwide/target/debug/build/async-task/b11d1dcb46d0d57d/out -L dependency=/opt/rustwide/target/debug/build/async-trait/bb535a839b3ab53f/out -L dependency=/opt/rustwide/target/debug/build/atomic-waker/d2edf130acb84086/out -L dependency=/opt/rustwide/target/debug/build/bitflags/2b23c89994425946/out -L dependency=/opt/rustwide/target/debug/build/block-buffer/41d8dd9df94abadb/out -L dependency=/opt/rustwide/target/debug/build/blocking/824f1336f3ad27ac/out -L dependency=/opt/rustwide/target/debug/build/byteorder/94fc675bb8dfbb56/out -L dependency=/opt/rustwide/target/debug/build/cfg-if/d541ac7a75168aa5/out -L dependency=/opt/rustwide/target/debug/build/concurrent-queue/7d5286995c4155fe/out -L dependency=/opt/rustwide/target/debug/build/cpufeatures/ce4aec2514d7df93/out -L dependency=/opt/rustwide/target/debug/build/crossbeam-utils/aebd59db090231ab/out -L dependency=/opt/rustwide/target/debug/build/crypto-common/e482a204cd1630a5/out -L dependency=/opt/rustwide/target/debug/build/digest/31381c5639be73f1/out -L dependency=/opt/rustwide/target/debug/build/endi/9957c897a29f57de/out -L dependency=/opt/rustwide/target/debug/build/enumflags2/acce388871b31ad8/out -L dependency=/opt/rustwide/target/debug/build/enumflags2_derive/9f6b86d416bfab68/out -L dependency=/opt/rustwide/target/debug/build/event-listener-strategy/91b754b827afa57f/out -L dependency=/opt/rustwide/target/debug/build/event-listener/4e11b7cff2505d89/out -L dependency=/opt/rustwide/target/debug/build/fastrand/a6b04798eb47a00f/out -L dependency=/opt/rustwide/target/debug/build/futures-core/756e876442dee363/out -L dependency=/opt/rustwide/target/debug/build/futures-io/8d88089869a627e9/out -L dependency=/opt/rustwide/target/debug/build/futures-lite/6774946b15c96e86/out -L dependency=/opt/rustwide/target/debug/build/futures-macro/0cf3bc189964e8b1/out -L dependency=/opt/rustwide/target/debug/build/futures-sink/e7bd2ffb932e7c3a/out -L dependency=/opt/rustwide/target/debug/build/futures-task/011073701ea3a715/out -L dependency=/opt/rustwide/target/debug/build/futures-util/e812270beaf96430/out -L dependency=/opt/rustwide/target/debug/build/generic-array/b3cd6b1cea1d281d/out -L dependency=/opt/rustwide/target/debug/build/getrandom/141d54f742f9b784/out -L dependency=/opt/rustwide/target/debug/build/hex/4852862d92867e36/out -L dependency=/opt/rustwide/target/debug/build/libc/2e40c07f920765e0/out -L dependency=/opt/rustwide/target/debug/build/linux-raw-sys/6cc0eddb9c0291e7/out -L dependency=/opt/rustwide/target/debug/build/memchr/a8313380c25031b5/out -L dependency=/opt/rustwide/target/debug/build/memoffset/07c0b78251ee15ac/out -L dependency=/opt/rustwide/target/debug/build/nix/d6cda5fb691651a7/out -L dependency=/opt/rustwide/target/debug/build/once_cell/154929b6ac9493b9/out -L dependency=/opt/rustwide/target/debug/build/ordered-stream/e3b1bf35457ad0d2/out -L dependency=/opt/rustwide/target/debug/build/parking/fbbb0e1f7c7ebc3f/out -L dependency=/opt/rustwide/target/debug/build/pin-project-lite/61fd4e4df647da40/out -L dependency=/opt/rustwide/target/debug/build/pin-utils/db1de871cd8706a6/out -L dependency=/opt/rustwide/target/debug/build/piper/7b4ba7266d32249c/out -L dependency=/opt/rustwide/target/debug/build/polling/73ccb1603dfd5718/out -L dependency=/opt/rustwide/target/debug/build/ppv-lite86/a70d61c2e8e462c8/out -L dependency=/opt/rustwide/target/debug/build/quick-xml/f76a996919ee5d40/out -L dependency=/opt/rustwide/target/debug/build/rand/dd3dafce6af35af9/out -L dependency=/opt/rustwide/target/debug/build/rand_chacha/bb4ff540a2c0c045/out -L dependency=/opt/rustwide/target/debug/build/rand_core/7ed1b9ca52108010/out -L dependency=/opt/rustwide/target/debug/build/rustix/51311fcffc2179a1/out -L dependency=/opt/rustwide/target/debug/build/serde/1aa7aefa39a7b4ec/out -L dependency=/opt/rustwide/target/debug/build/serde_derive/79a21ab0ea477016/out -L dependency=/opt/rustwide/target/debug/build/serde_repr/ee686b6fae021b59/out -L dependency=/opt/rustwide/target/debug/build/sha1/772e58769461d31b/out -L dependency=/opt/rustwide/target/debug/build/slab/336ee4618dc8a867/out -L dependency=/opt/rustwide/target/debug/build/static_assertions/f2154b0bf273423d/out -L dependency=/opt/rustwide/target/debug/build/tracing-attributes/26bbc08cd9b5fbfe/out -L dependency=/opt/rustwide/target/debug/build/tracing-core/daed264f5155db27/out -L dependency=/opt/rustwide/target/debug/build/tracing/03c1ed320cbb6593/out -L dependency=/opt/rustwide/target/debug/build/typenum/c8aa4bd6375c23ad/out -L dependency=/opt/rustwide/target/debug/build/xdg-home/eda5babb8f2c0ddb/out -L dependency=/opt/rustwide/target/debug/build/zbus_macros/1b87aaba6bed55f2/out -L dependency=/opt/rustwide/target/debug/build/zbus_names/5a6abe7747697be0/out -L dependency=/opt/rustwide/target/debug/build/zbus_xml/c9d3f2415d9a66e1/out -L dependency=/opt/rustwide/target/debug/build/zerocopy-derive/3ae49a2d6a36d80f/out -L dependency=/opt/rustwide/target/debug/build/zerocopy/aebf2f0c30ba8905/out -L dependency=/opt/rustwide/target/debug/build/zvariant/cde1a838b4f165b9/out -L dependency=/opt/rustwide/target/debug/build/zvariant_derive/128771c51be03fda/out --extern enumflags2=/opt/rustwide/target/debug/build/enumflags2/acce388871b31ad8/out/libenumflags2-acce388871b31ad8.rmeta --extern serde=/opt/rustwide/target/debug/build/serde/1aa7aefa39a7b4ec/out/libserde-1aa7aefa39a7b4ec.rmeta --extern static_assertions=/opt/rustwide/target/debug/build/static_assertions/f2154b0bf273423d/out/libstatic_assertions-f2154b0bf273423d.rmeta --extern zbus=/opt/rustwide/target/debug/build/zbus/88d8b8c2cf449be9/out/libzbus-88d8b8c2cf449be9.rmeta --extern zbus_lockstep=/opt/rustwide/target/debug/build/zbus-lockstep/bb067bb514350d5c/out/libzbus_lockstep-bb067bb514350d5c.rmeta --extern zbus_lockstep_macros=/opt/rustwide/target/debug/build/zbus-lockstep-macros/ea54aabf5128a2c4/out/libzbus_lockstep_macros-ea54aabf5128a2c4.so --extern zbus_names=/opt/rustwide/target/debug/build/zbus_names/5a6abe7747697be0/out/libzbus_names-5a6abe7747697be0.rmeta --extern zvariant=/opt/rustwide/target/debug/build/zvariant/cde1a838b4f165b9/out/libzvariant-cde1a838b4f165b9.rmeta --cap-lints allow --cap-lints=forbid --force-warn=unused_crate_dependencies` (signal: 9, SIGKILL: kill)
[INFO] [stderr] error: failed to run custom build command for `jpegxl-sys v0.12.1+libjxl-0.11.2`
[INFO] [stderr] note: To improve backtraces for build dependencies, set the CARGO_PROFILE_DEV_BUILD_OVERRIDE_DEBUG=true environment variable to enable debug information generation.
[INFO] [stderr] 
[INFO] [stderr] Caused by:
[INFO] [stderr]   process didn't exit successfully: `/opt/rustwide/target/debug/build/jpegxl-sys/acda3a4c69b2bbf3/out/build_script_build` (exit status: 101)
[INFO] [stderr]   --- stdout
[INFO] [stderr]   CMAKE_TOOLCHAIN_FILE_x86_64-unknown-linux-gnu = None
[INFO] [stderr]   CMAKE_TOOLCHAIN_FILE_x86_64_unknown_linux_gnu = None
[INFO] [stderr]   HOST_CMAKE_TOOLCHAIN_FILE = None
[INFO] [stderr]   CMAKE_TOOLCHAIN_FILE = None
[INFO] [stderr]   CMAKE_GENERATOR_x86_64-unknown-linux-gnu = None
[INFO] [stderr]   CMAKE_GENERATOR_x86_64_unknown_linux_gnu = None
[INFO] [stderr]   HOST_CMAKE_GENERATOR = None
[INFO] [stderr]   CMAKE_GENERATOR = None
[INFO] [stderr]   CMAKE_PREFIX_PATH_x86_64-unknown-linux-gnu = None
[INFO] [stderr]   CMAKE_PREFIX_PATH_x86_64_unknown_linux_gnu = None
[INFO] [stderr]   HOST_CMAKE_PREFIX_PATH = None
[INFO] [stderr]   CMAKE_PREFIX_PATH = None
[INFO] [stderr]   CMAKE_x86_64-unknown-linux-gnu = None
[INFO] [stderr]   CMAKE_x86_64_unknown_linux_gnu = None
[INFO] [stderr]   HOST_CMAKE = None
[INFO] [stderr]   CMAKE = None
[INFO] [stderr]   -- The C compiler identification is GNU 15.2.0
[INFO] [stderr]   -- The CXX compiler identification is GNU 15.2.0
[INFO] [stderr]   -- Detecting C compiler ABI info
[INFO] [stderr]   -- Detecting C compiler ABI info - done
[INFO] [stderr]   -- Check for working C compiler: /usr/bin/cc - skipped
[INFO] [stderr]   -- Detecting C compile features
[INFO] [stderr]   -- Detecting C compile features - done
[INFO] [stderr]   -- Detecting CXX compiler ABI info
[INFO] [stderr]   -- Detecting CXX compiler ABI info - done
[INFO] [stderr]   -- Check for working CXX compiler: /usr/bin/c++ - skipped
[INFO] [stderr]   -- Detecting CXX compile features
[INFO] [stderr]   -- Detecting CXX compile features - done
[INFO] [stderr]   -- CMAKE_SYSTEM_PROCESSOR is x86_64
[INFO] [stderr]   -- Performing Test CXX_FUZZERS_SUPPORTED
[INFO] [stderr]   -- Performing Test CXX_FUZZERS_SUPPORTED - Failed
[INFO] [stderr]   -- Performing Test CXX_MACRO_PREFIX_MAP
[INFO] [stderr]   -- Performing Test CXX_MACRO_PREFIX_MAP - Success
[INFO] [stderr]   -- Performing Test CXX_NO_RTTI_SUPPORTED
[INFO] [stderr]   -- Performing Test CXX_NO_RTTI_SUPPORTED - Success
[INFO] [stderr]   -- Found PkgConfig: /usr/bin/pkg-config (found version "2.5.1")
[INFO] [stderr]   -- tcmalloc version  -- tcmalloc 2.8.0 disabled due to https://github.com/gperftools/gperftools/issues/1204
[INFO] [stderr]   -- Performing Test JXL_HWY_DISABLED_TARGETS_FORCED
[INFO] [stderr]   -- Performing Test JXL_HWY_DISABLED_TARGETS_FORCED - Failed
[INFO] [stderr]   -- libjpeg-turbo submodule is absent; not enabling jpegli
[INFO] [stderr]   -- Compiled IDs C:GNU, C++:GNU
[INFO] [stderr]   -- Disabled AVX512 (set JPEGXL_ENABLE_AVX512 to enable it)
[INFO] [stderr]   -- Disabled AVX512_SPR (set JPEGXL_ENABLE_AVX512_SPR to enable it)
[INFO] [stderr]   -- Disabled AVX512_ZEN4 (set JPEGXL_ENABLE_AVX512_ZEN4 to enable it)
[INFO] [stderr]   -- Performing Test CMAKE_HAVE_LIBC_PTHREAD
[INFO] [stderr]   -- Performing Test CMAKE_HAVE_LIBC_PTHREAD - Success
[INFO] [stderr]   -- Found Threads: TRUE
[INFO] [stderr]   -- Performing Test ATOMICS_LOCK_FREE_INSTRUCTIONS
[INFO] [stderr]   -- Performing Test ATOMICS_LOCK_FREE_INSTRUCTIONS - Success
[INFO] [stderr]   -- Performing Test HWY_EMSCRIPTEN
[INFO] [stderr]   -- Performing Test HWY_EMSCRIPTEN - Failed
[INFO] [stderr]   -- Performing Test HWY_RISCV
[INFO] [stderr]   -- Performing Test HWY_RISCV - Failed
[INFO] [stderr]   -- Looking for sys/auxv.h
[INFO] [stderr]   -- Looking for sys/auxv.h - found
[INFO] [stderr]   -- Looking for asm/hwcap.h
[INFO] [stderr]   -- Looking for asm/hwcap.h - not found
[INFO] [stderr]   -- Build type is 'Debug'
[INFO] [stderr]   -- Performing Test BROTLI_EMSCRIPTEN
[INFO] [stderr]   -- Performing Test BROTLI_EMSCRIPTEN - Failed
[INFO] [stderr]   -- Looking for log2
[INFO] [stderr]   -- Looking for log2 - not found
[INFO] [stderr]   -- Looking for log2
[INFO] [stderr]   -- Looking for log2 - found
[INFO] [stderr]   -- Found ZLIB: /usr/lib/x86_64-linux-gnu/libz.so (found version "1.3.1")
[INFO] [stderr]   -- Found PNG: /usr/lib/x86_64-linux-gnu/libpng.so (found version "1.6.57")
[INFO] [stderr]   -- Looking for __GLIBCXX__
[INFO] [stderr]   -- Looking for __GLIBCXX__ - found
[INFO] [stderr]   -- Looking for _LIBCPP_VERSION
[INFO] [stderr]   -- Looking for _LIBCPP_VERSION - not found
[INFO] [stderr]   -- Performing Test COMPILER_HAS_HIDDEN_VISIBILITY
[INFO] [stderr]   -- Performing Test COMPILER_HAS_HIDDEN_VISIBILITY - Success
[INFO] [stderr]   -- Performing Test COMPILER_HAS_HIDDEN_INLINE_VISIBILITY
[INFO] [stderr]   -- Performing Test COMPILER_HAS_HIDDEN_INLINE_VISIBILITY - Success
[INFO] [stderr]   -- Performing Test COMPILER_HAS_DEPRECATED_ATTR
[INFO] [stderr]   -- Performing Test COMPILER_HAS_DEPRECATED_ATTR - Success
[INFO] [stderr]   -- Performing Test CXX_WPSABI_SUPPORTED
[INFO] [stderr]   -- Performing Test CXX_WPSABI_SUPPORTED - Success
[INFO] [stderr]   -- Performing Test LINKER_SUPPORT_EXCLUDE_LIBS
[INFO] [stderr]   -- Performing Test LINKER_SUPPORT_EXCLUDE_LIBS - Success
[INFO] [stderr]   -- Building with JPEGXL_VERSION=(unknown)
[INFO] [stderr]   -- Building tools: 
[INFO] [stderr]   -- Configuring done (83.1s)
[INFO] [stderr]   -- Generating done (4.6s)
[INFO] [stderr]   -- Build files have been written to: /opt/rustwide/target/debug/build/jpegxl-sys/c814b29a5b16a494/out/build
[INFO] [stderr]   [  0%] Building CXX object tools/CMakeFiles/enc_fast_lossless.dir/__/lib/jxl/enc_fast_lossless.cc.o
[INFO] [stderr]   [  1%] Building CXX object lib/CMakeFiles/jxl_threads.dir/threads/resizable_parallel_runner.cc.o
[INFO] [stderr]   [  0%] Building CXX object lib/CMakeFiles/jxl_threads.dir/threads/thread_parallel_runner.cc.o
[INFO] [stderr]   [  2%] Building CXX object lib/CMakeFiles/jxl_threads.dir/threads/thread_parallel_runner_internal.cc.o
[INFO] [stderr]   [  3%] Building C object third_party/brotli/CMakeFiles/brotlicommon.dir/c/common/constants.c.o
[INFO] [stderr]   [  4%] Building CXX object third_party/highway/CMakeFiles/hwy.dir/hwy/aligned_allocator.cc.o
[INFO] [stderr]   [  4%] Building CXX object third_party/highway/CMakeFiles/hwy.dir/hwy/abort.cc.o
[INFO] [stderr]   [  4%] Building CXX object lib/CMakeFiles/jxl_export.dir/nothing.cc.o
[INFO] [stderr]   [  4%] Building C object third_party/brotli/CMakeFiles/brotlicommon.dir/c/common/context.c.o
[INFO] [stderr]   [  4%] Built target jxl_export
[INFO] [stderr]   [  5%] Building C object third_party/brotli/CMakeFiles/brotlicommon.dir/c/common/dictionary.c.o
[INFO] [stderr]   [  6%] Building CXX object lib/CMakeFiles/jxl_dec-obj.dir/jxl/ac_strategy.cc.o
[INFO] [stderr]   [  6%] Building C object third_party/brotli/CMakeFiles/brotlicommon.dir/c/common/platform.c.o
[INFO] [stderr]   [  7%] Building C object third_party/brotli/CMakeFiles/brotlicommon.dir/c/common/shared_dictionary.c.o
[INFO] [stderr]   [  7%] Building C object third_party/brotli/CMakeFiles/brotlicommon.dir/c/common/transform.c.o
[INFO] [stderr]   [  8%] Linking C static library libbrotlicommon.a
[INFO] [stderr]   [  8%] Building CXX object third_party/highway/CMakeFiles/hwy.dir/hwy/nanobenchmark.cc.o
[INFO] [stderr]   [  8%] Building CXX object lib/CMakeFiles/jxl_dec-obj.dir/jxl/alpha.cc.o
[INFO] [stderr]   [  9%] Building CXX object third_party/highway/CMakeFiles/hwy.dir/hwy/per_target.cc.o
[INFO] [stderr]   [  9%] Built target brotlicommon
[INFO] [stderr]   [ 10%] Building CXX object lib/CMakeFiles/jxl_enc-obj.dir/jxl/butteraugli/butteraugli.cc.o
[INFO] [stderr]   [ 11%] Building CXX object lib/CMakeFiles/jxl_dec-obj.dir/jxl/ans_common.cc.o
[INFO] [stderr]   [ 11%] Linking CXX static library libjxl_threads.a
[INFO] [stderr]   [ 11%] Building CXX object lib/CMakeFiles/jxl_dec-obj.dir/jxl/blending.cc.o
[INFO] [stderr]   [ 11%] Built target jxl_threads
[INFO] [stderr]   [ 11%] Building C object third_party/brotli/CMakeFiles/brotlidec.dir/c/dec/bit_reader.c.o
[INFO] [stderr]   [ 12%] Building C object third_party/brotli/CMakeFiles/brotlidec.dir/c/dec/decode.c.o
[INFO] [stderr]   [ 13%] Building CXX object lib/CMakeFiles/jxl_dec-obj.dir/jxl/chroma_from_luma.cc.o
[INFO] [stderr]   [ 13%] Building CXX object lib/CMakeFiles/jxl_dec-obj.dir/jxl/coeff_order.cc.o
[INFO] [stderr]   [ 13%] Building C object third_party/brotli/CMakeFiles/brotlidec.dir/c/dec/huffman.c.o
[INFO] [stderr]   [ 14%] Building C object third_party/brotli/CMakeFiles/brotlidec.dir/c/dec/state.c.o
[INFO] [stderr]   [ 14%] Linking C static library libbrotlidec.a
[INFO] [stderr]   [ 14%] Building CXX object third_party/highway/CMakeFiles/hwy.dir/hwy/print.cc.o
[INFO] [stderr]   [ 14%] Built target brotlidec
[INFO] [stderr]   [ 15%] Building CXX object lib/CMakeFiles/jxl_dec-obj.dir/jxl/color_encoding_internal.cc.o
[INFO] [stderr]   [ 15%] Building CXX object lib/CMakeFiles/jxl_dec-obj.dir/jxl/compressed_dc.cc.o
[INFO] [stderr]   [ 17%] Building CXX object third_party/highway/CMakeFiles/hwy.dir/hwy/targets.cc.o
[INFO] [stderr]   [ 17%] Building CXX object third_party/highway/CMakeFiles/hwy.dir/hwy/timer.cc.o
[INFO] [stderr]   [ 17%] Building CXX object lib/CMakeFiles/jxl_enc-obj.dir/jxl/enc_ac_strategy.cc.o
[INFO] [stderr]   [ 18%] Building CXX object lib/CMakeFiles/jxl_enc-obj.dir/jxl/enc_adaptive_quantization.cc.o
[INFO] [stderr]   [ 19%] Building CXX object lib/CMakeFiles/jxl_dec-obj.dir/jxl/convolve_separable5.cc.o
[INFO] [stderr]   [ 19%] Building CXX object lib/CMakeFiles/jxl_dec-obj.dir/jxl/convolve_slow.cc.o
[INFO] [stderr]   [ 20%] Building CXX object lib/CMakeFiles/jxl_dec-obj.dir/jxl/convolve_symmetric3.cc.o
[INFO] [stderr]   [ 20%] Building CXX object lib/CMakeFiles/jxl_dec-obj.dir/jxl/convolve_symmetric5.cc.o
[INFO] [stderr] 
[INFO] [stderr]   --- stderr
[INFO] [stderr]   running: cd "/opt/rustwide/target/debug/build/jpegxl-sys/c814b29a5b16a494/out/build" && CMAKE_BUILD_PARALLEL_LEVEL="8" CMAKE_PREFIX_PATH="" LC_ALL="C" "cmake" "/opt/rustwide/cargo-home/registry/src/index.crates.io-1949cf8c6b5b557f/jpegxl-src-0.11.4/libjxl" "-B" "/opt/rustwide/target/debug/build/jpegxl-sys/c814b29a5b16a494/out/build" "-DBUILD_TESTING=OFF" "-DBUILD_SHARED_LIBS=OFF" "-DJPEGXL_ENABLE_TOOLS=OFF" "-DJPEGXL_ENABLE_DOXYGEN=OFF" "-DJPEGXL_ENABLE_MANPAGES=OFF" "-DJPEGXL_ENABLE_BENCHMARK=OFF" "-DJPEGXL_ENABLE_EXAMPLES=OFF" "-DJPEGXL_ENABLE_JNI=OFF" "-DJPEGXL_ENABLE_SJPEG=OFF" "-DJPEGXL_ENABLE_OPENEXR=OFF" "-DJPEGXL_ENABLE_JPEGLI=OFF" "-DJPEGXL_BUNDLE_LIBPNG=OFF" "-DCMAKE_INSTALL_PREFIX=/opt/rustwide/target/debug/build/jpegxl-sys/c814b29a5b16a494/out" "-DCMAKE_C_FLAGS= -ffunction-sections -fdata-sections -fPIC -m64 -w" "-DCMAKE_C_COMPILER=/usr/bin/cc" "-DCMAKE_CXX_FLAGS= -ffunction-sections -fdata-sections -fPIC -m64 -w" "-DCMAKE_CXX_COMPILER=/usr/bin/c++" "-DCMAKE_ASM_FLAGS= -ffunction-sections -fdata-sections -fPIC -m64 -w" "-DCMAKE_ASM_COMPILER=/usr/bin/cc" "-DCMAKE_BUILD_TYPE=Debug"
[INFO] [stderr]   CMake Deprecation Warning at third_party/highway/CMakeLists.txt:28 (cmake_policy):
[INFO] [stderr]     The OLD behavior for policy CMP0111 will be removed from a future version
[INFO] [stderr]     of CMake.
[INFO] [stderr] 
[INFO] [stderr]     The cmake-policies(7) manual explains that the OLD behaviors of all
[INFO] [stderr]     policies are deprecated and that a policy should be set to OLD only under
[INFO] [stderr]     specific short-term circumstances.  Projects should be ported to the NEW
[INFO] [stderr]     behavior and not rely on setting a policy to OLD.
[INFO] [stderr] 
[INFO] [stderr] 
[INFO] [stderr]   -- Compiler is not EMSCRIPTEN
[INFO] [stderr]   CMake Warning:
[INFO] [stderr]     Manually-specified variables were not used by the project:
[INFO] [stderr] 
[INFO] [stderr]       CMAKE_ASM_COMPILER
[INFO] [stderr]       CMAKE_ASM_FLAGS
[INFO] [stderr] 
[INFO] [stderr] 
[INFO] [stderr]   running: cd "/opt/rustwide/target/debug/build/jpegxl-sys/c814b29a5b16a494/out/build" && CMAKE_BUILD_PARALLEL_LEVEL="8" LC_ALL="C" MAKEFLAGS="-j --jobserver-fds=4,5 --jobserver-auth=4,5" "cmake" "--build" "/opt/rustwide/target/debug/build/jpegxl-sys/c814b29a5b16a494/out/build" "--target" "install" "--config" "Debug"
[INFO] [stderr]   gmake: warning: -j8 forced in submake: resetting jobserver mode.
[INFO] [stderr]   c++: fatal error: Killed signal terminated program cc1plus
[INFO] [stderr]   compilation terminated.
[INFO] [stderr]   gmake[2]: *** [tools/CMakeFiles/enc_fast_lossless.dir/build.make:79: tools/CMakeFiles/enc_fast_lossless.dir/__/lib/jxl/enc_fast_lossless.cc.o] Error 1
[INFO] [stderr]   gmake[1]: *** [CMakeFiles/Makefile2:962: tools/CMakeFiles/enc_fast_lossless.dir/all] Error 2
[INFO] [stderr]   gmake[1]: *** Waiting for unfinished jobs....
[INFO] [stderr]   c++: fatal error: Killed signal terminated program cc1plus
[INFO] [stderr]   compilation terminated.
[INFO] [stderr]   gmake[2]: *** [third_party/highway/CMakeFiles/hwy.dir/build.make:121: third_party/highway/CMakeFiles/hwy.dir/hwy/per_target.cc.o] Error 1
[INFO] [stderr]   gmake[2]: *** Waiting for unfinished jobs....
[INFO] [stderr]   c++: fatal error: Killed signal terminated program cc1plus
[INFO] [stderr]   compilation terminated.
[INFO] [stderr]   gmake[2]: *** [lib/CMakeFiles/jxl_enc-obj.dir/build.make:79: lib/CMakeFiles/jxl_enc-obj.dir/jxl/butteraugli/butteraugli.cc.o] Error 1
[INFO] [stderr]   gmake[2]: *** Waiting for unfinished jobs....
[INFO] [stderr]   gmake[1]: *** [CMakeFiles/Makefile2:316: third_party/highway/CMakeFiles/hwy.dir/all] Error 2
[INFO] [stderr]   c++: fatal error: Killed signal terminated program cc1plus
[INFO] [stderr]   compilation terminated.
[INFO] [stderr]   gmake[2]: *** [lib/CMakeFiles/jxl_dec-obj.dir/build.make:177: lib/CMakeFiles/jxl_dec-obj.dir/jxl/compressed_dc.cc.o] Error 1
[INFO] [stderr]   gmake[2]: *** Waiting for unfinished jobs....
[INFO] [stderr]   c++: fatal error: Killed signal terminated program cc1plus
[INFO] [stderr]   compilation terminated.
[INFO] [stderr]   gmake[2]: *** [lib/CMakeFiles/jxl_enc-obj.dir/build.make:93: lib/CMakeFiles/jxl_enc-obj.dir/jxl/enc_ac_strategy.cc.o] Error 1
[INFO] [stderr]   c++: fatal error: Killed signal terminated program cc1plus
[INFO] [stderr]   compilation terminated.
[INFO] [stderr]   gmake[2]: *** [lib/CMakeFiles/jxl_enc-obj.dir/build.make:107: lib/CMakeFiles/jxl_enc-obj.dir/jxl/enc_adaptive_quantization.cc.o] Error 1
[INFO] [stderr]   gmake[1]: *** [CMakeFiles/Makefile2:639: lib/CMakeFiles/jxl_enc-obj.dir/all] Error 2
[INFO] [stderr]   gmake[1]: *** [CMakeFiles/Makefile2:607: lib/CMakeFiles/jxl_dec-obj.dir/all] Error 2
[INFO] [stderr]   gmake: *** [Makefile:146: all] Error 2
[INFO] [stderr] 
[INFO] [stderr]   thread 'main' (1705) panicked at /opt/rustwide/cargo-home/registry/src/index.crates.io-1949cf8c6b5b557f/cmake-0.1.58/src/lib.rs:1132:5:
[INFO] [stderr] 
[INFO] [stderr]   command did not execute successfully, got: exit status: 2
[INFO] [stderr] 
[INFO] [stderr]   build script failed, must exit now
[INFO] [stderr]   stack backtrace:
[INFO] [stderr]      0:     0x570d777e0bb1 - std[18c5f2a687b463a0]::backtrace_rs::backtrace::libunwind::trace
[INFO] [stderr]                                  at /rustc/f4dd856795debe636f2ba39a900f162f5abeb7e8/library/std/src/../../backtrace/src/backtrace/libunwind.rs:117:9
[INFO] [stderr]      1:     0x570d777e0bb1 - std[18c5f2a687b463a0]::backtrace_rs::backtrace::trace_unsynchronized::<std[18c5f2a687b463a0]::sys::backtrace::_print_fmt::{closure#1}>
[INFO] [stderr]                                  at /rustc/f4dd856795debe636f2ba39a900f162f5abeb7e8/library/std/src/../../backtrace/src/backtrace/mod.rs:66:14
[INFO] [stderr]      2:     0x570d777e0bb1 - std[18c5f2a687b463a0]::sys::backtrace::_print_fmt
[INFO] [stderr]                                  at /rustc/f4dd856795debe636f2ba39a900f162f5abeb7e8/library/std/src/sys/backtrace.rs:74:9
[INFO] [stderr]      3:     0x570d777e0bb1 - <<std[18c5f2a687b463a0]::sys::backtrace::BacktraceLock>::print::DisplayBacktrace as core[ee3e5f980a4e04aa]::fmt::Display>::fmt
[INFO] [stderr]                                  at /rustc/f4dd856795debe636f2ba39a900f162f5abeb7e8/library/std/src/sys/backtrace.rs:44:26
[INFO] [stderr]      4:     0x570d777f4b8a - <core[ee3e5f980a4e04aa]::fmt::rt::Argument>::fmt
[INFO] [stderr]                                  at /rustc/f4dd856795debe636f2ba39a900f162f5abeb7e8/library/core/src/fmt/rt.rs:152:76
[INFO] [stderr]      5:     0x570d777f4b8a - core[ee3e5f980a4e04aa]::fmt::write
[INFO] [stderr]      6:     0x570d777e63fc - core[ee3e5f980a4e04aa]::io::write::default_write_fmt::<std[18c5f2a687b463a0]::sys::stdio::unix::Stderr>
[INFO] [stderr]                                  at /rustc/f4dd856795debe636f2ba39a900f162f5abeb7e8/library/core/src/io/write.rs:402:11
[INFO] [stderr]      7:     0x570d777e63fc - <std[18c5f2a687b463a0]::sys::stdio::unix::Stderr as core[ee3e5f980a4e04aa]::io::write::Write>::write_fmt
[INFO] [stderr]                                  at /rustc/f4dd856795debe636f2ba39a900f162f5abeb7e8/library/core/src/io/write.rs:335:13
[INFO] [stderr]      8:     0x570d777bd476 - <std[18c5f2a687b463a0]::sys::backtrace::BacktraceLock>::print
[INFO] [stderr]                                  at /rustc/f4dd856795debe636f2ba39a900f162f5abeb7e8/library/std/src/sys/backtrace.rs:47:9
[INFO] [stderr]      9:     0x570d777bd476 - std[18c5f2a687b463a0]::panicking::default_hook::{closure#0}
[INFO] [stderr]                                  at /rustc/f4dd856795debe636f2ba39a900f162f5abeb7e8/library/std/src/panicking.rs:289:27
[INFO] [stderr]     10:     0x570d777d9471 - std[18c5f2a687b463a0]::panicking::default_hook
[INFO] [stderr]                                  at /rustc/f4dd856795debe636f2ba39a900f162f5abeb7e8/library/std/src/panicking.rs:316:9
[INFO] [stderr]     11:     0x570d777d962b - std[18c5f2a687b463a0]::panicking::panic_with_hook
[INFO] [stderr]                                  at /rustc/f4dd856795debe636f2ba39a900f162f5abeb7e8/library/std/src/panicking.rs:811:13
[INFO] [stderr]     12:     0x570d777bd522 - std[18c5f2a687b463a0]::panicking::panic_handler::{closure#0}
[INFO] [stderr]                                  at /rustc/f4dd856795debe636f2ba39a900f162f5abeb7e8/library/std/src/panicking.rs:685:13
[INFO] [stderr]     13:     0x570d777b5db9 - std[18c5f2a687b463a0]::sys::backtrace::__rust_end_short_backtrace::<std[18c5f2a687b463a0]::panicking::panic_handler::{closure#0}, !>
[INFO] [stderr]                                  at /rustc/f4dd856795debe636f2ba39a900f162f5abeb7e8/library/std/src/sys/backtrace.rs:182:18
[INFO] [stderr]     14:     0x570d777be0cd - __rustc[62f6431ebd7834b7]::rust_begin_unwind
[INFO] [stderr]                                  at /rustc/f4dd856795debe636f2ba39a900f162f5abeb7e8/library/std/src/panicking.rs:676:5
[INFO] [stderr]     15:     0x570d777f537c - core[ee3e5f980a4e04aa]::panicking::panic_fmt
[INFO] [stderr]                                  at /rustc/f4dd856795debe636f2ba39a900f162f5abeb7e8/library/core/src/panicking.rs:80:14
[INFO] [stderr]     16:     0x570d77746c47 - cmake[dfcc7a7b8753fba4]::fail
[INFO] [stderr]     17:     0x570d777468d3 - cmake[dfcc7a7b8753fba4]::run
[INFO] [stderr]     18:     0x570d7774c8a5 - <cmake[dfcc7a7b8753fba4]::Config>::build
[INFO] [stderr]     19:     0x570d77738663 - jpegxl_src[3158741017e7080f]::build
[INFO] [stderr]     20:     0x570d77736c17 - build_script_build[3f620344d9358e2e]::main
[INFO] [stderr]     21:     0x570d77736c23 - <fn() as core[ee3e5f980a4e04aa]::ops::function::FnOnce<()>>::call_once
[INFO] [stderr]     22:     0x570d77736bde - std[18c5f2a687b463a0]::sys::backtrace::__rust_begin_short_backtrace::<fn(), ()>
[INFO] [stderr]     23:     0x570d77736be9 - std[18c5f2a687b463a0]::rt::lang_start::<()>::{closure#0}
[INFO] [stderr]     24:     0x570d777d8778 - <&dyn core[ee3e5f980a4e04aa]::ops::function::Fn<(), Output = i32> + core[ee3e5f980a4e04aa]::panic::unwind_safe::RefUnwindSafe + core[ee3e5f980a4e04aa]::marker::Sync as core[ee3e5f980a4e04aa]::ops::function::FnOnce<()>>::call_once
[INFO] [stderr]                                  at /rustc/f4dd856795debe636f2ba39a900f162f5abeb7e8/library/core/src/ops/function.rs:287:21
[INFO] [stderr]     25:     0x570d777d8778 - std[18c5f2a687b463a0]::panicking::catch_unwind::do_call::<&dyn core[ee3e5f980a4e04aa]::ops::function::Fn<(), Output = i32> + core[ee3e5f980a4e04aa]::panic::unwind_safe::RefUnwindSafe + core[ee3e5f980a4e04aa]::marker::Sync, i32>
[INFO] [stderr]                                  at /rustc/f4dd856795debe636f2ba39a900f162f5abeb7e8/library/std/src/panicking.rs:573:43
[INFO] [stderr]     26:     0x570d777d8778 - std[18c5f2a687b463a0]::panicking::catch_unwind::<i32, &dyn core[ee3e5f980a4e04aa]::ops::function::Fn<(), Output = i32> + core[ee3e5f980a4e04aa]::panic::unwind_safe::RefUnwindSafe + core[ee3e5f980a4e04aa]::marker::Sync>
[INFO] [stderr]                                  at /rustc/f4dd856795debe636f2ba39a900f162f5abeb7e8/library/std/src/panicking.rs:541:19
[INFO] [stderr]     27:     0x570d777d8778 - std[18c5f2a687b463a0]::panic::catch_unwind::<&dyn core[ee3e5f980a4e04aa]::ops::function::Fn<(), Output = i32> + core[ee3e5f980a4e04aa]::panic::unwind_safe::RefUnwindSafe + core[ee3e5f980a4e04aa]::marker::Sync, i32>
[INFO] [stderr]                                  at /rustc/f4dd856795debe636f2ba39a900f162f5abeb7e8/library/std/src/panic.rs:359:14
[INFO] [stderr]     28:     0x570d777d8778 - std[18c5f2a687b463a0]::rt::lang_start_internal::{closure#0}
[INFO] [stderr]                                  at /rustc/f4dd856795debe636f2ba39a900f162f5abeb7e8/library/std/src/rt.rs:175:24
[INFO] [stderr]     29:     0x570d777d8778 - std[18c5f2a687b463a0]::panicking::catch_unwind::do_call::<std[18c5f2a687b463a0]::rt::lang_start_internal::{closure#0}, isize>
[INFO] [stderr]                                  at /rustc/f4dd856795debe636f2ba39a900f162f5abeb7e8/library/std/src/panicking.rs:573:43
[INFO] [stderr]     30:     0x570d777d8778 - std[18c5f2a687b463a0]::panicking::catch_unwind::<isize, std[18c5f2a687b463a0]::rt::lang_start_internal::{closure#0}>
[INFO] [stderr]                                  at /rustc/f4dd856795debe636f2ba39a900f162f5abeb7e8/library/std/src/panicking.rs:541:19
[INFO] [stderr]     31:     0x570d777d8778 - std[18c5f2a687b463a0]::panic::catch_unwind::<std[18c5f2a687b463a0]::rt::lang_start_internal::{closure#0}, isize>
[INFO] [stderr]                                  at /rustc/f4dd856795debe636f2ba39a900f162f5abeb7e8/library/std/src/panic.rs:359:14
[INFO] [stderr]     32:     0x570d777d8778 - std[18c5f2a687b463a0]::rt::lang_start_internal
[INFO] [stderr]                                  at /rustc/f4dd856795debe636f2ba39a900f162f5abeb7e8/library/std/src/rt.rs:171:5
[INFO] [stderr]     33:     0x570d77736bd1 - std[18c5f2a687b463a0]::rt::lang_start::<()>
[INFO] [stderr]     34:     0x570d77736c65 - main
[INFO] [stderr]     35:     0x7d8b301b3601 - <unknown>
[INFO] [stderr]     36:     0x7d8b301b3718 - __libc_start_main
[INFO] [stderr]     37:     0x570d77736ae5 - _start
[INFO] [stderr]     38:                0x0 - <unknown>
[INFO] running `Command { std: "docker" "inspect" "c532d0e83e596fbbf61a00e169bdc0ad76fd0011c77eb3c52315b0d7e8320ea2", kill_on_drop: false }`
[INFO] running `Command { std: "docker" "rm" "-f" "c532d0e83e596fbbf61a00e169bdc0ad76fd0011c77eb3c52315b0d7e8320ea2", kill_on_drop: false }`
[INFO] [stdout] c532d0e83e596fbbf61a00e169bdc0ad76fd0011c77eb3c52315b0d7e8320ea2
